This is the mail archive of the
gcc-testresults@gcc.gnu.org
mailing list for the GCC project.
Results for 6.0.0 20150413 (experimental) [trunk revision 222058] (GCC) testsuite on x86_64-apple-darwin10.8.0
- From: dominiq at lps dot ens dot fr (Dominique Dhumieres)
- To: gcc-testresults at gcc dot gnu dot org
- Date: Tue, 14 Apr 2015 10:34:48 +0200
- Subject: Results for 6.0.0 20150413 (experimental) [trunk revision 222058] (GCC) testsuite on x86_64-apple-darwin10.8.0
- Authentication-results: sourceware.org; auth=none
LAST_UPDATED: Updated Mon Apr 13 19:56:09 CEST 2015 to revision 222058.
=== acats tests ===
=== acats Summary ===
# of expected passes 2320
# of unexpected failures 0
Native configuration is x86_64-apple-darwin10.8.0
=== g++ tests ===
Running target unix/-m32
FAIL: g++.dg/debug/dwarf2/imported-decl-2.C -std=gnu++11 scan-assembler-times ascii "AAAA\\\\\\\\0".*ascii "BBBB\\\\\\\\0".*DIE .0x[0-9a-f]*. DW_TAG_imported_declaration 1
FAIL: g++.dg/debug/dwarf2/imported-decl-2.C -std=gnu++14 scan-assembler-times ascii "AAAA\\\\\\\\0".*ascii "BBBB\\\\\\\\0".*DIE .0x[0-9a-f]*. DW_TAG_imported_declaration 1
FAIL: g++.dg/debug/dwarf2/imported-decl-2.C -std=gnu++98 scan-assembler-times ascii "AAAA\\\\\\\\0".*ascii "BBBB\\\\\\\\0".*DIE .0x[0-9a-f]*. DW_TAG_imported_declaration 1
FAIL: g++.dg/ext/sync-4.C -std=gnu++11 execution test
FAIL: g++.dg/ext/sync-4.C -std=gnu++14 execution test
FAIL: g++.dg/ext/sync-4.C -std=gnu++98 execution test
=== g++ Summary for unix/-m32 ===
# of expected passes 88965
# of unexpected failures 6
# of expected failures 338
# of unsupported tests 3765
Running target unix/-m64
FAIL: g++.dg/debug/dwarf2/imported-decl-2.C -std=gnu++11 scan-assembler-times ascii "AAAA\\\\\\\\0".*ascii "BBBB\\\\\\\\0".*DIE .0x[0-9a-f]*. DW_TAG_imported_declaration 1
FAIL: g++.dg/debug/dwarf2/imported-decl-2.C -std=gnu++14 scan-assembler-times ascii "AAAA\\\\\\\\0".*ascii "BBBB\\\\\\\\0".*DIE .0x[0-9a-f]*. DW_TAG_imported_declaration 1
FAIL: g++.dg/debug/dwarf2/imported-decl-2.C -std=gnu++98 scan-assembler-times ascii "AAAA\\\\\\\\0".*ascii "BBBB\\\\\\\\0".*DIE .0x[0-9a-f]*. DW_TAG_imported_declaration 1
FAIL: g++.dg/ext/sync-4.C -std=gnu++11 execution test
FAIL: g++.dg/ext/sync-4.C -std=gnu++14 execution test
FAIL: g++.dg/ext/sync-4.C -std=gnu++98 execution test
=== g++ Summary for unix/-m64 ===
# of expected passes 90367
# of unexpected failures 6
# of expected failures 338
# of unsupported tests 4006
=== g++ Summary ===
# of expected passes 179332
# of unexpected failures 12
# of expected failures 676
# of unsupported tests 7771
/opt/gcc/build_c/gcc/testsuite/g++/../../xg++ version 6.0.0 20150413 (experimental) [trunk revision 222058] (GCC)
=== gcc tests ===
Running target unix/-m32
FAIL: gcc.dg/20021014-1.c execution test
FAIL: gcc.dg/aru-2.c execution test
FAIL: gcc.dg/darwin-weakimport-3.c scan-assembler-not coalesced
FAIL: gcc.dg/pr43643.c execution test
FAIL: gcc.dg/pr61053.c (test for excess errors)
FAIL: gcc.dg/uninit-19.c (test for warnings, line 22)
FAIL: gcc.dg/uninit-19.c (test for excess errors)
FAIL: gcc.dg/graphite/scop-19.c scan-tree-dump-times graphite "number of SCoPs: 0" 1
UNRESOLVED: gcc.dg/lto/pr61526 c_lto_pr61526_0.o-c_lto_pr61526_1.o execute -fPIC -flto -flto-partition=1to1
FAIL: gcc.dg/lto/pr61526 c_lto_pr61526_0.o-c_lto_pr61526_1.o link, -fPIC -flto -flto-partition=1to1
FAIL: gcc.dg/torture/builtin-self.c -O0 scan-assembler-not \\tcall
FAIL: gcc.target/i386/memcpy-strategy-3.c scan-assembler-times memcpy 2
FAIL: gcc.target/i386/memset-strategy-1.c scan-assembler-times memset 2
=== gcc Summary for unix/-m32 ===
# of expected passes 107733
# of unexpected failures 12
# of expected failures 269
# of unresolved testcases 1
# of unsupported tests 3786
Running target unix/-m64
FAIL: gcc.dg/uninit-19.c (test for warnings, line 22)
FAIL: gcc.dg/uninit-19.c (test for excess errors)
FAIL: gcc.dg/graphite/scop-19.c scan-tree-dump-times graphite "number of SCoPs: 0" 1
UNRESOLVED: gcc.dg/lto/pr61526 c_lto_pr61526_0.o-c_lto_pr61526_1.o execute -fPIC -flto -flto-partition=1to1
FAIL: gcc.dg/lto/pr61526 c_lto_pr61526_0.o-c_lto_pr61526_1.o link, -fPIC -flto -flto-partition=1to1
FAIL: gcc.target/i386/memcpy-strategy-3.c scan-assembler-times memcpy 2
FAIL: gcc.target/i386/memset-strategy-1.c scan-assembler-times memset 2
FAIL: gcc.target/i386/pr49866.c (test for excess errors)
FAIL: gcc.target/i386/pr61599-1.c (test for excess errors)
UNRESOLVED: gcc.target/i386/pr61599-1.c compilation failed to produce executable
FAIL: gcc.target/i386/pr63538.c scan-assembler movabs
=== gcc Summary for unix/-m64 ===
# of expected passes 108607
# of unexpected failures 9
# of expected failures 263
# of unresolved testcases 2
# of unsupported tests 3975
=== gcc Summary ===
# of expected passes 216340
# of unexpected failures 21
# of expected failures 532
# of unresolved testcases 3
# of unsupported tests 7761
/opt/gcc/build_c/gcc/xgcc version 6.0.0 20150413 (experimental) [trunk revision 222058] (GCC)
=== gfortran tests ===
Running target unix/-m32
FAIL: gfortran.dg/graphite/pr42393.f90 -O (internal compiler error)
FAIL: gfortran.dg/graphite/pr42393.f90 -O (test for excess errors)
=== gfortran Summary for unix/-m32 ===
# of expected passes 48090
# of unexpected failures 2
# of expected failures 78
# of unsupported tests 218
Running target unix/-m64
FAIL: gfortran.dg/graphite/pr42393.f90 -O (internal compiler error)
FAIL: gfortran.dg/graphite/pr42393.f90 -O (test for excess errors)
=== gfortran Summary for unix/-m64 ===
# of expected passes 48377
# of unexpected failures 2
# of expected failures 78
# of unsupported tests 80
=== gfortran Summary ===
# of expected passes 96467
# of unexpected failures 4
# of expected failures 156
# of unsupported tests 298
/opt/gcc/build_c/gcc/testsuite/gfortran/../../gfortran version 6.0.0 20150413 (experimental) [trunk revision 222058] (GCC)
=== gnat tests ===
Running target unix/-m32
=== gnat Summary for unix/-m32 ===
# of expected passes 1329
# of expected failures 20
# of unsupported tests 7
Running target unix/-m64
=== gnat Summary for unix/-m64 ===
# of expected passes 1329
# of expected failures 20
# of unsupported tests 7
=== gnat Summary ===
# of expected passes 2658
# of expected failures 40
# of unsupported tests 14
/opt/gcc/build_c/gcc/gnatmake version 6.0.0 20150413 (experimental) [trunk revision 222058]
=== obj-c++ tests ===
Running target unix/-m32
=== obj-c++ Summary for unix/-m32 ===
# of expected passes 3165
# of expected failures 2
# of unsupported tests 68
Running target unix/-m64
=== obj-c++ Summary for unix/-m64 ===
# of expected passes 3106
# of expected failures 19
# of unsupported tests 74
=== obj-c++ Summary ===
# of expected passes 6271
# of expected failures 21
# of unsupported tests 142
/opt/gcc/build_c/gcc/testsuite/obj-c++/../../xg++ version 6.0.0 20150413 (experimental) [trunk revision 222058] (GCC)
=== objc tests ===
Running target unix/-m32
FAIL: objc.dg/ivar-scope-4.m -fnext-runtime execution test
=== objc Summary for unix/-m32 ===
# of expected passes 6143
# of unexpected failures 1
# of expected failures 6
# of unsupported tests 85
Running target unix/-m64
FAIL: objc.dg/ivar-scope-4.m -fnext-runtime execution test
=== objc Summary for unix/-m64 ===
# of expected passes 6095
# of unexpected failures 1
# of expected failures 14
# of unsupported tests 91
=== objc Summary ===
# of expected passes 12238
# of unexpected failures 2
# of expected failures 20
# of unsupported tests 176
/opt/gcc/build_c/gcc/xgcc version 6.0.0 20150413 (experimental) [trunk revision 222058] (GCC)
=== boehm-gc tests ===
Running target unix/-m32
=== boehm-gc Summary for unix/-m32 ===
# of expected passes 12
# of unsupported tests 1
Running target unix/-m64
=== boehm-gc Summary for unix/-m64 ===
# of expected passes 12
# of unsupported tests 1
=== boehm-gc Summary ===
# of expected passes 24
# of unsupported tests 2
=== libatomic tests ===
Running target unix/-m32
=== libatomic Summary for unix/-m32 ===
# of expected passes 44
# of unsupported tests 5
Running target unix/-m64
=== libatomic Summary for unix/-m64 ===
# of expected passes 54
=== libatomic Summary ===
# of expected passes 98
# of unsupported tests 5
=== libffi tests ===
Running target unix/-m32
=== libffi Summary for unix/-m32 ===
# of expected passes 1914
# of unsupported tests 30
Running target unix/-m64
=== libffi Summary for unix/-m64 ===
# of expected passes 1914
# of unsupported tests 30
=== libffi Summary ===
# of expected passes 3828
# of unsupported tests 60
=== libgomp tests ===
Running target unix/-m32
FAIL: libgomp.oacc-c/../libgomp.oacc-c-c++-common/acc_on_device-1.c -DACC_DEVICE_TYPE_host_nonshm=1 -DACC_MEM_SHARED=0 execution test
FAIL: libgomp.oacc-c/../libgomp.oacc-c-c++-common/if-1.c -DACC_DEVICE_TYPE_host_nonshm=1 -DACC_MEM_SHARED=0 execution test
FAIL: libgomp.oacc-c++/../libgomp.oacc-c-c++-common/acc_on_device-1.c -DACC_DEVICE_TYPE_host_nonshm=1 -DACC_MEM_SHARED=0 execution test
FAIL: libgomp.oacc-c++/../libgomp.oacc-c-c++-common/if-1.c -DACC_DEVICE_TYPE_host_nonshm=1 -DACC_MEM_SHARED=0 execution test
FAIL: libgomp.oacc-fortran/acc_on_device-1-1.f90 -DACC_DEVICE_TYPE_host_nonshm=1 -DACC_MEM_SHARED=0 -O execution test
FAIL: libgomp.oacc-fortran/acc_on_device-1-2.f -DACC_DEVICE_TYPE_host_nonshm=1 -DACC_MEM_SHARED=0 -O execution test
FAIL: libgomp.oacc-fortran/acc_on_device-1-3.f -DACC_DEVICE_TYPE_host_nonshm=1 -DACC_MEM_SHARED=0 -O execution test
=== libgomp Summary for unix/-m32 ===
# of expected passes 5766
# of unexpected failures 7
# of unsupported tests 282
Running target unix/-m64
FAIL: libgomp.oacc-c/../libgomp.oacc-c-c++-common/acc_on_device-1.c -DACC_DEVICE_TYPE_host_nonshm=1 -DACC_MEM_SHARED=0 execution test
FAIL: libgomp.oacc-c/../libgomp.oacc-c-c++-common/if-1.c -DACC_DEVICE_TYPE_host_nonshm=1 -DACC_MEM_SHARED=0 execution test
FAIL: libgomp.oacc-c++/../libgomp.oacc-c-c++-common/acc_on_device-1.c -DACC_DEVICE_TYPE_host_nonshm=1 -DACC_MEM_SHARED=0 execution test
FAIL: libgomp.oacc-c++/../libgomp.oacc-c-c++-common/if-1.c -DACC_DEVICE_TYPE_host_nonshm=1 -DACC_MEM_SHARED=0 execution test
FAIL: libgomp.oacc-fortran/acc_on_device-1-1.f90 -DACC_DEVICE_TYPE_host_nonshm=1 -DACC_MEM_SHARED=0 -O execution test
FAIL: libgomp.oacc-fortran/acc_on_device-1-2.f -DACC_DEVICE_TYPE_host_nonshm=1 -DACC_MEM_SHARED=0 -O execution test
FAIL: libgomp.oacc-fortran/acc_on_device-1-3.f -DACC_DEVICE_TYPE_host_nonshm=1 -DACC_MEM_SHARED=0 -O execution test
=== libgomp Summary for unix/-m64 ===
# of expected passes 5766
# of unexpected failures 7
# of unsupported tests 282
=== libgomp Summary ===
# of expected passes 11532
# of unexpected failures 14
# of unsupported tests 564
=== libitm tests ===
Running target unix/-m32
=== libitm Summary for unix/-m32 ===
# of expected passes 26
# of expected failures 3
# of unsupported tests 1
Running target unix/-m64
=== libitm Summary for unix/-m64 ===
# of expected passes 26
# of expected failures 3
# of unsupported tests 1
=== libitm Summary ===
# of expected passes 52
# of expected failures 6
# of unsupported tests 2
=== libjava tests ===
Running target unix/-m32
=== libjava Summary for unix/-m32 ===
# of expected passes 2582
# of expected failures 4
Running target unix/-m64
FAIL: Thread_Sleep_2 -O3 output - source compiled test
FAIL: Throw_2 execution - source compiled test
FAIL: Throw_2 -findirect-dispatch execution - source compiled test
FAIL: Throw_2 -O3 execution - source compiled test
FAIL: Throw_2 -O3 -findirect-dispatch execution - source compiled test
=== libjava Summary for unix/-m64 ===
# of expected passes 2573
# of unexpected failures 5
# of expected failures 4
# of untested testcases 4
=== libjava Summary ===
# of expected passes 5155
# of unexpected failures 5
# of expected failures 8
# of untested testcases 4
=== libstdc++ tests ===
Running target unix/-m32
FAIL: 17_intro/headers/c++1998/all_attributes.cc (test for excess errors)
FAIL: 17_intro/headers/c++200x/all_attributes.cc (test for excess errors)
FAIL: 17_intro/headers/c++2014/all_attributes.cc (test for excess errors)
=== libstdc++ Summary for unix/-m32 ===
# of expected passes 9164
# of unexpected failures 3
# of expected failures 65
# of unsupported tests 687
Running target unix/-m64
FAIL: 17_intro/headers/c++1998/all_attributes.cc (test for excess errors)
FAIL: 17_intro/headers/c++200x/all_attributes.cc (test for excess errors)
FAIL: 17_intro/headers/c++2014/all_attributes.cc (test for excess errors)
=== libstdc++ Summary for unix/-m64 ===
# of expected passes 9162
# of unexpected failures 3
# of expected failures 65
# of unsupported tests 688
=== libstdc++ Summary ===
# of expected passes 18326
# of unexpected failures 6
# of expected failures 130
# of unsupported tests 1375
Compiler version: 6.0.0 20150413 (experimental) [trunk revision 222058] (GCC)
Platform: x86_64-apple-darwin10.8.0
configure flags: --prefix=/opt/gcc/gcc6c --enable-languages=c,c++,fortran,objc,obj-c++,java,ada,lto --with-gmp=/opt/mp --with-system-zlib --with-isl=/opt/mp --enable-lto --enable-plugin