This is the mail archive of the
gcc-testresults@gcc.gnu.org
mailing list for the GCC project.
Results for 4.9.3 20150410 (prerelease) [gcc-4_9-branch revision 221973] (GCC) testsuite on hppa64-hp-hpux11.11
- From: John David Anglin <dave at hiauly3 dot hia dot nrc dot ca>
- To: dave at hiauly3 dot hia dot nrc dot ca, gcc-testresults at gcc dot gnu dot org
- Date: Sun, 12 Apr 2015 14:56:44 -0400 (EDT)
- Subject: Results for 4.9.3 20150410 (prerelease) [gcc-4_9-branch revision 221973] (GCC) testsuite on hppa64-hp-hpux11.11
- Authentication-results: sourceware.org; auth=none
Native configuration is hppa64-hp-hpux11.11
=== g++ tests ===
Running target unix
WARNING: program timed out.
=== g++ Summary ===
# of expected passes 77545
# of expected failures 442
# of unsupported tests 3446
/mnt/gnu/gcc/objdir-test/gcc/testsuite/g++/../../xg++ version 4.9.3 20150410 (prerelease) [gcc-4_9-branch revision 221973] (GCC)
=== gcc tests ===
Running target unix
FAIL: gcc.dg/atomic/c11-atomic-exec-5.c -O0 execution test
FAIL: gcc.dg/atomic/c11-atomic-exec-5.c -O1 execution test
FAIL: gcc.dg/atomic/c11-atomic-exec-5.c -O2 execution test
FAIL: gcc.dg/atomic/c11-atomic-exec-5.c -O3 -fomit-frame-pointer execution test
FAIL: gcc.dg/atomic/c11-atomic-exec-5.c -O3 -fomit-frame-pointer -funroll-loops execution test
FAIL: gcc.dg/atomic/c11-atomic-exec-5.c -O3 -fomit-frame-pointer -funroll-all-loops -finline-functions execution test
FAIL: gcc.dg/atomic/c11-atomic-exec-5.c -O3 -g execution test
FAIL: gcc.dg/atomic/c11-atomic-exec-5.c -Os execution test
FAIL: gcc.dg/atomic/c11-atomic-exec-5.c -O2 -flto -flto-partition=none execution test
FAIL: gcc.dg/atomic/c11-atomic-exec-5.c -O2 -flto execution test
WARNING: program timed out.
=== gcc Summary ===
# of expected passes 83133
# of unexpected failures 10
# of expected failures 128
# of unsupported tests 1686
/mnt/gnu/gcc/objdir-test/gcc/xgcc version 4.9.3 20150410 (prerelease) [gcc-4_9-branch revision 221973] (GCC)
=== gfortran tests ===
Running target unix
=== gfortran Summary ===
# of expected passes 44751
# of expected failures 46
# of unsupported tests 410
/mnt/gnu/gcc/objdir-test/gcc/testsuite/gfortran/../../gfortran version 4.9.3 20150410 (prerelease) [gcc-4_9-branch revision 221973] (GCC)
=== obj-c++ tests ===
Running target unix
=== obj-c++ Summary ===
# of expected passes 1441
# of expected failures 10
# of unsupported tests 86
/mnt/gnu/gcc/objdir-test/gcc/testsuite/obj-c++/../../xg++ version 4.9.3 20150410 (prerelease) [gcc-4_9-branch revision 221973] (GCC)
=== objc tests ===
Running target unix
=== objc Summary ===
# of expected passes 2992
# of unsupported tests 75
/mnt/gnu/gcc/objdir-test/gcc/xgcc version 4.9.3 20150410 (prerelease) [gcc-4_9-branch revision 221973] (GCC)
=== libatomic tests ===
Running target unix
=== libatomic Summary ===
# of expected passes 44
# of unsupported tests 5
=== libgomp tests ===
Running target unix
=== libgomp Summary ===
# of expected passes 3224
# of unsupported tests 45
=== libstdc++ tests ===
Running target unix
=== libstdc++ Summary ===
# of expected passes 8287
# of expected failures 41
# of unsupported tests 937
Compiler version: 4.9.3 20150410 (prerelease) [gcc-4_9-branch revision 221973] (GCC)
Platform: hppa64-hp-hpux11.11
configure flags:Test Run By dave on Sat Apr 11 06:22:36 2015