This is the mail archive of the
gcc-testresults@gcc.gnu.org
mailing list for the GCC project.
Results for 5.0.0 20150329 (experimental) [trunk revision 221764] (Debian 20150329-1) testsuite on x86_64-pc-linux-gnu
- From: Matthias Klose <doko at debian dot org>
- To: gcc-testresults at gcc dot gnu dot org
- Cc: debian-gcc at lists dot debian dot org
- Date: Mon, 30 Mar 2015 17:55:17 +0000
- Subject: Results for 5.0.0 20150329 (experimental) [trunk revision 221764] (Debian 20150329-1) testsuite on x86_64-pc-linux-gnu
- Authentication-results: sourceware.org; auth=none
- Reply-to: Matthias Klose <doko at debian dot org>
LAST_UPDATED: Sun Mar 29 16:55:57 UTC 2015 (revision 221764)
Target: x86_64-linux-gnu
gcc version 5.0.0 20150329 (experimental) [trunk revision 221764] (Debian 20150329-1)
=== acats tests ===
=== acats Summary ===
# of expected passes 2320
# of unexpected failures 0
Native configuration is x86_64-pc-linux-gnu
=== g++ tests ===
Running target unix
XPASS: g++.dg/tls/thread_local-order2.C -std=c++11 execution test
XPASS: g++.dg/tls/thread_local-order2.C -std=c++11 execution test
XPASS: g++.dg/tls/thread_local-order2.C -std=c++14 execution test
XPASS: g++.dg/tls/thread_local-order2.C -std=c++14 execution test
=== g++ Summary ===
# of expected passes 186316
# of unexpected successes 4
# of expected failures 678
# of unsupported tests 7284
/home/packages/gcc/snap/gcc-snapshot-20150329/build/gcc/testsuite/g++/../../xg++ version 5.0.0 20150329 (experimental) [trunk revision 221764] (Debian 20150329-1)
=== gcc tests ===
Running target unix
=== gcc Summary ===
# of expected passes 237210
# of expected failures 528
# of unsupported tests 3582
/home/packages/gcc/snap/gcc-snapshot-20150329/build/gcc/xgcc version 5.0.0 20150329 (experimental) [trunk revision 221764] (Debian 20150329-1)
=== gfortran tests ===
Running target unix
FAIL: gfortran.dg/graphite/pr42393.f90 -O (internal compiler error)
FAIL: gfortran.dg/graphite/pr42393.f90 -O (internal compiler error)
FAIL: gfortran.dg/graphite/pr42393.f90 -O (test for excess errors)
FAIL: gfortran.dg/graphite/pr42393.f90 -O (test for excess errors)
=== gfortran Summary ===
# of expected passes 96796
# of unexpected failures 4
# of expected failures 156
# of unsupported tests 156
/home/packages/gcc/snap/gcc-snapshot-20150329/build/gcc/testsuite/gfortran/../../gfortran version 5.0.0 20150329 (experimental) [trunk revision 221764] (Debian 20150329-1)
=== gnat tests ===
Running target unix
=== gnat Summary for unix ===
# of expected passes 1336
# of expected failures 20
# of unsupported tests 3
Running target unix
=== gnat Summary for unix ===
# of expected passes 1336
# of expected failures 20
# of unsupported tests 3
=== gnat Summary ===
# of expected passes 2672
# of expected failures 40
# of unsupported tests 6
/home/packages/gcc/snap/gcc-snapshot-20150329/build/gcc/gnatmake version 5.0.0 20150329 (experimental) [trunk revision 221764]
=== go tests ===
Running target unix
=== go Summary ===
# of expected passes 14504
# of expected failures 2
# of untested testcases 12
# of unsupported tests 2
/home/packages/gcc/snap/gcc-snapshot-20150329/build/gcc/testsuite/go/../../gccgo version 5.0.0 20150329 (experimental) [trunk revision 221764] (Debian 20150329-1)
=== obj-c++ tests ===
Running target unix
=== obj-c++ Summary for unix ===
# of expected passes 1445
# of expected failures 10
# of unsupported tests 86
Running target unix
=== obj-c++ Summary for unix ===
# of expected passes 1445
# of expected failures 10
# of unsupported tests 86
=== obj-c++ Summary ===
# of expected passes 2890
# of expected failures 20
# of unsupported tests 172
/home/packages/gcc/snap/gcc-snapshot-20150329/build/gcc/testsuite/obj-c++/../../xg++ version 5.0.0 20150329 (experimental) [trunk revision 221764] (Debian 20150329-1)
=== objc tests ===
Running target unix
=== objc Summary ===
# of expected passes 6020
# of expected failures 12
# of unsupported tests 148
/home/packages/gcc/snap/gcc-snapshot-20150329/build/gcc/xgcc version 5.0.0 20150329 (experimental) [trunk revision 221764] (Debian 20150329-1)
=== boehm-gc tests ===
Running target unix
=== boehm-gc Summary for unix ===
# of expected passes 12
# of unsupported tests 1
Running target unix
=== boehm-gc Summary for unix ===
# of expected passes 12
# of unsupported tests 1
=== boehm-gc Summary ===
# of expected passes 24
# of unsupported tests 2
=== libatomic tests ===
Running target unix
=== libatomic Summary for unix ===
# of expected passes 54
Running target unix
=== libatomic Summary for unix ===
# of expected passes 54
=== libatomic Summary ===
# of expected passes 108
=== libffi tests ===
Running target unix
=== libffi Summary for unix ===
# of expected passes 2214
Running target unix
=== libffi Summary for unix ===
# of expected passes 2214
=== libffi Summary ===
# of expected passes 4428
=== libgo tests ===
Running target unix
FAIL: os/exec
FAIL: runtime/pprof
=== libgo Summary for unix ===
# of expected passes 122
# of unexpected failures 2
Running target unix/-m32
FAIL: os/user
=== libgo Summary for unix/-m32 ===
# of expected passes 123
# of unexpected failures 1
Running target unix/-mx32
FAIL: os/user
=== libgo Summary for unix/-mx32 ===
# of expected passes 123
# of unexpected failures 1
=== libgo Summary ===
# of expected passes 368
# of unexpected failures 4
/home/packages/gcc/snap/gcc-snapshot-20150329/build/./gcc/gccgo version 5.0.0 20150329 (experimental) [trunk revision 221764] (Debian 20150329-1)
=== libgomp tests ===
Running target unix
=== libgomp Summary for unix ===
# of expected passes 5813
# of unsupported tests 254
Running target unix
=== libgomp Summary for unix ===
# of expected passes 5813
# of unsupported tests 254
=== libgomp Summary ===
# of expected passes 11626
# of unsupported tests 508
=== libitm tests ===
Running target unix
=== libitm Summary for unix ===
# of expected passes 26
# of expected failures 3
# of unsupported tests 1
Running target unix
=== libitm Summary for unix ===
# of expected passes 26
# of expected failures 3
# of unsupported tests 1
=== libitm Summary ===
# of expected passes 52
# of expected failures 6
# of unsupported tests 2
=== libjava tests ===
Running target unix
=== libjava Summary for unix ===
# of expected passes 2582
# of expected failures 4
Running target unix
=== libjava Summary for unix ===
# of expected passes 2582
# of expected failures 4
=== libjava Summary ===
# of expected passes 5164
# of expected failures 8
=== libstdc++ tests ===
Running target unix
FAIL: 22_locale/numpunct/members/char/3.cc execution test
FAIL: 22_locale/numpunct/members/char/3.cc execution test
FAIL: 22_locale/time_get/get_date/wchar_t/4.cc execution test
FAIL: 22_locale/time_get/get_date/wchar_t/4.cc execution test
XPASS: 26_numerics/headers/cmath/c_math.cc execution test
=== libstdc++ Summary ===
# of expected passes 15010
# of unexpected failures 4
# of unexpected successes 1
# of expected failures 126
# of unsupported tests 480
Compiler version: 5.0.0 20150329 (experimental) [trunk revision 221764] (Debian 20150329-1)
Platform: x86_64-pc-linux-gnu
configure flags: -v --with-pkgversion='Debian 20150329-1' --with-bugurl=file:///usr/share/doc/gcc-snapshot/README.Bugs --enable-languages=c,ada,c++,java,go,fortran,objc,obj-c++ --prefix=/usr/lib/gcc-snapshot --enable-shared --enable-linker-build-id --disable-nls --with-sysroot=/ --enable-clocale=gnu --enable-libstdcxx-debug --enable-libstdcxx-time=yes --with-default-libstdcxx-abi=c++98 --enable-gnu-unique-object --disable-vtable-verify --enable-libmpx --enable-plugin --with-system-zlib --disable-browser-plugin --enable-java-awt=gtk --enable-gtk-cairo --with-java-home=/usr/lib/jvm/java-1.5.0-gcj-5-snap-amd64/jre --enable-java-home --with-jvm-root-dir=/usr/lib/jvm/java-1.5.0-gcj-5-snap-amd64 --with-jvm-jar-dir=/usr/lib/jvm-exports/java-1.5.0-gcj-5-snap-amd64 --with-arch-directory=amd64 --with-ecj-jar=/usr/share/java/eclipse-ecj.jar --enable-objc-gc --enable-multiarch --with-arch-32=i586 --with-abi=m64 --with-multilib-list=m32,m64,mx32 --enable-multilib --with-tune=generic --disable-werror --enable-checking=yes --build=x86_64-linux-gnu --host=x86_64-linux-gnu --target=x86_64-linux-gnu
BOOT_CFLAGS=
Build Dependencies:
Desired=Unknown/Install/Remove/Purge/Hold
| Status=Not/Inst/Conf-files/Unpacked/halF-conf/Half-inst/trig-aWait/Trig-pend
|/ Err?=(none)/Reinst-required (Status,Err: uppercase=bad)
||/ Name Version Architecture Description
+++-=========================-==============-============-===============================================================================
ii binutils 2.25-5 amd64 GNU assembler, linker and binary utilities
ii g++-4.9 4.9.2-10 amd64 GNU C++ compiler
ii g++-4.9-multilib 4.9.2-10 amd64 GNU C++ compiler (multilib files)
ii g++-multilib 4:4.9.2-2 amd64 GNU C++ compiler (multilib files)
ii libc6:amd64 2.19-17 amd64 GNU C Library: Shared libraries
ii libgmp-dev:amd64 2:6.0.0+dfsg-6 amd64 Multiprecision arithmetic library developers tools
ii libisl-dev:amd64 0.12.2-2 amd64 manipulating sets and relations of integer points bounded by linear constraints
ii libmpc-dev:amd64 1.0.3-1 amd64 multiple precision complex floating-point library development package
ii libmpfr-dev:amd64 3.1.2-3 amd64 multiple precision floating-point computation developers tools
gcc-sysroot:
Allow building --with-sysroot=/
sys-auxv-header:
Check for the sys/auxv.h header file.
libcilkrts-targets:
Disable libcilkrts on KFreeBSD and the Hurd. See #734973.
go-use-gold:
Pass -fuse-ld=gold to gccgo on targets supporting -fsplit-stack
arm-multilib-soft:
ARM hard/soft float multilib support
arm-multilib-defaults:
Set MULTILIB_DEFAULTS for ARM multilib builds
gcc-ice-dump:
For ICEs, dump the preprocessed source file to stderr
when in a distro build environment.
gcc-ice-apport:
Report an ICE to apport (if apport is available
and the environment variable GCC_NOAPPORT is not set)
libjava-fixed-symlinks:
Remove unneed '..' elements from symlinks in JAVA_HOME
libffi-ro-eh_frame_sect:
PR libffi/47248, force a read only eh frame section.
gcc-multiarch:
- Remaining multiarch patches, not yet submitted upstream.
- Add MULTIARCH_DIRNAME definitions for multilib configurations,
which are used for the non-multilib builds.
libjava-nobiarch-check:
For biarch builds, disable the testsuite for the non-default architecture
for runtime libraries, which are not built by default (libjava).
config-ml:
- Disable some biarch libraries for biarch builds.
- Fix multilib builds on kernels which don't support all multilibs.
gcc-multilib-multiarch:
Don't auto-detect multilib osdirnames.
mips-fix-loongson2f-nop:
On mips, pass -mfix-loongson2f-nop to as, if -mno-fix-loongson2f-nop
is not passed.
libgomp-kfreebsd-testsuite:
Disable lock-2.c test on kfreebsd-*
go-testsuite:
Skip Go testcase on AArch64 which hangs on the buildds.
ada-749574:
ada-mips:
Improve support for mips.
ada-ppc64:
ada-mips64:
Counting all warnings,
there are 0 warnings in stage3 of this bootstrap.
Number of warnings per file:
Number of warning types: