This is the mail archive of the
gcc-testresults@gcc.gnu.org
mailing list for the GCC project.
Results for 5.0.0 20150327 (experimental) [trunk revision 221732] (GCC) testsuite on x86_64-pc-solaris2.11
- From: Rainer Orth <ro at CeBiTec dot Uni-Bielefeld dot DE>
- To: gcc-testresults at gcc dot gnu dot org
- Date: Sun, 29 Mar 2015 11:15:19 +0200 (CEST)
- Subject: Results for 5.0.0 20150327 (experimental) [trunk revision 221732] (GCC) testsuite on x86_64-pc-solaris2.11
- Authentication-results: sourceware.org; auth=none
LAST_UPDATED: Fri Mar 27 14:37:26 UTC 2015 (revision 221732)
Native configuration is x86_64-pc-solaris2.11
=== boehm-gc tests ===
Running target unix/-m32
=== boehm-gc Summary for unix/-m32 ===
# of expected passes 12
# of unsupported tests 1
Running target unix
=== boehm-gc Summary for unix ===
# of expected passes 12
# of unsupported tests 1
=== boehm-gc Summary ===
# of expected passes 24
# of unsupported tests 2
=== libatomic tests ===
Running target unix/-m32
=== libatomic Summary for unix/-m32 ===
# of expected passes 44
# of unsupported tests 5
Running target unix
=== libatomic Summary for unix ===
# of expected passes 54
=== libatomic Summary ===
# of expected passes 98
# of unsupported tests 5
=== libffi tests ===
Running target unix/-m32
=== libffi Summary for unix/-m32 ===
# of expected passes 2799
Running target unix
=== libffi Summary for unix ===
# of expected passes 2214
=== libffi Summary ===
# of expected passes 5013
=== libgo tests ===
Running target unix
FAIL: runtime/pprof
=== libgo Summary for unix ===
# of expected passes 123
# of unexpected failures 1
Running target unix/-m32
FAIL: net
FAIL: runtime
FAIL: log/syslog
FAIL: net/http
=== libgo Summary for unix/-m32 ===
# of expected passes 120
# of unexpected failures 4
=== libgo Summary ===
# of expected passes 243
# of unexpected failures 5
=== libgomp tests ===
Running target unix/-m32
=== libgomp Summary for unix/-m32 ===
# of expected passes 5807
# of unsupported tests 257
Running target unix
=== libgomp Summary for unix ===
# of expected passes 5807
# of unsupported tests 257
=== libgomp Summary ===
# of expected passes 11614
# of unsupported tests 514
=== libitm tests ===
Running target unix/-m32
=== libitm Summary for unix/-m32 ===
# of expected passes 26
# of expected failures 3
# of unsupported tests 1
Running target unix
=== libitm Summary for unix ===
# of expected passes 26
# of expected failures 3
# of unsupported tests 1
=== libitm Summary ===
# of expected passes 52
# of expected failures 6
# of unsupported tests 2
=== libjava tests ===
Running target unix/-m32
=== libjava Summary for unix/-m32 ===
# of expected passes 2582
# of expected failures 4
Running target unix
=== libjava Summary for unix ===
# of expected passes 2582
# of expected failures 4
=== libjava Summary ===
# of expected passes 5164
# of expected failures 8
=== libstdc++ tests ===
Running target unix
=== libstdc++ Summary for unix ===
# of expected passes 9383
# of expected failures 66
# of unsupported tests 608
Running target unix/-m32
=== libstdc++ Summary for unix/-m32 ===
# of expected passes 9383
# of expected failures 66
# of unsupported tests 608
=== libstdc++ Summary ===
# of expected passes 18766
# of expected failures 132
# of unsupported tests 1216
=== acats tests ===
=== acats Summary ===
# of expected passes 2320
# of unexpected failures 0
=== g++ tests ===
Running target unix
FAIL: g++.dg/guality/pr55665.C -O2 line 23 p == 40
FAIL: g++.dg/guality/pr55665.C -O2 -flto line 23 p == 40
FAIL: g++.dg/guality/pr55665.C -O2 -flto -flto-partition=none line 23 p == 40
FAIL: g++.dg/guality/pr55665.C -O3 -fomit-frame-pointer line 23 p == 40
FAIL: g++.dg/guality/pr55665.C -O3 -g line 23 p == 40
UNRESOLVED: g++.dg/lto/pr65276 cp_lto_pr65276_0.o-cp_lto_pr65276_1.o execute -flto -O0 -std=c++11
FAIL: g++.dg/lto/pr65276 cp_lto_pr65276_0.o-cp_lto_pr65276_1.o link, -flto -O0 -std=c++11
=== g++ Summary for unix ===
# of expected passes 86007
# of unexpected failures 6
# of expected failures 288
# of unresolved testcases 1
# of unsupported tests 3570
Running target unix/-m32
FAIL: g++.dg/cilk-plus/CK/catch_exc.cc -O1 -fcilkplus execution test
FAIL: g++.dg/cilk-plus/CK/catch_exc.cc -O3 -fcilkplus execution test
FAIL: g++.dg/cilk-plus/CK/catch_exc.cc -g -O2 -fcilkplus execution test
FAIL: g++.dg/cilk-plus/CK/catch_exc.cc -g -fcilkplus execution test
FAIL: g++.dg/opt/pr59470.C -std=gnu++11 (test for excess errors)
WARNING: g++.dg/opt/pr59470.C -std=gnu++11 compilation failed to produce executable
FAIL: g++.dg/opt/pr59470.C -std=gnu++14 (test for excess errors)
WARNING: g++.dg/opt/pr59470.C -std=gnu++14 compilation failed to produce executable
FAIL: g++.dg/opt/pr59470.C -std=gnu++98 (test for excess errors)
WARNING: g++.dg/opt/pr59470.C -std=gnu++98 compilation failed to produce executable
FAIL: g++.dg/guality/pr55665.C -O2 line 23 p == 40
FAIL: g++.dg/guality/pr55665.C -O2 -flto line 23 p == 40
FAIL: g++.dg/guality/pr55665.C -O2 -flto -flto-partition=none line 23 p == 40
FAIL: g++.dg/guality/pr55665.C -O3 -fomit-frame-pointer line 23 p == 40
FAIL: g++.dg/guality/pr55665.C -O3 -g line 23 p == 40
=== g++ Summary for unix/-m32 ===
# of expected passes 84677
# of unexpected failures 12
# of expected failures 288
# of unsupported tests 3299
=== g++ Summary ===
# of expected passes 170684
# of unexpected failures 18
# of expected failures 576
# of unresolved testcases 1
# of unsupported tests 6869
/var/gcc/regression/trunk/11-gcc-gas-64/build/gcc/testsuite/g++/../../xg++ version 5.0.0 20150327 (experimental) [trunk revision 221732] (GCC)
=== gcc tests ===
Running target unix
FAIL: gcc.dg/unroll-2.c (test for warnings, line 24)
FAIL: gcc.dg/visibility-22.c execution test
XPASS: gcc.dg/guality/example.c -O0 execution test
XPASS: gcc.dg/guality/example.c -O1 execution test
XPASS: gcc.dg/guality/example.c -O2 execution test
XPASS: gcc.dg/guality/example.c -O2 -flto execution test
XPASS: gcc.dg/guality/example.c -O2 -flto -flto-partition=none execution test
XPASS: gcc.dg/guality/guality.c -O0 execution test
XPASS: gcc.dg/guality/guality.c -O1 execution test
XPASS: gcc.dg/guality/guality.c -O2 execution test
XPASS: gcc.dg/guality/guality.c -O2 -flto execution test
XPASS: gcc.dg/guality/guality.c -O2 -flto -flto-partition=none execution test
XPASS: gcc.dg/guality/guality.c -O3 -fomit-frame-pointer execution test
XPASS: gcc.dg/guality/guality.c -O3 -g execution test
XPASS: gcc.dg/guality/guality.c -Os execution test
XPASS: gcc.dg/guality/inline-params.c -O2 execution test
XPASS: gcc.dg/guality/inline-params.c -O2 -flto execution test
XPASS: gcc.dg/guality/inline-params.c -O2 -flto -flto-partition=none execution test
XPASS: gcc.dg/guality/inline-params.c -O3 -fomit-frame-pointer execution test
XPASS: gcc.dg/guality/inline-params.c -O3 -g execution test
XPASS: gcc.dg/guality/inline-params.c -Os execution test
XPASS: gcc.dg/guality/pr41353-1.c -O0 line 28 j == 28 + 37
FAIL: gcc.dg/guality/pr41447-1.c -O2 execution test
FAIL: gcc.dg/guality/pr41447-1.c -O2 -flto execution test
FAIL: gcc.dg/guality/pr41447-1.c -O2 -flto -flto-partition=none execution test
FAIL: gcc.dg/guality/pr41447-1.c -O3 -g execution test
FAIL: gcc.dg/guality/pr41447-1.c -Os execution test
FAIL: gcc.dg/guality/pr43051-1.c -O2 line 35 v == 1
FAIL: gcc.dg/guality/pr43051-1.c -O2 line 36 e == &a[1]
FAIL: gcc.dg/guality/pr43051-1.c -O2 line 39 c == &a[0]
FAIL: gcc.dg/guality/pr43051-1.c -O2 line 40 v == 1
FAIL: gcc.dg/guality/pr43051-1.c -O2 line 41 e == &a[1]
FAIL: gcc.dg/guality/pr43051-1.c -O2 -flto line 35 v == 1
FAIL: gcc.dg/guality/pr43051-1.c -O2 -flto line 36 e == &a[1]
FAIL: gcc.dg/guality/pr43051-1.c -O2 -flto line 39 c == &a[0]
FAIL: gcc.dg/guality/pr43051-1.c -O2 -flto line 40 v == 1
FAIL: gcc.dg/guality/pr43051-1.c -O2 -flto line 41 e == &a[1]
FAIL: gcc.dg/guality/pr43051-1.c -O2 -flto -flto-partition=none line 35 v == 1
FAIL: gcc.dg/guality/pr43051-1.c -O2 -flto -flto-partition=none line 36 e == &a[1]
FAIL: gcc.dg/guality/pr43051-1.c -O2 -flto -flto-partition=none line 39 c == &a[0]
FAIL: gcc.dg/guality/pr43051-1.c -O2 -flto -flto-partition=none line 40 v == 1
FAIL: gcc.dg/guality/pr43051-1.c -O2 -flto -flto-partition=none line 41 e == &a[1]
FAIL: gcc.dg/guality/pr43051-1.c -O3 -fomit-frame-pointer line 35 v == 1
FAIL: gcc.dg/guality/pr43051-1.c -O3 -fomit-frame-pointer line 36 e == &a[1]
FAIL: gcc.dg/guality/pr43051-1.c -O3 -fomit-frame-pointer line 39 c == &a[0]
FAIL: gcc.dg/guality/pr43051-1.c -O3 -fomit-frame-pointer line 40 v == 1
FAIL: gcc.dg/guality/pr43051-1.c -O3 -fomit-frame-pointer line 41 e == &a[1]
FAIL: gcc.dg/guality/pr43051-1.c -O3 -fomit-frame-pointer -funroll-all-loops -finline-functions line 35 v == 1
FAIL: gcc.dg/guality/pr43051-1.c -O3 -fomit-frame-pointer -funroll-all-loops -finline-functions line 36 e == &a[1]
FAIL: gcc.dg/guality/pr43051-1.c -O3 -fomit-frame-pointer -funroll-all-loops -finline-functions line 39 c == &a[0]
FAIL: gcc.dg/guality/pr43051-1.c -O3 -fomit-frame-pointer -funroll-all-loops -finline-functions line 40 v == 1
FAIL: gcc.dg/guality/pr43051-1.c -O3 -fomit-frame-pointer -funroll-all-loops -finline-functions line 41 e == &a[1]
FAIL: gcc.dg/guality/pr43051-1.c -O3 -fomit-frame-pointer -funroll-loops line 35 v == 1
FAIL: gcc.dg/guality/pr43051-1.c -O3 -fomit-frame-pointer -funroll-loops line 36 e == &a[1]
FAIL: gcc.dg/guality/pr43051-1.c -O3 -fomit-frame-pointer -funroll-loops line 39 c == &a[0]
FAIL: gcc.dg/guality/pr43051-1.c -O3 -fomit-frame-pointer -funroll-loops line 40 v == 1
FAIL: gcc.dg/guality/pr43051-1.c -O3 -fomit-frame-pointer -funroll-loops line 41 e == &a[1]
FAIL: gcc.dg/guality/pr43051-1.c -O3 -g line 35 v == 1
FAIL: gcc.dg/guality/pr43051-1.c -O3 -g line 36 e == &a[1]
FAIL: gcc.dg/guality/pr43051-1.c -O3 -g line 39 c == &a[0]
FAIL: gcc.dg/guality/pr43051-1.c -O3 -g line 40 v == 1
FAIL: gcc.dg/guality/pr43051-1.c -O3 -g line 41 e == &a[1]
FAIL: gcc.dg/guality/pr43051-1.c -Os line 35 v == 1
FAIL: gcc.dg/guality/pr43051-1.c -Os line 36 e == &a[1]
FAIL: gcc.dg/guality/pr43051-1.c -Os line 39 c == &a[0]
FAIL: gcc.dg/guality/pr43051-1.c -Os line 40 v == 1
FAIL: gcc.dg/guality/pr43051-1.c -Os line 41 e == &a[1]
FAIL: gcc.dg/guality/pr43177.c -O2 line 15 l == 10
FAIL: gcc.dg/guality/pr43177.c -O2 line 15 x == 7
FAIL: gcc.dg/guality/pr43177.c -O2 line 24 l == 10
FAIL: gcc.dg/guality/pr43177.c -O2 line 24 x == 7
FAIL: gcc.dg/guality/pr43177.c -O2 -flto line 15 l == 10
FAIL: gcc.dg/guality/pr43177.c -O2 -flto line 15 x == 7
FAIL: gcc.dg/guality/pr43177.c -O2 -flto line 24 l == 10
FAIL: gcc.dg/guality/pr43177.c -O2 -flto line 24 x == 7
FAIL: gcc.dg/guality/pr43177.c -O2 -flto -flto-partition=none line 15 l == 10
FAIL: gcc.dg/guality/pr43177.c -O2 -flto -flto-partition=none line 15 x == 7
FAIL: gcc.dg/guality/pr43177.c -O2 -flto -flto-partition=none line 24 l == 10
FAIL: gcc.dg/guality/pr43177.c -O2 -flto -flto-partition=none line 24 x == 7
FAIL: gcc.dg/guality/pr43177.c -O3 -fomit-frame-pointer line 15 l == 10
FAIL: gcc.dg/guality/pr43177.c -O3 -fomit-frame-pointer line 15 x == 7
FAIL: gcc.dg/guality/pr43177.c -O3 -fomit-frame-pointer line 24 l == 10
FAIL: gcc.dg/guality/pr43177.c -O3 -fomit-frame-pointer line 24 x == 7
FAIL: gcc.dg/guality/pr43177.c -O3 -g line 15 l == 10
FAIL: gcc.dg/guality/pr43177.c -O3 -g line 15 x == 7
FAIL: gcc.dg/guality/pr43177.c -O3 -g line 24 l == 10
FAIL: gcc.dg/guality/pr43177.c -O3 -g line 24 x == 7
FAIL: gcc.dg/guality/pr43177.c -Os line 15 l == 10
FAIL: gcc.dg/guality/pr43177.c -Os line 15 x == 7
FAIL: gcc.dg/guality/pr43177.c -Os line 24 l == 10
FAIL: gcc.dg/guality/pr43177.c -Os line 24 x == 7
FAIL: gcc.dg/guality/pr54200.c -Os line 20 z == 3
FAIL: gcc.dg/guality/pr54519-1.c -O2 -flto line 20 y == 25
FAIL: gcc.dg/guality/pr54519-1.c -O2 -flto line 20 z == 6
FAIL: gcc.dg/guality/pr54519-1.c -O2 -flto line 23 y == 117
FAIL: gcc.dg/guality/pr54519-1.c -O2 -flto line 23 z == 8
FAIL: gcc.dg/guality/pr54519-1.c -O2 -flto -flto-partition=none line 20 y == 25
FAIL: gcc.dg/guality/pr54519-1.c -O2 -flto -flto-partition=none line 20 z == 6
FAIL: gcc.dg/guality/pr54519-1.c -O2 -flto -flto-partition=none line 23 y == 117
FAIL: gcc.dg/guality/pr54519-1.c -O2 -flto -flto-partition=none line 23 z == 8
FAIL: gcc.dg/guality/pr54519-2.c -O2 line 17 x == 6
FAIL: gcc.dg/guality/pr54519-2.c -O2 -flto line 17 x == 6
FAIL: gcc.dg/guality/pr54519-2.c -O2 -flto line 17 y == 25
FAIL: gcc.dg/guality/pr54519-2.c -O2 -flto -flto-partition=none line 17 x == 6
FAIL: gcc.dg/guality/pr54519-2.c -O2 -flto -flto-partition=none line 17 y == 25
FAIL: gcc.dg/guality/pr54519-3.c -O2 -flto line 20 y == 25
FAIL: gcc.dg/guality/pr54519-3.c -O2 -flto line 20 z == 6
FAIL: gcc.dg/guality/pr54519-3.c -O2 -flto line 23 y == 117
FAIL: gcc.dg/guality/pr54519-3.c -O2 -flto line 23 z == 8
FAIL: gcc.dg/guality/pr54519-3.c -O2 -flto -flto-partition=none line 20 y == 25
FAIL: gcc.dg/guality/pr54519-3.c -O2 -flto -flto-partition=none line 20 z == 6
FAIL: gcc.dg/guality/pr54519-3.c -O2 -flto -flto-partition=none line 23 y == 117
FAIL: gcc.dg/guality/pr54519-3.c -O2 -flto -flto-partition=none line 23 z == 8
FAIL: gcc.dg/guality/pr54519-4.c -O2 -flto line 17 y == 25
FAIL: gcc.dg/guality/pr54519-4.c -O2 -flto -flto-partition=none line 17 y == 25
FAIL: gcc.dg/guality/pr54519-5.c -O2 line 17 x == 6
FAIL: gcc.dg/guality/pr54519-5.c -O2 -flto line 17 x == 6
FAIL: gcc.dg/guality/pr54519-5.c -O2 -flto line 17 y == 25
FAIL: gcc.dg/guality/pr54519-5.c -O2 -flto -flto-partition=none line 17 x == 6
FAIL: gcc.dg/guality/pr54519-5.c -O2 -flto -flto-partition=none line 17 y == 25
FAIL: gcc.dg/guality/sra-1.c -O2 line 21 a.i == 4
FAIL: gcc.dg/guality/sra-1.c -O2 line 21 a.j == 14
FAIL: gcc.dg/guality/sra-1.c -O2 line 43 a.i == 4
FAIL: gcc.dg/guality/sra-1.c -O2 line 43 a.j == 14
FAIL: gcc.dg/guality/sra-1.c -O2 -flto line 21 a.i == 4
FAIL: gcc.dg/guality/sra-1.c -O2 -flto line 21 a.j == 14
FAIL: gcc.dg/guality/sra-1.c -O2 -flto line 43 a.i == 4
FAIL: gcc.dg/guality/sra-1.c -O2 -flto line 43 a.j == 14
FAIL: gcc.dg/guality/sra-1.c -O2 -flto -flto-partition=none line 21 a.i == 4
FAIL: gcc.dg/guality/sra-1.c -O2 -flto -flto-partition=none line 21 a.j == 14
FAIL: gcc.dg/guality/sra-1.c -O2 -flto -flto-partition=none line 43 a.i == 4
FAIL: gcc.dg/guality/sra-1.c -O2 -flto -flto-partition=none line 43 a.j == 14
FAIL: gcc.dg/guality/sra-1.c -O3 -fomit-frame-pointer line 21 a.i == 4
FAIL: gcc.dg/guality/sra-1.c -O3 -fomit-frame-pointer line 21 a.j == 14
FAIL: gcc.dg/guality/sra-1.c -O3 -fomit-frame-pointer line 43 a.i == 4
FAIL: gcc.dg/guality/sra-1.c -O3 -fomit-frame-pointer line 43 a.j == 14
FAIL: gcc.dg/guality/sra-1.c -O3 -g line 21 a.i == 4
FAIL: gcc.dg/guality/sra-1.c -O3 -g line 21 a.j == 14
FAIL: gcc.dg/guality/sra-1.c -O3 -g line 43 a.i == 4
FAIL: gcc.dg/guality/sra-1.c -O3 -g line 43 a.j == 14
FAIL: gcc.dg/guality/sra-1.c -Os line 21 a.i == 4
FAIL: gcc.dg/guality/sra-1.c -Os line 21 a.j == 14
FAIL: gcc.dg/guality/sra-1.c -Os line 43 a.i == 4
FAIL: gcc.dg/guality/sra-1.c -Os line 43 a.j == 14
FAIL: gcc.dg/guality/vla-1.c -O1 line 17 sizeof (a) == 6
FAIL: gcc.dg/guality/vla-1.c -O2 line 17 sizeof (a) == 6
FAIL: gcc.dg/guality/vla-1.c -O2 -flto line 17 sizeof (a) == 6
FAIL: gcc.dg/guality/vla-1.c -O2 -flto -flto-partition=none line 17 sizeof (a) == 6
FAIL: gcc.dg/guality/vla-1.c -O3 -fomit-frame-pointer line 17 sizeof (a) == 6
FAIL: gcc.dg/guality/vla-1.c -O3 -g line 17 sizeof (a) == 6
FAIL: gcc.dg/guality/vla-1.c -Os line 17 sizeof (a) == 6
FAIL: gcc.dg/guality/vla-2.c -O2 line 25 sizeof (a) == 6 * sizeof (int)
FAIL: gcc.dg/guality/vla-2.c -O2 -flto line 25 sizeof (a) == 6 * sizeof (int)
FAIL: gcc.dg/guality/vla-2.c -O2 -flto -flto-partition=none line 25 sizeof (a) == 6 * sizeof (int)
FAIL: gcc.dg/guality/vla-2.c -O3 -fomit-frame-pointer line 25 sizeof (a) == 6 * sizeof (int)
FAIL: gcc.dg/guality/vla-2.c -O3 -g line 25 sizeof (a) == 6 * sizeof (int)
FAIL: gcc.dg/guality/vla-2.c -Os line 25 sizeof (a) == 6 * sizeof (int)
FAIL: gcc.target/i386/avx512dq-vfpclasspd-2.c (test for excess errors)
FAIL: gcc.target/i386/avx512dq-vfpclassps-2.c (test for excess errors)
FAIL: gcc.target/i386/avx512vl-vfpclasspd-2.c (test for excess errors)
FAIL: gcc.target/i386/avx512vl-vfpclassps-2.c (test for excess errors)
=== gcc Summary for unix ===
# of expected passes 112317
# of unexpected failures 141
# of unexpected successes 20
# of expected failures 277
# of unsupported tests 1795
Running target unix/-m32
FAIL: gcc.dg/unroll-2.c (test for warnings, line 24)
FAIL: gcc.dg/visibility-22.c execution test
XPASS: gcc.dg/guality/example.c -O0 execution test
XPASS: gcc.dg/guality/example.c -O1 execution test
XPASS: gcc.dg/guality/example.c -O2 execution test
XPASS: gcc.dg/guality/example.c -O2 -flto execution test
XPASS: gcc.dg/guality/example.c -O2 -flto -flto-partition=none execution test
XPASS: gcc.dg/guality/guality.c -O0 execution test
XPASS: gcc.dg/guality/guality.c -O1 execution test
XPASS: gcc.dg/guality/guality.c -O2 execution test
XPASS: gcc.dg/guality/guality.c -O2 -flto execution test
XPASS: gcc.dg/guality/guality.c -O2 -flto -flto-partition=none execution test
XPASS: gcc.dg/guality/guality.c -O3 -fomit-frame-pointer execution test
XPASS: gcc.dg/guality/guality.c -O3 -g execution test
XPASS: gcc.dg/guality/guality.c -Os execution test
XPASS: gcc.dg/guality/inline-params.c -O2 execution test
XPASS: gcc.dg/guality/inline-params.c -O2 -flto execution test
XPASS: gcc.dg/guality/inline-params.c -O2 -flto -flto-partition=none execution test
XPASS: gcc.dg/guality/inline-params.c -O3 -fomit-frame-pointer execution test
XPASS: gcc.dg/guality/inline-params.c -O3 -g execution test
XPASS: gcc.dg/guality/inline-params.c -Os execution test
XPASS: gcc.dg/guality/pr41353-1.c -O0 line 28 j == 28 + 37
FAIL: gcc.dg/guality/pr41447-1.c -O3 -fomit-frame-pointer execution test
FAIL: gcc.dg/guality/pr54519-1.c -O2 -flto line 20 y == 25
FAIL: gcc.dg/guality/pr54519-1.c -O2 -flto line 20 z == 6
FAIL: gcc.dg/guality/pr54519-1.c -O2 -flto line 23 y == 117
FAIL: gcc.dg/guality/pr54519-1.c -O2 -flto line 23 z == 8
FAIL: gcc.dg/guality/pr54519-1.c -O2 -flto -flto-partition=none line 20 y == 25
FAIL: gcc.dg/guality/pr54519-1.c -O2 -flto -flto-partition=none line 20 z == 6
FAIL: gcc.dg/guality/pr54519-1.c -O2 -flto -flto-partition=none line 23 y == 117
FAIL: gcc.dg/guality/pr54519-1.c -O2 -flto -flto-partition=none line 23 z == 8
FAIL: gcc.dg/guality/pr54519-2.c -O2 -flto line 17 y == 25
FAIL: gcc.dg/guality/pr54519-2.c -O2 -flto -flto-partition=none line 17 y == 25
FAIL: gcc.dg/guality/pr54519-3.c -O2 -flto line 20 y == 25
FAIL: gcc.dg/guality/pr54519-3.c -O2 -flto line 20 z == 6
FAIL: gcc.dg/guality/pr54519-3.c -O2 -flto line 23 y == 117
FAIL: gcc.dg/guality/pr54519-3.c -O2 -flto line 23 z == 8
FAIL: gcc.dg/guality/pr54519-3.c -O2 -flto -flto-partition=none line 20 y == 25
FAIL: gcc.dg/guality/pr54519-3.c -O2 -flto -flto-partition=none line 20 z == 6
FAIL: gcc.dg/guality/pr54519-3.c -O2 -flto -flto-partition=none line 23 y == 117
FAIL: gcc.dg/guality/pr54519-3.c -O2 -flto -flto-partition=none line 23 z == 8
FAIL: gcc.dg/guality/pr54519-4.c -O2 -flto line 17 y == 25
FAIL: gcc.dg/guality/pr54519-4.c -O2 -flto -flto-partition=none line 17 y == 25
FAIL: gcc.dg/guality/pr54519-5.c -O2 -flto line 17 y == 25
FAIL: gcc.dg/guality/pr54519-5.c -O2 -flto -flto-partition=none line 17 y == 25
FAIL: gcc.dg/guality/pr54970.c -Os line 15 a[0] == 1
FAIL: gcc.dg/guality/pr54970.c -Os line 20 a[0] == 1
FAIL: gcc.dg/guality/pr54970.c -Os line 25 a[0] == 1
FAIL: gcc.dg/guality/pr54970.c -Os line 31 a[0] == 4
FAIL: gcc.dg/guality/pr54970.c -Os line 36 a[0] == 4
FAIL: gcc.dg/guality/pr54970.c -Os line 45 a[0] == 4
FAIL: gcc.dg/guality/pr54970.c -Os line 45 p[-2] == 4
FAIL: gcc.dg/guality/pr54970.c -Os line 45 q[-1] == 4
FAIL: gcc.dg/guality/sra-1.c -O2 line 21 a.i == 4
FAIL: gcc.dg/guality/sra-1.c -O2 line 32 a[0] == 4
FAIL: gcc.dg/guality/sra-1.c -O2 line 43 a.i == 4
FAIL: gcc.dg/guality/sra-1.c -O2 -flto line 21 a.i == 4
FAIL: gcc.dg/guality/sra-1.c -O2 -flto line 32 a[0] == 4
FAIL: gcc.dg/guality/sra-1.c -O2 -flto line 43 a.i == 4
FAIL: gcc.dg/guality/sra-1.c -O2 -flto -flto-partition=none line 21 a.i == 4
FAIL: gcc.dg/guality/sra-1.c -O2 -flto -flto-partition=none line 32 a[0] == 4
FAIL: gcc.dg/guality/sra-1.c -O2 -flto -flto-partition=none line 43 a.i == 4
FAIL: gcc.dg/guality/sra-1.c -O3 -fomit-frame-pointer line 21 a.i == 4
FAIL: gcc.dg/guality/sra-1.c -O3 -fomit-frame-pointer line 32 a[0] == 4
FAIL: gcc.dg/guality/sra-1.c -O3 -fomit-frame-pointer line 43 a.i == 4
FAIL: gcc.dg/guality/sra-1.c -O3 -g line 21 a.i == 4
FAIL: gcc.dg/guality/sra-1.c -O3 -g line 32 a[0] == 4
FAIL: gcc.dg/guality/sra-1.c -O3 -g line 43 a.i == 4
FAIL: gcc.dg/guality/sra-1.c -Os line 21 a.i == 4
FAIL: gcc.dg/guality/sra-1.c -Os line 32 a[0] == 4
FAIL: gcc.dg/guality/sra-1.c -Os line 43 a.i == 4
FAIL: gcc.dg/guality/vla-1.c -O1 line 17 sizeof (a) == 6
FAIL: gcc.dg/guality/vla-1.c -O2 line 17 sizeof (a) == 6
FAIL: gcc.dg/guality/vla-1.c -O2 -flto line 17 sizeof (a) == 6
FAIL: gcc.dg/guality/vla-1.c -O2 -flto -flto-partition=none line 17 sizeof (a) == 6
FAIL: gcc.dg/guality/vla-1.c -O3 -fomit-frame-pointer line 17 sizeof (a) == 6
FAIL: gcc.dg/guality/vla-1.c -O3 -g line 17 sizeof (a) == 6
FAIL: gcc.dg/guality/vla-1.c -Os line 17 sizeof (a) == 6
FAIL: gcc.target/i386/avx512dq-vfpclasspd-2.c (test for excess errors)
FAIL: gcc.target/i386/avx512dq-vfpclassps-2.c (test for excess errors)
FAIL: gcc.target/i386/avx512vl-vfpclasspd-2.c (test for excess errors)
FAIL: gcc.target/i386/avx512vl-vfpclassps-2.c (test for excess errors)
=== gcc Summary for unix/-m32 ===
# of expected passes 110864
# of unexpected failures 62
# of unexpected successes 20
# of expected failures 278
# of unsupported tests 1649
=== gcc Summary ===
# of expected passes 223181
# of unexpected failures 203
# of unexpected successes 40
# of expected failures 555
# of unsupported tests 3444
/var/gcc/regression/trunk/11-gcc-gas-64/build/gcc/xgcc version 5.0.0 20150327 (experimental) [trunk revision 221732] (GCC)
=== gfortran tests ===
Running target unix
=== gfortran Summary for unix ===
# of expected passes 48350
# of expected failures 78
# of unsupported tests 79
Running target unix/-m32
=== gfortran Summary for unix/-m32 ===
# of expected passes 48063
# of expected failures 78
# of unsupported tests 217
=== gfortran Summary ===
# of expected passes 96413
# of expected failures 156
# of unsupported tests 296
/var/gcc/regression/trunk/11-gcc-gas-64/build/gcc/testsuite/gfortran/../../gfortran version 5.0.0 20150327 (experimental) [trunk revision 221732] (GCC)
=== gnat tests ===
Running target unix/-m32
=== gnat Summary for unix/-m32 ===
# of expected passes 1326
# of expected failures 20
# of unsupported tests 7
Running target unix
=== gnat Summary for unix ===
# of expected passes 1326
# of expected failures 20
# of unsupported tests 7
=== gnat Summary ===
# of expected passes 2652
# of expected failures 40
# of unsupported tests 14
/var/gcc/regression/trunk/11-gcc-gas-64/build/gcc/gnatmake version 5.0.0 20150327 (experimental) [trunk revision 221732]
=== go tests ===
Running target unix
=== go Summary for unix ===
# of expected passes 7244
# of expected failures 1
# of untested testcases 10
# of unsupported tests 1
Running target unix/-m32
=== go Summary for unix/-m32 ===
# of expected passes 7363
# of expected failures 1
# of untested testcases 10
# of unsupported tests 2
=== go Summary ===
# of expected passes 14607
# of expected failures 2
# of untested testcases 20
# of unsupported tests 3
=== obj-c++ tests ===
Running target unix/-m32
=== obj-c++ Summary for unix/-m32 ===
# of expected passes 1453
# of expected failures 2
# of unsupported tests 86
Running target unix
=== obj-c++ Summary for unix ===
# of expected passes 1445
# of expected failures 10
# of unsupported tests 86
=== obj-c++ Summary ===
# of expected passes 2898
# of expected failures 12
# of unsupported tests 172
/var/gcc/regression/trunk/11-gcc-gas-64/build/gcc/testsuite/obj-c++/../../xg++ version 5.0.0 20150327 (experimental) [trunk revision 221732] (GCC)
=== objc tests ===
Running target unix
=== objc Summary for unix ===
# of expected passes 3010
# of expected failures 6
# of unsupported tests 74
Running target unix/-m32
=== objc Summary for unix/-m32 ===
# of expected passes 3010
# of expected failures 6
# of unsupported tests 74
=== objc Summary ===
# of expected passes 6020
# of expected failures 12
# of unsupported tests 148
/var/gcc/regression/trunk/11-gcc-gas-64/build/gcc/xgcc version 5.0.0 20150327 (experimental) [trunk revision 221732] (GCC)
Compiler version: 5.0.0 20150327 (experimental) [trunk revision 221732] (GCC)
Platform: x86_64-pc-solaris2.11
configure flags: --prefix=/vol/gcc --target=amd64-pc-solaris2.11 --enable-objc-gc --enable-libmudflap --with-as=/vol/gcc/bin/amd64/gas-2.25 --with-gnu-as --with-gmp-include=/vol/gcc/include --with-gmp-lib=/vol/gcc/lib/amd64 --with-mpfr-include=/vol/gcc/include --with-mpfr-lib=/vol/gcc/lib/amd64 --with-mpc-include=/vol/gcc/include --with-mpc-lib=/vol/gcc/lib/amd64 --enable-languages=all,ada,obj-c++,go --with-isl-include=/vol/gcc/include --with-isl-lib=/vol/gcc/lib/amd64 --with-cloog-include=/vol/gcc/include --with-cloog-lib=/vol/gcc/lib/amd64 --enable-cloog-backend=isl --build=amd64-pc-solaris2.11 --host=amd64-pc-solaris2.11
BOOT_CFLAGS=-g -O2