This is the mail archive of the
gcc-testresults@gcc.gnu.org
mailing list for the GCC project.
Results for 5.0.0 20150326 (experimental) [trunk revision 221694] (GCC) testsuite on x86_64-unknown-linux-gnu
- From: x32 at gnu-9 dot sc dot intel dot com (H.J. Lu (x32 -fpic))
- To: gcc-testresults at gcc dot gnu dot org
- Date: Thu, 26 Mar 2015 14:04:36 -0700
- Subject: Results for 5.0.0 20150326 (experimental) [trunk revision 221694] (GCC) testsuite on x86_64-unknown-linux-gnu
- Authentication-results: sourceware.org; auth=none
Native configuration is x86_64-unknown-linux-gnu
=== gcc tests ===
Running target unix/-mx32 -fpic
FAIL: gcc.dg/c99-typespec-1.c (test for excess errors)
FAIL: gcc.dg/c99-typespec-1.c int long signed long _Bool (test for errors, line 932)
FAIL: gcc.dg/c99-typespec-1.c int long signed long _Complex (test for errors, line 933)
FAIL: gcc.dg/c99-typespec-1.c int long unsigned long _Bool (test for errors, line 943)
FAIL: gcc.dg/c99-typespec-1.c int long unsigned long _Complex (test for errors, line 944)
FAIL: gcc.dg/c99-typespec-1.c int long unsigned long char (test for errors, line 935)
FAIL: gcc.dg/c99-typespec-1.c int long unsigned long double (test for errors, line 940)
FAIL: gcc.dg/c99-typespec-1.c int long unsigned long float (test for errors, line 939)
FAIL: gcc.dg/c99-typespec-1.c int long unsigned long int (test for errors, line 937)
FAIL: gcc.dg/c99-typespec-1.c int long unsigned long long (test for errors, line 938)
FAIL: gcc.dg/c99-typespec-1.c int long unsigned long short (test for errors, line 936)
FAIL: gcc.dg/c99-typespec-1.c int long unsigned long signed (test for errors, line 941)
FAIL: gcc.dg/c99-typespec-1.c int long unsigned long unsigned (test for errors, line 942)
FAIL: gcc.dg/c99-typespec-1.c int long unsigned long void (test for errors, line 934)
FAIL: gcc.dg/c99-typespec-1.c int signed long long _Bool (test for errors, line 954)
FAIL: gcc.dg/c99-typespec-1.c int signed long long _Complex (test for errors, line 955)
FAIL: gcc.dg/c99-typespec-1.c int signed long long char (test for errors, line 946)
FAIL: gcc.dg/c99-typespec-1.c int signed long long double (test for errors, line 951)
FAIL: gcc.dg/c99-typespec-1.c int signed long long float (test for errors, line 950)
FAIL: gcc.dg/c99-typespec-1.c int signed long long int (test for errors, line 948)
FAIL: gcc.dg/c99-typespec-1.c int signed long long long (test for errors, line 949)
FAIL: gcc.dg/c99-typespec-1.c int signed long long short (test for errors, line 947)
FAIL: gcc.dg/c99-typespec-1.c int signed long long signed (test for errors, line 952)
FAIL: gcc.dg/c99-typespec-1.c int signed long long unsigned (test for errors, line 953)
FAIL: gcc.dg/c99-typespec-1.c int signed long long void (test for errors, line 945)
FAIL: gcc.dg/c99-typespec-1.c int unsigned long long _Bool (test for errors, line 965)
FAIL: gcc.dg/c99-typespec-1.c int unsigned long long _Complex (test for errors, line 966)
FAIL: gcc.dg/c99-typespec-1.c int unsigned long long char (test for errors, line 957)
FAIL: gcc.dg/c99-typespec-1.c int unsigned long long double (test for errors, line 962)
FAIL: gcc.dg/c99-typespec-1.c int unsigned long long float (test for errors, line 961)
FAIL: gcc.dg/c99-typespec-1.c int unsigned long long int (test for errors, line 959)
FAIL: gcc.dg/c99-typespec-1.c int unsigned long long long (test for errors, line 960)
FAIL: gcc.dg/c99-typespec-1.c int unsigned long long short (test for errors, line 958)
FAIL: gcc.dg/c99-typespec-1.c int unsigned long long signed (test for errors, line 963)
FAIL: gcc.dg/c99-typespec-1.c int unsigned long long unsigned (test for errors, line 964)
FAIL: gcc.dg/c99-typespec-1.c int unsigned long long void (test for errors, line 956)
FAIL: gcc.dg/c99-typespec-1.c long int long signed _Bool (test for errors, line 976)
FAIL: gcc.dg/c99-typespec-1.c long int long signed _Complex (test for errors, line 977)
FAIL: gcc.dg/c99-typespec-1.c long int long signed char (test for errors, line 968)
FAIL: gcc.dg/c99-typespec-1.c long int long signed double (test for errors, line 973)
FAIL: gcc.dg/c99-typespec-1.c long int long signed float (test for errors, line 972)
FAIL: gcc.dg/c99-typespec-1.c long int long signed int (test for errors, line 970)
FAIL: gcc.dg/c99-typespec-1.c long int long signed long (test for errors, line 971)
FAIL: gcc.dg/c99-typespec-1.c long int long signed short (test for errors, line 969)
FAIL: gcc.dg/c99-typespec-1.c long int long signed signed (test for errors, line 974)
FAIL: gcc.dg/c99-typespec-1.c long int long signed unsigned (test for errors, line 975)
FAIL: gcc.dg/c99-typespec-1.c long int long signed void (test for errors, line 967)
FAIL: gcc.dg/c99-typespec-1.c long int long unsigned _Bool (test for errors, line 987)
FAIL: gcc.dg/c99-typespec-1.c long int long unsigned _Complex (test for errors, line 988)
FAIL: gcc.dg/c99-typespec-1.c long int long unsigned char (test for errors, line 979)
FAIL: gcc.dg/c99-typespec-1.c long int long unsigned double (test for errors, line 984)
FAIL: gcc.dg/c99-typespec-1.c long int long unsigned float (test for errors, line 983)
FAIL: gcc.dg/c99-typespec-1.c long int long unsigned int (test for errors, line 981)
FAIL: gcc.dg/c99-typespec-1.c long int long unsigned long (test for errors, line 982)
FAIL: gcc.dg/c99-typespec-1.c long int long unsigned short (test for errors, line 980)
FAIL: gcc.dg/c99-typespec-1.c long int long unsigned signed (test for errors, line 985)
FAIL: gcc.dg/c99-typespec-1.c long int long unsigned unsigned (test for errors, line 986)
FAIL: gcc.dg/c99-typespec-1.c long int long unsigned void (test for errors, line 978)
FAIL: gcc.dg/c99-typespec-1.c long int signed long _Bool (test for errors, line 998)
FAIL: gcc.dg/c99-typespec-1.c long int signed long _Complex (test for errors, line 999)
FAIL: gcc.dg/c99-typespec-1.c long int signed long char (test for errors, line 990)
FAIL: gcc.dg/c99-typespec-1.c long int signed long double (test for errors, line 995)
FAIL: gcc.dg/c99-typespec-1.c long int signed long float (test for errors, line 994)
FAIL: gcc.dg/c99-typespec-1.c long int signed long int (test for errors, line 992)
FAIL: gcc.dg/c99-typespec-1.c long int signed long long (test for errors, line 993)
FAIL: gcc.dg/c99-typespec-1.c long int signed long short (test for errors, line 991)
FAIL: gcc.dg/c99-typespec-1.c long int signed long signed (test for errors, line 996)
FAIL: gcc.dg/c99-typespec-1.c long int signed long unsigned (test for errors, line 997)
FAIL: gcc.dg/c99-typespec-1.c long int signed long void (test for errors, line 989)
FAIL: gcc.dg/c99-typespec-1.c long int unsigned long _Bool (test for errors, line 1009)
FAIL: gcc.dg/c99-typespec-1.c long int unsigned long _Complex (test for errors, line 1010)
FAIL: gcc.dg/c99-typespec-1.c long int unsigned long char (test for errors, line 1001)
FAIL: gcc.dg/c99-typespec-1.c long int unsigned long double (test for errors, line 1006)
FAIL: gcc.dg/c99-typespec-1.c long int unsigned long float (test for errors, line 1005)
FAIL: gcc.dg/c99-typespec-1.c long int unsigned long int (test for errors, line 1003)
FAIL: gcc.dg/c99-typespec-1.c long int unsigned long long (test for errors, line 1004)
FAIL: gcc.dg/c99-typespec-1.c long int unsigned long short (test for errors, line 1002)
FAIL: gcc.dg/c99-typespec-1.c long int unsigned long signed (test for errors, line 1007)
FAIL: gcc.dg/c99-typespec-1.c long int unsigned long unsigned (test for errors, line 1008)
FAIL: gcc.dg/c99-typespec-1.c long int unsigned long void (test for errors, line 1000)
FAIL: gcc.dg/c99-typespec-1.c long long int signed _Bool (test for errors, line 1020)
FAIL: gcc.dg/c99-typespec-1.c long long int signed _Complex (test for errors, line 1021)
FAIL: gcc.dg/c99-typespec-1.c long long int signed char (test for errors, line 1012)
FAIL: gcc.dg/c99-typespec-1.c long long int signed double (test for errors, line 1017)
FAIL: gcc.dg/c99-typespec-1.c long long int signed float (test for errors, line 1016)
FAIL: gcc.dg/c99-typespec-1.c long long int signed int (test for errors, line 1014)
FAIL: gcc.dg/c99-typespec-1.c long long int signed long (test for errors, line 1015)
FAIL: gcc.dg/c99-typespec-1.c long long int signed short (test for errors, line 1013)
FAIL: gcc.dg/c99-typespec-1.c long long int signed signed (test for errors, line 1018)
FAIL: gcc.dg/c99-typespec-1.c long long int signed unsigned (test for errors, line 1019)
FAIL: gcc.dg/c99-typespec-1.c long long int signed void (test for errors, line 1011)
FAIL: gcc.dg/c99-typespec-1.c long long int unsigned _Bool (test for errors, line 1031)
FAIL: gcc.dg/c99-typespec-1.c long long int unsigned _Complex (test for errors, line 1032)
FAIL: gcc.dg/c99-typespec-1.c long long int unsigned char (test for errors, line 1023)
FAIL: gcc.dg/c99-typespec-1.c long long int unsigned double (test for errors, line 1028)
FAIL: gcc.dg/c99-typespec-1.c long long int unsigned float (test for errors, line 1027)
FAIL: gcc.dg/c99-typespec-1.c long long int unsigned int (test for errors, line 1025)
FAIL: gcc.dg/c99-typespec-1.c long long int unsigned long (test for errors, line 1026)
FAIL: gcc.dg/c99-typespec-1.c long long int unsigned short (test for errors, line 1024)
FAIL: gcc.dg/c99-typespec-1.c long long int unsigned signed (test for errors, line 1029)
FAIL: gcc.dg/c99-typespec-1.c long long int unsigned unsigned (test for errors, line 1030)
FAIL: gcc.dg/c99-typespec-1.c long long int unsigned void (test for errors, line 1022)
FAIL: gcc.dg/c99-typespec-1.c long long signed int _Bool (test for errors, line 1042)
FAIL: gcc.dg/c99-typespec-1.c long long signed int _Complex (test for errors, line 1043)
FAIL: gcc.dg/c99-typespec-1.c long long signed int char (test for errors, line 1034)
FAIL: gcc.dg/c99-typespec-1.c long long signed int double (test for errors, line 1039)
FAIL: gcc.dg/c99-typespec-1.c long long signed int float (test for errors, line 1038)
FAIL: gcc.dg/c99-typespec-1.c long long signed int int (test for errors, line 1036)
FAIL: gcc.dg/c99-typespec-1.c long long signed int long (test for errors, line 1037)
FAIL: gcc.dg/c99-typespec-1.c long long signed int short (test for errors, line 1035)
FAIL: gcc.dg/c99-typespec-1.c long long signed int signed (test for errors, line 1040)
FAIL: gcc.dg/c99-typespec-1.c long long signed int unsigned (test for errors, line 1041)
FAIL: gcc.dg/c99-typespec-1.c long long signed int void (test for errors, line 1033)
FAIL: gcc.dg/c99-typespec-1.c long long unsigned int _Bool (test for errors, line 1053)
FAIL: gcc.dg/c99-typespec-1.c long long unsigned int _Complex (test for errors, line 1054)
FAIL: gcc.dg/c99-typespec-1.c long long unsigned int char (test for errors, line 1045)
FAIL: gcc.dg/c99-typespec-1.c long long unsigned int double (test for errors, line 1050)
FAIL: gcc.dg/c99-typespec-1.c long long unsigned int float (test for errors, line 1049)
FAIL: gcc.dg/c99-typespec-1.c long long unsigned int int (test for errors, line 1047)
FAIL: gcc.dg/c99-typespec-1.c long long unsigned int long (test for errors, line 1048)
FAIL: gcc.dg/c99-typespec-1.c long long unsigned int short (test for errors, line 1046)
FAIL: gcc.dg/c99-typespec-1.c long long unsigned int signed (test for errors, line 1051)
FAIL: gcc.dg/c99-typespec-1.c long long unsigned int unsigned (test for errors, line 1052)
FAIL: gcc.dg/c99-typespec-1.c long long unsigned int void (test for errors, line 1044)
FAIL: gcc.dg/c99-typespec-1.c long signed int long _Bool (test for errors, line 1064)
FAIL: gcc.dg/c99-typespec-1.c long signed int long _Complex (test for errors, line 1065)
FAIL: gcc.dg/c99-typespec-1.c long signed int long char (test for errors, line 1056)
FAIL: gcc.dg/c99-typespec-1.c long signed int long double (test for errors, line 1061)
FAIL: gcc.dg/c99-typespec-1.c long signed int long float (test for errors, line 1060)
FAIL: gcc.dg/c99-typespec-1.c long signed int long int (test for errors, line 1058)
FAIL: gcc.dg/c99-typespec-1.c long signed int long long (test for errors, line 1059)
FAIL: gcc.dg/c99-typespec-1.c long signed int long short (test for errors, line 1057)
FAIL: gcc.dg/c99-typespec-1.c long signed int long signed (test for errors, line 1062)
FAIL: gcc.dg/c99-typespec-1.c long signed int long unsigned (test for errors, line 1063)
FAIL: gcc.dg/c99-typespec-1.c long signed int long void (test for errors, line 1055)
FAIL: gcc.dg/c99-typespec-1.c long signed long int _Bool (test for errors, line 1075)
FAIL: gcc.dg/c99-typespec-1.c long signed long int _Complex (test for errors, line 1076)
FAIL: gcc.dg/c99-typespec-1.c long signed long int char (test for errors, line 1067)
FAIL: gcc.dg/c99-typespec-1.c long signed long int double (test for errors, line 1072)
FAIL: gcc.dg/c99-typespec-1.c long signed long int float (test for errors, line 1071)
FAIL: gcc.dg/c99-typespec-1.c long signed long int int (test for errors, line 1069)
FAIL: gcc.dg/c99-typespec-1.c long signed long int long (test for errors, line 1070)
FAIL: gcc.dg/c99-typespec-1.c long signed long int short (test for errors, line 1068)
FAIL: gcc.dg/c99-typespec-1.c long signed long int signed (test for errors, line 1073)
FAIL: gcc.dg/c99-typespec-1.c long signed long int unsigned (test for errors, line 1074)
FAIL: gcc.dg/c99-typespec-1.c long signed long int void (test for errors, line 1066)
FAIL: gcc.dg/c99-typespec-1.c long unsigned int long _Bool (test for errors, line 1086)
FAIL: gcc.dg/c99-typespec-1.c long unsigned int long _Complex (test for errors, line 1087)
FAIL: gcc.dg/c99-typespec-1.c long unsigned int long char (test for errors, line 1078)
FAIL: gcc.dg/c99-typespec-1.c long unsigned int long double (test for errors, line 1083)
FAIL: gcc.dg/c99-typespec-1.c long unsigned int long float (test for errors, line 1082)
FAIL: gcc.dg/c99-typespec-1.c long unsigned int long int (test for errors, line 1080)
FAIL: gcc.dg/c99-typespec-1.c long unsigned int long long (test for errors, line 1081)
FAIL: gcc.dg/c99-typespec-1.c long unsigned int long short (test for errors, line 1079)
FAIL: gcc.dg/c99-typespec-1.c long unsigned int long signed (test for errors, line 1084)
FAIL: gcc.dg/c99-typespec-1.c long unsigned int long unsigned (test for errors, line 1085)
FAIL: gcc.dg/c99-typespec-1.c long unsigned int long void (test for errors, line 1077)
FAIL: gcc.dg/c99-typespec-1.c long unsigned long int _Bool (test for errors, line 1097)
FAIL: gcc.dg/c99-typespec-1.c long unsigned long int _Complex (test for errors, line 1098)
FAIL: gcc.dg/c99-typespec-1.c long unsigned long int char (test for errors, line 1089)
FAIL: gcc.dg/c99-typespec-1.c long unsigned long int double (test for errors, line 1094)
FAIL: gcc.dg/c99-typespec-1.c long unsigned long int float (test for errors, line 1093)
FAIL: gcc.dg/c99-typespec-1.c long unsigned long int int (test for errors, line 1091)
FAIL: gcc.dg/c99-typespec-1.c long unsigned long int long (test for errors, line 1092)
FAIL: gcc.dg/c99-typespec-1.c long unsigned long int short (test for errors, line 1090)
FAIL: gcc.dg/c99-typespec-1.c long unsigned long int signed (test for errors, line 1095)
FAIL: gcc.dg/c99-typespec-1.c long unsigned long int unsigned (test for errors, line 1096)
FAIL: gcc.dg/c99-typespec-1.c long unsigned long int void (test for errors, line 1088)
FAIL: gcc.dg/c99-typespec-1.c signed int long long _Bool (test for errors, line 1108)
FAIL: gcc.dg/c99-typespec-1.c signed int long long _Complex (test for errors, line 1109)
FAIL: gcc.dg/c99-typespec-1.c signed int long long char (test for errors, line 1100)
FAIL: gcc.dg/c99-typespec-1.c signed int long long double (test for errors, line 1105)
FAIL: gcc.dg/c99-typespec-1.c signed int long long float (test for errors, line 1104)
FAIL: gcc.dg/c99-typespec-1.c signed int long long int (test for errors, line 1102)
FAIL: gcc.dg/c99-typespec-1.c signed int long long long (test for errors, line 1103)
FAIL: gcc.dg/c99-typespec-1.c signed int long long short (test for errors, line 1101)
FAIL: gcc.dg/c99-typespec-1.c signed int long long signed (test for errors, line 1106)
FAIL: gcc.dg/c99-typespec-1.c signed int long long unsigned (test for errors, line 1107)
FAIL: gcc.dg/c99-typespec-1.c signed int long long void (test for errors, line 1099)
FAIL: gcc.dg/c99-typespec-1.c signed long int long _Bool (test for errors, line 1119)
FAIL: gcc.dg/c99-typespec-1.c signed long int long _Complex (test for errors, line 1120)
FAIL: gcc.dg/c99-typespec-1.c signed long int long char (test for errors, line 1111)
FAIL: gcc.dg/c99-typespec-1.c signed long int long double (test for errors, line 1116)
FAIL: gcc.dg/c99-typespec-1.c signed long int long float (test for errors, line 1115)
FAIL: gcc.dg/c99-typespec-1.c signed long int long int (test for errors, line 1113)
FAIL: gcc.dg/c99-typespec-1.c signed long int long long (test for errors, line 1114)
FAIL: gcc.dg/c99-typespec-1.c signed long int long short (test for errors, line 1112)
FAIL: gcc.dg/c99-typespec-1.c signed long int long signed (test for errors, line 1117)
FAIL: gcc.dg/c99-typespec-1.c signed long int long unsigned (test for errors, line 1118)
FAIL: gcc.dg/c99-typespec-1.c signed long int long void (test for errors, line 1110)
FAIL: gcc.dg/c99-typespec-1.c signed long long int _Bool (test for errors, line 1130)
FAIL: gcc.dg/c99-typespec-1.c signed long long int _Complex (test for errors, line 1131)
FAIL: gcc.dg/c99-typespec-1.c signed long long int char (test for errors, line 1122)
FAIL: gcc.dg/c99-typespec-1.c signed long long int double (test for errors, line 1127)
FAIL: gcc.dg/c99-typespec-1.c signed long long int float (test for errors, line 1126)
FAIL: gcc.dg/c99-typespec-1.c signed long long int int (test for errors, line 1124)
FAIL: gcc.dg/c99-typespec-1.c signed long long int long (test for errors, line 1125)
FAIL: gcc.dg/c99-typespec-1.c signed long long int short (test for errors, line 1123)
FAIL: gcc.dg/c99-typespec-1.c signed long long int signed (test for errors, line 1128)
FAIL: gcc.dg/c99-typespec-1.c signed long long int unsigned (test for errors, line 1129)
FAIL: gcc.dg/c99-typespec-1.c signed long long int void (test for errors, line 1121)
FAIL: gcc.dg/c99-typespec-1.c unsigned int long long _Bool (test for errors, line 1141)
FAIL: gcc.dg/c99-typespec-1.c unsigned int long long _Complex (test for errors, line 1142)
FAIL: gcc.dg/c99-typespec-1.c unsigned int long long char (test for errors, line 1133)
FAIL: gcc.dg/c99-typespec-1.c unsigned int long long double (test for errors, line 1138)
FAIL: gcc.dg/c99-typespec-1.c unsigned int long long float (test for errors, line 1137)
FAIL: gcc.dg/c99-typespec-1.c unsigned int long long int (test for errors, line 1135)
FAIL: gcc.dg/c99-typespec-1.c unsigned int long long long (test for errors, line 1136)
FAIL: gcc.dg/c99-typespec-1.c unsigned int long long short (test for errors, line 1134)
FAIL: gcc.dg/c99-typespec-1.c unsigned int long long signed (test for errors, line 1139)
FAIL: gcc.dg/c99-typespec-1.c unsigned int long long unsigned (test for errors, line 1140)
FAIL: gcc.dg/c99-typespec-1.c unsigned int long long void (test for errors, line 1132)
FAIL: gcc.dg/c99-typespec-1.c unsigned long int long _Bool (test for errors, line 1152)
FAIL: gcc.dg/c99-typespec-1.c unsigned long int long _Complex (test for errors, line 1153)
FAIL: gcc.dg/c99-typespec-1.c unsigned long int long char (test for errors, line 1144)
FAIL: gcc.dg/c99-typespec-1.c unsigned long int long double (test for errors, line 1149)
FAIL: gcc.dg/c99-typespec-1.c unsigned long int long float (test for errors, line 1148)
FAIL: gcc.dg/c99-typespec-1.c unsigned long int long int (test for errors, line 1146)
FAIL: gcc.dg/c99-typespec-1.c unsigned long int long long (test for errors, line 1147)
FAIL: gcc.dg/c99-typespec-1.c unsigned long int long short (test for errors, line 1145)
FAIL: gcc.dg/c99-typespec-1.c unsigned long int long signed (test for errors, line 1150)
FAIL: gcc.dg/c99-typespec-1.c unsigned long int long unsigned (test for errors, line 1151)
FAIL: gcc.dg/c99-typespec-1.c unsigned long int long void (test for errors, line 1143)
FAIL: gcc.dg/c99-typespec-1.c unsigned long long int _Bool (test for errors, line 1163)
FAIL: gcc.dg/c99-typespec-1.c unsigned long long int _Complex (test for errors, line 1164)
FAIL: gcc.dg/c99-typespec-1.c unsigned long long int char (test for errors, line 1155)
FAIL: gcc.dg/c99-typespec-1.c unsigned long long int double (test for errors, line 1160)
FAIL: gcc.dg/c99-typespec-1.c unsigned long long int float (test for errors, line 1159)
FAIL: gcc.dg/c99-typespec-1.c unsigned long long int int (test for errors, line 1157)
FAIL: gcc.dg/c99-typespec-1.c unsigned long long int long (test for errors, line 1158)
FAIL: gcc.dg/c99-typespec-1.c unsigned long long int short (test for errors, line 1156)
FAIL: gcc.dg/c99-typespec-1.c unsigned long long int signed (test for errors, line 1161)
FAIL: gcc.dg/c99-typespec-1.c unsigned long long int unsigned (test for errors, line 1162)
FAIL: gcc.dg/c99-typespec-1.c unsigned long long int void (test for errors, line 1154)
FAIL: gcc.dg/init-excess-1.c (test for warnings, line 18)
FAIL: gcc.dg/init-excess-1.c (test for warnings, line 19)
FAIL: gcc.dg/init-excess-1.c (test for warnings, line 21)
FAIL: gcc.dg/init-excess-1.c (test for warnings, line 22)
FAIL: gcc.dg/init-excess-1.c (test for warnings, line 23)
FAIL: gcc.dg/init-excess-1.c (test for warnings, line 24)
FAIL: gcc.dg/init-excess-1.c (test for warnings, line 25)
FAIL: gcc.dg/init-excess-1.c (test for warnings, line 26)
FAIL: gcc.dg/init-excess-1.c (test for warnings, line 27)
FAIL: gcc.dg/init-excess-1.c (test for warnings, line 28)
FAIL: gcc.dg/init-excess-1.c (test for warnings, line 29)
FAIL: gcc.dg/init-excess-1.c (test for warnings, line 30)
FAIL: gcc.dg/init-excess-1.c (test for warnings, line 32)
FAIL: gcc.dg/init-excess-1.c (test for warnings, line 33)
FAIL: gcc.dg/init-excess-1.c (test for warnings, line 34)
FAIL: gcc.dg/init-excess-1.c (test for warnings, line 35)
FAIL: gcc.dg/init-excess-1.c (test for warnings, line 36)
FAIL: gcc.dg/init-excess-1.c (test for warnings, line 37)
FAIL: gcc.dg/init-excess-1.c (test for warnings, line 38)
FAIL: gcc.dg/init-excess-1.c (test for warnings, line 39)
FAIL: gcc.dg/init-excess-1.c (test for warnings, line 41)
FAIL: gcc.dg/init-excess-1.c (test for warnings, line 42)
FAIL: gcc.dg/init-excess-1.c (test for warnings, line 43)
FAIL: gcc.dg/init-excess-1.c (test for warnings, line 44)
FAIL: gcc.dg/init-excess-1.c (test for warnings, line 45)
FAIL: gcc.dg/init-excess-1.c (test for warnings, line 46)
FAIL: gcc.dg/init-excess-1.c (test for warnings, line 47)
FAIL: gcc.dg/init-excess-1.c (test for warnings, line 48)
FAIL: gcc.dg/init-excess-1.c (test for excess errors)
XPASS: gcc.dg/guality/example.c -O0 execution test
XPASS: gcc.dg/guality/guality.c -O0 execution test
XPASS: gcc.dg/guality/guality.c -O1 execution test
XPASS: gcc.dg/guality/guality.c -O2 execution test
XPASS: gcc.dg/guality/guality.c -O2 -flto -fno-use-linker-plugin -flto-partition=none execution test
XPASS: gcc.dg/guality/guality.c -O2 -flto -fuse-linker-plugin -fno-fat-lto-objects execution test
XPASS: gcc.dg/guality/guality.c -O3 -fomit-frame-pointer execution test
XPASS: gcc.dg/guality/guality.c -O3 -g execution test
XPASS: gcc.dg/guality/guality.c -Os execution test
XPASS: gcc.dg/guality/inline-params.c -O2 execution test
XPASS: gcc.dg/guality/inline-params.c -O2 -flto -fno-use-linker-plugin -flto-partition=none execution test
XPASS: gcc.dg/guality/inline-params.c -O3 -fomit-frame-pointer execution test
XPASS: gcc.dg/guality/inline-params.c -O3 -g execution test
XPASS: gcc.dg/guality/inline-params.c -Os execution test
FAIL: gcc.dg/guality/param-3.c -O1 line 20 str.pa == 31415927
FAIL: gcc.dg/guality/param-3.c -O1 line 20 str.pb == 27182818
FAIL: gcc.dg/guality/pr36728-2.c -O1 line 18 *x == (char) 25
FAIL: gcc.dg/guality/pr36728-2.c -O2 line 18 *x == (char) 25
FAIL: gcc.dg/guality/pr36728-2.c -O2 -flto -fno-use-linker-plugin -flto-partition=none line 18 *x == (char) 25
FAIL: gcc.dg/guality/pr36728-2.c -O3 -fomit-frame-pointer line 18 *x == (char) 25
FAIL: gcc.dg/guality/pr36728-2.c -O3 -g line 18 *x == (char) 25
FAIL: gcc.dg/guality/pr36728-2.c -Os line 18 *x == (char) 25
XPASS: gcc.dg/guality/pr41353-1.c -O0 line 28 j == 28 + 37
FAIL: gcc.dg/guality/pr41616-1.c -O2 -flto -fuse-linker-plugin -fno-fat-lto-objects execution test
FAIL: gcc.dg/guality/pr43051-1.c -O1 line 34 c == &a[0]
FAIL: gcc.dg/guality/pr43051-1.c -O1 line 41 e == &a[1]
FAIL: gcc.dg/guality/pr43051-1.c -O2 line 36 e == &a[1]
FAIL: gcc.dg/guality/pr43051-1.c -O2 line 39 c == &a[0]
FAIL: gcc.dg/guality/pr43051-1.c -O2 line 41 e == &a[1]
FAIL: gcc.dg/guality/pr43051-1.c -O2 -flto -fno-use-linker-plugin -flto-partition=none line 36 e == &a[1]
FAIL: gcc.dg/guality/pr43051-1.c -O2 -flto -fno-use-linker-plugin -flto-partition=none line 39 c == &a[0]
FAIL: gcc.dg/guality/pr43051-1.c -O2 -flto -fno-use-linker-plugin -flto-partition=none line 41 e == &a[1]
FAIL: gcc.dg/guality/pr43051-1.c -O2 -flto -fuse-linker-plugin -fno-fat-lto-objects line 36 e == &a[1]
FAIL: gcc.dg/guality/pr43051-1.c -O2 -flto -fuse-linker-plugin -fno-fat-lto-objects line 39 c == &a[0]
FAIL: gcc.dg/guality/pr43051-1.c -O2 -flto -fuse-linker-plugin -fno-fat-lto-objects line 41 e == &a[1]
FAIL: gcc.dg/guality/pr43051-1.c -O3 -fomit-frame-pointer line 35 v == 1
FAIL: gcc.dg/guality/pr43051-1.c -O3 -fomit-frame-pointer line 36 e == &a[1]
FAIL: gcc.dg/guality/pr43051-1.c -O3 -fomit-frame-pointer line 39 c == &a[0]
FAIL: gcc.dg/guality/pr43051-1.c -O3 -fomit-frame-pointer line 40 v == 1
FAIL: gcc.dg/guality/pr43051-1.c -O3 -fomit-frame-pointer line 41 e == &a[1]
FAIL: gcc.dg/guality/pr43051-1.c -O3 -fomit-frame-pointer -funroll-all-loops -finline-functions line 35 v == 1
FAIL: gcc.dg/guality/pr43051-1.c -O3 -fomit-frame-pointer -funroll-all-loops -finline-functions line 36 e == &a[1]
FAIL: gcc.dg/guality/pr43051-1.c -O3 -fomit-frame-pointer -funroll-all-loops -finline-functions line 39 c == &a[0]
FAIL: gcc.dg/guality/pr43051-1.c -O3 -fomit-frame-pointer -funroll-all-loops -finline-functions line 40 v == 1
FAIL: gcc.dg/guality/pr43051-1.c -O3 -fomit-frame-pointer -funroll-all-loops -finline-functions line 41 e == &a[1]
FAIL: gcc.dg/guality/pr43051-1.c -O3 -fomit-frame-pointer -funroll-loops line 35 v == 1
FAIL: gcc.dg/guality/pr43051-1.c -O3 -fomit-frame-pointer -funroll-loops line 36 e == &a[1]
FAIL: gcc.dg/guality/pr43051-1.c -O3 -fomit-frame-pointer -funroll-loops line 39 c == &a[0]
FAIL: gcc.dg/guality/pr43051-1.c -O3 -fomit-frame-pointer -funroll-loops line 40 v == 1
FAIL: gcc.dg/guality/pr43051-1.c -O3 -fomit-frame-pointer -funroll-loops line 41 e == &a[1]
FAIL: gcc.dg/guality/pr43051-1.c -O3 -g line 35 v == 1
FAIL: gcc.dg/guality/pr43051-1.c -O3 -g line 36 e == &a[1]
FAIL: gcc.dg/guality/pr43051-1.c -O3 -g line 39 c == &a[0]
FAIL: gcc.dg/guality/pr43051-1.c -O3 -g line 40 v == 1
FAIL: gcc.dg/guality/pr43051-1.c -O3 -g line 41 e == &a[1]
FAIL: gcc.dg/guality/pr43051-1.c -Os line 35 v == 1
FAIL: gcc.dg/guality/pr43051-1.c -Os line 36 e == &a[1]
FAIL: gcc.dg/guality/pr43051-1.c -Os line 39 c == &a[0]
FAIL: gcc.dg/guality/pr43051-1.c -Os line 40 v == 1
FAIL: gcc.dg/guality/pr43051-1.c -Os line 41 e == &a[1]
FAIL: gcc.dg/guality/pr43177.c -O2 -flto -fuse-linker-plugin -fno-fat-lto-objects line 15 l == 10
FAIL: gcc.dg/guality/pr43177.c -O2 -flto -fuse-linker-plugin -fno-fat-lto-objects line 15 x == 7
FAIL: gcc.dg/guality/pr43479.c -O1 line 13 h == 9
FAIL: gcc.dg/guality/pr43479.c -O1 line 18 h == 9
FAIL: gcc.dg/guality/pr43479.c -O2 line 13 h == 9
FAIL: gcc.dg/guality/pr43479.c -O2 line 18 h == 9
FAIL: gcc.dg/guality/pr43479.c -O2 -flto -fno-use-linker-plugin -flto-partition=none line 13 h == 9
FAIL: gcc.dg/guality/pr43479.c -O2 -flto -fno-use-linker-plugin -flto-partition=none line 18 h == 9
FAIL: gcc.dg/guality/pr43479.c -O2 -flto -fuse-linker-plugin -fno-fat-lto-objects line 13 h == 9
FAIL: gcc.dg/guality/pr43479.c -O2 -flto -fuse-linker-plugin -fno-fat-lto-objects line 18 h == 9
FAIL: gcc.dg/guality/pr43479.c -O3 -fomit-frame-pointer line 13 h == 9
FAIL: gcc.dg/guality/pr43479.c -O3 -fomit-frame-pointer line 18 h == 9
FAIL: gcc.dg/guality/pr43479.c -O3 -g line 13 h == 9
FAIL: gcc.dg/guality/pr43479.c -O3 -g line 18 h == 9
FAIL: gcc.dg/guality/pr43479.c -Os line 13 h == 9
FAIL: gcc.dg/guality/pr43479.c -Os line 18 h == 9
FAIL: gcc.dg/guality/pr45882.c -O2 -flto -fuse-linker-plugin -fno-fat-lto-objects line 16 d == 112
FAIL: gcc.dg/guality/pr45882.c -O2 -flto -fuse-linker-plugin -fno-fat-lto-objects line 16 e == 142
FAIL: gcc.dg/guality/pr54200.c -Os line 20 z == 3
FAIL: gcc.dg/guality/pr54519-1.c -O2 -flto -fno-use-linker-plugin -flto-partition=none line 20 y == 25
FAIL: gcc.dg/guality/pr54519-1.c -O2 -flto -fno-use-linker-plugin -flto-partition=none line 20 z == 6
FAIL: gcc.dg/guality/pr54519-1.c -O2 -flto -fno-use-linker-plugin -flto-partition=none line 23 y == 117
FAIL: gcc.dg/guality/pr54519-1.c -O2 -flto -fno-use-linker-plugin -flto-partition=none line 23 z == 8
FAIL: gcc.dg/guality/pr54519-2.c -O2 -flto -fno-use-linker-plugin -flto-partition=none line 17 y == 25
FAIL: gcc.dg/guality/pr54519-2.c -O2 -flto -fuse-linker-plugin -fno-fat-lto-objects line 17 y == 25
FAIL: gcc.dg/guality/pr54519-3.c -O2 -flto -fno-use-linker-plugin -flto-partition=none line 20 y == 25
FAIL: gcc.dg/guality/pr54519-3.c -O2 -flto -fno-use-linker-plugin -flto-partition=none line 20 z == 6
FAIL: gcc.dg/guality/pr54519-3.c -O2 -flto -fno-use-linker-plugin -flto-partition=none line 23 y == 117
FAIL: gcc.dg/guality/pr54519-3.c -O2 -flto -fno-use-linker-plugin -flto-partition=none line 23 z == 8
FAIL: gcc.dg/guality/pr54519-3.c -O2 -flto -fuse-linker-plugin -fno-fat-lto-objects line 20 x == 36
FAIL: gcc.dg/guality/pr54519-3.c -O2 -flto -fuse-linker-plugin -fno-fat-lto-objects line 20 y == 25
FAIL: gcc.dg/guality/pr54519-3.c -O2 -flto -fuse-linker-plugin -fno-fat-lto-objects line 20 z == 6
FAIL: gcc.dg/guality/pr54519-3.c -O2 -flto -fuse-linker-plugin -fno-fat-lto-objects line 23 x == 98
FAIL: gcc.dg/guality/pr54519-3.c -O2 -flto -fuse-linker-plugin -fno-fat-lto-objects line 23 y == 117
FAIL: gcc.dg/guality/pr54519-3.c -O2 -flto -fuse-linker-plugin -fno-fat-lto-objects line 23 z == 8
FAIL: gcc.dg/guality/pr54519-4.c -O2 -flto -fno-use-linker-plugin -flto-partition=none line 17 y == 25
FAIL: gcc.dg/guality/pr54519-4.c -O2 -flto -fuse-linker-plugin -fno-fat-lto-objects line 17 x == 6
FAIL: gcc.dg/guality/pr54519-4.c -O2 -flto -fuse-linker-plugin -fno-fat-lto-objects line 17 y == 25
FAIL: gcc.dg/guality/pr54519-5.c -O2 -flto -fno-use-linker-plugin -flto-partition=none line 17 y == 25
FAIL: gcc.dg/guality/pr54519-5.c -O2 -flto -fuse-linker-plugin -fno-fat-lto-objects line 17 y == 25
FAIL: gcc.dg/guality/sra-1.c -O2 line 43 a.j == 14
FAIL: gcc.dg/guality/sra-1.c -O2 -flto -fno-use-linker-plugin -flto-partition=none line 43 a.j == 14
FAIL: gcc.dg/guality/sra-1.c -O2 -flto -fuse-linker-plugin -fno-fat-lto-objects line 21 a.i == 4
FAIL: gcc.dg/guality/sra-1.c -O2 -flto -fuse-linker-plugin -fno-fat-lto-objects line 21 a.j == 14
FAIL: gcc.dg/guality/sra-1.c -O2 -flto -fuse-linker-plugin -fno-fat-lto-objects line 43 a.i == 4
FAIL: gcc.dg/guality/sra-1.c -O2 -flto -fuse-linker-plugin -fno-fat-lto-objects line 43 a.j == 14
FAIL: gcc.dg/guality/sra-1.c -O3 -fomit-frame-pointer line 43 a.j == 14
FAIL: gcc.dg/guality/sra-1.c -O3 -g line 43 a.j == 14
FAIL: gcc.dg/guality/sra-1.c -Os line 43 a.j == 14
FAIL: gcc.dg/guality/vla-1.c -O1 line 17 sizeof (a) == 6
FAIL: gcc.dg/guality/vla-1.c -O2 line 17 sizeof (a) == 6
FAIL: gcc.dg/guality/vla-1.c -O2 -flto -fno-use-linker-plugin -flto-partition=none line 17 sizeof (a) == 6
FAIL: gcc.dg/guality/vla-1.c -O2 -flto -fuse-linker-plugin -fno-fat-lto-objects line 17 sizeof (a) == 6
FAIL: gcc.dg/guality/vla-1.c -O3 -fomit-frame-pointer line 17 sizeof (a) == 6
FAIL: gcc.dg/guality/vla-1.c -O3 -g line 17 sizeof (a) == 6
FAIL: gcc.dg/guality/vla-1.c -Os line 17 sizeof (a) == 6
FAIL: gcc.dg/guality/vla-2.c -O2 -flto -fuse-linker-plugin -fno-fat-lto-objects line 25 sizeof (a) == 6 * sizeof (int)
FAIL: gcc.dg/ipa/inline-7.c scan-tree-dump-times einline "Inlining a into m" 1
FAIL: gcc.dg/noncompile/920923-1.c -O3 -fomit-frame-pointer -funroll-all-loops -finline-functions (test for errors, line 100)
FAIL: gcc.dg/noncompile/920923-1.c -O3 -fomit-frame-pointer -funroll-all-loops -finline-functions (test for errors, line 101)
FAIL: gcc.dg/noncompile/920923-1.c -O3 -fomit-frame-pointer -funroll-all-loops -finline-functions (test for errors, line 102)
FAIL: gcc.dg/noncompile/920923-1.c -O3 -fomit-frame-pointer -funroll-all-loops -finline-functions (test for errors, line 111)
FAIL: gcc.dg/noncompile/920923-1.c -O3 -fomit-frame-pointer -funroll-all-loops -finline-functions (test for errors, line 112)
FAIL: gcc.dg/noncompile/920923-1.c -O3 -fomit-frame-pointer -funroll-all-loops -finline-functions (test for errors, line 117)
FAIL: gcc.dg/noncompile/920923-1.c -O3 -fomit-frame-pointer -funroll-all-loops -finline-functions (test for errors, line 76)
FAIL: gcc.dg/noncompile/920923-1.c -O3 -fomit-frame-pointer -funroll-all-loops -finline-functions (test for errors, line 79)
FAIL: gcc.dg/noncompile/920923-1.c -O3 -fomit-frame-pointer -funroll-all-loops -finline-functions (test for errors, line 81)
FAIL: gcc.dg/noncompile/920923-1.c -O3 -fomit-frame-pointer -funroll-all-loops -finline-functions (test for errors, line 84)
FAIL: gcc.dg/noncompile/920923-1.c -O3 -fomit-frame-pointer -funroll-all-loops -finline-functions (test for excess errors)
FAIL: gcc.dg/tree-prof/inliner-1.c scan-tree-dump optimized "cold_function ..;"
FAIL: gcc.dg/tree-ssa/inline-10.c scan-tree-dump-not optimized "do_something \\\\(70\\\\)"
FAIL: gcc.dg/tree-ssa/inline-10.c scan-tree-dump-times optimized "do_something2" 1
FAIL: gcc.dg/tree-ssa/inline-10.c scan-tree-dump-times optimized "do_something3" 1
FAIL: gcc.dg/tree-ssa/inline-8.c scan-tree-dump-times einline "Inlining" 5
FAIL: gcc.dg/tree-ssa/inline-9.c scan-tree-dump-times optimized "q \\\\(15\\\\)" 1
FAIL: gcc.dg/tree-ssa/ipa-split-6.c scan-tree-dump optimized "part"
FAIL: gcc.dg/vect/costmodel/i386/costmodel-vect-31.c scan-tree-dump-times vect "vectorized 4 loops" 1
FAIL: gcc.dg/vect/costmodel/x86_64/costmodel-vect-31.c scan-tree-dump-times vect "vectorized 4 loops" 1
FAIL: gcc.target/i386/avx256-unaligned-load-4.c scan-assembler (avx_loadups256|vmovups[^\\n\\r]*movv8sf_internal)
FAIL: gcc.target/i386/pr65523.c (test for excess errors)
FAIL: gcc.target/i386/sse-13.c (test for excess errors)
FAIL: gcc.target/i386/vect-sizes-1.c scan-assembler vmovapd[ \\\\t]+[^\\n]*%ymm
=== gcc Summary ===
# of expected passes 115594
# of unexpected failures 390
# of unexpected successes 15
# of expected failures 273
# of unsupported tests 1997
/export/gnu/import/git/gcc-test-x32/bld/gcc/xgcc version 5.0.0 20150326 (experimental) [trunk revision 221694] (GCC)
=== gfortran tests ===
Running target unix/-mx32 -fpic
FAIL: gfortran.dg/pr48636-2.f90 -O scan-ipa-dump cp "Creating a specialized node of [^\\n\\r]*bar/[0-9]*\\\\."
FAIL: gfortran.dg/pr48636-2.f90 -O scan-ipa-dump-times cp "Aggregate replacements[^=]*=[^=]*=[^=]*=[^=]*=[^=]*=[^=]*=[^=]*=[^=]*=[^=]*=" 2
FAIL: gfortran.dg/pr48636.f90 -O scan-ipa-dump inline "bar[^\\\\n]*inline copy in MAIN"
FAIL: gfortran.dg/pr48636.f90 -O scan-ipa-dump inline "inline hints: loop_iterations"
=== gfortran Summary ===
# of expected passes 48270
# of unexpected failures 4
# of expected failures 64
# of unsupported tests 58
/export/gnu/import/git/gcc-test-x32/bld/gcc/testsuite/gfortran/../../gfortran version 5.0.0 20150326 (experimental) [trunk revision 221694] (GCC)
=== g++ tests ===
Running target unix/-mx32 -fpic
FAIL: g++.dg/cpp0x/gnu_fext-numeric-literals.C -std=gnu++14 (test for errors, line 89)
FAIL: g++.dg/cpp0x/gnu_fext-numeric-literals.C -std=gnu++14 (test for errors, line 90)
FAIL: g++.dg/cpp0x/gnu_fext-numeric-literals.C -std=gnu++14 (test for errors, line 91)
FAIL: g++.dg/cpp0x/gnu_fext-numeric-literals.C -std=gnu++14 (test for errors, line 92)
FAIL: g++.dg/cpp0x/gnu_fext-numeric-literals.C -std=gnu++14 (test for warnings, line 55)
FAIL: g++.dg/cpp0x/gnu_fext-numeric-literals.C -std=gnu++14 (test for warnings, line 55)
FAIL: g++.dg/cpp0x/gnu_fext-numeric-literals.C -std=gnu++14 (test for warnings, line 61)
FAIL: g++.dg/cpp0x/gnu_fext-numeric-literals.C -std=gnu++14 (test for warnings, line 61)
FAIL: g++.dg/cpp0x/gnu_fext-numeric-literals.C -std=gnu++14 (test for warnings, line 65)
FAIL: g++.dg/cpp0x/gnu_fext-numeric-literals.C -std=gnu++14 (test for warnings, line 65)
FAIL: g++.dg/cpp0x/gnu_fext-numeric-literals.C -std=gnu++14 (test for warnings, line 69)
FAIL: g++.dg/cpp0x/gnu_fext-numeric-literals.C -std=gnu++14 (test for warnings, line 69)
FAIL: g++.dg/cpp0x/gnu_fext-numeric-literals.C -std=gnu++14 (test for warnings, line 73)
FAIL: g++.dg/cpp0x/gnu_fext-numeric-literals.C -std=gnu++14 (test for warnings, line 73)
FAIL: g++.dg/ipa/devirt-40.C -std=gnu++11 scan-tree-dump-not fre2 "\\\\n OBJ_TYPE_REF"
FAIL: g++.dg/ipa/devirt-40.C -std=gnu++14 scan-tree-dump-not fre2 "\\\\n OBJ_TYPE_REF"
FAIL: g++.dg/ipa/devirt-40.C -std=gnu++98 scan-tree-dump-not fre2 "\\\\n OBJ_TYPE_REF"
FAIL: g++.dg/ipa/devirt-42.C -std=gnu++11 scan-ipa-dump-times inline "Discovered a virtual call to a known target" 2
FAIL: g++.dg/ipa/devirt-42.C -std=gnu++11 scan-tree-dump-times optimized "return 2" 3
FAIL: g++.dg/ipa/devirt-42.C -std=gnu++14 scan-ipa-dump-times inline "Discovered a virtual call to a known target" 2
FAIL: g++.dg/ipa/devirt-42.C -std=gnu++14 scan-tree-dump-times optimized "return 2" 3
FAIL: g++.dg/ipa/devirt-42.C -std=gnu++98 scan-ipa-dump-times inline "Discovered a virtual call to a known target" 2
FAIL: g++.dg/ipa/devirt-42.C -std=gnu++98 scan-tree-dump-times optimized "return 2" 3
FAIL: g++.dg/ipa/devirt-c-8.C -std=gnu++11 scan-ipa-dump cp "Discovered a virtual call to a known target.*A::foo"
FAIL: g++.dg/ipa/devirt-c-8.C -std=gnu++11 scan-tree-dump-times optimized "OBJ_TYPE_REF" 0
FAIL: g++.dg/ipa/devirt-c-8.C -std=gnu++14 scan-ipa-dump cp "Discovered a virtual call to a known target.*A::foo"
FAIL: g++.dg/ipa/devirt-c-8.C -std=gnu++14 scan-tree-dump-times optimized "OBJ_TYPE_REF" 0
FAIL: g++.dg/ipa/devirt-c-8.C -std=gnu++98 scan-ipa-dump cp "Discovered a virtual call to a known target.*A::foo"
FAIL: g++.dg/ipa/devirt-c-8.C -std=gnu++98 scan-tree-dump-times optimized "OBJ_TYPE_REF" 0
FAIL: g++.dg/ipa/ipa-icf-3.C -std=gnu++11 scan-ipa-dump icf "Equal symbols: 2"
FAIL: g++.dg/ipa/ipa-icf-3.C -std=gnu++11 scan-ipa-dump icf "Semantic equality hit:.*bar.*->.*foo.*"
FAIL: g++.dg/ipa/ipa-icf-3.C -std=gnu++14 scan-ipa-dump icf "Equal symbols: 2"
FAIL: g++.dg/ipa/ipa-icf-3.C -std=gnu++14 scan-ipa-dump icf "Semantic equality hit:.*bar.*->.*foo.*"
FAIL: g++.dg/ipa/ipa-icf-3.C -std=gnu++98 scan-ipa-dump icf "Equal symbols: 2"
FAIL: g++.dg/ipa/ipa-icf-3.C -std=gnu++98 scan-ipa-dump icf "Semantic equality hit:.*bar.*->.*foo.*"
FAIL: g++.dg/warn/overflow-warn-3.C -std=gnu++98 (test for warnings, line 100)
FAIL: g++.dg/warn/overflow-warn-3.C -std=gnu++98 (test for warnings, line 101)
FAIL: g++.dg/warn/overflow-warn-3.C -std=gnu++98 (test for warnings, line 84)
FAIL: g++.dg/warn/overflow-warn-3.C -std=gnu++98 (test for warnings, line 93)
FAIL: g++.dg/warn/overflow-warn-3.C -std=gnu++98 (test for warnings, line 94)
FAIL: g++.dg/warn/overflow-warn-3.C -std=gnu++98 (test for warnings, line 95)
FAIL: g++.dg/warn/overflow-warn-3.C -std=gnu++98 (test for warnings, line 96)
FAIL: g++.dg/warn/overflow-warn-3.C -std=gnu++98 (test for warnings, line 98)
FAIL: g++.dg/warn/overflow-warn-3.C -std=gnu++98 (test for excess errors)
XPASS: g++.dg/tls/thread_local-order2.C -std=c++11 execution test
XPASS: g++.dg/tls/thread_local-order2.C -std=c++14 execution test
FAIL: c-c++-common/ubsan/object-size-9.c -O2 output pattern test
FAIL: c-c++-common/ubsan/object-size-9.c -O2 -flto -fno-use-linker-plugin -flto-partition=none output pattern test
=== g++ Summary ===
# of expected passes 93019
# of unexpected failures 46
# of unexpected successes 2
# of expected failures 333
# of unsupported tests 3634
/export/gnu/import/git/gcc-test-x32/bld/gcc/testsuite/g++/../../xg++ version 5.0.0 20150326 (experimental) [trunk revision 221694] (GCC)
=== objc tests ===
Running target unix/-mx32 -fpic
=== objc Summary ===
# of expected passes 3010
# of expected failures 6
# of unsupported tests 74
/export/gnu/import/git/gcc-test-x32/bld/gcc/xgcc version 5.0.0 20150326 (experimental) [trunk revision 221694] (GCC)
=== boehm-gc tests ===
Running target unix/-mx32 -fpic
=== boehm-gc Summary ===
# of expected passes 12
# of unsupported tests 1
=== libatomic tests ===
Running target unix/-mx32 -fpic
=== libatomic Summary ===
# of expected passes 54
=== libffi tests ===
Running target unix/-mx32 -fpic
=== libffi Summary ===
# of expected passes 2214
=== libgomp tests ===
Running target unix/-mx32 -fpic
=== libgomp Summary ===
# of expected passes 5764
# of unsupported tests 254
=== libitm tests ===
Running target unix/-mx32 -fpic
=== libitm Summary ===
# of expected passes 26
# of expected failures 3
# of unsupported tests 1
=== libjava tests ===
Running target unix/-mx32 -fpic
=== libjava Summary ===
# of expected passes 2582
# of expected failures 4
=== libstdc++ tests ===
Running target unix/-mx32 -fpic
=== libstdc++ Summary ===
# of expected passes 10581
# of expected failures 65
# of unsupported tests 229
Compiler version: 5.0.0 20150326 (experimental) [trunk revision 221694] (GCC)
Platform: x86_64-unknown-linux-gnu
configure flags: --prefix=/usr/5.0.0 --enable-clocale=gnu --with-system-zlib --enable-shared --with-demangler-in-ld --with-multilib-list=m32,m64,mx32 --with-fpmath=sse --enable-languages=c,c++,fortran,java,lto,objc