This is the mail archive of the
gcc-testresults@gcc.gnu.org
mailing list for the GCC project.
Results for 5.0.0 20150320 (experimental) [trunk revision 221535] (GCC) testsuite on sparc-sun-solaris2.11
- From: Rainer Orth <ro at CeBiTec dot Uni-Bielefeld dot DE>
- To: gcc-testresults at gcc dot gnu dot org
- Date: Sun, 22 Mar 2015 11:52:04 +0100 (CET)
- Subject: Results for 5.0.0 20150320 (experimental) [trunk revision 221535] (GCC) testsuite on sparc-sun-solaris2.11
- Authentication-results: sourceware.org; auth=none
LAST_UPDATED: Fri Mar 20 15:16:16 UTC 2015 (revision 221535)
=== acats tests ===
=== acats Summary ===
# of expected passes 2320
# of unexpected failures 0
Native configuration is sparc-sun-solaris2.11
=== g++ tests ===
Running target unix
=== g++ Summary for unix ===
# of expected passes 81285
# of expected failures 288
# of unsupported tests 3711
Running target unix/-m64
=== g++ Summary for unix/-m64 ===
# of expected passes 83157
# of expected failures 288
# of unsupported tests 3688
=== g++ Summary ===
# of expected passes 164442
# of expected failures 576
# of unsupported tests 7399
/var/gcc/regression/trunk/11-gcc-gas-gld/build/gcc/testsuite/g++/../../xg++ version 5.0.0 20150320 (experimental) [trunk revision 221535] (GCC)
=== gcc tests ===
Running target unix
FAIL: gcc.dg/atomic/c11-atomic-exec-3.c -O3 -g (test for excess errors)
WARNING: gcc.dg/atomic/c11-atomic-exec-3.c -O3 -g compilation failed to produce executable
WARNING: program timed out.
FAIL: gcc.dg/c11-atomic-2.c (test for excess errors)
FAIL: gcc.dg/pr29215.c scan-tree-dump-not gimple "memcpy"
FAIL: gcc.dg/unroll-2.c (test for warnings, line 24)
WARNING: program timed out.
FAIL: gcc.dg/graphite/vect-pr43423.c scan-tree-dump-times vect "vectorized 2 loops" 1
FAIL: gcc.dg/simulate-thread/atomic-other-int.c -O2 -g thread simulation test
FAIL: gcc.dg/simulate-thread/atomic-other-int.c -O3 -g thread simulation test
FAIL: gcc.dg/simulate-thread/speculative-store-4.c -O0 -g thread simulation test
FAIL: gcc.dg/simulate-thread/speculative-store-4.c -O2 -g thread simulation test
FAIL: gcc.dg/simulate-thread/speculative-store-4.c -O3 -g thread simulation test
FAIL: gcc.dg/simulate-thread/speculative-store.c -O0 -g thread simulation test
=== gcc Summary for unix ===
# of expected passes 89202
# of unexpected failures 11
# of expected failures 329
# of unsupported tests 2088
Running target unix/-m64
FAIL: gcc.dg/c11-atomic-2.c (test for excess errors)
FAIL: gcc.dg/pr29215.c scan-tree-dump-not gimple "memcpy"
FAIL: gcc.dg/unroll-2.c (test for warnings, line 24)
FAIL: gcc.dg/visibility-22.c execution test
WARNING: program timed out.
FAIL: gcc.dg/graphite/vect-pr43423.c scan-tree-dump-times vect "vectorized 2 loops" 1
=== gcc Summary for unix/-m64 ===
# of expected passes 90010
# of unexpected failures 5
# of expected failures 318
# of unsupported tests 2014
=== gcc Summary ===
# of expected passes 179212
# of unexpected failures 16
# of expected failures 647
# of unsupported tests 4102
/var/gcc/regression/trunk/11-gcc-gas-gld/build/gcc/xgcc version 5.0.0 20150320 (experimental) [trunk revision 221535] (GCC)
=== gfortran tests ===
Running target unix
=== gfortran Summary for unix ===
# of expected passes 47847
# of expected failures 80
# of unsupported tests 277
Running target unix/-m64
=== gfortran Summary for unix/-m64 ===
# of expected passes 48174
# of expected failures 80
# of unsupported tests 116
=== gfortran Summary ===
# of expected passes 96021
# of expected failures 160
# of unsupported tests 393
/var/gcc/regression/trunk/11-gcc-gas-gld/build/gcc/testsuite/gfortran/../../gfortran version 5.0.0 20150320 (experimental) [trunk revision 221535] (GCC)
=== gnat tests ===
Running target unix
=== gnat Summary for unix ===
# of expected passes 1299
# of expected failures 20
# of unsupported tests 19
Running target unix/-m64
=== gnat Summary for unix/-m64 ===
# of expected passes 1299
# of expected failures 20
# of unsupported tests 19
=== gnat Summary ===
# of expected passes 2598
# of expected failures 40
# of unsupported tests 38
/var/gcc/regression/trunk/11-gcc-gas-gld/build/gcc/gnatmake version 5.0.0 20150320 (experimental) [trunk revision 221535]
=== go tests ===
Running target unix
FAIL: ./64bit-out.go execution, -O0 -g -fno-var-tracking-assignments
FAIL: ./index0-out.go compilation, -O0 -g -fno-var-tracking-assignments
WARNING: program timed out.
WARNING: program timed out.
=== go Summary for unix ===
# of expected passes 7357
# of unexpected failures 2
# of expected failures 1
# of untested testcases 12
# of unsupported tests 3
Running target unix/-m64
FAIL: ./index0-out.go compilation, -O0 -g -fno-var-tracking-assignments
FAIL: ./select5-out.go compilation, -O0 -g -fno-var-tracking-assignments
WARNING: program timed out.
WARNING: program timed out.
=== go Summary for unix/-m64 ===
# of expected passes 7236
# of unexpected failures 2
# of expected failures 1
# of untested testcases 13
# of unsupported tests 3
=== go Summary ===
# of expected passes 14593
# of unexpected failures 4
# of expected failures 2
# of untested testcases 25
# of unsupported tests 6
/var/gcc/regression/trunk/11-gcc-gas-gld/build/gcc/testsuite/go/../../gccgo version 5.0.0 20150320 (experimental) [trunk revision 221535] (GCC)
=== obj-c++ tests ===
Running target unix
=== obj-c++ Summary for unix ===
# of expected passes 1453
# of expected failures 2
# of unsupported tests 86
Running target unix/-m64
=== obj-c++ Summary for unix/-m64 ===
# of expected passes 1445
# of expected failures 10
# of unsupported tests 86
=== obj-c++ Summary ===
# of expected passes 2898
# of expected failures 12
# of unsupported tests 172
/var/gcc/regression/trunk/11-gcc-gas-gld/build/gcc/testsuite/obj-c++/../../xg++ version 5.0.0 20150320 (experimental) [trunk revision 221535] (GCC)
=== objc tests ===
Running target unix
=== objc Summary for unix ===
# of expected passes 3016
# of unsupported tests 74
Running target unix/-m64
=== objc Summary for unix/-m64 ===
# of expected passes 3016
# of unsupported tests 74
=== objc Summary ===
# of expected passes 6032
# of unsupported tests 148
/var/gcc/regression/trunk/11-gcc-gas-gld/build/gcc/xgcc version 5.0.0 20150320 (experimental) [trunk revision 221535] (GCC)
=== boehm-gc tests ===
Running target unix
=== boehm-gc Summary for unix ===
# of expected passes 12
# of unsupported tests 1
Running target unix/-m64
=== boehm-gc Summary for unix/-m64 ===
# of expected passes 12
# of unsupported tests 1
=== boehm-gc Summary ===
# of expected passes 24
# of unsupported tests 2
=== libatomic tests ===
Running target unix
=== libatomic Summary for unix ===
# of expected passes 44
# of unsupported tests 5
Running target unix/-m64
=== libatomic Summary for unix/-m64 ===
# of expected passes 54
=== libatomic Summary ===
# of expected passes 98
# of unsupported tests 5
=== libffi tests ===
Running target unix
=== libffi Summary for unix ===
# of expected passes 2214
Running target unix/-m64
=== libffi Summary for unix/-m64 ===
# of expected passes 2214
=== libffi Summary ===
# of expected passes 4428
=== libgo tests ===
Running target unix
FAIL: reflect
FAIL: runtime
=== libgo Summary for unix ===
# of expected passes 122
# of unexpected failures 2
Running target unix/-m64
FAIL: runtime
FAIL: net/http
FAIL: net/http/httputil
FAIL: net/rpc
=== libgo Summary for unix/-m64 ===
# of expected passes 120
# of unexpected failures 4
=== libgo Summary ===
# of expected passes 242
# of unexpected failures 6
/var/gcc/regression/trunk/11-gcc-gas-gld/build/./gcc/gccgo version 5.0.0 20150320 (experimental) [trunk revision 221535] (GCC)
=== libgomp tests ===
Running target unix
=== libgomp Summary for unix ===
# of expected passes 5757
# of unsupported tests 282
Running target unix/-m64
=== libgomp Summary for unix/-m64 ===
# of expected passes 5757
# of unsupported tests 282
=== libgomp Summary ===
# of expected passes 11514
# of unsupported tests 564
=== libitm tests ===
Running target unix
=== libitm Summary for unix ===
# of expected passes 26
# of expected failures 3
# of unsupported tests 1
Running target unix/-m64
=== libitm Summary for unix/-m64 ===
# of expected passes 26
# of expected failures 3
# of unsupported tests 1
=== libitm Summary ===
# of expected passes 52
# of expected failures 6
# of unsupported tests 2
=== libjava tests ===
Running target unix
=== libjava Summary for unix ===
# of expected passes 2582
# of expected failures 4
Running target unix/-m64
=== libjava Summary for unix/-m64 ===
# of expected passes 2582
# of expected failures 4
=== libjava Summary ===
# of expected passes 5164
# of expected failures 8
=== libstdc++ tests ===
Running target unix
=== libstdc++ Summary for unix ===
# of expected passes 9355
# of expected failures 66
# of unsupported tests 617
Running target unix/-m64
=== libstdc++ Summary for unix/-m64 ===
# of expected passes 9355
# of expected failures 66
# of unsupported tests 617
=== libstdc++ Summary ===
# of expected passes 18710
# of expected failures 132
# of unsupported tests 1234
Compiler version: 5.0.0 20150320 (experimental) [trunk revision 221535] (GCC)
Platform: sparc-sun-solaris2.11
configure flags: --prefix=/vol/gcc --target=sparc-sun-solaris2.11 --enable-objc-gc --enable-libmudflap --with-as=/vol/gcc/bin/gas-2.25 --with-gnu-as --with-ld=/vol/gcc/bin/gld-2.25 --with-gnu-ld --with-gmp-include=/vol/gcc/include --with-gmp-lib=/vol/gcc/lib --with-mpfr-include=/vol/gcc/include --with-mpfr-lib=/vol/gcc/lib --with-mpc-include=/vol/gcc/include --with-mpc-lib=/vol/gcc/lib --enable-languages=all,ada,obj-c++,go --with-isl-include=/vol/gcc/include --with-isl-lib=/vol/gcc/lib --with-cloog-include=/vol/gcc/include --with-cloog-lib=/vol/gcc/lib --enable-cloog-backend=isl
BOOT_CFLAGS=-g -O2