This is the mail archive of the
gcc-testresults@gcc.gnu.org
mailing list for the GCC project.
Results for 5.0.0 20150314 (experimental) [trunk revision 221432] (GCC) testsuite on hppa2.0w-hp-hpux11.11
- From: John David Anglin <dave at hiauly3 dot hia dot nrc dot ca>
- To: dave at hiauly3 dot hia dot nrc dot ca, gcc-testresults at gcc dot gnu dot org
- Date: Mon, 16 Mar 2015 09:52:21 -0400 (EDT)
- Subject: Results for 5.0.0 20150314 (experimental) [trunk revision 221432] (GCC) testsuite on hppa2.0w-hp-hpux11.11
- Authentication-results: sourceware.org; auth=none
=== acats tests ===
FAIL: c761006
FAIL: c974013
=== acats Summary ===
# of expected passes 2318
# of unexpected failures 2
Native configuration is hppa2.0w-hp-hpux11.11
=== g++ tests ===
Running target unix
FAIL: g++.dg/ipa/ipa-icf-4.C -std=gnu++98 scan-ipa-dump icf "Equal symbols: 6"
WARNING: program timed out.
=== g++ Summary ===
# of expected passes 75088
# of unexpected failures 1
# of expected failures 274
# of unsupported tests 4032
/test/gnu/gcc/objdir/gcc/testsuite/g++/../../xg++ version 5.0.0 20150314 (experimental) [trunk revision 221432] (GCC)
=== gcc tests ===
Running target unix
FAIL: gcc.dg/atomic/c11-atomic-exec-5.c -O0 execution test
FAIL: gcc.dg/atomic/c11-atomic-exec-5.c -O1 execution test
FAIL: gcc.dg/atomic/c11-atomic-exec-5.c -O2 execution test
FAIL: gcc.dg/atomic/c11-atomic-exec-5.c -O3 -fomit-frame-pointer execution test
FAIL: gcc.dg/atomic/c11-atomic-exec-5.c -O3 -fomit-frame-pointer -funroll-loops execution test
FAIL: gcc.dg/atomic/c11-atomic-exec-5.c -O3 -fomit-frame-pointer -funroll-all-loops -finline-functions execution test
FAIL: gcc.dg/atomic/c11-atomic-exec-5.c -O3 -g execution test
FAIL: gcc.dg/atomic/c11-atomic-exec-5.c -Os execution test
FAIL: gcc.dg/pr64434.c scan-rtl-dump-times expand "Swap operands" 1
WARNING: program timed out.
FAIL: gcc.dg/tree-ssa/ivopts-lt-2.c scan-tree-dump-times ivopts "PHI <p_" 1
FAIL: gcc.dg/tree-ssa/ivopts-lt-2.c scan-tree-dump-times ivopts "p_[0-9]* <" 1
=== gcc Summary ===
# of expected passes 69689
# of unexpected failures 11
# of expected failures 124
# of unsupported tests 1864
/test/gnu/gcc/objdir/gcc/xgcc version 5.0.0 20150314 (experimental) [trunk revision 221432] (GCC)
=== gfortran tests ===
Running target unix
=== gfortran Summary ===
# of expected passes 46233
# of expected failures 81
# of unsupported tests 437
/test/gnu/gcc/objdir/gcc/testsuite/gfortran/../../gfortran version 5.0.0 20150314 (experimental) [trunk revision 221432] (GCC)
=== gnat tests ===
Running target unix
=== gnat Summary ===
# of expected passes 1294
# of expected failures 20
# of unsupported tests 21
/test/gnu/gcc/objdir/gcc/gnatmake version 5.0.0 20150314 (experimental) [trunk revision 221432]
=== obj-c++ tests ===
Running target unix
=== obj-c++ Summary ===
# of expected passes 1411
# of expected failures 2
# of unsupported tests 69
/test/gnu/gcc/objdir/gcc/testsuite/obj-c++/../../xg++ version 5.0.0 20150314 (experimental) [trunk revision 221432] (GCC)
=== objc tests ===
Running target unix
=== objc Summary ===
# of expected passes 2934
# of unsupported tests 67
/test/gnu/gcc/objdir/gcc/xgcc version 5.0.0 20150314 (experimental) [trunk revision 221432] (GCC)
=== boehm-gc tests ===
Running target unix
=== boehm-gc Summary ===
# of expected passes 12
# of unsupported tests 1
=== libatomic tests ===
Running target unix
=== libatomic Summary ===
# of expected passes 44
# of unsupported tests 5
=== libffi tests ===
Running target unix
FAIL: libffi.call/float2.c -W -Wall -Wno-psabi -O0 (test for excess errors)
FAIL: libffi.call/float2.c -W -Wall -Wno-psabi -O2 (test for excess errors)
FAIL: libffi.call/float2.c -W -Wall -Wno-psabi -O3 (test for excess errors)
FAIL: libffi.call/float2.c -W -Wall -Wno-psabi -Os (test for excess errors)
FAIL: libffi.call/float2.c -W -Wall -Wno-psabi -O2 -fomit-frame-pointer (test for excess errors)
ERROR: tcl error sourcing /test/gnu/gcc/gcc/libffi/testsuite/libffi.complex/complex.exp.
ERROR: list element in braces followed by ";" instead of space
ERROR: tcl error sourcing /test/gnu/gcc/gcc/libffi/testsuite/libffi.go/go.exp.
ERROR: list element in braces followed by ";" instead of space
=== libffi Summary ===
# of expected passes 1909
# of unexpected failures 5
=== libgomp tests ===
Running target unix
=== libgomp Summary ===
# of expected passes 4588
# of unsupported tests 241
=== libjava tests ===
Running target unix
FAIL: LargeFile execution - source compiled test
FAIL: LargeFile -findirect-dispatch execution - source compiled test
FAIL: LargeFile -O3 execution - source compiled test
FAIL: LargeFile -O3 -findirect-dispatch execution - source compiled test
XPASS: sourcelocation output - source compiled test
XPASS: sourcelocation -findirect-dispatch output - source compiled test
XPASS: sourcelocation -O3 output - source compiled test
XPASS: sourcelocation -O3 -findirect-dispatch output - source compiled test
=== libjava Summary ===
# of expected passes 2574
# of unexpected failures 4
# of unexpected successes 4
# of untested testcases 4
=== libstdc++ tests ===
Running target unix
=== libstdc++ Summary ===
# of expected passes 8630
# of expected failures 65
# of unsupported tests 978
Compiler version: 5.0.0 20150314 (experimental) [trunk revision 221432] (GCC)
Platform: hppa2.0w-hp-hpux11.11
configure flags:Test Run By dave on Sat Mar 14 17:09:47 EDT 2015