This is the mail archive of the
gcc-testresults@gcc.gnu.org
mailing list for the GCC project.
Results for 5.0.0 20150304 (experimental) [trunk revision 221192] (GCC) testsuite on hppa64-hp-hpux11.11
- From: John David Anglin <dave at hiauly3 dot hia dot nrc dot ca>
- To: dave at hiauly3 dot hia dot nrc dot ca, gcc-testresults at gcc dot gnu dot org
- Date: Fri, 6 Mar 2015 09:58:48 -0500 (EST)
- Subject: Results for 5.0.0 20150304 (experimental) [trunk revision 221192] (GCC) testsuite on hppa64-hp-hpux11.11
- Authentication-results: sourceware.org; auth=none
Native configuration is hppa64-hp-hpux11.11
=== g++ tests ===
Running target unix
WARNING: program timed out.
=== g++ Summary ===
# of expected passes 78975
# of expected failures 276
# of unsupported tests 3906
/test/gnu/gcc/objdir/gcc/testsuite/g++/../../xg++ version 5.0.0 20150304 (experimental) [trunk revision 221192] (GCC)
=== gcc tests ===
Running target unix
FAIL: gcc.c-torture/compile/limits-fndefn.c -O2 -flto -flto-partition=none (internal compiler error)
FAIL: gcc.c-torture/compile/limits-fndefn.c -O2 -flto -flto-partition=none (test for excess errors)
FAIL: gcc.c-torture/compile/limits-fndefn.c -O2 -flto (internal compiler error)
FAIL: gcc.c-torture/compile/limits-fndefn.c -O2 -flto (test for excess errors)
FAIL: gcc.dg/atomic/c11-atomic-exec-5.c -O0 execution test
FAIL: gcc.dg/atomic/c11-atomic-exec-5.c -O1 execution test
FAIL: gcc.dg/atomic/c11-atomic-exec-5.c -O2 execution test
FAIL: gcc.dg/atomic/c11-atomic-exec-5.c -O3 -fomit-frame-pointer execution test
FAIL: gcc.dg/atomic/c11-atomic-exec-5.c -O3 -fomit-frame-pointer -funroll-loops execution test
FAIL: gcc.dg/atomic/c11-atomic-exec-5.c -O3 -fomit-frame-pointer -funroll-all-loops -finline-functions execution test
FAIL: gcc.dg/atomic/c11-atomic-exec-5.c -O3 -g execution test
FAIL: gcc.dg/atomic/c11-atomic-exec-5.c -Os execution test
FAIL: gcc.dg/atomic/c11-atomic-exec-5.c -O2 -flto -flto-partition=none execution test
FAIL: gcc.dg/atomic/c11-atomic-exec-5.c -O2 -flto execution test
FAIL: gcc.dg/pr64434.c scan-rtl-dump-times expand "Swap operands" 1
FAIL: gcc.dg/signbit-sa.c (test for excess errors)
FAIL: gcc.dg/uninit-19.c (test for warnings, line 22)
FAIL: gcc.dg/uninit-19.c (test for excess errors)
WARNING: program timed out.
=== gcc Summary ===
# of expected passes 83553
# of unexpected failures 18
# of expected failures 131
# of unsupported tests 1902
/test/gnu/gcc/objdir/gcc/xgcc version 5.0.0 20150304 (experimental) [trunk revision 221192] (GCC)
=== gfortran tests ===
Running target unix
=== gfortran Summary ===
# of expected passes 46475
# of expected failures 80
# of unsupported tests 410
/test/gnu/gcc/objdir/gcc/testsuite/gfortran/../../gfortran version 5.0.0 20150304 (experimental) [trunk revision 221192] (GCC)
=== obj-c++ tests ===
Running target unix
=== obj-c++ Summary ===
# of expected passes 1445
# of expected failures 10
# of unsupported tests 86
/test/gnu/gcc/objdir/gcc/testsuite/obj-c++/../../xg++ version 5.0.0 20150304 (experimental) [trunk revision 221192] (GCC)
=== objc tests ===
Running target unix
=== objc Summary ===
# of expected passes 3014
# of unsupported tests 75
/test/gnu/gcc/objdir/gcc/xgcc version 5.0.0 20150304 (experimental) [trunk revision 221192] (GCC)
=== libatomic tests ===
Running target unix
=== libatomic Summary ===
# of expected passes 44
# of unsupported tests 5
=== libgomp tests ===
Running target unix
ERROR: libgomp.oacc-c/../libgomp.oacc-c-c++-common/reduction-4.c -DACC_DEVICE_TYPE_host_nonshm=1 -DACC_MEM_SHARED=0: couldn't open "/test/gnu/gcc/gcc/libgomp/testsuite/gcc.dg/builtins-config.h": no such file or directory for " dg-do 1 run { target c99_runtime } "
UNRESOLVED: libgomp.oacc-c/../libgomp.oacc-c-c++-common/reduction-4.c -DACC_DEVICE_TYPE_host_nonshm=1 -DACC_MEM_SHARED=0: couldn't open "/test/gnu/gcc/gcc/libgomp/testsuite/gcc.dg/builtins-config.h": no such file or directory for " dg-do 1 run { target c99_runtime } "
ERROR: libgomp.oacc-c/../libgomp.oacc-c-c++-common/reduction-4.c -DACC_DEVICE_TYPE_host=1 -DACC_MEM_SHARED=1: can't read "et_cache(c99_runtime,value)": no such element in array for " dg-do 1 run { target c99_runtime } "
UNRESOLVED: libgomp.oacc-c/../libgomp.oacc-c-c++-common/reduction-4.c -DACC_DEVICE_TYPE_host=1 -DACC_MEM_SHARED=1: can't read "et_cache(c99_runtime,value)": no such element in array for " dg-do 1 run { target c99_runtime } "
ERROR: libgomp.oacc-c++/../libgomp.oacc-c-c++-common/reduction-4.c -DACC_DEVICE_TYPE_host_nonshm=1 -DACC_MEM_SHARED=0: can't read "et_cache(c99_runtime,value)": no such element in array for " dg-do 1 run { target c99_runtime } "
UNRESOLVED: libgomp.oacc-c++/../libgomp.oacc-c-c++-common/reduction-4.c -DACC_DEVICE_TYPE_host_nonshm=1 -DACC_MEM_SHARED=0: can't read "et_cache(c99_runtime,value)": no such element in array for " dg-do 1 run { target c99_runtime } "
ERROR: libgomp.oacc-c++/../libgomp.oacc-c-c++-common/reduction-4.c -DACC_DEVICE_TYPE_host=1 -DACC_MEM_SHARED=1: can't read "et_cache(c99_runtime,value)": no such element in array for " dg-do 1 run { target c99_runtime } "
UNRESOLVED: libgomp.oacc-c++/../libgomp.oacc-c-c++-common/reduction-4.c -DACC_DEVICE_TYPE_host=1 -DACC_MEM_SHARED=1: can't read "et_cache(c99_runtime,value)": no such element in array for " dg-do 1 run { target c99_runtime } "
=== libgomp Summary ===
# of expected passes 5666
# of unresolved testcases 4
# of unsupported tests 288
=== libstdc++ tests ===
Running target unix
=== libstdc++ Summary ===
# of expected passes 8611
# of expected failures 65
# of unsupported tests 965
Compiler version: 5.0.0 20150304 (experimental) [trunk revision 221192] (GCC)
Platform: hppa64-hp-hpux11.11
configure flags:Test Run By dave on Thu Mar 5 10:10:05 2015