This is the mail archive of the
gcc-testresults@gcc.gnu.org
mailing list for the GCC project.
Results for 5.0.0 20150305 (experimental) (GCC) testsuite on arm-none-eabi
- From: CodeSourcery Automatic Testing System <gcc at codesourcery dot com>
- To: <gcc-testresults at gcc dot gnu dot org>
- Date: Thu, 5 Mar 2015 05:13:24 -0800
- Subject: Results for 5.0.0 20150305 (experimental) (GCC) testsuite on arm-none-eabi
- Authentication-results: sourceware.org; auth=none
LAST_UPDATED: Thu Mar 5 08:11:03 UTC 2015 (/trunk revision 221202)
Target is arm-none-eabi
Host is i686-pc-linux-gnu
=== g++ tests ===
Running target arm-sim-fsf
FAIL: g++.dg/ipa/devirt-28a.C -std=gnu++98 (test for excess errors)
FAIL: g++.dg/ipa/devirt-28a.C -std=gnu++11 (test for excess errors)
FAIL: g++.dg/ipa/devirt-28a.C -std=gnu++14 (test for excess errors)
FAIL: g++.dg/lto/pr65276 cp_lto_pr65276_0.o-cp_lto_pr65276_1.o link, -flto -O0 -std=c++11
UNRESOLVED: g++.dg/lto/pr65276 cp_lto_pr65276_0.o-cp_lto_pr65276_1.o execute -flto -O0 -std=c++11
=== g++ Summary ===
# of expected passes 75678
# of unexpected failures 4
# of expected failures 247
# of unresolved testcases 1
# of unsupported tests 3750
/scratch/gcc/nightly-2015-03-05-mainline/arm-none-eabi/obj/test-mainline-0-arm-none-eabi/host-i686-pc-linux-gnu/fsf-mainline/bin/arm-none-eabi-g++ version 5.0.0 20150305 (experimental) (GCC)
=== Summary adjusted for local xfails ===
# of unexpected failures 4
# of expected passes 75678
# of expected failures 247
# of unresolved testcases 1
# of unsupported tests 3750
Host is i686-pc-linux-gnu
=== gcc tests ===
Running target arm-sim-fsf
FAIL: gcc.dg/cwsc1.c execution test
FAIL: gcc.dg/tree-ssa/sra-12.c scan-tree-dump-times release_ssa "l;" 0
FAIL: gcc.dg/tree-ssa/ssa-dom-cse-2.c scan-tree-dump optimized "return 28;"
FAIL: gcc.target/arm/atomic-comp-swap-release-acquire.c scan-assembler-times ldaex 4
FAIL: gcc.target/arm/atomic-comp-swap-release-acquire.c scan-assembler-times stlex 4
FAIL: gcc.target/arm/long-calls-1.c scan-assembler-not \\tbl?\\tweak_l1\\n
FAIL: gcc.target/arm/long-calls-1.c scan-assembler-not \\tbl?\\tweak_l3\\n
FAIL: gcc.target/arm/long-calls-2.c scan-assembler-not \\tbl?\\tweak_n1\\n
FAIL: gcc.target/arm/long-calls-2.c scan-assembler-not \\tbl?\\tweak_n3\\n
FAIL: gcc.target/arm/long-calls-2.c scan-assembler-not \\tbl?\\tweak_l1\\n
FAIL: gcc.target/arm/long-calls-2.c scan-assembler-not \\tbl?\\tweak_l3\\n
FAIL: gcc.target/arm/neon-vfma-1.c scan-assembler vfma\\\\.f32[\\t]+[dDqQ]
FAIL: gcc.target/arm/neon-vfms-1.c scan-assembler vfms\\\\.f32[\\t]+[dDqQ]
FAIL: gcc.target/arm/pr42172-1.c scan-assembler-times ldr 1
FAIL: gcc.target/arm/pr42575.c scan-assembler-not mov
FAIL: gcc.target/arm/pr45701-1.c scan-assembler push\\t{r3
FAIL: gcc.target/arm/pr45701-2.c scan-assembler push\\t{r3
FAIL: gcc.target/arm/pr63210.c object-size text <= 28
FAIL: gcc.target/arm/split-live-ranges-for-shrink-wrap.c object-size text <= 20
FAIL: gcc.target/arm/thumb-bitfld1.c (test for excess errors)
FAIL: gcc.target/arm/thumb-ltu.c (test for excess errors)
FAIL: gcc.target/arm/thumb-ltu.c scan-assembler-not uxtb
FAIL: gcc.target/arm/simd/vextQp64_1.c execution test
FAIL: gcc.target/arm/simd/vextp64_1.c execution test
=== gcc Summary ===
# of expected passes 85345
# of unexpected failures 24
# of expected failures 97
# of unsupported tests 4069
/scratch/gcc/nightly-2015-03-05-mainline/arm-none-eabi/obj/test-mainline-0-arm-none-eabi/host-i686-pc-linux-gnu/fsf-mainline/bin/arm-none-eabi-gcc version 5.0.0 20150305 (experimental) (GCC)
=== Summary adjusted for local xfails ===
# of unexpected failures 24
# of expected passes 85345
# of expected failures 97
# of unsupported tests 4069
Host is i686-pc-linux-gnu
=== libstdc++ tests ===
Running target arm-sim-fsf
FAIL: 27_io/basic_filebuf/underflow/wchar_t/11603.cc execution test
FAIL: 29_atomics/atomic_flag/clear/1.cc (test for excess errors)
UNRESOLVED: 29_atomics/atomic_flag/clear/1.cc compilation failed to produce executable
FAIL: 29_atomics/atomic_flag/test_and_set/explicit.cc (test for excess errors)
UNRESOLVED: 29_atomics/atomic_flag/test_and_set/explicit.cc compilation failed to produce executable
FAIL: 29_atomics/atomic_flag/test_and_set/implicit.cc (test for excess errors)
UNRESOLVED: 29_atomics/atomic_flag/test_and_set/implicit.cc compilation failed to produce executable
XPASS: ext/stdio_filebuf/char/10063-2.cc execution test
XPASS: ext/stdio_filebuf/char/10063-3.cc execution test
=== libstdc++ Summary ===
# of expected passes 8671
# of unexpected failures 4
# of unexpected successes 2
# of expected failures 72
# of unresolved testcases 3
# of unsupported tests 695
=== Summary adjusted for local xfails ===
# of unexpected failures 4
# of expected passes 8671
# of unexpected successes 2
# of expected failures 72
# of unresolved testcases 3
# of unsupported tests 695
Host is i686-pc-linux-gnu
=== g++ tests ===
Running target arm-sim-fsf/-mthumb
FAIL: g++.dg/ipa/devirt-28a.C -std=gnu++98 (test for excess errors)
FAIL: g++.dg/ipa/devirt-28a.C -std=gnu++11 (test for excess errors)
FAIL: g++.dg/ipa/devirt-28a.C -std=gnu++14 (test for excess errors)
FAIL: g++.dg/lto/pr65276 cp_lto_pr65276_0.o-cp_lto_pr65276_1.o link, -flto -O0 -std=c++11
UNRESOLVED: g++.dg/lto/pr65276 cp_lto_pr65276_0.o-cp_lto_pr65276_1.o execute -flto -O0 -std=c++11
=== g++ Summary ===
# of expected passes 75618
# of unexpected failures 4
# of expected failures 247
# of unresolved testcases 1
# of unsupported tests 3765
/scratch/gcc/nightly-2015-03-05-mainline/arm-none-eabi/obj/test-mainline-0-arm-none-eabi/host-i686-pc-linux-gnu/fsf-mainline/bin/arm-none-eabi-g++ version 5.0.0 20150305 (experimental) (GCC)
=== Summary adjusted for local xfails ===
# of unexpected failures 4
# of expected passes 75618
# of expected failures 247
# of unresolved testcases 1
# of unsupported tests 3765
Host is i686-pc-linux-gnu
=== gcc tests ===
Running target arm-sim-fsf/-mthumb
FAIL: gcc.dg/tree-ssa/sra-12.c scan-tree-dump-times release_ssa "l;" 0
FAIL: gcc.dg/tree-ssa/ssa-dom-cse-2.c scan-tree-dump optimized "return 28;"
FAIL: gcc.target/arm/atomic-comp-swap-release-acquire.c scan-assembler-times ldaex 4
FAIL: gcc.target/arm/atomic-comp-swap-release-acquire.c scan-assembler-times stlex 4
FAIL: gcc.target/arm/pr42172-1.c scan-assembler-times ldr 1
FAIL: gcc.target/arm/pr45701-1.c scan-assembler push\\t{r3
FAIL: gcc.target/arm/pr45701-2.c scan-assembler push\\t{r3
FAIL: gcc.target/arm/pr63210.c object-size text <= 28
FAIL: gcc.target/arm/split-live-ranges-for-shrink-wrap.c object-size text <= 20
FAIL: gcc.target/arm/thumb-bitfld1.c (test for excess errors)
FAIL: gcc.target/arm/thumb-ltu.c (test for excess errors)
FAIL: gcc.target/arm/thumb-ltu.c scan-assembler-not uxtb
FAIL: gcc.target/arm/thumb1-far-jump-2.c (test for excess errors)
=== gcc Summary ===
# of expected passes 84543
# of unexpected failures 13
# of expected failures 101
# of unsupported tests 4328
/scratch/gcc/nightly-2015-03-05-mainline/arm-none-eabi/obj/test-mainline-0-arm-none-eabi/host-i686-pc-linux-gnu/fsf-mainline/bin/arm-none-eabi-gcc version 5.0.0 20150305 (experimental) (GCC)
=== Summary adjusted for local xfails ===
# of unexpected failures 13
# of expected passes 84543
# of expected failures 101
# of unsupported tests 4328
Host is i686-pc-linux-gnu
=== libstdc++ tests ===
Running target arm-sim-fsf/-mthumb
FAIL: 27_io/basic_filebuf/underflow/wchar_t/11603.cc execution test
FAIL: 29_atomics/atomic_flag/clear/1.cc (test for excess errors)
UNRESOLVED: 29_atomics/atomic_flag/clear/1.cc compilation failed to produce executable
FAIL: 29_atomics/atomic_flag/test_and_set/explicit.cc (test for excess errors)
UNRESOLVED: 29_atomics/atomic_flag/test_and_set/explicit.cc compilation failed to produce executable
FAIL: 29_atomics/atomic_flag/test_and_set/implicit.cc (test for excess errors)
UNRESOLVED: 29_atomics/atomic_flag/test_and_set/implicit.cc compilation failed to produce executable
XPASS: ext/stdio_filebuf/char/10063-2.cc execution test
XPASS: ext/stdio_filebuf/char/10063-3.cc execution test
=== libstdc++ Summary ===
# of expected passes 8671
# of unexpected failures 4
# of unexpected successes 2
# of expected failures 72
# of unresolved testcases 3
# of unsupported tests 695
=== Summary adjusted for local xfails ===
# of unexpected failures 4
# of expected passes 8671
# of unexpected successes 2
# of expected failures 72
# of unresolved testcases 3
# of unsupported tests 695
Compiler version: 5.0.0 20150305 (experimental) (GCC)
Platform: arm-none-eabi
configure flags: --build=i686-pc-linux-gnu --host=i686-pc-linux-gnu --target=arm-none-eabi --enable-threads --disable-libmudflap --disable-libssp --disable-libstdcxx-pch --with-gnu-as --with-gnu-ld --enable-languages=c,c++ --disable-shared --enable-lto --with-newlib --disable-nls --prefix=/scratch/gcc/nightly-2015-03-05-mainline/arm-none-eabi/install --with-headers=yes --with-sysroot=/scratch/gcc/nightly-2015-03-05-mainline/arm-none-eabi/install/arm-none-eabi --with-gmp=/scratch/gcc/nightly-2015-03-05-mainline/arm-none-eabi/obj/pkg-mainline-0-arm-none-eabi/fsf-mainline-0-arm-none-eabi.extras/host-libs-i686-pc-linux-gnu/usr --with-mpfr=/scratch/gcc/nightly-2015-03-05-mainline/arm-none-eabi/obj/pkg-mainline-0-arm-none-eabi/fsf-mainline-0-arm-none-eabi.extras/host-libs-i686-pc-linux-gnu/usr --with-mpc=/scratch/gcc/nightly-2015-03-05-mainline/arm-none-eabi/obj/pkg-mainline-0-arm-none-eabi/fsf-mainline-0-arm-none-eabi.extras/host-libs-i686-pc-linux-gnu/usr --with-host-libstdcxx='-
static-libgcc -Wl,-Bstatic,-lstdc++,-Bdynamic -lm' --with-isl=/scratch/gcc/nightly-2015-03-05-mainline/arm-none-eabi/obj/pkg-mainline-0-arm-none-eabi/fsf-mainline-0-arm-none-eabi.extras/host-libs-i686-pc-linux-gnu/usr --disable-libgomp --disable-libitm --disable-libatomic --disable-libssp --enable-poison-system-directories --with-build-time-tools=/scratch/gcc/nightly-2015-03-05-mainline/arm-none-eabi/install/arm-none-eabi/bin --with-build-time-tools=/scratch/gcc/nightly-2015-03-05-mainline/arm-none-eabi/install/arm-none-eabi/bin SED=sed