This is the mail archive of the
gcc-testresults@gcc.gnu.org
mailing list for the GCC project.
Results for 4.8.5 20150215 (prerelease) [gcc-4_8-branch revision 220715] (GCC) testsuite on powerpc64le-unknown-linux-gnu
- From: Bill Schmidt <wschmidt at us dot ibm dot com>
- To: gcc-testresults at gcc dot gnu dot org
- Date: Sun, 15 Feb 2015 01:44:45 -0600
- Subject: Results for 4.8.5 20150215 (prerelease) [gcc-4_8-branch revision 220715] (GCC) testsuite on powerpc64le-unknown-linux-gnu
- Authentication-results: sourceware.org; auth=none
Linux 3.13.0-35-generic ppc64le
GNU C Library (Ubuntu EGLIBC 2.19-0ubuntu6.5) stable release version 2.19
GNU ld (GNU Binutils for Ubuntu) 2.24
GNU assembler (GNU Binutils for Ubuntu) 2.24
GNU Make 3.81
DejaGnu:
Expect version is 5.45
Tcl version is 8.6
Framework version is 1.5
64-bit
LAST_UPDATED: Sun Feb 15 05:28:25 UTC 2015 (revision 220715)
Native configuration is powerpc64le-unknown-linux-gnu
=== gcc tests ===
Running target unix
FAIL: gcc.dg/and-1.c scan-assembler-not nand
FAIL: gcc.dg/simulate-thread/atomic-other-short.c -O0 -g thread simulation test
FAIL: gcc.dg/simulate-thread/atomic-other-short.c -O2 -g thread simulation test
FAIL: gcc.dg/simulate-thread/atomic-other-short.c -O3 -g thread simulation test
FAIL: gcc.dg/tree-ssa/loop-19.c scan-tree-dump-times optimized "MEM.(base: &|symbol: )a," 2
FAIL: gcc.dg/tree-ssa/loop-19.c scan-tree-dump-times optimized "MEM.(base: &|symbol: )c," 2
FAIL: gcc.dg/tree-ssa/ssa-dom-thread-4.c scan-tree-dump-times dom1 "Threaded" 3
FAIL: gcc.dg/tree-ssa/vrp47.c scan-tree-dump-times vrp1 "[xy][^ ]* !=" 0
FAIL: gcc.dg/tree-ssa/vrp47.c scan-tree-dump-times dom2 "x[^ ]* & y" 1
FAIL: gcc.target/powerpc/ppc-vector-memcpy.c scan-assembler lvx
=== gcc Summary ===
# of expected passes 91196
# of unexpected failures 10
# of expected failures 242
# of unsupported tests 1344
/home/gccbuild/build/nightly/build-gcc-4.8/gcc/xgcc version 4.8.5 20150215 (prerelease) [gcc-4_8-branch revision 220715] (GCC)
=== gfortran tests ===
Running target unix
=== gfortran Summary ===
# of expected passes 43905
# of expected failures 59
# of unsupported tests 81
/home/gccbuild/build/nightly/build-gcc-4.8/gcc/testsuite/gfortran/../../gfortran version 4.8.5 20150215 (prerelease) [gcc-4_8-branch revision 220715] (GCC)
=== g++ tests ===
Running target unix
XPASS: g++.dg/tls/thread_local-order2.C execution test
=== g++ Summary ===
# of expected passes 52702
# of unexpected successes 1
# of expected failures 291
# of unsupported tests 906
/home/gccbuild/build/nightly/build-gcc-4.8/gcc/testsuite/g++/../../xg++ version 4.8.5 20150215 (prerelease) [gcc-4_8-branch revision 220715] (GCC)
=== obj-c++ tests ===
Running target unix
=== obj-c++ Summary ===
# of expected passes 1442
# of expected failures 10
# of unsupported tests 86
/home/gccbuild/build/nightly/build-gcc-4.8/gcc/testsuite/obj-c++/../../xg++ version 4.8.5 20150215 (prerelease) [gcc-4_8-branch revision 220715] (GCC)
=== objc tests ===
Running target unix
=== objc Summary ===
# of expected passes 2994
# of unsupported tests 74
/home/gccbuild/build/nightly/build-gcc-4.8/gcc/xgcc version 4.8.5 20150215 (prerelease) [gcc-4_8-branch revision 220715] (GCC)
=== boehm-gc tests ===
Running target unix
=== boehm-gc Summary ===
# of expected passes 12
# of unsupported tests 1
=== libatomic tests ===
Running target unix
=== libatomic Summary ===
# of expected passes 44
# of unsupported tests 5
=== libffi tests ===
Running target unix
=== libffi Summary ===
# of expected passes 1819
# of unsupported tests 55
=== libgomp tests ===
Running target unix
=== libgomp Summary ===
# of expected passes 3039
# of unsupported tests 1
=== libitm tests ===
Running target unix
=== libitm Summary ===
# of expected passes 26
# of expected failures 3
# of unsupported tests 1
=== libjava tests ===
Running target unix
=== libjava Summary ===
# of expected passes 2582
# of expected failures 4
=== libmudflap tests ===
Running target unix
FAIL: libmudflap.c++/pass41-frag.cxx (-static) execution test
FAIL: libmudflap.c++/pass41-frag.cxx ( -O) execution test
FAIL: libmudflap.c++/pass41-frag.cxx (-O2) execution test
FAIL: libmudflap.c++/pass41-frag.cxx (-O3) execution test
=== libmudflap Summary ===
# of expected passes 1902
# of unexpected failures 4
=== libstdc++ tests ===
Running target unix
=== libstdc++ Summary ===
# of expected passes 9034
# of expected failures 45
# of unsupported tests 386
Compiler version: 4.8.5 20150215 (prerelease) [gcc-4_8-branch revision 220715] (GCC)
Platform: powerpc64le-unknown-linux-gnu
configure flags: --prefix=/opt/gcc-nightly/4.8 --with-as=/usr/bin/as --with-ld=/usr/bin/ld --enable-languages=c,c++,fortran,objc,obj-c++,java --with-cpu=power8 --enable-lto --disable-multilib --disable-libsanitizer --enable-decimal-float --with-long-double-128