This is the mail archive of the
gcc-testresults@gcc.gnu.org
mailing list for the GCC project.
Results for 5.0.0 20150113 (experimental) [trunk revision 219552] (GCC) testsuite on armv5tejl-unknown-linux-gnueabi
- From: dave at hiauly1 dot hia dot nrc dot ca (John David Anglin)
- To: dave at hiauly1 dot hia dot nrc dot ca, gcc-testresults at gcc dot gnu dot org
- Date: Tue, 20 Jan 2015 13:14:14 -0500 (EST)
- Subject: Results for 5.0.0 20150113 (experimental) [trunk revision 219552] (GCC) testsuite on armv5tejl-unknown-linux-gnueabi
- Authentication-results: sourceware.org; auth=none
LAST_UPDATED: Tue Jan 13 19:42:22 UTC 2015 (revision 219552)
Native configuration is armv5tejl-unknown-linux-gnueabi
=== libatomic tests ===
Running target unix
WARNING: program timed out.
FAIL: libatomic.c/atomic-op-1.c execution test
=== libatomic Summary ===
# of expected passes 43
# of unexpected failures 1
# of unsupported tests 5
=== libgomp tests ===
Running target unix
FAIL: libgomp.c/atomic-1.c execution test
FAIL: libgomp.c/atomic-13.c execution test
FAIL: libgomp.c/atomic-2.c execution test
FAIL: libgomp.c/atomic-3.c execution test
FAIL: libgomp.c/atomic-4.c execution test
FAIL: libgomp.c/atomic-5.c execution test
FAIL: libgomp.c/atomic-6.c execution test
FAIL: libgomp.c/autopar-1.c execution test
FAIL: libgomp.c/loop-13.c execution test
FAIL: libgomp.c/loop-14.c execution test
FAIL: libgomp.c/loop-15.c execution test
FAIL: libgomp.c/target-1.c execution test
FAIL: libgomp.c/target-2.c execution test
FAIL: libgomp.c++/atomic-6.C execution test
FAIL: libgomp.c++/atomic-7.C execution test
FAIL: libgomp.c++/loop-13.C execution test
FAIL: libgomp.c++/loop-14.C execution test
FAIL: libgomp.c++/loop-15.C execution test
FAIL: libgomp.c++/target-1.C execution test
FAIL: libgomp.c++/target-2.C execution test
FAIL: libgomp.c++/target-3.C execution test
FAIL: libgomp.fortran/examples-4/e.51.3.f90 -O0 execution test
FAIL: libgomp.fortran/examples-4/e.51.3.f90 -O1 execution test
FAIL: libgomp.fortran/examples-4/e.51.3.f90 -O2 execution test
FAIL: libgomp.fortran/examples-4/e.51.3.f90 -O3 -fomit-frame-pointer execution test
FAIL: libgomp.fortran/examples-4/e.51.3.f90 -O3 -fomit-frame-pointer -funroll-loops execution test
FAIL: libgomp.fortran/examples-4/e.51.3.f90 -O3 -fomit-frame-pointer -funroll-all-loops -finline-functions execution test
FAIL: libgomp.fortran/examples-4/e.51.3.f90 -O3 -g execution test
FAIL: libgomp.fortran/examples-4/e.51.3.f90 -Os execution test
FAIL: libgomp.fortran/jacobi.f -O0 execution test
FAIL: libgomp.fortran/jacobi.f -O1 execution test
FAIL: libgomp.fortran/jacobi.f -O2 execution test
FAIL: libgomp.fortran/jacobi.f -O3 -fomit-frame-pointer execution test
FAIL: libgomp.fortran/jacobi.f -O3 -fomit-frame-pointer -funroll-loops execution test
FAIL: libgomp.fortran/jacobi.f -O3 -fomit-frame-pointer -funroll-all-loops -finline-functions execution test
FAIL: libgomp.fortran/jacobi.f -O3 -g execution test
FAIL: libgomp.fortran/jacobi.f -Os execution test
FAIL: libgomp.fortran/omp_atomic1.f90 -O0 execution test
FAIL: libgomp.fortran/omp_atomic1.f90 -O1 execution test
FAIL: libgomp.fortran/omp_atomic1.f90 -O2 execution test
FAIL: libgomp.fortran/omp_atomic1.f90 -O3 -fomit-frame-pointer execution test
FAIL: libgomp.fortran/omp_atomic1.f90 -O3 -fomit-frame-pointer -funroll-loops execution test
FAIL: libgomp.fortran/omp_atomic1.f90 -O3 -fomit-frame-pointer -funroll-all-loops -finline-functions execution test
FAIL: libgomp.fortran/omp_atomic1.f90 -O3 -g execution test
FAIL: libgomp.fortran/omp_atomic1.f90 -Os execution test
FAIL: libgomp.fortran/omp_atomic3.f90 -O0 execution test
FAIL: libgomp.fortran/omp_atomic3.f90 -O1 execution test
FAIL: libgomp.fortran/omp_atomic3.f90 -O2 execution test
FAIL: libgomp.fortran/omp_atomic3.f90 -O3 -fomit-frame-pointer execution test
FAIL: libgomp.fortran/omp_atomic3.f90 -O3 -fomit-frame-pointer -funroll-loops execution test
FAIL: libgomp.fortran/omp_atomic3.f90 -O3 -fomit-frame-pointer -funroll-all-loops -finline-functions execution test
FAIL: libgomp.fortran/omp_atomic3.f90 -O3 -g execution test
FAIL: libgomp.fortran/omp_atomic3.f90 -Os execution test
FAIL: libgomp.fortran/omp_atomic4.f90 -O0 execution test
FAIL: libgomp.fortran/omp_atomic4.f90 -O1 execution test
FAIL: libgomp.fortran/omp_atomic4.f90 -O2 execution test
FAIL: libgomp.fortran/omp_atomic4.f90 -O3 -fomit-frame-pointer execution test
FAIL: libgomp.fortran/omp_atomic4.f90 -O3 -fomit-frame-pointer -funroll-loops execution test
FAIL: libgomp.fortran/omp_atomic4.f90 -O3 -fomit-frame-pointer -funroll-all-loops -finline-functions execution test
FAIL: libgomp.fortran/omp_atomic4.f90 -O3 -g execution test
FAIL: libgomp.fortran/omp_atomic4.f90 -Os execution test
FAIL: libgomp.fortran/omp_atomic5.f90 -O0 execution test
FAIL: libgomp.fortran/omp_atomic5.f90 -O1 execution test
FAIL: libgomp.fortran/omp_atomic5.f90 -O2 execution test
FAIL: libgomp.fortran/omp_atomic5.f90 -O3 -fomit-frame-pointer execution test
FAIL: libgomp.fortran/omp_atomic5.f90 -O3 -fomit-frame-pointer -funroll-loops execution test
FAIL: libgomp.fortran/omp_atomic5.f90 -O3 -fomit-frame-pointer -funroll-all-loops -finline-functions execution test
FAIL: libgomp.fortran/omp_atomic5.f90 -O3 -g execution test
FAIL: libgomp.fortran/omp_atomic5.f90 -Os execution test
FAIL: libgomp.fortran/omp_orphan.f -O execution test
FAIL: libgomp.fortran/pr48894.f90 -O0 execution test
FAIL: libgomp.fortran/pr48894.f90 -O1 execution test
FAIL: libgomp.fortran/pr48894.f90 -O2 execution test
FAIL: libgomp.fortran/pr48894.f90 -O3 -fomit-frame-pointer execution test
FAIL: libgomp.fortran/pr48894.f90 -O3 -fomit-frame-pointer -funroll-loops execution test
FAIL: libgomp.fortran/pr48894.f90 -O3 -fomit-frame-pointer -funroll-all-loops -finline-functions execution test
FAIL: libgomp.fortran/pr48894.f90 -O3 -g execution test
FAIL: libgomp.fortran/pr48894.f90 -Os execution test
WARNING: program timed out.
FAIL: libgomp.fortran/strassen.f90 -O execution test
FAIL: libgomp.fortran/target4.f90 -O0 execution test
FAIL: libgomp.fortran/target4.f90 -O1 execution test
FAIL: libgomp.fortran/target4.f90 -O2 execution test
FAIL: libgomp.fortran/target4.f90 -O3 -fomit-frame-pointer execution test
FAIL: libgomp.fortran/target4.f90 -O3 -fomit-frame-pointer -funroll-loops execution test
FAIL: libgomp.fortran/target4.f90 -O3 -fomit-frame-pointer -funroll-all-loops -finline-functions execution test
FAIL: libgomp.fortran/target4.f90 -O3 -g execution test
FAIL: libgomp.fortran/target4.f90 -Os execution test
=== libgomp Summary ===
# of expected passes 3559
# of unexpected failures 87
# of unsupported tests 109
=== libitm tests ===
Running target unix
FAIL: libitm.c/cancel.c execution test
FAIL: libitm.c/clone-1.c execution test
FAIL: libitm.c/memcpy-1.c execution test
FAIL: libitm.c/memset-1.c execution test
FAIL: libitm.c/notx.c execution test
FAIL: libitm.c/reentrant.c execution test
FAIL: libitm.c/simple-1.c execution test
FAIL: libitm.c/simple-2.c execution test
FAIL: libitm.c/stackundo.c execution test
FAIL: libitm.c/txrelease.c execution test
FAIL: libitm.c++/eh-1.C execution test
=== libitm Summary ===
# of expected passes 15
# of unexpected failures 11
# of expected failures 3
# of unsupported tests 1
=== libstdc++ tests ===
Running target unix
FAIL: 27_io/fpos/14775.cc execution test
=== libstdc++ Summary ===
# of expected passes 9069
# of unexpected failures 1
# of expected failures 68
# of unsupported tests 767
=== g++ tests ===
Running target unix
FAIL: c-c++-common/asan/heap-overflow-1.c -O1 output pattern test, is =================================================================
FAIL: c-c++-common/asan/heap-overflow-1.c -O2 output pattern test, is =================================================================
FAIL: c-c++-common/asan/heap-overflow-1.c -O3 -fomit-frame-pointer output pattern test, is =================================================================
FAIL: c-c++-common/asan/heap-overflow-1.c -O3 -g output pattern test, is =================================================================
FAIL: c-c++-common/asan/heap-overflow-1.c -Os output pattern test, is =================================================================
FAIL: c-c++-common/asan/heap-overflow-1.c -O2 -flto -fno-use-linker-plugin -flto-partition=none output pattern test, is =================================================================
FAIL: c-c++-common/asan/heap-overflow-1.c -O2 -flto -fuse-linker-plugin -fno-fat-lto-objects output pattern test, is =================================================================
FAIL: c-c++-common/asan/null-deref-1.c -O0 output pattern test, is ASAN:SIGSEGV
FAIL: c-c++-common/asan/null-deref-1.c -O1 output pattern test, is ASAN:SIGSEGV
FAIL: c-c++-common/asan/null-deref-1.c -O2 output pattern test, is ASAN:SIGSEGV
FAIL: c-c++-common/asan/null-deref-1.c -O3 -fomit-frame-pointer output pattern test, is ASAN:SIGSEGV
FAIL: c-c++-common/asan/null-deref-1.c -O3 -g output pattern test, is ASAN:SIGSEGV
FAIL: c-c++-common/asan/null-deref-1.c -Os output pattern test, is ASAN:SIGSEGV
FAIL: c-c++-common/asan/null-deref-1.c -O2 -flto -fno-use-linker-plugin -flto-partition=none output pattern test, is ASAN:SIGSEGV
FAIL: c-c++-common/asan/null-deref-1.c -O2 -flto -fuse-linker-plugin -fno-fat-lto-objects output pattern test, is ASAN:SIGSEGV
FAIL: c-c++-common/asan/sanity-check-pure-c-1.c -O1 output pattern test, is =================================================================
FAIL: c-c++-common/asan/sanity-check-pure-c-1.c -O2 output pattern test, is =================================================================
FAIL: c-c++-common/asan/sanity-check-pure-c-1.c -O3 -fomit-frame-pointer output pattern test, is =================================================================
FAIL: c-c++-common/asan/sanity-check-pure-c-1.c -O3 -g output pattern test, is =================================================================
FAIL: c-c++-common/asan/sanity-check-pure-c-1.c -Os output pattern test, is =================================================================
FAIL: c-c++-common/asan/sanity-check-pure-c-1.c -O2 -flto -fno-use-linker-plugin -flto-partition=none output pattern test, is =================================================================
FAIL: c-c++-common/asan/sanity-check-pure-c-1.c -O2 -flto -fuse-linker-plugin -fno-fat-lto-objects output pattern test, is =================================================================
FAIL: c-c++-common/asan/sleep-before-dying-1.c -O2 output pattern test, is =================================================================
FAIL: c-c++-common/asan/sleep-before-dying-1.c -O2 -flto -fno-use-linker-plugin -flto-partition=none output pattern test, is =================================================================
FAIL: c-c++-common/asan/sleep-before-dying-1.c -O2 -flto -fuse-linker-plugin -fno-fat-lto-objects output pattern test, is =================================================================
FAIL: c-c++-common/asan/strncpy-overflow-1.c -O1 output pattern test, is =================================================================
FAIL: c-c++-common/asan/strncpy-overflow-1.c -O2 output pattern test, is =================================================================
FAIL: c-c++-common/asan/strncpy-overflow-1.c -O3 -fomit-frame-pointer output pattern test, is =================================================================
FAIL: c-c++-common/asan/strncpy-overflow-1.c -O3 -g output pattern test, is =================================================================
FAIL: c-c++-common/asan/strncpy-overflow-1.c -Os output pattern test, is =================================================================
FAIL: c-c++-common/asan/strncpy-overflow-1.c -O2 -flto -fno-use-linker-plugin -flto-partition=none output pattern test, is =================================================================
FAIL: c-c++-common/asan/strncpy-overflow-1.c -O2 -flto -fuse-linker-plugin -fno-fat-lto-objects output pattern test, is =================================================================
FAIL: c-c++-common/asan/swapcontext-test-1.c -O0 (test for excess errors)
FAIL: c-c++-common/asan/swapcontext-test-1.c -O1 (test for excess errors)
FAIL: c-c++-common/asan/swapcontext-test-1.c -O2 (test for excess errors)
FAIL: c-c++-common/asan/swapcontext-test-1.c -O3 -fomit-frame-pointer (test for excess errors)
FAIL: c-c++-common/asan/swapcontext-test-1.c -O3 -fomit-frame-pointer -funroll-loops (test for excess errors)
FAIL: c-c++-common/asan/swapcontext-test-1.c -O3 -fomit-frame-pointer -funroll-all-loops -finline-functions (test for excess errors)
FAIL: c-c++-common/asan/swapcontext-test-1.c -O3 -g (test for excess errors)
FAIL: c-c++-common/asan/swapcontext-test-1.c -Os (test for excess errors)
FAIL: c-c++-common/asan/swapcontext-test-1.c -O2 -flto -fno-use-linker-plugin -flto-partition=none (test for excess errors)
FAIL: c-c++-common/asan/swapcontext-test-1.c -O2 -flto -fuse-linker-plugin -fno-fat-lto-objects (test for excess errors)
FAIL: c-c++-common/asan/use-after-free-1.c -O1 output pattern test, is =================================================================
FAIL: c-c++-common/asan/use-after-free-1.c -O2 output pattern test, is =================================================================
FAIL: c-c++-common/asan/use-after-free-1.c -O3 -fomit-frame-pointer output pattern test, is =================================================================
FAIL: c-c++-common/asan/use-after-free-1.c -O3 -g output pattern test, is =================================================================
FAIL: c-c++-common/asan/use-after-free-1.c -Os output pattern test, is =================================================================
FAIL: c-c++-common/asan/use-after-free-1.c -O2 -flto -fno-use-linker-plugin -flto-partition=none output pattern test, is =================================================================
FAIL: c-c++-common/asan/use-after-free-1.c -O2 -flto -fuse-linker-plugin -fno-fat-lto-objects output pattern test, is =================================================================
FAIL: c-c++-common/asan/use-after-return-1.c -O0 execution test
FAIL: c-c++-common/asan/use-after-return-1.c -O1 execution test
FAIL: c-c++-common/asan/use-after-return-1.c -O2 execution test
FAIL: c-c++-common/asan/use-after-return-1.c -O3 -fomit-frame-pointer execution test
FAIL: c-c++-common/asan/use-after-return-1.c -O3 -g execution test
FAIL: c-c++-common/asan/use-after-return-1.c -Os execution test
FAIL: c-c++-common/asan/use-after-return-1.c -O2 -flto -fno-use-linker-plugin -flto-partition=none execution test
FAIL: c-c++-common/asan/use-after-return-1.c -O2 -flto -fuse-linker-plugin -fno-fat-lto-objects execution test
FAIL: g++.dg/asan/deep-stack-uaf-1.C -O0 output pattern test, is =================================================================
FAIL: g++.dg/asan/deep-stack-uaf-1.C -O1 output pattern test, is =================================================================
FAIL: g++.dg/asan/deep-stack-uaf-1.C -O2 output pattern test, is =================================================================
FAIL: g++.dg/asan/deep-stack-uaf-1.C -O3 -fomit-frame-pointer output pattern test, is =================================================================
FAIL: g++.dg/asan/deep-stack-uaf-1.C -O3 -g output pattern test, is =================================================================
FAIL: g++.dg/asan/deep-stack-uaf-1.C -Os output pattern test, is =================================================================
FAIL: g++.dg/asan/interception-failure-test-1.C -O1 (test for excess errors)
WARNING: g++.dg/asan/interception-failure-test-1.C -O1 compilation failed to produce executable
FAIL: g++.dg/asan/interception-failure-test-1.C -O2 (test for excess errors)
WARNING: g++.dg/asan/interception-failure-test-1.C -O2 compilation failed to produce executable
FAIL: g++.dg/asan/interception-failure-test-1.C -O3 -fomit-frame-pointer (test for excess errors)
WARNING: g++.dg/asan/interception-failure-test-1.C -O3 -fomit-frame-pointer compilation failed to produce executable
FAIL: g++.dg/asan/interception-failure-test-1.C -O3 -g (test for excess errors)
WARNING: g++.dg/asan/interception-failure-test-1.C -O3 -g compilation failed to produce executable
FAIL: g++.dg/asan/interception-failure-test-1.C -O2 -flto -fno-use-linker-plugin -flto-partition=none (test for excess errors)
WARNING: g++.dg/asan/interception-failure-test-1.C -O2 -flto -fno-use-linker-plugin -flto-partition=none compilation failed to produce executable
FAIL: g++.dg/asan/interception-failure-test-1.C -O2 -flto -fuse-linker-plugin -fno-fat-lto-objects (test for excess errors)
WARNING: g++.dg/asan/interception-failure-test-1.C -O2 -flto -fuse-linker-plugin -fno-fat-lto-objects compilation failed to produce executable
FAIL: g++.dg/asan/interception-malloc-test-1.C -O1 execution test
FAIL: g++.dg/asan/interception-malloc-test-1.C -O2 execution test
FAIL: g++.dg/asan/interception-malloc-test-1.C -O3 -fomit-frame-pointer execution test
FAIL: g++.dg/asan/interception-malloc-test-1.C -O3 -g execution test
FAIL: g++.dg/asan/interception-malloc-test-1.C -O2 -flto -fno-use-linker-plugin -flto-partition=none execution test
FAIL: g++.dg/asan/interception-malloc-test-1.C -O2 -flto -fuse-linker-plugin -fno-fat-lto-objects execution test
FAIL: g++.dg/asan/interception-test-1.C -O1 (test for excess errors)
WARNING: g++.dg/asan/interception-test-1.C -O1 compilation failed to produce executable
FAIL: g++.dg/asan/interception-test-1.C -O2 (test for excess errors)
WARNING: g++.dg/asan/interception-test-1.C -O2 compilation failed to produce executable
FAIL: g++.dg/asan/interception-test-1.C -O3 -fomit-frame-pointer (test for excess errors)
WARNING: g++.dg/asan/interception-test-1.C -O3 -fomit-frame-pointer compilation failed to produce executable
FAIL: g++.dg/asan/interception-test-1.C -O3 -g (test for excess errors)
WARNING: g++.dg/asan/interception-test-1.C -O3 -g compilation failed to produce executable
FAIL: g++.dg/asan/interception-test-1.C -O2 -flto -fno-use-linker-plugin -flto-partition=none (test for excess errors)
WARNING: g++.dg/asan/interception-test-1.C -O2 -flto -fno-use-linker-plugin -flto-partition=none compilation failed to produce executable
FAIL: g++.dg/asan/interception-test-1.C -O2 -flto -fuse-linker-plugin -fno-fat-lto-objects (test for excess errors)
WARNING: g++.dg/asan/interception-test-1.C -O2 -flto -fuse-linker-plugin -fno-fat-lto-objects compilation failed to produce executable
FAIL: g++.dg/abi/mangle-arm-crypto.C -std=c++98 (test for excess errors)
UNRESOLVED: g++.dg/abi/mangle-arm-crypto.C -std=c++98 scan-assembler _Z2f0y:
UNRESOLVED: g++.dg/abi/mangle-arm-crypto.C -std=c++98 scan-assembler _Z2f1o:
UNRESOLVED: g++.dg/abi/mangle-arm-crypto.C -std=c++98 scan-assembler _Z2f2Dv2_y:
FAIL: g++.dg/abi/mangle-arm-crypto.C -std=c++11 (test for excess errors)
UNRESOLVED: g++.dg/abi/mangle-arm-crypto.C -std=c++11 scan-assembler _Z2f0y:
UNRESOLVED: g++.dg/abi/mangle-arm-crypto.C -std=c++11 scan-assembler _Z2f1o:
UNRESOLVED: g++.dg/abi/mangle-arm-crypto.C -std=c++11 scan-assembler _Z2f2Dv2_y:
FAIL: g++.dg/abi/mangle-arm-crypto.C -std=c++14 (test for excess errors)
UNRESOLVED: g++.dg/abi/mangle-arm-crypto.C -std=c++14 scan-assembler _Z2f0y:
UNRESOLVED: g++.dg/abi/mangle-arm-crypto.C -std=c++14 scan-assembler _Z2f1o:
UNRESOLVED: g++.dg/abi/mangle-arm-crypto.C -std=c++14 scan-assembler _Z2f2Dv2_y:
FAIL: g++.dg/ext/cleanup-10.C -std=gnu++98 execution test
FAIL: g++.dg/ext/cleanup-10.C -std=gnu++11 execution test
FAIL: g++.dg/ext/cleanup-10.C -std=gnu++14 execution test
FAIL: g++.dg/ext/cleanup-11.C -std=gnu++98 execution test
FAIL: g++.dg/ext/cleanup-11.C -std=gnu++11 execution test
FAIL: g++.dg/ext/cleanup-11.C -std=gnu++14 execution test
FAIL: g++.dg/ext/cleanup-8.C -std=gnu++98 execution test
FAIL: g++.dg/ext/cleanup-8.C -std=gnu++11 execution test
FAIL: g++.dg/ext/cleanup-8.C -std=gnu++14 execution test
FAIL: g++.dg/ext/cleanup-9.C -std=gnu++98 execution test
FAIL: g++.dg/ext/cleanup-9.C -std=gnu++11 execution test
FAIL: g++.dg/ext/cleanup-9.C -std=gnu++14 execution test
FAIL: g++.dg/guality/pr55665.C -O2 line 23 p == 40
FAIL: g++.dg/guality/pr55665.C -O3 -fomit-frame-pointer line 23 p == 40
FAIL: g++.dg/guality/pr55665.C -O3 -g line 23 p == 40
FAIL: g++.dg/vect/pr64410.cc -std=c++98 scan-tree-dump vect "vectorized 1 loops in function"
FAIL: g++.dg/vect/pr64410.cc -std=c++11 scan-tree-dump vect "vectorized 1 loops in function"
FAIL: g++.dg/vect/pr64410.cc -std=c++14 scan-tree-dump vect "vectorized 1 loops in function"
FAIL: g++.old-deja/g++.law/profile1.C -std=gnu++98 (test for excess errors)
WARNING: g++.old-deja/g++.law/profile1.C -std=gnu++98 compilation failed to produce executable
FAIL: g++.old-deja/g++.law/profile1.C -std=gnu++11 (test for excess errors)
WARNING: g++.old-deja/g++.law/profile1.C -std=gnu++11 compilation failed to produce executable
FAIL: g++.old-deja/g++.law/profile1.C -std=gnu++14 (test for excess errors)
WARNING: g++.old-deja/g++.law/profile1.C -std=gnu++14 compilation failed to produce executable
=== g++ Summary ===
# of expected passes 84246
# of unexpected failures 105
# of expected failures 304
# of unresolved testcases 9
# of unsupported tests 3824
/home/dave/gnu/gcc/objdir/gcc/testsuite/g++/../../xg++ version 5.0.0 20150113 (experimental) [trunk revision 219552] (GCC)
=== gcc tests ===
Running target unix
FAIL: gcc.c-torture/compile/limits-fndefn.c -O2 -flto -fno-use-linker-plugin -flto-partition=none (internal compiler error)
FAIL: gcc.c-torture/compile/limits-fndefn.c -O2 -flto -fno-use-linker-plugin -flto-partition=none (test for excess errors)
FAIL: gcc.c-torture/compile/limits-fndefn.c -O2 -flto -fuse-linker-plugin -fno-fat-lto-objects (internal compiler error)
FAIL: gcc.c-torture/compile/limits-fndefn.c -O2 -flto -fuse-linker-plugin -fno-fat-lto-objects (test for excess errors)
FAIL: c-c++-common/asan/heap-overflow-1.c -O1 output pattern test, is =================================================================
FAIL: c-c++-common/asan/heap-overflow-1.c -O2 output pattern test, is =================================================================
FAIL: c-c++-common/asan/heap-overflow-1.c -O3 -fomit-frame-pointer output pattern test, is =================================================================
FAIL: c-c++-common/asan/heap-overflow-1.c -O3 -g output pattern test, is =================================================================
FAIL: c-c++-common/asan/heap-overflow-1.c -Os output pattern test, is =================================================================
FAIL: c-c++-common/asan/heap-overflow-1.c -O2 -flto -fno-use-linker-plugin -flto-partition=none output pattern test, is =================================================================
FAIL: c-c++-common/asan/heap-overflow-1.c -O2 -flto -fuse-linker-plugin -fno-fat-lto-objects output pattern test, is =================================================================
FAIL: c-c++-common/asan/null-deref-1.c -O0 output pattern test, is ASAN:SIGSEGV
FAIL: c-c++-common/asan/null-deref-1.c -O1 output pattern test, is ASAN:SIGSEGV
FAIL: c-c++-common/asan/null-deref-1.c -O2 output pattern test, is ASAN:SIGSEGV
FAIL: c-c++-common/asan/null-deref-1.c -O3 -fomit-frame-pointer output pattern test, is ASAN:SIGSEGV
FAIL: c-c++-common/asan/null-deref-1.c -O3 -g output pattern test, is ASAN:SIGSEGV
FAIL: c-c++-common/asan/null-deref-1.c -Os output pattern test, is ASAN:SIGSEGV
FAIL: c-c++-common/asan/null-deref-1.c -O2 -flto -fno-use-linker-plugin -flto-partition=none output pattern test, is ASAN:SIGSEGV
FAIL: c-c++-common/asan/null-deref-1.c -O2 -flto -fuse-linker-plugin -fno-fat-lto-objects output pattern test, is ASAN:SIGSEGV
FAIL: c-c++-common/asan/sanity-check-pure-c-1.c -O1 output pattern test, is =================================================================
FAIL: c-c++-common/asan/sanity-check-pure-c-1.c -O2 output pattern test, is =================================================================
FAIL: c-c++-common/asan/sanity-check-pure-c-1.c -O3 -fomit-frame-pointer output pattern test, is =================================================================
FAIL: c-c++-common/asan/sanity-check-pure-c-1.c -O3 -g output pattern test, is =================================================================
FAIL: c-c++-common/asan/sanity-check-pure-c-1.c -Os output pattern test, is =================================================================
FAIL: c-c++-common/asan/sanity-check-pure-c-1.c -O2 -flto -fno-use-linker-plugin -flto-partition=none output pattern test, is =================================================================
FAIL: c-c++-common/asan/sanity-check-pure-c-1.c -O2 -flto -fuse-linker-plugin -fno-fat-lto-objects output pattern test, is =================================================================
FAIL: c-c++-common/asan/sleep-before-dying-1.c -O2 output pattern test, is =================================================================
FAIL: c-c++-common/asan/sleep-before-dying-1.c -O2 -flto -fno-use-linker-plugin -flto-partition=none output pattern test, is =================================================================
FAIL: c-c++-common/asan/sleep-before-dying-1.c -O2 -flto -fuse-linker-plugin -fno-fat-lto-objects output pattern test, is =================================================================
FAIL: c-c++-common/asan/strncpy-overflow-1.c -O1 output pattern test, is =================================================================
FAIL: c-c++-common/asan/strncpy-overflow-1.c -O2 output pattern test, is =================================================================
FAIL: c-c++-common/asan/strncpy-overflow-1.c -O3 -fomit-frame-pointer output pattern test, is =================================================================
FAIL: c-c++-common/asan/strncpy-overflow-1.c -O3 -g output pattern test, is =================================================================
FAIL: c-c++-common/asan/strncpy-overflow-1.c -Os output pattern test, is =================================================================
FAIL: c-c++-common/asan/strncpy-overflow-1.c -O2 -flto -fno-use-linker-plugin -flto-partition=none output pattern test, is =================================================================
FAIL: c-c++-common/asan/strncpy-overflow-1.c -O2 -flto -fuse-linker-plugin -fno-fat-lto-objects output pattern test, is =================================================================
FAIL: c-c++-common/asan/swapcontext-test-1.c -O0 (test for excess errors)
FAIL: c-c++-common/asan/swapcontext-test-1.c -O1 (test for excess errors)
FAIL: c-c++-common/asan/swapcontext-test-1.c -O2 (test for excess errors)
FAIL: c-c++-common/asan/swapcontext-test-1.c -O3 -fomit-frame-pointer (test for excess errors)
FAIL: c-c++-common/asan/swapcontext-test-1.c -O3 -fomit-frame-pointer -funroll-loops (test for excess errors)
FAIL: c-c++-common/asan/swapcontext-test-1.c -O3 -fomit-frame-pointer -funroll-all-loops -finline-functions (test for excess errors)
FAIL: c-c++-common/asan/swapcontext-test-1.c -O3 -g (test for excess errors)
FAIL: c-c++-common/asan/swapcontext-test-1.c -Os (test for excess errors)
FAIL: c-c++-common/asan/swapcontext-test-1.c -O2 -flto -fno-use-linker-plugin -flto-partition=none (test for excess errors)
FAIL: c-c++-common/asan/swapcontext-test-1.c -O2 -flto -fuse-linker-plugin -fno-fat-lto-objects (test for excess errors)
FAIL: c-c++-common/asan/use-after-free-1.c -O1 output pattern test, is =================================================================
FAIL: c-c++-common/asan/use-after-free-1.c -O2 output pattern test, is =================================================================
FAIL: c-c++-common/asan/use-after-free-1.c -O3 -fomit-frame-pointer output pattern test, is =================================================================
FAIL: c-c++-common/asan/use-after-free-1.c -O3 -g output pattern test, is =================================================================
FAIL: c-c++-common/asan/use-after-free-1.c -Os output pattern test, is =================================================================
FAIL: c-c++-common/asan/use-after-free-1.c -O2 -flto -fno-use-linker-plugin -flto-partition=none output pattern test, is =================================================================
FAIL: c-c++-common/asan/use-after-free-1.c -O2 -flto -fuse-linker-plugin -fno-fat-lto-objects output pattern test, is =================================================================
FAIL: c-c++-common/asan/use-after-return-1.c -O0 execution test
FAIL: c-c++-common/asan/use-after-return-1.c -O1 execution test
FAIL: c-c++-common/asan/use-after-return-1.c -O2 execution test
FAIL: c-c++-common/asan/use-after-return-1.c -O3 -fomit-frame-pointer execution test
FAIL: c-c++-common/asan/use-after-return-1.c -O3 -g execution test
FAIL: c-c++-common/asan/use-after-return-1.c -Os execution test
FAIL: c-c++-common/asan/use-after-return-1.c -O2 -flto -fno-use-linker-plugin -flto-partition=none execution test
FAIL: c-c++-common/asan/use-after-return-1.c -O2 -flto -fuse-linker-plugin -fno-fat-lto-objects execution test
FAIL: gcc.dg/atomic/c11-atomic-exec-1.c -O0 execution test
FAIL: gcc.dg/atomic/c11-atomic-exec-1.c -O1 execution test
FAIL: gcc.dg/atomic/c11-atomic-exec-1.c -O2 execution test
FAIL: gcc.dg/atomic/c11-atomic-exec-1.c -O3 -fomit-frame-pointer execution test
FAIL: gcc.dg/atomic/c11-atomic-exec-1.c -O3 -fomit-frame-pointer -funroll-loops execution test
FAIL: gcc.dg/atomic/c11-atomic-exec-1.c -O3 -fomit-frame-pointer -funroll-all-loops -finline-functions execution test
FAIL: gcc.dg/atomic/c11-atomic-exec-1.c -O3 -g execution test
FAIL: gcc.dg/atomic/c11-atomic-exec-1.c -Os execution test
FAIL: gcc.dg/atomic/c11-atomic-exec-1.c -O2 -flto -fno-use-linker-plugin -flto-partition=none execution test
FAIL: gcc.dg/atomic/c11-atomic-exec-1.c -O2 -flto -fuse-linker-plugin -fno-fat-lto-objects execution test
FAIL: gcc.dg/atomic/c11-atomic-exec-2.c -O0 execution test
FAIL: gcc.dg/atomic/c11-atomic-exec-2.c -O1 execution test
FAIL: gcc.dg/atomic/c11-atomic-exec-2.c -O2 execution test
FAIL: gcc.dg/atomic/c11-atomic-exec-2.c -O3 -fomit-frame-pointer execution test
FAIL: gcc.dg/atomic/c11-atomic-exec-2.c -O3 -fomit-frame-pointer -funroll-loops execution test
FAIL: gcc.dg/atomic/c11-atomic-exec-2.c -O3 -fomit-frame-pointer -funroll-all-loops -finline-functions execution test
FAIL: gcc.dg/atomic/c11-atomic-exec-2.c -O3 -g execution test
FAIL: gcc.dg/atomic/c11-atomic-exec-2.c -Os execution test
FAIL: gcc.dg/atomic/c11-atomic-exec-2.c -O2 -flto -fno-use-linker-plugin -flto-partition=none execution test
FAIL: gcc.dg/atomic/c11-atomic-exec-2.c -O2 -flto -fuse-linker-plugin -fno-fat-lto-objects execution test
FAIL: gcc.dg/atomic/c11-atomic-exec-3.c -O0 execution test
FAIL: gcc.dg/atomic/c11-atomic-exec-3.c -O1 execution test
FAIL: gcc.dg/atomic/c11-atomic-exec-3.c -O2 execution test
FAIL: gcc.dg/atomic/c11-atomic-exec-3.c -O3 -fomit-frame-pointer execution test
FAIL: gcc.dg/atomic/c11-atomic-exec-3.c -O3 -fomit-frame-pointer -funroll-loops execution test
FAIL: gcc.dg/atomic/c11-atomic-exec-3.c -O3 -fomit-frame-pointer -funroll-all-loops -finline-functions execution test
FAIL: gcc.dg/atomic/c11-atomic-exec-3.c -O3 -g execution test
FAIL: gcc.dg/atomic/c11-atomic-exec-3.c -Os execution test
FAIL: gcc.dg/atomic/c11-atomic-exec-3.c -O2 -flto -fno-use-linker-plugin -flto-partition=none execution test
FAIL: gcc.dg/atomic/c11-atomic-exec-3.c -O2 -flto -fuse-linker-plugin -fno-fat-lto-objects execution test
FAIL: gcc.dg/atomic/c11-atomic-exec-4.c -O0 execution test
FAIL: gcc.dg/atomic/c11-atomic-exec-4.c -O1 execution test
FAIL: gcc.dg/atomic/c11-atomic-exec-4.c -O2 execution test
FAIL: gcc.dg/atomic/c11-atomic-exec-4.c -O3 -fomit-frame-pointer execution test
FAIL: gcc.dg/atomic/c11-atomic-exec-4.c -O3 -fomit-frame-pointer -funroll-loops execution test
FAIL: gcc.dg/atomic/c11-atomic-exec-4.c -O3 -fomit-frame-pointer -funroll-all-loops -finline-functions execution test
FAIL: gcc.dg/atomic/c11-atomic-exec-4.c -O3 -g execution test
FAIL: gcc.dg/atomic/c11-atomic-exec-4.c -Os execution test
FAIL: gcc.dg/atomic/c11-atomic-exec-4.c -O2 -flto -fno-use-linker-plugin -flto-partition=none execution test
FAIL: gcc.dg/atomic/c11-atomic-exec-4.c -O2 -flto -fuse-linker-plugin -fno-fat-lto-objects execution test
FAIL: gcc.dg/atomic/stdatomic-compare-exchange-4.c -O0 execution test
FAIL: gcc.dg/atomic/stdatomic-compare-exchange-4.c -O1 execution test
FAIL: gcc.dg/atomic/stdatomic-compare-exchange-4.c -O2 execution test
FAIL: gcc.dg/atomic/stdatomic-compare-exchange-4.c -O3 -fomit-frame-pointer execution test
FAIL: gcc.dg/atomic/stdatomic-compare-exchange-4.c -O3 -g execution test
FAIL: gcc.dg/atomic/stdatomic-compare-exchange-4.c -Os execution test
FAIL: gcc.dg/atomic/stdatomic-compare-exchange-4.c -O2 -flto -fno-use-linker-plugin -flto-partition=none execution test
FAIL: gcc.dg/atomic/stdatomic-compare-exchange-4.c -O2 -flto -fuse-linker-plugin -fno-fat-lto-objects execution test
FAIL: gcc.dg/atomic/stdatomic-exchange-4.c -O0 execution test
FAIL: gcc.dg/atomic/stdatomic-exchange-4.c -O1 execution test
FAIL: gcc.dg/atomic/stdatomic-exchange-4.c -O2 execution test
FAIL: gcc.dg/atomic/stdatomic-exchange-4.c -O3 -fomit-frame-pointer execution test
FAIL: gcc.dg/atomic/stdatomic-exchange-4.c -O3 -g execution test
FAIL: gcc.dg/atomic/stdatomic-exchange-4.c -Os execution test
FAIL: gcc.dg/atomic/stdatomic-exchange-4.c -O2 -flto -fno-use-linker-plugin -flto-partition=none execution test
FAIL: gcc.dg/atomic/stdatomic-exchange-4.c -O2 -flto -fuse-linker-plugin -fno-fat-lto-objects execution test
FAIL: gcc.dg/atomic/stdatomic-load-4.c -O0 execution test
FAIL: gcc.dg/atomic/stdatomic-load-4.c -O1 execution test
FAIL: gcc.dg/atomic/stdatomic-load-4.c -O2 execution test
FAIL: gcc.dg/atomic/stdatomic-load-4.c -O3 -fomit-frame-pointer execution test
FAIL: gcc.dg/atomic/stdatomic-load-4.c -O3 -g execution test
FAIL: gcc.dg/atomic/stdatomic-load-4.c -Os execution test
FAIL: gcc.dg/atomic/stdatomic-load-4.c -O2 -flto -fno-use-linker-plugin -flto-partition=none execution test
FAIL: gcc.dg/atomic/stdatomic-load-4.c -O2 -flto -fuse-linker-plugin -fno-fat-lto-objects execution test
FAIL: gcc.dg/atomic/stdatomic-op-4.c -O0 execution test
FAIL: gcc.dg/atomic/stdatomic-op-4.c -O1 execution test
FAIL: gcc.dg/atomic/stdatomic-op-4.c -O2 execution test
FAIL: gcc.dg/atomic/stdatomic-op-4.c -O3 -fomit-frame-pointer execution test
FAIL: gcc.dg/atomic/stdatomic-op-4.c -O3 -g execution test
FAIL: gcc.dg/atomic/stdatomic-op-4.c -Os execution test
FAIL: gcc.dg/atomic/stdatomic-op-4.c -O2 -flto -fno-use-linker-plugin -flto-partition=none execution test
FAIL: gcc.dg/atomic/stdatomic-op-4.c -O2 -flto -fuse-linker-plugin -fno-fat-lto-objects execution test
FAIL: gcc.dg/atomic/stdatomic-store-4.c -O0 execution test
FAIL: gcc.dg/atomic/stdatomic-store-4.c -O1 execution test
FAIL: gcc.dg/atomic/stdatomic-store-4.c -O2 execution test
FAIL: gcc.dg/atomic/stdatomic-store-4.c -O3 -fomit-frame-pointer execution test
FAIL: gcc.dg/atomic/stdatomic-store-4.c -O3 -g execution test
FAIL: gcc.dg/atomic/stdatomic-store-4.c -Os execution test
FAIL: gcc.dg/atomic/stdatomic-store-4.c -O2 -flto -fno-use-linker-plugin -flto-partition=none execution test
FAIL: gcc.dg/atomic/stdatomic-store-4.c -O2 -flto -fuse-linker-plugin -fno-fat-lto-objects execution test
FAIL: gcc.dg/20021014-1.c (test for excess errors)
WARNING: gcc.dg/20021014-1.c compilation failed to produce executable
FAIL: gcc.dg/aru-2.c (test for excess errors)
WARNING: gcc.dg/aru-2.c compilation failed to produce executable
FAIL: gcc.dg/c99-stdint-1.c (test for excess errors)
FAIL: gcc.dg/c99-stdint-7.c (test for excess errors)
FAIL: gcc.dg/cleanup-10.c execution test
FAIL: gcc.dg/cleanup-11.c execution test
FAIL: gcc.dg/cleanup-8.c execution test
FAIL: gcc.dg/cleanup-9.c execution test
FAIL: gcc.dg/nest.c (test for excess errors)
WARNING: gcc.dg/nest.c compilation failed to produce executable
FAIL: gcc.dg/nested-func-4.c (test for excess errors)
WARNING: gcc.dg/nested-func-4.c compilation failed to produce executable
FAIL: gcc.dg/pr32450.c (test for excess errors)
WARNING: gcc.dg/pr32450.c compilation failed to produce executable
FAIL: gcc.dg/pr43643.c (test for excess errors)
WARNING: gcc.dg/pr43643.c compilation failed to produce executable
FAIL: gcc.dg/uninit-13.c unconditional (test for warnings, line 9)
FAIL: gcc.dg/uninit-13.c (test for excess errors)
FAIL: gcc.dg/uninit-17.c unconditional (test for warnings, line 14)
FAIL: gcc.dg/uninit-17.c (test for excess errors)
XPASS: gcc.dg/guality/example.c -O0 execution test
XPASS: gcc.dg/guality/example.c -O1 execution test
XPASS: gcc.dg/guality/example.c -O2 execution test
XPASS: gcc.dg/guality/example.c -Os execution test
XPASS: gcc.dg/guality/example.c -O2 -flto -fno-use-linker-plugin -flto-partition=none execution test
XPASS: gcc.dg/guality/guality.c -O0 execution test
XPASS: gcc.dg/guality/guality.c -O1 execution test
XPASS: gcc.dg/guality/guality.c -O2 execution test
XPASS: gcc.dg/guality/guality.c -O3 -fomit-frame-pointer execution test
XPASS: gcc.dg/guality/guality.c -O3 -g execution test
XPASS: gcc.dg/guality/guality.c -Os execution test
XPASS: gcc.dg/guality/guality.c -O2 -flto -fno-use-linker-plugin -flto-partition=none execution test
XPASS: gcc.dg/guality/guality.c -O2 -flto -fuse-linker-plugin -fno-fat-lto-objects execution test
XPASS: gcc.dg/guality/inline-params.c -O2 execution test
XPASS: gcc.dg/guality/inline-params.c -O3 -fomit-frame-pointer execution test
XPASS: gcc.dg/guality/inline-params.c -O3 -g execution test
XPASS: gcc.dg/guality/inline-params.c -Os execution test
XPASS: gcc.dg/guality/inline-params.c -O2 -flto -fno-use-linker-plugin -flto-partition=none execution test
FAIL: gcc.dg/guality/nrv-1.c -O2 -flto -fuse-linker-plugin -fno-fat-lto-objects line 20 a2.i[0] == 42
FAIL: gcc.dg/guality/pr36728-1.c -O1 line 16 arg2 == 2
FAIL: gcc.dg/guality/pr36728-1.c -O1 line 16 arg3 == 3
FAIL: gcc.dg/guality/pr36728-1.c -O1 line 16 arg4 == 4
FAIL: gcc.dg/guality/pr36728-1.c -O1 line 18 arg1 == 1
FAIL: gcc.dg/guality/pr36728-1.c -O1 line 18 arg2 == 2
FAIL: gcc.dg/guality/pr36728-1.c -O1 line 18 arg3 == 3
FAIL: gcc.dg/guality/pr36728-1.c -O1 line 18 arg4 == 4
FAIL: gcc.dg/guality/pr36728-1.c -O2 line 16 arg1 == 1
FAIL: gcc.dg/guality/pr36728-1.c -O2 line 16 arg2 == 2
FAIL: gcc.dg/guality/pr36728-1.c -O2 line 16 arg3 == 3
FAIL: gcc.dg/guality/pr36728-1.c -O2 line 16 arg4 == 4
FAIL: gcc.dg/guality/pr36728-1.c -O2 line 18 arg1 == 1
FAIL: gcc.dg/guality/pr36728-1.c -O2 line 18 arg2 == 2
FAIL: gcc.dg/guality/pr36728-1.c -O2 line 18 arg3 == 3
FAIL: gcc.dg/guality/pr36728-1.c -O2 line 18 arg4 == 4
FAIL: gcc.dg/guality/pr36728-1.c -O3 -fomit-frame-pointer line 16 arg1 == 1
FAIL: gcc.dg/guality/pr36728-1.c -O3 -fomit-frame-pointer line 16 arg2 == 2
FAIL: gcc.dg/guality/pr36728-1.c -O3 -fomit-frame-pointer line 16 arg3 == 3
FAIL: gcc.dg/guality/pr36728-1.c -O3 -fomit-frame-pointer line 16 arg4 == 4
FAIL: gcc.dg/guality/pr36728-1.c -O3 -fomit-frame-pointer line 18 arg1 == 1
FAIL: gcc.dg/guality/pr36728-1.c -O3 -fomit-frame-pointer line 18 arg2 == 2
FAIL: gcc.dg/guality/pr36728-1.c -O3 -fomit-frame-pointer line 18 arg3 == 3
FAIL: gcc.dg/guality/pr36728-1.c -O3 -fomit-frame-pointer line 18 arg4 == 4
FAIL: gcc.dg/guality/pr36728-1.c -O3 -g line 16 arg1 == 1
FAIL: gcc.dg/guality/pr36728-1.c -O3 -g line 16 arg2 == 2
FAIL: gcc.dg/guality/pr36728-1.c -O3 -g line 16 arg3 == 3
FAIL: gcc.dg/guality/pr36728-1.c -O3 -g line 16 arg4 == 4
FAIL: gcc.dg/guality/pr36728-1.c -O3 -g line 18 arg1 == 1
FAIL: gcc.dg/guality/pr36728-1.c -O3 -g line 18 arg2 == 2
FAIL: gcc.dg/guality/pr36728-1.c -O3 -g line 18 arg3 == 3
FAIL: gcc.dg/guality/pr36728-1.c -O3 -g line 18 arg4 == 4
FAIL: gcc.dg/guality/pr36728-1.c -Os line 16 arg1 == 1
FAIL: gcc.dg/guality/pr36728-1.c -Os line 16 arg2 == 2
FAIL: gcc.dg/guality/pr36728-1.c -Os line 16 arg3 == 3
FAIL: gcc.dg/guality/pr36728-1.c -Os line 16 arg4 == 4
FAIL: gcc.dg/guality/pr36728-1.c -Os line 18 arg1 == 1
FAIL: gcc.dg/guality/pr36728-1.c -Os line 18 arg2 == 2
FAIL: gcc.dg/guality/pr36728-1.c -Os line 18 arg3 == 3
FAIL: gcc.dg/guality/pr36728-1.c -Os line 18 arg4 == 4
FAIL: gcc.dg/guality/pr36728-1.c -O2 -flto -fno-use-linker-plugin -flto-partition=none line 16 arg1 == 1
FAIL: gcc.dg/guality/pr36728-1.c -O2 -flto -fno-use-linker-plugin -flto-partition=none line 16 arg2 == 2
FAIL: gcc.dg/guality/pr36728-1.c -O2 -flto -fno-use-linker-plugin -flto-partition=none line 16 arg3 == 3
FAIL: gcc.dg/guality/pr36728-1.c -O2 -flto -fno-use-linker-plugin -flto-partition=none line 16 arg4 == 4
FAIL: gcc.dg/guality/pr36728-1.c -O2 -flto -fno-use-linker-plugin -flto-partition=none line 18 arg1 == 1
FAIL: gcc.dg/guality/pr36728-1.c -O2 -flto -fno-use-linker-plugin -flto-partition=none line 18 arg2 == 2
FAIL: gcc.dg/guality/pr36728-1.c -O2 -flto -fno-use-linker-plugin -flto-partition=none line 18 arg3 == 3
FAIL: gcc.dg/guality/pr36728-1.c -O2 -flto -fno-use-linker-plugin -flto-partition=none line 18 arg4 == 4
FAIL: gcc.dg/guality/pr36728-1.c -O2 -flto -fuse-linker-plugin -fno-fat-lto-objects line 16 arg1 == 1
FAIL: gcc.dg/guality/pr36728-1.c -O2 -flto -fuse-linker-plugin -fno-fat-lto-objects line 16 arg2 == 2
FAIL: gcc.dg/guality/pr36728-1.c -O2 -flto -fuse-linker-plugin -fno-fat-lto-objects line 16 arg3 == 3
FAIL: gcc.dg/guality/pr36728-1.c -O2 -flto -fuse-linker-plugin -fno-fat-lto-objects line 16 arg4 == 4
FAIL: gcc.dg/guality/pr36728-1.c -O2 -flto -fuse-linker-plugin -fno-fat-lto-objects line 18 arg1 == 1
FAIL: gcc.dg/guality/pr36728-1.c -O2 -flto -fuse-linker-plugin -fno-fat-lto-objects line 18 arg2 == 2
FAIL: gcc.dg/guality/pr36728-1.c -O2 -flto -fuse-linker-plugin -fno-fat-lto-objects line 18 arg3 == 3
FAIL: gcc.dg/guality/pr36728-1.c -O2 -flto -fuse-linker-plugin -fno-fat-lto-objects line 18 arg4 == 4
FAIL: gcc.dg/guality/pr36728-2.c -O1 line 16 arg3 == 3
FAIL: gcc.dg/guality/pr36728-2.c -O1 line 16 arg4 == 4
FAIL: gcc.dg/guality/pr36728-2.c -O1 line 18 arg2 == 2
FAIL: gcc.dg/guality/pr36728-2.c -O1 line 18 arg3 == 3
FAIL: gcc.dg/guality/pr36728-2.c -O1 line 18 arg4 == 4
FAIL: gcc.dg/guality/pr36728-2.c -O2 line 16 arg2 == 2
FAIL: gcc.dg/guality/pr36728-2.c -O2 line 16 arg3 == 3
FAIL: gcc.dg/guality/pr36728-2.c -O2 line 16 arg4 == 4
FAIL: gcc.dg/guality/pr36728-2.c -O2 line 18 arg2 == 2
FAIL: gcc.dg/guality/pr36728-2.c -O2 line 18 arg3 == 3
FAIL: gcc.dg/guality/pr36728-2.c -O2 line 18 arg4 == 4
FAIL: gcc.dg/guality/pr36728-2.c -O3 -fomit-frame-pointer line 16 arg2 == 2
FAIL: gcc.dg/guality/pr36728-2.c -O3 -fomit-frame-pointer line 16 arg3 == 3
FAIL: gcc.dg/guality/pr36728-2.c -O3 -fomit-frame-pointer line 16 arg4 == 4
FAIL: gcc.dg/guality/pr36728-2.c -O3 -fomit-frame-pointer line 18 arg2 == 2
FAIL: gcc.dg/guality/pr36728-2.c -O3 -fomit-frame-pointer line 18 arg3 == 3
FAIL: gcc.dg/guality/pr36728-2.c -O3 -fomit-frame-pointer line 18 arg4 == 4
FAIL: gcc.dg/guality/pr36728-2.c -O3 -g line 16 arg2 == 2
FAIL: gcc.dg/guality/pr36728-2.c -O3 -g line 16 arg3 == 3
FAIL: gcc.dg/guality/pr36728-2.c -O3 -g line 16 arg4 == 4
FAIL: gcc.dg/guality/pr36728-2.c -O3 -g line 18 arg2 == 2
FAIL: gcc.dg/guality/pr36728-2.c -O3 -g line 18 arg3 == 3
FAIL: gcc.dg/guality/pr36728-2.c -O3 -g line 18 arg4 == 4
FAIL: gcc.dg/guality/pr36728-2.c -Os line 16 arg2 == 2
FAIL: gcc.dg/guality/pr36728-2.c -Os line 16 arg3 == 3
FAIL: gcc.dg/guality/pr36728-2.c -Os line 16 arg4 == 4
FAIL: gcc.dg/guality/pr36728-2.c -Os line 18 arg2 == 2
FAIL: gcc.dg/guality/pr36728-2.c -Os line 18 arg3 == 3
FAIL: gcc.dg/guality/pr36728-2.c -Os line 18 arg4 == 4
FAIL: gcc.dg/guality/pr36728-2.c -O2 -flto -fno-use-linker-plugin -flto-partition=none line 16 arg2 == 2
FAIL: gcc.dg/guality/pr36728-2.c -O2 -flto -fno-use-linker-plugin -flto-partition=none line 16 arg3 == 3
FAIL: gcc.dg/guality/pr36728-2.c -O2 -flto -fno-use-linker-plugin -flto-partition=none line 16 arg4 == 4
FAIL: gcc.dg/guality/pr36728-2.c -O2 -flto -fno-use-linker-plugin -flto-partition=none line 18 arg2 == 2
FAIL: gcc.dg/guality/pr36728-2.c -O2 -flto -fno-use-linker-plugin -flto-partition=none line 18 arg3 == 3
FAIL: gcc.dg/guality/pr36728-2.c -O2 -flto -fno-use-linker-plugin -flto-partition=none line 18 arg4 == 4
FAIL: gcc.dg/guality/pr36728-2.c -O2 -flto -fuse-linker-plugin -fno-fat-lto-objects line 16 arg2 == 2
FAIL: gcc.dg/guality/pr36728-2.c -O2 -flto -fuse-linker-plugin -fno-fat-lto-objects line 16 arg3 == 3
FAIL: gcc.dg/guality/pr36728-2.c -O2 -flto -fuse-linker-plugin -fno-fat-lto-objects line 16 arg4 == 4
FAIL: gcc.dg/guality/pr36728-2.c -O2 -flto -fuse-linker-plugin -fno-fat-lto-objects line 18 arg1 == 1
FAIL: gcc.dg/guality/pr36728-2.c -O2 -flto -fuse-linker-plugin -fno-fat-lto-objects line 18 arg2 == 2
FAIL: gcc.dg/guality/pr36728-2.c -O2 -flto -fuse-linker-plugin -fno-fat-lto-objects line 18 arg3 == 3
FAIL: gcc.dg/guality/pr36728-2.c -O2 -flto -fuse-linker-plugin -fno-fat-lto-objects line 18 arg4 == 4
FAIL: gcc.dg/guality/pr36728-3.c -O1 line 14 arg2 == 2
FAIL: gcc.dg/guality/pr36728-3.c -O1 line 14 arg3 == 3
FAIL: gcc.dg/guality/pr36728-3.c -O1 line 14 arg4 == 4
FAIL: gcc.dg/guality/pr36728-3.c -O1 line 16 arg2 == 2
FAIL: gcc.dg/guality/pr36728-3.c -O1 line 16 arg3 == 3
FAIL: gcc.dg/guality/pr36728-3.c -O1 line 16 arg4 == 4
FAIL: gcc.dg/guality/pr36728-3.c -O2 line 14 arg1 == 1
FAIL: gcc.dg/guality/pr36728-3.c -O2 line 14 arg2 == 2
FAIL: gcc.dg/guality/pr36728-3.c -O2 line 14 arg3 == 3
FAIL: gcc.dg/guality/pr36728-3.c -O2 line 14 arg4 == 4
FAIL: gcc.dg/guality/pr36728-3.c -O2 line 16 arg1 == 1
FAIL: gcc.dg/guality/pr36728-3.c -O2 line 16 arg2 == 2
FAIL: gcc.dg/guality/pr36728-3.c -O2 line 16 arg3 == 3
FAIL: gcc.dg/guality/pr36728-3.c -O2 line 16 arg4 == 4
FAIL: gcc.dg/guality/pr36728-3.c -O3 -fomit-frame-pointer line 14 arg1 == 1
FAIL: gcc.dg/guality/pr36728-3.c -O3 -fomit-frame-pointer line 14 arg2 == 2
FAIL: gcc.dg/guality/pr36728-3.c -O3 -fomit-frame-pointer line 14 arg3 == 3
FAIL: gcc.dg/guality/pr36728-3.c -O3 -fomit-frame-pointer line 14 arg4 == 4
FAIL: gcc.dg/guality/pr36728-3.c -O3 -fomit-frame-pointer line 16 arg1 == 1
FAIL: gcc.dg/guality/pr36728-3.c -O3 -fomit-frame-pointer line 16 arg2 == 2
FAIL: gcc.dg/guality/pr36728-3.c -O3 -fomit-frame-pointer line 16 arg3 == 3
FAIL: gcc.dg/guality/pr36728-3.c -O3 -fomit-frame-pointer line 16 arg4 == 4
FAIL: gcc.dg/guality/pr36728-3.c -O3 -g line 14 arg1 == 1
FAIL: gcc.dg/guality/pr36728-3.c -O3 -g line 14 arg2 == 2
FAIL: gcc.dg/guality/pr36728-3.c -O3 -g line 14 arg3 == 3
FAIL: gcc.dg/guality/pr36728-3.c -O3 -g line 14 arg4 == 4
FAIL: gcc.dg/guality/pr36728-3.c -O3 -g line 16 arg1 == 1
FAIL: gcc.dg/guality/pr36728-3.c -O3 -g line 16 arg2 == 2
FAIL: gcc.dg/guality/pr36728-3.c -O3 -g line 16 arg3 == 3
FAIL: gcc.dg/guality/pr36728-3.c -O3 -g line 16 arg4 == 4
FAIL: gcc.dg/guality/pr36728-3.c -Os line 14 arg2 == 2
FAIL: gcc.dg/guality/pr36728-3.c -Os line 14 arg4 == 4
FAIL: gcc.dg/guality/pr36728-3.c -Os line 16 arg2 == 2
FAIL: gcc.dg/guality/pr36728-3.c -Os line 16 arg3 == 3
FAIL: gcc.dg/guality/pr36728-3.c -Os line 16 arg4 == 4
FAIL: gcc.dg/guality/pr36728-3.c -O2 -flto -fno-use-linker-plugin -flto-partition=none line 14 arg1 == 1
FAIL: gcc.dg/guality/pr36728-3.c -O2 -flto -fno-use-linker-plugin -flto-partition=none line 14 arg2 == 2
FAIL: gcc.dg/guality/pr36728-3.c -O2 -flto -fno-use-linker-plugin -flto-partition=none line 14 arg3 == 3
FAIL: gcc.dg/guality/pr36728-3.c -O2 -flto -fno-use-linker-plugin -flto-partition=none line 14 arg4 == 4
FAIL: gcc.dg/guality/pr36728-3.c -O2 -flto -fno-use-linker-plugin -flto-partition=none line 16 arg1 == 1
FAIL: gcc.dg/guality/pr36728-3.c -O2 -flto -fno-use-linker-plugin -flto-partition=none line 16 arg2 == 2
FAIL: gcc.dg/guality/pr36728-3.c -O2 -flto -fno-use-linker-plugin -flto-partition=none line 16 arg3 == 3
FAIL: gcc.dg/guality/pr36728-3.c -O2 -flto -fno-use-linker-plugin -flto-partition=none line 16 arg4 == 4
FAIL: gcc.dg/guality/pr36728-3.c -O2 -flto -fuse-linker-plugin -fno-fat-lto-objects line 14 arg1 == 1
FAIL: gcc.dg/guality/pr36728-3.c -O2 -flto -fuse-linker-plugin -fno-fat-lto-objects line 14 arg2 == 2
FAIL: gcc.dg/guality/pr36728-3.c -O2 -flto -fuse-linker-plugin -fno-fat-lto-objects line 14 arg3 == 3
FAIL: gcc.dg/guality/pr36728-3.c -O2 -flto -fuse-linker-plugin -fno-fat-lto-objects line 14 arg4 == 4
FAIL: gcc.dg/guality/pr36728-3.c -O2 -flto -fuse-linker-plugin -fno-fat-lto-objects line 16 arg1 == 1
FAIL: gcc.dg/guality/pr36728-3.c -O2 -flto -fuse-linker-plugin -fno-fat-lto-objects line 16 arg2 == 2
FAIL: gcc.dg/guality/pr36728-3.c -O2 -flto -fuse-linker-plugin -fno-fat-lto-objects line 16 arg3 == 3
FAIL: gcc.dg/guality/pr36728-3.c -O2 -flto -fuse-linker-plugin -fno-fat-lto-objects line 16 arg4 == 4
FAIL: gcc.dg/guality/pr36728-4.c -O1 line 14 arg3 == 3
FAIL: gcc.dg/guality/pr36728-4.c -O1 line 14 arg4 == 4
FAIL: gcc.dg/guality/pr36728-4.c -O1 line 16 arg3 == 3
FAIL: gcc.dg/guality/pr36728-4.c -O1 line 16 arg4 == 4
FAIL: gcc.dg/guality/pr36728-4.c -O2 line 14 arg2 == 2
FAIL: gcc.dg/guality/pr36728-4.c -O2 line 14 arg3 == 3
FAIL: gcc.dg/guality/pr36728-4.c -O2 line 14 arg4 == 4
FAIL: gcc.dg/guality/pr36728-4.c -O2 line 16 arg2 == 2
FAIL: gcc.dg/guality/pr36728-4.c -O2 line 16 arg3 == 3
FAIL: gcc.dg/guality/pr36728-4.c -O2 line 16 arg4 == 4
FAIL: gcc.dg/guality/pr36728-4.c -O3 -fomit-frame-pointer line 14 arg2 == 2
FAIL: gcc.dg/guality/pr36728-4.c -O3 -fomit-frame-pointer line 14 arg3 == 3
FAIL: gcc.dg/guality/pr36728-4.c -O3 -fomit-frame-pointer line 14 arg4 == 4
FAIL: gcc.dg/guality/pr36728-4.c -O3 -fomit-frame-pointer line 16 arg2 == 2
FAIL: gcc.dg/guality/pr36728-4.c -O3 -fomit-frame-pointer line 16 arg3 == 3
FAIL: gcc.dg/guality/pr36728-4.c -O3 -fomit-frame-pointer line 16 arg4 == 4
FAIL: gcc.dg/guality/pr36728-4.c -O3 -g line 14 arg2 == 2
FAIL: gcc.dg/guality/pr36728-4.c -O3 -g line 14 arg3 == 3
FAIL: gcc.dg/guality/pr36728-4.c -O3 -g line 14 arg4 == 4
FAIL: gcc.dg/guality/pr36728-4.c -O3 -g line 16 arg2 == 2
FAIL: gcc.dg/guality/pr36728-4.c -O3 -g line 16 arg3 == 3
FAIL: gcc.dg/guality/pr36728-4.c -O3 -g line 16 arg4 == 4
FAIL: gcc.dg/guality/pr36728-4.c -Os line 14 arg3 == 3
FAIL: gcc.dg/guality/pr36728-4.c -Os line 14 arg4 == 4
FAIL: gcc.dg/guality/pr36728-4.c -Os line 16 arg3 == 3
FAIL: gcc.dg/guality/pr36728-4.c -Os line 16 arg4 == 4
FAIL: gcc.dg/guality/pr36728-4.c -O2 -flto -fno-use-linker-plugin -flto-partition=none line 14 arg2 == 2
FAIL: gcc.dg/guality/pr36728-4.c -O2 -flto -fno-use-linker-plugin -flto-partition=none line 14 arg3 == 3
FAIL: gcc.dg/guality/pr36728-4.c -O2 -flto -fno-use-linker-plugin -flto-partition=none line 14 arg4 == 4
FAIL: gcc.dg/guality/pr36728-4.c -O2 -flto -fno-use-linker-plugin -flto-partition=none line 16 arg2 == 2
FAIL: gcc.dg/guality/pr36728-4.c -O2 -flto -fno-use-linker-plugin -flto-partition=none line 16 arg3 == 3
FAIL: gcc.dg/guality/pr36728-4.c -O2 -flto -fno-use-linker-plugin -flto-partition=none line 16 arg4 == 4
FAIL: gcc.dg/guality/pr36728-4.c -O2 -flto -fuse-linker-plugin -fno-fat-lto-objects line 14 arg2 == 2
FAIL: gcc.dg/guality/pr36728-4.c -O2 -flto -fuse-linker-plugin -fno-fat-lto-objects line 14 arg3 == 3
FAIL: gcc.dg/guality/pr36728-4.c -O2 -flto -fuse-linker-plugin -fno-fat-lto-objects line 14 arg4 == 4
FAIL: gcc.dg/guality/pr36728-4.c -O2 -flto -fuse-linker-plugin -fno-fat-lto-objects line 16 arg2 == 2
FAIL: gcc.dg/guality/pr36728-4.c -O2 -flto -fuse-linker-plugin -fno-fat-lto-objects line 16 arg3 == 3
FAIL: gcc.dg/guality/pr36728-4.c -O2 -flto -fuse-linker-plugin -fno-fat-lto-objects line 16 arg4 == 4
XPASS: gcc.dg/guality/pr41353-1.c -O0 line 28 j == 28 + 37
XPASS: gcc.dg/guality/pr41447-1.c -O0 execution test
XPASS: gcc.dg/guality/pr41447-1.c -O1 execution test
XPASS: gcc.dg/guality/pr41447-1.c -O2 execution test
XPASS: gcc.dg/guality/pr41447-1.c -O3 -fomit-frame-pointer execution test
XPASS: gcc.dg/guality/pr41447-1.c -O3 -g execution test
XPASS: gcc.dg/guality/pr41447-1.c -Os execution test
XPASS: gcc.dg/guality/pr41447-1.c -O2 -flto -fno-use-linker-plugin -flto-partition=none execution test
XPASS: gcc.dg/guality/pr41447-1.c -O2 -flto -fuse-linker-plugin -fno-fat-lto-objects execution test
XPASS: gcc.dg/guality/pr41616-1.c -O0 execution test
XPASS: gcc.dg/guality/pr41616-1.c -O1 execution test
XPASS: gcc.dg/guality/pr41616-1.c -O2 execution test
XPASS: gcc.dg/guality/pr41616-1.c -O3 -fomit-frame-pointer execution test
XPASS: gcc.dg/guality/pr41616-1.c -O3 -g execution test
XPASS: gcc.dg/guality/pr41616-1.c -Os execution test
XPASS: gcc.dg/guality/pr41616-1.c -O2 -flto -fno-use-linker-plugin -flto-partition=none execution test
FAIL: gcc.dg/guality/pr43051-1.c -O1 line 34 c == &a[0]
FAIL: gcc.dg/guality/pr43051-1.c -O2 line 34 c == &a[0]
FAIL: gcc.dg/guality/pr43051-1.c -O3 -fomit-frame-pointer -funroll-loops line 34 c == &a[0]
FAIL: gcc.dg/guality/pr43051-1.c -O3 -fomit-frame-pointer -funroll-all-loops -finline-functions line 34 c == &a[0]
FAIL: gcc.dg/guality/pr43051-1.c -O2 -flto -fno-use-linker-plugin -flto-partition=none line 34 c == &a[0]
FAIL: gcc.dg/guality/pr43051-1.c -O2 -flto -fuse-linker-plugin -fno-fat-lto-objects line 34 c == &a[0]
FAIL: gcc.dg/guality/pr43077-1.c -O1 line 42 varb == 2
FAIL: gcc.dg/guality/pr43077-1.c -O2 line 42 varc == 3
FAIL: gcc.dg/guality/pr43077-1.c -O3 -fomit-frame-pointer line 42 varc == 3
FAIL: gcc.dg/guality/pr43077-1.c -O3 -g line 42 varc == 3
FAIL: gcc.dg/guality/pr43077-1.c -Os line 42 varc == 3
FAIL: gcc.dg/guality/pr43077-1.c -O2 -flto -fno-use-linker-plugin -flto-partition=none line 42 varc == 3
FAIL: gcc.dg/guality/pr43077-1.c -O2 -flto -fuse-linker-plugin -fno-fat-lto-objects line 42 varc == 3
FAIL: gcc.dg/guality/pr43177.c -O2 line 15 l == 10
FAIL: gcc.dg/guality/pr43177.c -O2 line 15 x == 7
FAIL: gcc.dg/guality/pr43177.c -O2 line 24 l == 10
FAIL: gcc.dg/guality/pr43177.c -O2 line 24 x == 7
FAIL: gcc.dg/guality/pr43177.c -O3 -fomit-frame-pointer line 15 l == 10
FAIL: gcc.dg/guality/pr43177.c -O3 -fomit-frame-pointer line 15 x == 7
FAIL: gcc.dg/guality/pr43177.c -O3 -fomit-frame-pointer line 24 l == 10
FAIL: gcc.dg/guality/pr43177.c -O3 -fomit-frame-pointer line 24 x == 7
FAIL: gcc.dg/guality/pr43177.c -O3 -g line 15 l == 10
FAIL: gcc.dg/guality/pr43177.c -O3 -g line 15 x == 7
FAIL: gcc.dg/guality/pr43177.c -O3 -g line 24 l == 10
FAIL: gcc.dg/guality/pr43177.c -O3 -g line 24 x == 7
FAIL: gcc.dg/guality/pr43177.c -Os line 15 l == 10
FAIL: gcc.dg/guality/pr43177.c -Os line 15 x == 7
FAIL: gcc.dg/guality/pr43177.c -Os line 24 l == 10
FAIL: gcc.dg/guality/pr43177.c -Os line 24 x == 7
FAIL: gcc.dg/guality/pr43177.c -O2 -flto -fno-use-linker-plugin -flto-partition=none line 15 l == 10
FAIL: gcc.dg/guality/pr43177.c -O2 -flto -fno-use-linker-plugin -flto-partition=none line 15 x == 7
FAIL: gcc.dg/guality/pr43177.c -O2 -flto -fuse-linker-plugin -fno-fat-lto-objects line 15 l == 10
FAIL: gcc.dg/guality/pr43177.c -O2 -flto -fuse-linker-plugin -fno-fat-lto-objects line 15 x == 7
FAIL: gcc.dg/guality/pr43479.c -O1 line 13 h == 9
FAIL: gcc.dg/guality/pr43479.c -O1 line 18 h == 9
FAIL: gcc.dg/guality/pr43479.c -O2 line 13 h == 9
FAIL: gcc.dg/guality/pr43479.c -O2 line 18 h == 9
FAIL: gcc.dg/guality/pr43479.c -O3 -fomit-frame-pointer line 13 h == 9
FAIL: gcc.dg/guality/pr43479.c -O3 -fomit-frame-pointer line 18 h == 9
FAIL: gcc.dg/guality/pr43479.c -O3 -g line 13 h == 9
FAIL: gcc.dg/guality/pr43479.c -O3 -g line 18 h == 9
FAIL: gcc.dg/guality/pr43479.c -Os line 13 h == 9
FAIL: gcc.dg/guality/pr43479.c -Os line 18 h == 9
FAIL: gcc.dg/guality/pr43479.c -O2 -flto -fno-use-linker-plugin -flto-partition=none line 13 h == 9
FAIL: gcc.dg/guality/pr43479.c -O2 -flto -fno-use-linker-plugin -flto-partition=none line 18 h == 9
FAIL: gcc.dg/guality/pr43479.c -O2 -flto -fuse-linker-plugin -fno-fat-lto-objects line 13 h == 9
FAIL: gcc.dg/guality/pr43479.c -O2 -flto -fuse-linker-plugin -fno-fat-lto-objects line 18 h == 9
FAIL: gcc.dg/guality/pr43593.c -O1 line 16 j == &i
FAIL: gcc.dg/guality/pr43593.c -O2 line 16 j == &i
FAIL: gcc.dg/guality/pr43593.c -O3 -fomit-frame-pointer line 16 j == &i
FAIL: gcc.dg/guality/pr43593.c -O3 -g line 16 j == &i
FAIL: gcc.dg/guality/pr43593.c -Os line 16 j == &i
FAIL: gcc.dg/guality/pr43593.c -O2 -flto -fno-use-linker-plugin -flto-partition=none line 16 j == &i
FAIL: gcc.dg/guality/pr43593.c -O2 -flto -fuse-linker-plugin -fno-fat-lto-objects line 16 j == &i
FAIL: gcc.dg/guality/pr45882.c -O2 -flto -fuse-linker-plugin -fno-fat-lto-objects line 16 d == 112
FAIL: gcc.dg/guality/pr45882.c -O2 -flto -fuse-linker-plugin -fno-fat-lto-objects line 16 e == 142
FAIL: gcc.dg/guality/pr54200.c -O1 line 20 z == 3
FAIL: gcc.dg/guality/pr54200.c -O2 line 20 z == 3
FAIL: gcc.dg/guality/pr54200.c -O3 -fomit-frame-pointer line 20 z == 3
FAIL: gcc.dg/guality/pr54200.c -O3 -g line 20 z == 3
FAIL: gcc.dg/guality/pr54200.c -Os line 20 z == 3
FAIL: gcc.dg/guality/pr54200.c -O2 -flto -fno-use-linker-plugin -flto-partition=none line 20 z == 3
FAIL: gcc.dg/guality/pr54200.c -O2 -flto -fuse-linker-plugin -fno-fat-lto-objects line 20 z == 3
FAIL: gcc.dg/guality/pr54519-1.c -O2 -flto -fno-use-linker-plugin -flto-partition=none line 20 y == 25
FAIL: gcc.dg/guality/pr54519-1.c -O2 -flto -fno-use-linker-plugin -flto-partition=none line 20 z == 6
FAIL: gcc.dg/guality/pr54519-1.c -O2 -flto -fno-use-linker-plugin -flto-partition=none line 23 y == 117
FAIL: gcc.dg/guality/pr54519-1.c -O2 -flto -fno-use-linker-plugin -flto-partition=none line 23 z == 8
FAIL: gcc.dg/guality/pr54519-1.c -O2 -flto -fuse-linker-plugin -fno-fat-lto-objects line 20 y == 25
FAIL: gcc.dg/guality/pr54519-1.c -O2 -flto -fuse-linker-plugin -fno-fat-lto-objects line 20 z == 6
FAIL: gcc.dg/guality/pr54519-2.c -O2 -flto -fno-use-linker-plugin -flto-partition=none line 17 y == 25
FAIL: gcc.dg/guality/pr54519-2.c -O2 -flto -fuse-linker-plugin -fno-fat-lto-objects line 17 y == 25
FAIL: gcc.dg/guality/pr54519-3.c -O2 -flto -fno-use-linker-plugin -flto-partition=none line 20 y == 25
FAIL: gcc.dg/guality/pr54519-3.c -O2 -flto -fno-use-linker-plugin -flto-partition=none line 20 z == 6
FAIL: gcc.dg/guality/pr54519-3.c -O2 -flto -fno-use-linker-plugin -flto-partition=none line 23 y == 117
FAIL: gcc.dg/guality/pr54519-3.c -O2 -flto -fno-use-linker-plugin -flto-partition=none line 23 z == 8
FAIL: gcc.dg/guality/pr54519-3.c -O2 -flto -fuse-linker-plugin -fno-fat-lto-objects line 20 x == 36
FAIL: gcc.dg/guality/pr54519-3.c -O2 -flto -fuse-linker-plugin -fno-fat-lto-objects line 20 y == 25
FAIL: gcc.dg/guality/pr54519-3.c -O2 -flto -fuse-linker-plugin -fno-fat-lto-objects line 20 z == 6
FAIL: gcc.dg/guality/pr54519-3.c -O2 -flto -fuse-linker-plugin -fno-fat-lto-objects line 23 x == 98
FAIL: gcc.dg/guality/pr54519-3.c -O2 -flto -fuse-linker-plugin -fno-fat-lto-objects line 23 y == 117
FAIL: gcc.dg/guality/pr54519-3.c -O2 -flto -fuse-linker-plugin -fno-fat-lto-objects line 23 z == 8
FAIL: gcc.dg/guality/pr54519-4.c -O2 -flto -fno-use-linker-plugin -flto-partition=none line 17 y == 25
FAIL: gcc.dg/guality/pr54519-4.c -O2 -flto -fuse-linker-plugin -fno-fat-lto-objects line 17 x == 6
FAIL: gcc.dg/guality/pr54519-4.c -O2 -flto -fuse-linker-plugin -fno-fat-lto-objects line 17 y == 25
FAIL: gcc.dg/guality/pr54519-5.c -O2 line 17 x == 6
FAIL: gcc.dg/guality/pr54519-5.c -O2 -flto -fno-use-linker-plugin -flto-partition=none line 17 x == 6
FAIL: gcc.dg/guality/pr54519-5.c -O2 -flto -fno-use-linker-plugin -flto-partition=none line 17 y == 25
FAIL: gcc.dg/guality/pr54519-5.c -O2 -flto -fuse-linker-plugin -fno-fat-lto-objects line 17 y == 25
FAIL: gcc.dg/guality/pr54693-2.c -O3 -fomit-frame-pointer -funroll-all-loops -finline-functions line 21 i == v + 1
FAIL: gcc.dg/guality/pr54693.c -O1 line 22 i == c - 48
FAIL: gcc.dg/guality/pr54693.c -O2 line 22 i == c - 48
FAIL: gcc.dg/guality/pr54693.c -O3 -fomit-frame-pointer line 22 i == c - 48
FAIL: gcc.dg/guality/pr54693.c -O3 -fomit-frame-pointer -funroll-loops line 22 i == c - 48
FAIL: gcc.dg/guality/pr54693.c -O3 -fomit-frame-pointer -funroll-all-loops -finline-functions line 22 i == c - 48
FAIL: gcc.dg/guality/pr54693.c -O3 -g line 22 i == c - 48
FAIL: gcc.dg/guality/pr54693.c -O2 -flto -fno-use-linker-plugin -flto-partition=none line 22 i == c - 48
FAIL: gcc.dg/guality/pr54693.c -O2 -flto -fuse-linker-plugin -fno-fat-lto-objects line 22 i == c - 48
FAIL: gcc.dg/guality/pr54970.c -O1 line 15 a[0] == 1
FAIL: gcc.dg/guality/pr54970.c -O1 line 20 a[0] == 1
FAIL: gcc.dg/guality/pr54970.c -O1 line 25 a[0] == 1
FAIL: gcc.dg/guality/pr54970.c -O1 line 31 a[0] == 4
FAIL: gcc.dg/guality/pr54970.c -O1 line 36 a[0] == 4
FAIL: gcc.dg/guality/pr54970.c -O1 line 45 a[0] == 4
FAIL: gcc.dg/guality/pr54970.c -O2 line 15 a[0] == 1
FAIL: gcc.dg/guality/pr54970.c -O2 line 20 a[0] == 1
FAIL: gcc.dg/guality/pr54970.c -O2 line 25 a[0] == 1
FAIL: gcc.dg/guality/pr54970.c -O2 line 31 a[0] == 4
FAIL: gcc.dg/guality/pr54970.c -O2 line 36 a[0] == 4
FAIL: gcc.dg/guality/pr54970.c -O2 line 45 a[0] == 4
FAIL: gcc.dg/guality/pr54970.c -O3 -fomit-frame-pointer line 15 a[0] == 1
FAIL: gcc.dg/guality/pr54970.c -O3 -fomit-frame-pointer line 20 a[0] == 1
FAIL: gcc.dg/guality/pr54970.c -O3 -fomit-frame-pointer line 25 a[0] == 1
FAIL: gcc.dg/guality/pr54970.c -O3 -fomit-frame-pointer line 31 a[0] == 4
FAIL: gcc.dg/guality/pr54970.c -O3 -fomit-frame-pointer line 36 a[0] == 4
FAIL: gcc.dg/guality/pr54970.c -O3 -fomit-frame-pointer line 45 a[0] == 4
FAIL: gcc.dg/guality/pr54970.c -O3 -g line 15 a[0] == 1
FAIL: gcc.dg/guality/pr54970.c -O3 -g line 20 a[0] == 1
FAIL: gcc.dg/guality/pr54970.c -O3 -g line 25 a[0] == 1
FAIL: gcc.dg/guality/pr54970.c -O3 -g line 31 a[0] == 4
FAIL: gcc.dg/guality/pr54970.c -O3 -g line 36 a[0] == 4
FAIL: gcc.dg/guality/pr54970.c -O3 -g line 45 a[0] == 4
FAIL: gcc.dg/guality/pr54970.c -Os line 15 a[0] == 1
FAIL: gcc.dg/guality/pr54970.c -Os line 20 a[0] == 1
FAIL: gcc.dg/guality/pr54970.c -Os line 25 a[0] == 1
FAIL: gcc.dg/guality/pr54970.c -Os line 31 a[0] == 4
FAIL: gcc.dg/guality/pr54970.c -Os line 36 a[0] == 4
FAIL: gcc.dg/guality/pr54970.c -Os line 45 a[0] == 4
FAIL: gcc.dg/guality/pr54970.c -O2 -flto -fno-use-linker-plugin -flto-partition=none line 15 a[0] == 1
FAIL: gcc.dg/guality/pr54970.c -O2 -flto -fno-use-linker-plugin -flto-partition=none line 20 a[0] == 1
FAIL: gcc.dg/guality/pr54970.c -O2 -flto -fno-use-linker-plugin -flto-partition=none line 25 a[0] == 1
FAIL: gcc.dg/guality/pr54970.c -O2 -flto -fno-use-linker-plugin -flto-partition=none line 31 a[0] == 4
FAIL: gcc.dg/guality/pr54970.c -O2 -flto -fno-use-linker-plugin -flto-partition=none line 36 a[0] == 4
FAIL: gcc.dg/guality/pr54970.c -O2 -flto -fno-use-linker-plugin -flto-partition=none line 45 a[0] == 4
FAIL: gcc.dg/guality/pr54970.c -O2 -flto -fuse-linker-plugin -fno-fat-lto-objects line 15 a[0] == 1
FAIL: gcc.dg/guality/pr54970.c -O2 -flto -fuse-linker-plugin -fno-fat-lto-objects line 20 a[0] == 1
FAIL: gcc.dg/guality/pr54970.c -O2 -flto -fuse-linker-plugin -fno-fat-lto-objects line 25 a[0] == 1
FAIL: gcc.dg/guality/pr54970.c -O2 -flto -fuse-linker-plugin -fno-fat-lto-objects line 31 a[0] == 4
FAIL: gcc.dg/guality/pr54970.c -O2 -flto -fuse-linker-plugin -fno-fat-lto-objects line 36 a[0] == 4
FAIL: gcc.dg/guality/pr54970.c -O2 -flto -fuse-linker-plugin -fno-fat-lto-objects line 45 a[0] == 4
FAIL: gcc.dg/guality/pr58791-3.c -O1 line pr58791-3.c:19 h == 9
FAIL: gcc.dg/guality/pr58791-3.c -O1 line pr58791-3.c:19 i == 15
FAIL: gcc.dg/guality/pr58791-3.c -O1 line pr58791-3.c:19 l == 10
FAIL: gcc.dg/guality/pr58791-3.c -O1 line pr58791-3.c:19 m == 16
FAIL: gcc.dg/guality/pr58791-3.c -Os line pr58791-3.c:19 h == 9
FAIL: gcc.dg/guality/pr58791-3.c -Os line pr58791-3.c:19 i == 15
FAIL: gcc.dg/guality/pr58791-3.c -Os line pr58791-3.c:19 l == 10
FAIL: gcc.dg/guality/pr58791-3.c -Os line pr58791-3.c:19 m == 16
FAIL: gcc.dg/guality/pr58791-5.c -O1 line pr58791-5.c:20 b4 == 4681
FAIL: gcc.dg/guality/pr58791-5.c -O2 line pr58791-5.c:20 b4 == 4681
FAIL: gcc.dg/guality/pr58791-5.c -O3 -fomit-frame-pointer line pr58791-5.c:20 b4 == 4681
FAIL: gcc.dg/guality/pr58791-5.c -O3 -g line pr58791-5.c:20 b4 == 4681
FAIL: gcc.dg/guality/pr58791-5.c -Os line pr58791-5.c:20 b4 == 4681
FAIL: gcc.dg/guality/pr58791-5.c -O2 -flto -fno-use-linker-plugin -flto-partition=none line pr58791-5.c:20 b4 == 4681
FAIL: gcc.dg/guality/pr58791-5.c -O2 -flto -fuse-linker-plugin -fno-fat-lto-objects line pr58791-5.c:20 b4 == 4681
FAIL: gcc.dg/guality/sra-1.c -O1 line 43 a.i == 4
FAIL: gcc.dg/guality/sra-1.c -O2 line 43 a.i == 4
FAIL: gcc.dg/guality/sra-1.c -O2 line 43 a.j == 14
FAIL: gcc.dg/guality/sra-1.c -O3 -fomit-frame-pointer line 43 a.i == 4
FAIL: gcc.dg/guality/sra-1.c -O3 -fomit-frame-pointer line 43 a.j == 14
FAIL: gcc.dg/guality/sra-1.c -O3 -g line 43 a.i == 4
FAIL: gcc.dg/guality/sra-1.c -O3 -g line 43 a.j == 14
FAIL: gcc.dg/guality/sra-1.c -Os line 43 a.i == 4
FAIL: gcc.dg/guality/sra-1.c -Os line 43 a.j == 14
FAIL: gcc.dg/guality/sra-1.c -O2 -flto -fno-use-linker-plugin -flto-partition=none line 21 a.i == 4
FAIL: gcc.dg/guality/sra-1.c -O2 -flto -fno-use-linker-plugin -flto-partition=none line 21 a.j == 14
FAIL: gcc.dg/guality/sra-1.c -O2 -flto -fno-use-linker-plugin -flto-partition=none line 43 a.i == 4
FAIL: gcc.dg/guality/sra-1.c -O2 -flto -fno-use-linker-plugin -flto-partition=none line 43 a.j == 14
FAIL: gcc.dg/guality/sra-1.c -O2 -flto -fuse-linker-plugin -fno-fat-lto-objects line 21 a.i == 4
FAIL: gcc.dg/guality/sra-1.c -O2 -flto -fuse-linker-plugin -fno-fat-lto-objects line 43 a.i == 4
FAIL: gcc.dg/guality/vla-1.c -O0 line 17 sizeof (a) == 6
FAIL: gcc.dg/guality/vla-1.c -O0 line 24 sizeof (a) == 17 * sizeof (short)
FAIL: gcc.dg/guality/vla-1.c -O1 line 17 sizeof (a) == 6
FAIL: gcc.dg/guality/vla-1.c -O1 line 24 sizeof (a) == 17 * sizeof (short)
FAIL: gcc.dg/guality/vla-1.c -O2 line 17 sizeof (a) == 6
FAIL: gcc.dg/guality/vla-1.c -O2 line 24 sizeof (a) == 17 * sizeof (short)
FAIL: gcc.dg/guality/vla-1.c -O3 -fomit-frame-pointer line 17 sizeof (a) == 6
FAIL: gcc.dg/guality/vla-1.c -O3 -fomit-frame-pointer line 24 sizeof (a) == 17 * sizeof (short)
FAIL: gcc.dg/guality/vla-1.c -O3 -g line 17 sizeof (a) == 6
FAIL: gcc.dg/guality/vla-1.c -O3 -g line 24 sizeof (a) == 17 * sizeof (short)
FAIL: gcc.dg/guality/vla-1.c -Os line 17 sizeof (a) == 6
FAIL: gcc.dg/guality/vla-1.c -Os line 24 sizeof (a) == 17 * sizeof (short)
FAIL: gcc.dg/guality/vla-1.c -O2 -flto -fno-use-linker-plugin -flto-partition=none line 17 sizeof (a) == 6
FAIL: gcc.dg/guality/vla-1.c -O2 -flto -fno-use-linker-plugin -flto-partition=none line 24 sizeof (a) == 17 * sizeof (short)
FAIL: gcc.dg/guality/vla-1.c -O2 -flto -fuse-linker-plugin -fno-fat-lto-objects line 17 sizeof (a) == 6
FAIL: gcc.dg/guality/vla-1.c -O2 -flto -fuse-linker-plugin -fno-fat-lto-objects line 24 sizeof (a) == 17 * sizeof (short)
FAIL: gcc.dg/guality/vla-2.c -O0 line 16 sizeof (a) == 5 * sizeof (int)
FAIL: gcc.dg/guality/vla-2.c -O0 line 25 sizeof (a) == 6 * sizeof (int)
FAIL: gcc.dg/guality/vla-2.c -O1 line 16 sizeof (a) == 5 * sizeof (int)
FAIL: gcc.dg/guality/vla-2.c -O1 line 25 sizeof (a) == 6 * sizeof (int)
FAIL: gcc.dg/guality/vla-2.c -O2 line 16 sizeof (a) == 5 * sizeof (int)
FAIL: gcc.dg/guality/vla-2.c -O2 line 25 sizeof (a) == 6 * sizeof (int)
FAIL: gcc.dg/guality/vla-2.c -O3 -fomit-frame-pointer line 16 sizeof (a) == 5 * sizeof (int)
FAIL: gcc.dg/guality/vla-2.c -O3 -fomit-frame-pointer line 25 sizeof (a) == 6 * sizeof (int)
FAIL: gcc.dg/guality/vla-2.c -O3 -g line 16 sizeof (a) == 5 * sizeof (int)
FAIL: gcc.dg/guality/vla-2.c -O3 -g line 25 sizeof (a) == 6 * sizeof (int)
FAIL: gcc.dg/guality/vla-2.c -Os line 16 sizeof (a) == 5 * sizeof (int)
FAIL: gcc.dg/guality/vla-2.c -Os line 25 sizeof (a) == 6 * sizeof (int)
FAIL: gcc.dg/guality/vla-2.c -O2 -flto -fno-use-linker-plugin -flto-partition=none line 16 sizeof (a) == 5 * sizeof (int)
FAIL: gcc.dg/guality/vla-2.c -O2 -flto -fno-use-linker-plugin -flto-partition=none line 25 sizeof (a) == 6 * sizeof (int)
FAIL: gcc.dg/guality/vla-2.c -O2 -flto -fuse-linker-plugin -fno-fat-lto-objects line 16 sizeof (a) == 5 * sizeof (int)
FAIL: gcc.dg/guality/vla-2.c -O2 -flto -fuse-linker-plugin -fno-fat-lto-objects line 25 sizeof (a) == 6 * sizeof (int)
FAIL: gcc.dg/tree-ssa/sra-12.c scan-tree-dump-times release_ssa "l;" 0
FAIL: gcc.dg/tree-ssa/ssa-dom-cse-2.c scan-tree-dump optimized "return 28;"
XPASS: gcc.dg/vect/pr33804.c scan-tree-dump-times vect "vectorized 1 loops" 1
XPASS: gcc.dg/vect/pr33804.c scan-tree-dump-times vect "vectorizing stmts using SLP" 1
XPASS: gcc.dg/vect/pr33953.c scan-tree-dump-times vect "vectorized 1 loops" 1
XPASS: gcc.dg/vect/pr33953.c scan-tree-dump-times vect "vectorizing stmts using SLP" 1
XPASS: gcc.dg/vect/pr58508.c scan-tree-dump-times vect "hoist" 3
FAIL: gcc.dg/vect/vect-33.c scan-tree-dump vect "Alignment of access forced using peeling"
XPASS: gcc.dg/vect/vect-cselim-1.c scan-tree-dump-times vect "vectorized 1 loops" 1
FAIL: gcc.dg/vect/vect-outer-3a-big-array.c scan-tree-dump-times vect "step doesn't divide the vector-size" 1
FAIL: gcc.dg/vect/vect-outer-3a.c scan-tree-dump-times vect "step doesn't divide the vector-size" 1
XPASS: gcc.dg/vect/vect-outer-5.c scan-tree-dump vect "zero step in outer loop."
XPASS: gcc.dg/vect/slp-24-big-array.c scan-tree-dump-times vect "vectorized 1 loops" 1
XPASS: gcc.dg/vect/slp-24-big-array.c scan-tree-dump-times vect "vectorizing stmts using SLP" 2
XPASS: gcc.dg/vect/slp-24.c scan-tree-dump-times vect "vectorized 1 loops" 1
XPASS: gcc.dg/vect/slp-24.c scan-tree-dump-times vect "vectorizing stmts using SLP" 2
FAIL: gcc.dg/vect/bb-slp-26.c scan-tree-dump-times slp1 "basic block vectorized" 1
XPASS: gcc.dg/vect/pr33804.c -flto -ffat-lto-objects scan-tree-dump-times vect "vectorized 1 loops" 1
XPASS: gcc.dg/vect/pr33804.c -flto -ffat-lto-objects scan-tree-dump-times vect "vectorizing stmts using SLP" 1
XPASS: gcc.dg/vect/pr33953.c -flto -ffat-lto-objects scan-tree-dump-times vect "vectorized 1 loops" 1
XPASS: gcc.dg/vect/pr33953.c -flto -ffat-lto-objects scan-tree-dump-times vect "vectorizing stmts using SLP" 1
XPASS: gcc.dg/vect/pr58508.c -flto -ffat-lto-objects scan-tree-dump-times vect "hoist" 3
FAIL: gcc.dg/vect/vect-33.c -flto -ffat-lto-objects scan-tree-dump vect "Alignment of access forced using peeling"
XPASS: gcc.dg/vect/vect-cselim-1.c -flto -ffat-lto-objects scan-tree-dump-times vect "vectorized 1 loops" 1
FAIL: gcc.dg/vect/vect-outer-3a-big-array.c -flto -ffat-lto-objects scan-tree-dump-times vect "step doesn't divide the vector-size" 1
FAIL: gcc.dg/vect/vect-outer-3a.c -flto -ffat-lto-objects scan-tree-dump-times vect "step doesn't divide the vector-size" 1
XPASS: gcc.dg/vect/vect-outer-5.c -flto -ffat-lto-objects scan-tree-dump vect "zero step in outer loop."
XPASS: gcc.dg/vect/slp-24-big-array.c -flto -ffat-lto-objects scan-tree-dump-times vect "vectorized 1 loops" 1
XPASS: gcc.dg/vect/slp-24-big-array.c -flto -ffat-lto-objects scan-tree-dump-times vect "vectorizing stmts using SLP" 2
XPASS: gcc.dg/vect/slp-24.c -flto -ffat-lto-objects scan-tree-dump-times vect "vectorized 1 loops" 1
XPASS: gcc.dg/vect/slp-24.c -flto -ffat-lto-objects scan-tree-dump-times vect "vectorizing stmts using SLP" 2
FAIL: gcc.dg/vect/bb-slp-26.c -flto -ffat-lto-objects scan-tree-dump-times slp1 "basic block vectorized" 1
FAIL: gcc.dg/vect/no-vfa-vect-depend-1.c scan-tree-dump-times vect "dependence distance negative" 1
FAIL: gcc.dg/vect/no-vfa-vect-depend-2.c scan-tree-dump-times vect "dependence distance negative" 1
FAIL: gcc.dg/vect/no-vfa-vect-depend-3.c scan-tree-dump-times vect "dependence distance negative" 4
XPASS: gcc.dg/vect/if-cvt-stores-vect-ifcvt-18.c scan-tree-dump-times vect "vectorized 1 loops" 1
FAIL: gcc.target/aarch64/advsimd-intrinsics/vaba.c execution, -O0
FAIL: gcc.target/aarch64/advsimd-intrinsics/vaba.c execution, -O1
FAIL: gcc.target/aarch64/advsimd-intrinsics/vaba.c execution, -O2
FAIL: gcc.target/aarch64/advsimd-intrinsics/vaba.c execution, -O3 -fomit-frame-pointer
FAIL: gcc.target/aarch64/advsimd-intrinsics/vaba.c execution, -O3 -g
FAIL: gcc.target/aarch64/advsimd-intrinsics/vaba.c execution, -Os
FAIL: gcc.target/aarch64/advsimd-intrinsics/vaba.c execution, -Og -g
FAIL: gcc.target/aarch64/advsimd-intrinsics/vaba.c execution, -O2 -flto -fno-use-linker-plugin -flto-partition=none
FAIL: gcc.target/aarch64/advsimd-intrinsics/vaba.c execution, -O2 -flto -fuse-linker-plugin -fno-fat-lto-objects
FAIL: gcc.target/aarch64/advsimd-intrinsics/vabal.c execution, -O0
FAIL: gcc.target/aarch64/advsimd-intrinsics/vabal.c execution, -O1
FAIL: gcc.target/aarch64/advsimd-intrinsics/vabal.c execution, -O2
FAIL: gcc.target/aarch64/advsimd-intrinsics/vabal.c execution, -O3 -fomit-frame-pointer
FAIL: gcc.target/aarch64/advsimd-intrinsics/vabal.c execution, -O3 -g
FAIL: gcc.target/aarch64/advsimd-intrinsics/vabal.c execution, -Os
FAIL: gcc.target/aarch64/advsimd-intrinsics/vabal.c execution, -Og -g
FAIL: gcc.target/aarch64/advsimd-intrinsics/vabal.c execution, -O2 -flto -fno-use-linker-plugin -flto-partition=none
FAIL: gcc.target/aarch64/advsimd-intrinsics/vabal.c execution, -O2 -flto -fuse-linker-plugin -fno-fat-lto-objects
FAIL: gcc.target/aarch64/advsimd-intrinsics/vabd.c execution, -O0
FAIL: gcc.target/aarch64/advsimd-intrinsics/vabd.c execution, -O1
FAIL: gcc.target/aarch64/advsimd-intrinsics/vabd.c execution, -O2
FAIL: gcc.target/aarch64/advsimd-intrinsics/vabd.c execution, -O3 -fomit-frame-pointer
FAIL: gcc.target/aarch64/advsimd-intrinsics/vabd.c execution, -O3 -g
FAIL: gcc.target/aarch64/advsimd-intrinsics/vabd.c execution, -Os
FAIL: gcc.target/aarch64/advsimd-intrinsics/vabd.c execution, -Og -g
FAIL: gcc.target/aarch64/advsimd-intrinsics/vabd.c execution, -O2 -flto -fno-use-linker-plugin -flto-partition=none
FAIL: gcc.target/aarch64/advsimd-intrinsics/vabd.c execution, -O2 -flto -fuse-linker-plugin -fno-fat-lto-objects
FAIL: gcc.target/aarch64/advsimd-intrinsics/vabdl.c execution, -O0
FAIL: gcc.target/aarch64/advsimd-intrinsics/vabdl.c execution, -O1
FAIL: gcc.target/aarch64/advsimd-intrinsics/vabdl.c execution, -O2
FAIL: gcc.target/aarch64/advsimd-intrinsics/vabdl.c execution, -O3 -fomit-frame-pointer
FAIL: gcc.target/aarch64/advsimd-intrinsics/vabdl.c execution, -O3 -g
FAIL: gcc.target/aarch64/advsimd-intrinsics/vabdl.c execution, -Os
FAIL: gcc.target/aarch64/advsimd-intrinsics/vabdl.c execution, -Og -g
FAIL: gcc.target/aarch64/advsimd-intrinsics/vabdl.c execution, -O2 -flto -fno-use-linker-plugin -flto-partition=none
FAIL: gcc.target/aarch64/advsimd-intrinsics/vabdl.c execution, -O2 -flto -fuse-linker-plugin -fno-fat-lto-objects
FAIL: gcc.target/aarch64/advsimd-intrinsics/vabs.c execution, -O0
FAIL: gcc.target/aarch64/advsimd-intrinsics/vabs.c execution, -O1
FAIL: gcc.target/aarch64/advsimd-intrinsics/vabs.c execution, -O2
FAIL: gcc.target/aarch64/advsimd-intrinsics/vabs.c execution, -O3 -fomit-frame-pointer
FAIL: gcc.target/aarch64/advsimd-intrinsics/vabs.c execution, -O3 -g
FAIL: gcc.target/aarch64/advsimd-intrinsics/vabs.c execution, -Os
FAIL: gcc.target/aarch64/advsimd-intrinsics/vabs.c execution, -Og -g
FAIL: gcc.target/aarch64/advsimd-intrinsics/vabs.c execution, -O2 -flto -fno-use-linker-plugin -flto-partition=none
FAIL: gcc.target/aarch64/advsimd-intrinsics/vabs.c execution, -O2 -flto -fuse-linker-plugin -fno-fat-lto-objects
FAIL: gcc.target/aarch64/advsimd-intrinsics/vadd.c execution, -O0
FAIL: gcc.target/aarch64/advsimd-intrinsics/vadd.c execution, -O1
FAIL: gcc.target/aarch64/advsimd-intrinsics/vadd.c execution, -O2
FAIL: gcc.target/aarch64/advsimd-intrinsics/vadd.c execution, -O3 -fomit-frame-pointer
FAIL: gcc.target/aarch64/advsimd-intrinsics/vadd.c execution, -O3 -g
FAIL: gcc.target/aarch64/advsimd-intrinsics/vadd.c execution, -Os
FAIL: gcc.target/aarch64/advsimd-intrinsics/vadd.c execution, -Og -g
FAIL: gcc.target/aarch64/advsimd-intrinsics/vadd.c execution, -O2 -flto -fno-use-linker-plugin -flto-partition=none
FAIL: gcc.target/aarch64/advsimd-intrinsics/vadd.c execution, -O2 -flto -fuse-linker-plugin -fno-fat-lto-objects
FAIL: gcc.target/aarch64/advsimd-intrinsics/vaddhn.c execution, -O0
FAIL: gcc.target/aarch64/advsimd-intrinsics/vaddhn.c execution, -O1
FAIL: gcc.target/aarch64/advsimd-intrinsics/vaddhn.c execution, -O2
FAIL: gcc.target/aarch64/advsimd-intrinsics/vaddhn.c execution, -O3 -fomit-frame-pointer
FAIL: gcc.target/aarch64/advsimd-intrinsics/vaddhn.c execution, -O3 -g
FAIL: gcc.target/aarch64/advsimd-intrinsics/vaddhn.c execution, -Os
FAIL: gcc.target/aarch64/advsimd-intrinsics/vaddhn.c execution, -Og -g
FAIL: gcc.target/aarch64/advsimd-intrinsics/vaddhn.c execution, -O2 -flto -fno-use-linker-plugin -flto-partition=none
FAIL: gcc.target/aarch64/advsimd-intrinsics/vaddhn.c execution, -O2 -flto -fuse-linker-plugin -fno-fat-lto-objects
FAIL: gcc.target/aarch64/advsimd-intrinsics/vaddl.c execution, -O0
FAIL: gcc.target/aarch64/advsimd-intrinsics/vaddl.c execution, -O1
FAIL: gcc.target/aarch64/advsimd-intrinsics/vaddl.c execution, -O2
FAIL: gcc.target/aarch64/advsimd-intrinsics/vaddl.c execution, -O3 -fomit-frame-pointer
FAIL: gcc.target/aarch64/advsimd-intrinsics/vaddl.c execution, -O3 -g
FAIL: gcc.target/aarch64/advsimd-intrinsics/vaddl.c execution, -Os
FAIL: gcc.target/aarch64/advsimd-intrinsics/vaddl.c execution, -Og -g
FAIL: gcc.target/aarch64/advsimd-intrinsics/vaddl.c execution, -O2 -flto -fno-use-linker-plugin -flto-partition=none
FAIL: gcc.target/aarch64/advsimd-intrinsics/vaddl.c execution, -O2 -flto -fuse-linker-plugin -fno-fat-lto-objects
FAIL: gcc.target/aarch64/advsimd-intrinsics/vaddw.c execution, -O0
FAIL: gcc.target/aarch64/advsimd-intrinsics/vaddw.c execution, -O1
FAIL: gcc.target/aarch64/advsimd-intrinsics/vaddw.c execution, -O2
FAIL: gcc.target/aarch64/advsimd-intrinsics/vaddw.c execution, -O3 -fomit-frame-pointer
FAIL: gcc.target/aarch64/advsimd-intrinsics/vaddw.c execution, -O3 -g
FAIL: gcc.target/aarch64/advsimd-intrinsics/vaddw.c execution, -Os
FAIL: gcc.target/aarch64/advsimd-intrinsics/vaddw.c execution, -Og -g
FAIL: gcc.target/aarch64/advsimd-intrinsics/vaddw.c execution, -O2 -flto -fno-use-linker-plugin -flto-partition=none
FAIL: gcc.target/aarch64/advsimd-intrinsics/vaddw.c execution, -O2 -flto -fuse-linker-plugin -fno-fat-lto-objects
FAIL: gcc.target/aarch64/advsimd-intrinsics/vand.c execution, -O0
FAIL: gcc.target/aarch64/advsimd-intrinsics/vand.c execution, -O1
FAIL: gcc.target/aarch64/advsimd-intrinsics/vand.c execution, -O2
FAIL: gcc.target/aarch64/advsimd-intrinsics/vand.c execution, -O3 -fomit-frame-pointer
FAIL: gcc.target/aarch64/advsimd-intrinsics/vand.c execution, -O3 -g
FAIL: gcc.target/aarch64/advsimd-intrinsics/vand.c execution, -Os
FAIL: gcc.target/aarch64/advsimd-intrinsics/vand.c execution, -Og -g
FAIL: gcc.target/aarch64/advsimd-intrinsics/vand.c execution, -O2 -flto -fno-use-linker-plugin -flto-partition=none
FAIL: gcc.target/aarch64/advsimd-intrinsics/vand.c execution, -O2 -flto -fuse-linker-plugin -fno-fat-lto-objects
FAIL: gcc.target/aarch64/advsimd-intrinsics/vbic.c execution, -O0
FAIL: gcc.target/aarch64/advsimd-intrinsics/vbic.c execution, -O1
FAIL: gcc.target/aarch64/advsimd-intrinsics/vbic.c execution, -O2
FAIL: gcc.target/aarch64/advsimd-intrinsics/vbic.c execution, -O3 -fomit-frame-pointer
FAIL: gcc.target/aarch64/advsimd-intrinsics/vbic.c execution, -O3 -g
FAIL: gcc.target/aarch64/advsimd-intrinsics/vbic.c execution, -Os
FAIL: gcc.target/aarch64/advsimd-intrinsics/vbic.c execution, -Og -g
FAIL: gcc.target/aarch64/advsimd-intrinsics/vbic.c execution, -O2 -flto -fno-use-linker-plugin -flto-partition=none
FAIL: gcc.target/aarch64/advsimd-intrinsics/vbic.c execution, -O2 -flto -fuse-linker-plugin -fno-fat-lto-objects
FAIL: gcc.target/aarch64/advsimd-intrinsics/vbsl.c execution, -O0
FAIL: gcc.target/aarch64/advsimd-intrinsics/vbsl.c execution, -O1
FAIL: gcc.target/aarch64/advsimd-intrinsics/vbsl.c execution, -O2
FAIL: gcc.target/aarch64/advsimd-intrinsics/vbsl.c execution, -O3 -fomit-frame-pointer
FAIL: gcc.target/aarch64/advsimd-intrinsics/vbsl.c execution, -O3 -g
FAIL: gcc.target/aarch64/advsimd-intrinsics/vbsl.c execution, -Os
FAIL: gcc.target/aarch64/advsimd-intrinsics/vbsl.c execution, -Og -g
FAIL: gcc.target/aarch64/advsimd-intrinsics/vbsl.c execution, -O2 -flto -fno-use-linker-plugin -flto-partition=none
FAIL: gcc.target/aarch64/advsimd-intrinsics/vbsl.c execution, -O2 -flto -fuse-linker-plugin -fno-fat-lto-objects
FAIL: gcc.target/aarch64/advsimd-intrinsics/vcage.c execution, -O0
FAIL: gcc.target/aarch64/advsimd-intrinsics/vcage.c execution, -O1
FAIL: gcc.target/aarch64/advsimd-intrinsics/vcage.c execution, -O2
FAIL: gcc.target/aarch64/advsimd-intrinsics/vcage.c execution, -O3 -fomit-frame-pointer
FAIL: gcc.target/aarch64/advsimd-intrinsics/vcage.c execution, -O3 -g
FAIL: gcc.target/aarch64/advsimd-intrinsics/vcage.c execution, -Os
FAIL: gcc.target/aarch64/advsimd-intrinsics/vcage.c execution, -Og -g
FAIL: gcc.target/aarch64/advsimd-intrinsics/vcage.c execution, -O2 -flto -fno-use-linker-plugin -flto-partition=none
FAIL: gcc.target/aarch64/advsimd-intrinsics/vcage.c execution, -O2 -flto -fuse-linker-plugin -fno-fat-lto-objects
FAIL: gcc.target/aarch64/advsimd-intrinsics/vcagt.c execution, -O0
FAIL: gcc.target/aarch64/advsimd-intrinsics/vcagt.c execution, -O1
FAIL: gcc.target/aarch64/advsimd-intrinsics/vcagt.c execution, -O2
FAIL: gcc.target/aarch64/advsimd-intrinsics/vcagt.c execution, -O3 -fomit-frame-pointer
FAIL: gcc.target/aarch64/advsimd-intrinsics/vcagt.c execution, -O3 -g
FAIL: gcc.target/aarch64/advsimd-intrinsics/vcagt.c execution, -Os
FAIL: gcc.target/aarch64/advsimd-intrinsics/vcagt.c execution, -Og -g
FAIL: gcc.target/aarch64/advsimd-intrinsics/vcagt.c execution, -O2 -flto -fno-use-linker-plugin -flto-partition=none
FAIL: gcc.target/aarch64/advsimd-intrinsics/vcagt.c execution, -O2 -flto -fuse-linker-plugin -fno-fat-lto-objects
FAIL: gcc.target/aarch64/advsimd-intrinsics/vcale.c execution, -O0
FAIL: gcc.target/aarch64/advsimd-intrinsics/vcale.c execution, -O1
FAIL: gcc.target/aarch64/advsimd-intrinsics/vcale.c execution, -O2
FAIL: gcc.target/aarch64/advsimd-intrinsics/vcale.c execution, -O3 -fomit-frame-pointer
FAIL: gcc.target/aarch64/advsimd-intrinsics/vcale.c execution, -O3 -g
FAIL: gcc.target/aarch64/advsimd-intrinsics/vcale.c execution, -Os
FAIL: gcc.target/aarch64/advsimd-intrinsics/vcale.c execution, -Og -g
FAIL: gcc.target/aarch64/advsimd-intrinsics/vcale.c execution, -O2 -flto -fno-use-linker-plugin -flto-partition=none
FAIL: gcc.target/aarch64/advsimd-intrinsics/vcale.c execution, -O2 -flto -fuse-linker-plugin -fno-fat-lto-objects
FAIL: gcc.target/aarch64/advsimd-intrinsics/vcalt.c execution, -O0
FAIL: gcc.target/aarch64/advsimd-intrinsics/vcalt.c execution, -O1
FAIL: gcc.target/aarch64/advsimd-intrinsics/vcalt.c execution, -O2
FAIL: gcc.target/aarch64/advsimd-intrinsics/vcalt.c execution, -O3 -fomit-frame-pointer
FAIL: gcc.target/aarch64/advsimd-intrinsics/vcalt.c execution, -O3 -g
FAIL: gcc.target/aarch64/advsimd-intrinsics/vcalt.c execution, -Os
FAIL: gcc.target/aarch64/advsimd-intrinsics/vcalt.c execution, -Og -g
FAIL: gcc.target/aarch64/advsimd-intrinsics/vcalt.c execution, -O2 -flto -fno-use-linker-plugin -flto-partition=none
FAIL: gcc.target/aarch64/advsimd-intrinsics/vcalt.c execution, -O2 -flto -fuse-linker-plugin -fno-fat-lto-objects
FAIL: gcc.target/aarch64/advsimd-intrinsics/vceq.c execution, -O0
FAIL: gcc.target/aarch64/advsimd-intrinsics/vceq.c execution, -O1
FAIL: gcc.target/aarch64/advsimd-intrinsics/vceq.c execution, -O2
FAIL: gcc.target/aarch64/advsimd-intrinsics/vceq.c execution, -O3 -fomit-frame-pointer
FAIL: gcc.target/aarch64/advsimd-intrinsics/vceq.c execution, -O3 -g
FAIL: gcc.target/aarch64/advsimd-intrinsics/vceq.c execution, -Os
FAIL: gcc.target/aarch64/advsimd-intrinsics/vceq.c execution, -Og -g
FAIL: gcc.target/aarch64/advsimd-intrinsics/vceq.c execution, -O2 -flto -fno-use-linker-plugin -flto-partition=none
FAIL: gcc.target/aarch64/advsimd-intrinsics/vceq.c execution, -O2 -flto -fuse-linker-plugin -fno-fat-lto-objects
FAIL: gcc.target/aarch64/advsimd-intrinsics/vcge.c execution, -O0
FAIL: gcc.target/aarch64/advsimd-intrinsics/vcge.c execution, -O1
FAIL: gcc.target/aarch64/advsimd-intrinsics/vcge.c execution, -O2
FAIL: gcc.target/aarch64/advsimd-intrinsics/vcge.c execution, -O3 -fomit-frame-pointer
FAIL: gcc.target/aarch64/advsimd-intrinsics/vcge.c execution, -O3 -g
FAIL: gcc.target/aarch64/advsimd-intrinsics/vcge.c execution, -Os
FAIL: gcc.target/aarch64/advsimd-intrinsics/vcge.c execution, -Og -g
FAIL: gcc.target/aarch64/advsimd-intrinsics/vcge.c execution, -O2 -flto -fno-use-linker-plugin -flto-partition=none
FAIL: gcc.target/aarch64/advsimd-intrinsics/vcge.c execution, -O2 -flto -fuse-linker-plugin -fno-fat-lto-objects
FAIL: gcc.target/aarch64/advsimd-intrinsics/vcgt.c execution, -O0
FAIL: gcc.target/aarch64/advsimd-intrinsics/vcgt.c execution, -O1
FAIL: gcc.target/aarch64/advsimd-intrinsics/vcgt.c execution, -O2
FAIL: gcc.target/aarch64/advsimd-intrinsics/vcgt.c execution, -O3 -fomit-frame-pointer
FAIL: gcc.target/aarch64/advsimd-intrinsics/vcgt.c execution, -O3 -g
FAIL: gcc.target/aarch64/advsimd-intrinsics/vcgt.c execution, -Os
FAIL: gcc.target/aarch64/advsimd-intrinsics/vcgt.c execution, -Og -g
FAIL: gcc.target/aarch64/advsimd-intrinsics/vcgt.c execution, -O2 -flto -fno-use-linker-plugin -flto-partition=none
FAIL: gcc.target/aarch64/advsimd-intrinsics/vcgt.c execution, -O2 -flto -fuse-linker-plugin -fno-fat-lto-objects
FAIL: gcc.target/aarch64/advsimd-intrinsics/vcle.c execution, -O0
FAIL: gcc.target/aarch64/advsimd-intrinsics/vcle.c execution, -O1
FAIL: gcc.target/aarch64/advsimd-intrinsics/vcle.c execution, -O2
FAIL: gcc.target/aarch64/advsimd-intrinsics/vcle.c execution, -O3 -fomit-frame-pointer
FAIL: gcc.target/aarch64/advsimd-intrinsics/vcle.c execution, -O3 -g
FAIL: gcc.target/aarch64/advsimd-intrinsics/vcle.c execution, -Os
FAIL: gcc.target/aarch64/advsimd-intrinsics/vcle.c execution, -Og -g
FAIL: gcc.target/aarch64/advsimd-intrinsics/vcle.c execution, -O2 -flto -fno-use-linker-plugin -flto-partition=none
FAIL: gcc.target/aarch64/advsimd-intrinsics/vcle.c execution, -O2 -flto -fuse-linker-plugin -fno-fat-lto-objects
FAIL: gcc.target/aarch64/advsimd-intrinsics/vcls.c execution, -O0
FAIL: gcc.target/aarch64/advsimd-intrinsics/vcls.c execution, -O1
FAIL: gcc.target/aarch64/advsimd-intrinsics/vcls.c execution, -O2
FAIL: gcc.target/aarch64/advsimd-intrinsics/vcls.c execution, -O3 -fomit-frame-pointer
FAIL: gcc.target/aarch64/advsimd-intrinsics/vcls.c execution, -O3 -g
FAIL: gcc.target/aarch64/advsimd-intrinsics/vcls.c execution, -Os
FAIL: gcc.target/aarch64/advsimd-intrinsics/vcls.c execution, -Og -g
FAIL: gcc.target/aarch64/advsimd-intrinsics/vcls.c execution, -O2 -flto -fno-use-linker-plugin -flto-partition=none
FAIL: gcc.target/aarch64/advsimd-intrinsics/vcls.c execution, -O2 -flto -fuse-linker-plugin -fno-fat-lto-objects
FAIL: gcc.target/aarch64/advsimd-intrinsics/vclt.c execution, -O0
FAIL: gcc.target/aarch64/advsimd-intrinsics/vclt.c execution, -O1
FAIL: gcc.target/aarch64/advsimd-intrinsics/vclt.c execution, -O2
FAIL: gcc.target/aarch64/advsimd-intrinsics/vclt.c execution, -O3 -fomit-frame-pointer
FAIL: gcc.target/aarch64/advsimd-intrinsics/vclt.c execution, -O3 -g
FAIL: gcc.target/aarch64/advsimd-intrinsics/vclt.c execution, -Os
FAIL: gcc.target/aarch64/advsimd-intrinsics/vclt.c execution, -Og -g
FAIL: gcc.target/aarch64/advsimd-intrinsics/vclt.c execution, -O2 -flto -fno-use-linker-plugin -flto-partition=none
FAIL: gcc.target/aarch64/advsimd-intrinsics/vclt.c execution, -O2 -flto -fuse-linker-plugin -fno-fat-lto-objects
FAIL: gcc.target/aarch64/advsimd-intrinsics/vclz.c execution, -O0
FAIL: gcc.target/aarch64/advsimd-intrinsics/vclz.c execution, -O1
FAIL: gcc.target/aarch64/advsimd-intrinsics/vclz.c execution, -O2
FAIL: gcc.target/aarch64/advsimd-intrinsics/vclz.c execution, -O3 -fomit-frame-pointer
FAIL: gcc.target/aarch64/advsimd-intrinsics/vclz.c execution, -O3 -g
FAIL: gcc.target/aarch64/advsimd-intrinsics/vclz.c execution, -Os
FAIL: gcc.target/aarch64/advsimd-intrinsics/vclz.c execution, -Og -g
FAIL: gcc.target/aarch64/advsimd-intrinsics/vclz.c execution, -O2 -flto -fno-use-linker-plugin -flto-partition=none
FAIL: gcc.target/aarch64/advsimd-intrinsics/vclz.c execution, -O2 -flto -fuse-linker-plugin -fno-fat-lto-objects
FAIL: gcc.target/aarch64/advsimd-intrinsics/vcnt.c execution, -O0
FAIL: gcc.target/aarch64/advsimd-intrinsics/vcnt.c execution, -O1
FAIL: gcc.target/aarch64/advsimd-intrinsics/vcnt.c execution, -O2
FAIL: gcc.target/aarch64/advsimd-intrinsics/vcnt.c execution, -O3 -fomit-frame-pointer
FAIL: gcc.target/aarch64/advsimd-intrinsics/vcnt.c execution, -O3 -g
FAIL: gcc.target/aarch64/advsimd-intrinsics/vcnt.c execution, -Os
FAIL: gcc.target/aarch64/advsimd-intrinsics/vcnt.c execution, -Og -g
FAIL: gcc.target/aarch64/advsimd-intrinsics/vcnt.c execution, -O2 -flto -fno-use-linker-plugin -flto-partition=none
FAIL: gcc.target/aarch64/advsimd-intrinsics/vcnt.c execution, -O2 -flto -fuse-linker-plugin -fno-fat-lto-objects
FAIL: gcc.target/aarch64/advsimd-intrinsics/vcombine.c execution, -O0
FAIL: gcc.target/aarch64/advsimd-intrinsics/vcombine.c execution, -O1
FAIL: gcc.target/aarch64/advsimd-intrinsics/vcombine.c execution, -O2
FAIL: gcc.target/aarch64/advsimd-intrinsics/vcombine.c execution, -O3 -fomit-frame-pointer
FAIL: gcc.target/aarch64/advsimd-intrinsics/vcombine.c execution, -O3 -g
FAIL: gcc.target/aarch64/advsimd-intrinsics/vcombine.c execution, -Os
FAIL: gcc.target/aarch64/advsimd-intrinsics/vcombine.c execution, -Og -g
FAIL: gcc.target/aarch64/advsimd-intrinsics/vcombine.c execution, -O2 -flto -fno-use-linker-plugin -flto-partition=none
FAIL: gcc.target/aarch64/advsimd-intrinsics/vcombine.c execution, -O2 -flto -fuse-linker-plugin -fno-fat-lto-objects
FAIL: gcc.target/aarch64/advsimd-intrinsics/vcreate.c execution, -O0
FAIL: gcc.target/aarch64/advsimd-intrinsics/vcreate.c execution, -O1
FAIL: gcc.target/aarch64/advsimd-intrinsics/vcreate.c execution, -O2
FAIL: gcc.target/aarch64/advsimd-intrinsics/vcreate.c execution, -O3 -fomit-frame-pointer
FAIL: gcc.target/aarch64/advsimd-intrinsics/vcreate.c execution, -O3 -g
FAIL: gcc.target/aarch64/advsimd-intrinsics/vcreate.c execution, -Os
FAIL: gcc.target/aarch64/advsimd-intrinsics/vcreate.c execution, -Og -g
FAIL: gcc.target/aarch64/advsimd-intrinsics/vcreate.c execution, -O2 -flto -fno-use-linker-plugin -flto-partition=none
FAIL: gcc.target/aarch64/advsimd-intrinsics/vcreate.c execution, -O2 -flto -fuse-linker-plugin -fno-fat-lto-objects
FAIL: gcc.target/aarch64/advsimd-intrinsics/vcvt.c execution, -O0
FAIL: gcc.target/aarch64/advsimd-intrinsics/vcvt.c execution, -O1
FAIL: gcc.target/aarch64/advsimd-intrinsics/vcvt.c execution, -O2
FAIL: gcc.target/aarch64/advsimd-intrinsics/vcvt.c execution, -O3 -fomit-frame-pointer
FAIL: gcc.target/aarch64/advsimd-intrinsics/vcvt.c execution, -O3 -g
FAIL: gcc.target/aarch64/advsimd-intrinsics/vcvt.c execution, -Os
FAIL: gcc.target/aarch64/advsimd-intrinsics/vcvt.c execution, -Og -g
FAIL: gcc.target/aarch64/advsimd-intrinsics/vcvt.c execution, -O2 -flto -fno-use-linker-plugin -flto-partition=none
FAIL: gcc.target/aarch64/advsimd-intrinsics/vcvt.c execution, -O2 -flto -fuse-linker-plugin -fno-fat-lto-objects
FAIL: gcc.target/aarch64/advsimd-intrinsics/vdup-vmov.c execution, -O0
FAIL: gcc.target/aarch64/advsimd-intrinsics/vdup-vmov.c execution, -O1
FAIL: gcc.target/aarch64/advsimd-intrinsics/vdup-vmov.c execution, -O2
FAIL: gcc.target/aarch64/advsimd-intrinsics/vdup-vmov.c execution, -O3 -fomit-frame-pointer
FAIL: gcc.target/aarch64/advsimd-intrinsics/vdup-vmov.c execution, -O3 -fomit-frame-pointer -funroll-loops
FAIL: gcc.target/aarch64/advsimd-intrinsics/vdup-vmov.c execution, -O3 -fomit-frame-pointer -funroll-all-loops -finline-functions
FAIL: gcc.target/aarch64/advsimd-intrinsics/vdup-vmov.c execution, -O3 -g
FAIL: gcc.target/aarch64/advsimd-intrinsics/vdup-vmov.c execution, -Os
FAIL: gcc.target/aarch64/advsimd-intrinsics/vdup-vmov.c execution, -Og -g
FAIL: gcc.target/aarch64/advsimd-intrinsics/vdup-vmov.c execution, -O2 -flto -fno-use-linker-plugin -flto-partition=none
FAIL: gcc.target/aarch64/advsimd-intrinsics/vdup-vmov.c execution, -O2 -flto -fuse-linker-plugin -fno-fat-lto-objects
FAIL: gcc.target/aarch64/advsimd-intrinsics/vdup_lane.c execution, -O0
FAIL: gcc.target/aarch64/advsimd-intrinsics/vdup_lane.c execution, -O1
FAIL: gcc.target/aarch64/advsimd-intrinsics/vdup_lane.c execution, -O2
FAIL: gcc.target/aarch64/advsimd-intrinsics/vdup_lane.c execution, -O3 -fomit-frame-pointer
FAIL: gcc.target/aarch64/advsimd-intrinsics/vdup_lane.c execution, -O3 -g
FAIL: gcc.target/aarch64/advsimd-intrinsics/vdup_lane.c execution, -Os
FAIL: gcc.target/aarch64/advsimd-intrinsics/vdup_lane.c execution, -Og -g
FAIL: gcc.target/aarch64/advsimd-intrinsics/vdup_lane.c execution, -O2 -flto -fno-use-linker-plugin -flto-partition=none
FAIL: gcc.target/aarch64/advsimd-intrinsics/vdup_lane.c execution, -O2 -flto -fuse-linker-plugin -fno-fat-lto-objects
FAIL: gcc.target/aarch64/advsimd-intrinsics/veor.c execution, -O0
FAIL: gcc.target/aarch64/advsimd-intrinsics/veor.c execution, -O1
FAIL: gcc.target/aarch64/advsimd-intrinsics/veor.c execution, -O2
FAIL: gcc.target/aarch64/advsimd-intrinsics/veor.c execution, -O3 -fomit-frame-pointer
FAIL: gcc.target/aarch64/advsimd-intrinsics/veor.c execution, -O3 -g
FAIL: gcc.target/aarch64/advsimd-intrinsics/veor.c execution, -Os
FAIL: gcc.target/aarch64/advsimd-intrinsics/veor.c execution, -Og -g
FAIL: gcc.target/aarch64/advsimd-intrinsics/veor.c execution, -O2 -flto -fno-use-linker-plugin -flto-partition=none
FAIL: gcc.target/aarch64/advsimd-intrinsics/veor.c execution, -O2 -flto -fuse-linker-plugin -fno-fat-lto-objects
FAIL: gcc.target/aarch64/advsimd-intrinsics/vext.c execution, -O0
FAIL: gcc.target/aarch64/advsimd-intrinsics/vext.c execution, -O1
FAIL: gcc.target/aarch64/advsimd-intrinsics/vext.c execution, -O2
FAIL: gcc.target/aarch64/advsimd-intrinsics/vext.c execution, -O3 -fomit-frame-pointer
FAIL: gcc.target/aarch64/advsimd-intrinsics/vext.c execution, -O3 -g
FAIL: gcc.target/aarch64/advsimd-intrinsics/vext.c execution, -Os
FAIL: gcc.target/aarch64/advsimd-intrinsics/vext.c execution, -Og -g
FAIL: gcc.target/aarch64/advsimd-intrinsics/vext.c execution, -O2 -flto -fno-use-linker-plugin -flto-partition=none
FAIL: gcc.target/aarch64/advsimd-intrinsics/vext.c execution, -O2 -flto -fuse-linker-plugin -fno-fat-lto-objects
FAIL: gcc.target/aarch64/advsimd-intrinsics/vfma.c compilation, -O0
UNRESOLVED: gcc.target/aarch64/advsimd-intrinsics/vfma.c execution, -O0
FAIL: gcc.target/aarch64/advsimd-intrinsics/vfma.c compilation, -O1
UNRESOLVED: gcc.target/aarch64/advsimd-intrinsics/vfma.c execution, -O1
FAIL: gcc.target/aarch64/advsimd-intrinsics/vfma.c compilation, -O2
UNRESOLVED: gcc.target/aarch64/advsimd-intrinsics/vfma.c execution, -O2
FAIL: gcc.target/aarch64/advsimd-intrinsics/vfma.c compilation, -O3 -fomit-frame-pointer
UNRESOLVED: gcc.target/aarch64/advsimd-intrinsics/vfma.c execution, -O3 -fomit-frame-pointer
FAIL: gcc.target/aarch64/advsimd-intrinsics/vfma.c compilation, -O3 -g
UNRESOLVED: gcc.target/aarch64/advsimd-intrinsics/vfma.c execution, -O3 -g
FAIL: gcc.target/aarch64/advsimd-intrinsics/vfma.c compilation, -Os
UNRESOLVED: gcc.target/aarch64/advsimd-intrinsics/vfma.c execution, -Os
FAIL: gcc.target/aarch64/advsimd-intrinsics/vfma.c compilation, -Og -g
UNRESOLVED: gcc.target/aarch64/advsimd-intrinsics/vfma.c execution, -Og -g
FAIL: gcc.target/aarch64/advsimd-intrinsics/vfma.c compilation, -O2 -flto -fno-use-linker-plugin -flto-partition=none
UNRESOLVED: gcc.target/aarch64/advsimd-intrinsics/vfma.c execution, -O2 -flto -fno-use-linker-plugin -flto-partition=none
FAIL: gcc.target/aarch64/advsimd-intrinsics/vfma.c compilation, -O2 -flto -fuse-linker-plugin -fno-fat-lto-objects
UNRESOLVED: gcc.target/aarch64/advsimd-intrinsics/vfma.c execution, -O2 -flto -fuse-linker-plugin -fno-fat-lto-objects
FAIL: gcc.target/aarch64/advsimd-intrinsics/vfma.c -O0 (test for excess errors)
FAIL: gcc.target/aarch64/advsimd-intrinsics/vfma.c -O1 (test for excess errors)
FAIL: gcc.target/aarch64/advsimd-intrinsics/vfma.c -O2 (test for excess errors)
FAIL: gcc.target/aarch64/advsimd-intrinsics/vfma.c -O3 -fomit-frame-pointer (test for excess errors)
FAIL: gcc.target/aarch64/advsimd-intrinsics/vfma.c -O3 -g (test for excess errors)
FAIL: gcc.target/aarch64/advsimd-intrinsics/vfma.c -Os (test for excess errors)
FAIL: gcc.target/aarch64/advsimd-intrinsics/vfma.c -Og -g (test for excess errors)
FAIL: gcc.target/aarch64/advsimd-intrinsics/vfma.c -O2 -flto -fno-use-linker-plugin -flto-partition=none (test for excess errors)
FAIL: gcc.target/aarch64/advsimd-intrinsics/vfma.c -O2 -flto -fuse-linker-plugin -fno-fat-lto-objects (test for excess errors)
FAIL: gcc.target/aarch64/advsimd-intrinsics/vfma_n.c compilation, -O0
UNRESOLVED: gcc.target/aarch64/advsimd-intrinsics/vfma_n.c execution, -O0
FAIL: gcc.target/aarch64/advsimd-intrinsics/vfma_n.c compilation, -O1
UNRESOLVED: gcc.target/aarch64/advsimd-intrinsics/vfma_n.c execution, -O1
FAIL: gcc.target/aarch64/advsimd-intrinsics/vfma_n.c compilation, -O2
UNRESOLVED: gcc.target/aarch64/advsimd-intrinsics/vfma_n.c execution, -O2
FAIL: gcc.target/aarch64/advsimd-intrinsics/vfma_n.c compilation, -O3 -fomit-frame-pointer
UNRESOLVED: gcc.target/aarch64/advsimd-intrinsics/vfma_n.c execution, -O3 -fomit-frame-pointer
FAIL: gcc.target/aarch64/advsimd-intrinsics/vfma_n.c compilation, -O3 -g
UNRESOLVED: gcc.target/aarch64/advsimd-intrinsics/vfma_n.c execution, -O3 -g
FAIL: gcc.target/aarch64/advsimd-intrinsics/vfma_n.c compilation, -Os
UNRESOLVED: gcc.target/aarch64/advsimd-intrinsics/vfma_n.c execution, -Os
FAIL: gcc.target/aarch64/advsimd-intrinsics/vfma_n.c compilation, -Og -g
UNRESOLVED: gcc.target/aarch64/advsimd-intrinsics/vfma_n.c execution, -Og -g
FAIL: gcc.target/aarch64/advsimd-intrinsics/vfma_n.c compilation, -O2 -flto -fno-use-linker-plugin -flto-partition=none
UNRESOLVED: gcc.target/aarch64/advsimd-intrinsics/vfma_n.c execution, -O2 -flto -fno-use-linker-plugin -flto-partition=none
FAIL: gcc.target/aarch64/advsimd-intrinsics/vfma_n.c compilation, -O2 -flto -fuse-linker-plugin -fno-fat-lto-objects
UNRESOLVED: gcc.target/aarch64/advsimd-intrinsics/vfma_n.c execution, -O2 -flto -fuse-linker-plugin -fno-fat-lto-objects
FAIL: gcc.target/aarch64/advsimd-intrinsics/vfma_n.c -O0 (test for excess errors)
FAIL: gcc.target/aarch64/advsimd-intrinsics/vfma_n.c -O1 (test for excess errors)
FAIL: gcc.target/aarch64/advsimd-intrinsics/vfma_n.c -O2 (test for excess errors)
FAIL: gcc.target/aarch64/advsimd-intrinsics/vfma_n.c -O3 -fomit-frame-pointer (test for excess errors)
FAIL: gcc.target/aarch64/advsimd-intrinsics/vfma_n.c -O3 -g (test for excess errors)
FAIL: gcc.target/aarch64/advsimd-intrinsics/vfma_n.c -Os (test for excess errors)
FAIL: gcc.target/aarch64/advsimd-intrinsics/vfma_n.c -Og -g (test for excess errors)
FAIL: gcc.target/aarch64/advsimd-intrinsics/vfma_n.c -O2 -flto -fno-use-linker-plugin -flto-partition=none (test for excess errors)
FAIL: gcc.target/aarch64/advsimd-intrinsics/vfma_n.c -O2 -flto -fuse-linker-plugin -fno-fat-lto-objects (test for excess errors)
FAIL: gcc.target/aarch64/advsimd-intrinsics/vfms.c compilation, -O0
UNRESOLVED: gcc.target/aarch64/advsimd-intrinsics/vfms.c execution, -O0
FAIL: gcc.target/aarch64/advsimd-intrinsics/vfms.c compilation, -O1
UNRESOLVED: gcc.target/aarch64/advsimd-intrinsics/vfms.c execution, -O1
FAIL: gcc.target/aarch64/advsimd-intrinsics/vfms.c compilation, -O2
UNRESOLVED: gcc.target/aarch64/advsimd-intrinsics/vfms.c execution, -O2
FAIL: gcc.target/aarch64/advsimd-intrinsics/vfms.c compilation, -O3 -fomit-frame-pointer
UNRESOLVED: gcc.target/aarch64/advsimd-intrinsics/vfms.c execution, -O3 -fomit-frame-pointer
FAIL: gcc.target/aarch64/advsimd-intrinsics/vfms.c compilation, -O3 -g
UNRESOLVED: gcc.target/aarch64/advsimd-intrinsics/vfms.c execution, -O3 -g
FAIL: gcc.target/aarch64/advsimd-intrinsics/vfms.c compilation, -Os
UNRESOLVED: gcc.target/aarch64/advsimd-intrinsics/vfms.c execution, -Os
FAIL: gcc.target/aarch64/advsimd-intrinsics/vfms.c compilation, -Og -g
UNRESOLVED: gcc.target/aarch64/advsimd-intrinsics/vfms.c execution, -Og -g
FAIL: gcc.target/aarch64/advsimd-intrinsics/vfms.c compilation, -O2 -flto -fno-use-linker-plugin -flto-partition=none
UNRESOLVED: gcc.target/aarch64/advsimd-intrinsics/vfms.c execution, -O2 -flto -fno-use-linker-plugin -flto-partition=none
FAIL: gcc.target/aarch64/advsimd-intrinsics/vfms.c compilation, -O2 -flto -fuse-linker-plugin -fno-fat-lto-objects
UNRESOLVED: gcc.target/aarch64/advsimd-intrinsics/vfms.c execution, -O2 -flto -fuse-linker-plugin -fno-fat-lto-objects
FAIL: gcc.target/aarch64/advsimd-intrinsics/vfms.c -O0 (test for excess errors)
FAIL: gcc.target/aarch64/advsimd-intrinsics/vfms.c -O1 (test for excess errors)
FAIL: gcc.target/aarch64/advsimd-intrinsics/vfms.c -O2 (test for excess errors)
FAIL: gcc.target/aarch64/advsimd-intrinsics/vfms.c -O3 -fomit-frame-pointer (test for excess errors)
FAIL: gcc.target/aarch64/advsimd-intrinsics/vfms.c -O3 -g (test for excess errors)
FAIL: gcc.target/aarch64/advsimd-intrinsics/vfms.c -Os (test for excess errors)
FAIL: gcc.target/aarch64/advsimd-intrinsics/vfms.c -Og -g (test for excess errors)
FAIL: gcc.target/aarch64/advsimd-intrinsics/vfms.c -O2 -flto -fno-use-linker-plugin -flto-partition=none (test for excess errors)
FAIL: gcc.target/aarch64/advsimd-intrinsics/vfms.c -O2 -flto -fuse-linker-plugin -fno-fat-lto-objects (test for excess errors)
FAIL: gcc.target/aarch64/advsimd-intrinsics/vget_high.c execution, -O0
FAIL: gcc.target/aarch64/advsimd-intrinsics/vget_high.c execution, -O1
FAIL: gcc.target/aarch64/advsimd-intrinsics/vget_high.c execution, -O2
FAIL: gcc.target/aarch64/advsimd-intrinsics/vget_high.c execution, -O3 -fomit-frame-pointer
FAIL: gcc.target/aarch64/advsimd-intrinsics/vget_high.c execution, -O3 -g
FAIL: gcc.target/aarch64/advsimd-intrinsics/vget_high.c execution, -Os
FAIL: gcc.target/aarch64/advsimd-intrinsics/vget_high.c execution, -Og -g
FAIL: gcc.target/aarch64/advsimd-intrinsics/vget_high.c execution, -O2 -flto -fno-use-linker-plugin -flto-partition=none
FAIL: gcc.target/aarch64/advsimd-intrinsics/vget_high.c execution, -O2 -flto -fuse-linker-plugin -fno-fat-lto-objects
FAIL: gcc.target/aarch64/advsimd-intrinsics/vget_low.c execution, -O0
FAIL: gcc.target/aarch64/advsimd-intrinsics/vget_low.c execution, -O1
FAIL: gcc.target/aarch64/advsimd-intrinsics/vget_low.c execution, -O2
FAIL: gcc.target/aarch64/advsimd-intrinsics/vget_low.c execution, -O3 -fomit-frame-pointer
FAIL: gcc.target/aarch64/advsimd-intrinsics/vget_low.c execution, -O3 -g
FAIL: gcc.target/aarch64/advsimd-intrinsics/vget_low.c execution, -Os
FAIL: gcc.target/aarch64/advsimd-intrinsics/vget_low.c execution, -Og -g
FAIL: gcc.target/aarch64/advsimd-intrinsics/vget_low.c execution, -O2 -flto -fno-use-linker-plugin -flto-partition=none
FAIL: gcc.target/aarch64/advsimd-intrinsics/vget_low.c execution, -O2 -flto -fuse-linker-plugin -fno-fat-lto-objects
FAIL: gcc.target/aarch64/advsimd-intrinsics/vld1.c execution, -O0
FAIL: gcc.target/aarch64/advsimd-intrinsics/vld1.c execution, -O1
FAIL: gcc.target/aarch64/advsimd-intrinsics/vld1.c execution, -O2
FAIL: gcc.target/aarch64/advsimd-intrinsics/vld1.c execution, -O3 -fomit-frame-pointer
FAIL: gcc.target/aarch64/advsimd-intrinsics/vld1.c execution, -O3 -g
FAIL: gcc.target/aarch64/advsimd-intrinsics/vld1.c execution, -Os
FAIL: gcc.target/aarch64/advsimd-intrinsics/vld1.c execution, -Og -g
FAIL: gcc.target/aarch64/advsimd-intrinsics/vld1.c execution, -O2 -flto -fno-use-linker-plugin -flto-partition=none
FAIL: gcc.target/aarch64/advsimd-intrinsics/vld1.c execution, -O2 -flto -fuse-linker-plugin -fno-fat-lto-objects
FAIL: gcc.target/aarch64/advsimd-intrinsics/vld1_dup.c execution, -O0
FAIL: gcc.target/aarch64/advsimd-intrinsics/vld1_dup.c execution, -O1
FAIL: gcc.target/aarch64/advsimd-intrinsics/vld1_dup.c execution, -O2
FAIL: gcc.target/aarch64/advsimd-intrinsics/vld1_dup.c execution, -O3 -fomit-frame-pointer
FAIL: gcc.target/aarch64/advsimd-intrinsics/vld1_dup.c execution, -O3 -fomit-frame-pointer -funroll-loops
FAIL: gcc.target/aarch64/advsimd-intrinsics/vld1_dup.c execution, -O3 -fomit-frame-pointer -funroll-all-loops -finline-functions
FAIL: gcc.target/aarch64/advsimd-intrinsics/vld1_dup.c execution, -O3 -g
FAIL: gcc.target/aarch64/advsimd-intrinsics/vld1_dup.c execution, -Os
FAIL: gcc.target/aarch64/advsimd-intrinsics/vld1_dup.c execution, -Og -g
FAIL: gcc.target/aarch64/advsimd-intrinsics/vld1_dup.c execution, -O2 -flto -fno-use-linker-plugin -flto-partition=none
FAIL: gcc.target/aarch64/advsimd-intrinsics/vld1_dup.c execution, -O2 -flto -fuse-linker-plugin -fno-fat-lto-objects
FAIL: gcc.target/aarch64/advsimd-intrinsics/vldX.c execution, -O0
FAIL: gcc.target/aarch64/advsimd-intrinsics/vldX.c execution, -O1
FAIL: gcc.target/aarch64/advsimd-intrinsics/vldX.c execution, -O2
FAIL: gcc.target/aarch64/advsimd-intrinsics/vldX.c execution, -O3 -fomit-frame-pointer
FAIL: gcc.target/aarch64/advsimd-intrinsics/vldX.c execution, -O3 -g
FAIL: gcc.target/aarch64/advsimd-intrinsics/vldX.c execution, -Os
FAIL: gcc.target/aarch64/advsimd-intrinsics/vldX.c execution, -Og -g
FAIL: gcc.target/aarch64/advsimd-intrinsics/vldX.c execution, -O2 -flto -fno-use-linker-plugin -flto-partition=none
FAIL: gcc.target/aarch64/advsimd-intrinsics/vldX.c execution, -O2 -flto -fuse-linker-plugin -fno-fat-lto-objects
FAIL: gcc.target/aarch64/advsimd-intrinsics/vldX_lane.c execution, -O0
FAIL: gcc.target/aarch64/advsimd-intrinsics/vldX_lane.c execution, -O1
FAIL: gcc.target/aarch64/advsimd-intrinsics/vldX_lane.c execution, -O2
FAIL: gcc.target/aarch64/advsimd-intrinsics/vldX_lane.c execution, -O3 -fomit-frame-pointer
FAIL: gcc.target/aarch64/advsimd-intrinsics/vldX_lane.c execution, -O3 -g
FAIL: gcc.target/aarch64/advsimd-intrinsics/vldX_lane.c execution, -Os
FAIL: gcc.target/aarch64/advsimd-intrinsics/vldX_lane.c execution, -Og -g
FAIL: gcc.target/aarch64/advsimd-intrinsics/vldX_lane.c execution, -O2 -flto -fno-use-linker-plugin -flto-partition=none
FAIL: gcc.target/aarch64/advsimd-intrinsics/vldX_lane.c execution, -O2 -flto -fuse-linker-plugin -fno-fat-lto-objects
FAIL: gcc.target/aarch64/advsimd-intrinsics/vmul.c execution, -O0
FAIL: gcc.target/aarch64/advsimd-intrinsics/vmul.c execution, -O1
FAIL: gcc.target/aarch64/advsimd-intrinsics/vmul.c execution, -O2
FAIL: gcc.target/aarch64/advsimd-intrinsics/vmul.c execution, -O3 -fomit-frame-pointer
FAIL: gcc.target/aarch64/advsimd-intrinsics/vmul.c execution, -O3 -g
FAIL: gcc.target/aarch64/advsimd-intrinsics/vmul.c execution, -Os
FAIL: gcc.target/aarch64/advsimd-intrinsics/vmul.c execution, -Og -g
FAIL: gcc.target/aarch64/advsimd-intrinsics/vmul.c execution, -O2 -flto -fno-use-linker-plugin -flto-partition=none
FAIL: gcc.target/aarch64/advsimd-intrinsics/vmul.c execution, -O2 -flto -fuse-linker-plugin -fno-fat-lto-objects
FAIL: gcc.target/aarch64/advsimd-intrinsics/vneg.c execution, -O0
FAIL: gcc.target/aarch64/advsimd-intrinsics/vneg.c execution, -O1
FAIL: gcc.target/aarch64/advsimd-intrinsics/vneg.c execution, -O2
FAIL: gcc.target/aarch64/advsimd-intrinsics/vneg.c execution, -O3 -fomit-frame-pointer
FAIL: gcc.target/aarch64/advsimd-intrinsics/vneg.c execution, -O3 -g
FAIL: gcc.target/aarch64/advsimd-intrinsics/vneg.c execution, -Os
FAIL: gcc.target/aarch64/advsimd-intrinsics/vneg.c execution, -Og -g
FAIL: gcc.target/aarch64/advsimd-intrinsics/vneg.c execution, -O2 -flto -fno-use-linker-plugin -flto-partition=none
FAIL: gcc.target/aarch64/advsimd-intrinsics/vneg.c execution, -O2 -flto -fuse-linker-plugin -fno-fat-lto-objects
FAIL: gcc.target/aarch64/advsimd-intrinsics/vorn.c execution, -O0
FAIL: gcc.target/aarch64/advsimd-intrinsics/vorn.c execution, -O1
FAIL: gcc.target/aarch64/advsimd-intrinsics/vorn.c execution, -O2
FAIL: gcc.target/aarch64/advsimd-intrinsics/vorn.c execution, -O3 -fomit-frame-pointer
FAIL: gcc.target/aarch64/advsimd-intrinsics/vorn.c execution, -O3 -g
FAIL: gcc.target/aarch64/advsimd-intrinsics/vorn.c execution, -Os
FAIL: gcc.target/aarch64/advsimd-intrinsics/vorn.c execution, -Og -g
FAIL: gcc.target/aarch64/advsimd-intrinsics/vorn.c execution, -O2 -flto -fno-use-linker-plugin -flto-partition=none
FAIL: gcc.target/aarch64/advsimd-intrinsics/vorn.c execution, -O2 -flto -fuse-linker-plugin -fno-fat-lto-objects
FAIL: gcc.target/aarch64/advsimd-intrinsics/vorr.c execution, -O0
FAIL: gcc.target/aarch64/advsimd-intrinsics/vorr.c execution, -O1
FAIL: gcc.target/aarch64/advsimd-intrinsics/vorr.c execution, -O2
FAIL: gcc.target/aarch64/advsimd-intrinsics/vorr.c execution, -O3 -fomit-frame-pointer
FAIL: gcc.target/aarch64/advsimd-intrinsics/vorr.c execution, -O3 -g
FAIL: gcc.target/aarch64/advsimd-intrinsics/vorr.c execution, -Os
FAIL: gcc.target/aarch64/advsimd-intrinsics/vorr.c execution, -Og -g
FAIL: gcc.target/aarch64/advsimd-intrinsics/vorr.c execution, -O2 -flto -fno-use-linker-plugin -flto-partition=none
FAIL: gcc.target/aarch64/advsimd-intrinsics/vorr.c execution, -O2 -flto -fuse-linker-plugin -fno-fat-lto-objects
FAIL: gcc.target/aarch64/advsimd-intrinsics/vqabs.c execution, -O0
FAIL: gcc.target/aarch64/advsimd-intrinsics/vqabs.c execution, -O1
FAIL: gcc.target/aarch64/advsimd-intrinsics/vqabs.c execution, -O2
FAIL: gcc.target/aarch64/advsimd-intrinsics/vqabs.c execution, -O3 -fomit-frame-pointer
FAIL: gcc.target/aarch64/advsimd-intrinsics/vqabs.c execution, -O3 -g
FAIL: gcc.target/aarch64/advsimd-intrinsics/vqabs.c execution, -Os
FAIL: gcc.target/aarch64/advsimd-intrinsics/vqabs.c execution, -Og -g
FAIL: gcc.target/aarch64/advsimd-intrinsics/vqabs.c execution, -O2 -flto -fno-use-linker-plugin -flto-partition=none
FAIL: gcc.target/aarch64/advsimd-intrinsics/vqabs.c execution, -O2 -flto -fuse-linker-plugin -fno-fat-lto-objects
FAIL: gcc.target/aarch64/advsimd-intrinsics/vqadd.c execution, -O0
FAIL: gcc.target/aarch64/advsimd-intrinsics/vqadd.c execution, -O1
FAIL: gcc.target/aarch64/advsimd-intrinsics/vqadd.c execution, -O2
FAIL: gcc.target/aarch64/advsimd-intrinsics/vqadd.c execution, -O3 -fomit-frame-pointer
FAIL: gcc.target/aarch64/advsimd-intrinsics/vqadd.c execution, -O3 -g
FAIL: gcc.target/aarch64/advsimd-intrinsics/vqadd.c execution, -Os
FAIL: gcc.target/aarch64/advsimd-intrinsics/vqadd.c execution, -Og -g
FAIL: gcc.target/aarch64/advsimd-intrinsics/vqadd.c execution, -O2 -flto -fno-use-linker-plugin -flto-partition=none
FAIL: gcc.target/aarch64/advsimd-intrinsics/vqadd.c execution, -O2 -flto -fuse-linker-plugin -fno-fat-lto-objects
FAIL: gcc.target/aarch64/advsimd-intrinsics/vqneg.c execution, -O0
FAIL: gcc.target/aarch64/advsimd-intrinsics/vqneg.c execution, -O1
FAIL: gcc.target/aarch64/advsimd-intrinsics/vqneg.c execution, -O2
FAIL: gcc.target/aarch64/advsimd-intrinsics/vqneg.c execution, -O3 -fomit-frame-pointer
FAIL: gcc.target/aarch64/advsimd-intrinsics/vqneg.c execution, -O3 -g
FAIL: gcc.target/aarch64/advsimd-intrinsics/vqneg.c execution, -Os
FAIL: gcc.target/aarch64/advsimd-intrinsics/vqneg.c execution, -Og -g
FAIL: gcc.target/aarch64/advsimd-intrinsics/vqneg.c execution, -O2 -flto -fno-use-linker-plugin -flto-partition=none
FAIL: gcc.target/aarch64/advsimd-intrinsics/vqneg.c execution, -O2 -flto -fuse-linker-plugin -fno-fat-lto-objects
FAIL: gcc.target/aarch64/advsimd-intrinsics/vqsub.c execution, -O0
FAIL: gcc.target/aarch64/advsimd-intrinsics/vqsub.c execution, -O1
FAIL: gcc.target/aarch64/advsimd-intrinsics/vqsub.c execution, -O2
FAIL: gcc.target/aarch64/advsimd-intrinsics/vqsub.c execution, -O3 -fomit-frame-pointer
FAIL: gcc.target/aarch64/advsimd-intrinsics/vqsub.c execution, -O3 -g
FAIL: gcc.target/aarch64/advsimd-intrinsics/vqsub.c execution, -Os
FAIL: gcc.target/aarch64/advsimd-intrinsics/vqsub.c execution, -Og -g
FAIL: gcc.target/aarch64/advsimd-intrinsics/vqsub.c execution, -O2 -flto -fno-use-linker-plugin -flto-partition=none
FAIL: gcc.target/aarch64/advsimd-intrinsics/vqsub.c execution, -O2 -flto -fuse-linker-plugin -fno-fat-lto-objects
FAIL: gcc.target/aarch64/advsimd-intrinsics/vshl.c execution, -O0
FAIL: gcc.target/aarch64/advsimd-intrinsics/vshl.c execution, -O1
FAIL: gcc.target/aarch64/advsimd-intrinsics/vshl.c execution, -O2
FAIL: gcc.target/aarch64/advsimd-intrinsics/vshl.c execution, -O3 -fomit-frame-pointer
FAIL: gcc.target/aarch64/advsimd-intrinsics/vshl.c execution, -O3 -g
FAIL: gcc.target/aarch64/advsimd-intrinsics/vshl.c execution, -Os
FAIL: gcc.target/aarch64/advsimd-intrinsics/vshl.c execution, -Og -g
FAIL: gcc.target/aarch64/advsimd-intrinsics/vshl.c execution, -O2 -flto -fno-use-linker-plugin -flto-partition=none
FAIL: gcc.target/aarch64/advsimd-intrinsics/vshl.c execution, -O2 -flto -fuse-linker-plugin -fno-fat-lto-objects
FAIL: gcc.target/aarch64/advsimd-intrinsics/vsub.c execution, -O0
FAIL: gcc.target/aarch64/advsimd-intrinsics/vsub.c execution, -O1
FAIL: gcc.target/aarch64/advsimd-intrinsics/vsub.c execution, -O2
FAIL: gcc.target/aarch64/advsimd-intrinsics/vsub.c execution, -O3 -fomit-frame-pointer
FAIL: gcc.target/aarch64/advsimd-intrinsics/vsub.c execution, -O3 -g
FAIL: gcc.target/aarch64/advsimd-intrinsics/vsub.c execution, -Os
FAIL: gcc.target/aarch64/advsimd-intrinsics/vsub.c execution, -Og -g
FAIL: gcc.target/aarch64/advsimd-intrinsics/vsub.c execution, -O2 -flto -fno-use-linker-plugin -flto-partition=none
FAIL: gcc.target/aarch64/advsimd-intrinsics/vsub.c execution, -O2 -flto -fuse-linker-plugin -fno-fat-lto-objects
FAIL: gcc.target/aarch64/advsimd-intrinsics/vuzp.c execution, -O0
FAIL: gcc.target/aarch64/advsimd-intrinsics/vuzp.c execution, -O1
FAIL: gcc.target/aarch64/advsimd-intrinsics/vuzp.c execution, -O2
FAIL: gcc.target/aarch64/advsimd-intrinsics/vuzp.c execution, -O3 -fomit-frame-pointer
FAIL: gcc.target/aarch64/advsimd-intrinsics/vuzp.c execution, -O3 -g
FAIL: gcc.target/aarch64/advsimd-intrinsics/vuzp.c execution, -Os
FAIL: gcc.target/aarch64/advsimd-intrinsics/vuzp.c execution, -Og -g
FAIL: gcc.target/aarch64/advsimd-intrinsics/vuzp.c execution, -O2 -flto -fno-use-linker-plugin -flto-partition=none
FAIL: gcc.target/aarch64/advsimd-intrinsics/vuzp.c execution, -O2 -flto -fuse-linker-plugin -fno-fat-lto-objects
FAIL: gcc.target/aarch64/advsimd-intrinsics/vzip.c execution, -O0
FAIL: gcc.target/aarch64/advsimd-intrinsics/vzip.c execution, -O1
FAIL: gcc.target/aarch64/advsimd-intrinsics/vzip.c execution, -O2
FAIL: gcc.target/aarch64/advsimd-intrinsics/vzip.c execution, -O3 -fomit-frame-pointer
FAIL: gcc.target/aarch64/advsimd-intrinsics/vzip.c execution, -O3 -g
FAIL: gcc.target/aarch64/advsimd-intrinsics/vzip.c execution, -Os
FAIL: gcc.target/aarch64/advsimd-intrinsics/vzip.c execution, -Og -g
FAIL: gcc.target/aarch64/advsimd-intrinsics/vzip.c execution, -O2 -flto -fno-use-linker-plugin -flto-partition=none
FAIL: gcc.target/aarch64/advsimd-intrinsics/vzip.c execution, -O2 -flto -fuse-linker-plugin -fno-fat-lto-objects
FAIL: gcc.target/arm/neon-vfma-1.c scan-assembler vfma\\\\.f32[\\t]+[dDqQ]
FAIL: gcc.target/arm/neon-vfms-1.c scan-assembler vfms\\\\.f32[\\t]+[dDqQ]
FAIL: gcc.target/arm/neon-vlshr-imm-1.c scan-assembler vshr.u32.*#3
FAIL: gcc.target/arm/neon-vorn-vbic.c scan-assembler vorn\\\\t
FAIL: gcc.target/arm/neon-vorn-vbic.c scan-assembler vbic\\\\t
FAIL: gcc.target/arm/neon-vshl-imm-1.c scan-assembler vshl.i32.*#3
FAIL: gcc.target/arm/neon-vshr-imm-1.c scan-assembler vshr.s32.*#3
FAIL: gcc.target/arm/pr42172-1.c scan-assembler-times ldr 1
FAIL: gcc.target/arm/pr42575.c scan-assembler-not mov
FAIL: gcc.target/arm/pr45701-1.c scan-assembler push\\t{r3
FAIL: gcc.target/arm/pr45701-2.c scan-assembler push\\t{r3
FAIL: gcc.target/arm/scd42-1.c scan-assembler movs[ \\t].*17
FAIL: gcc.target/arm/thumb-bitfld1.c (test for excess errors)
FAIL: gcc.target/arm/thumb-ltu.c (test for excess errors)
FAIL: gcc.target/arm/thumb-ltu.c scan-assembler-not uxtb
FAIL: gcc.target/arm/neon/vect-vcvt.c scan-tree-dump-times vect "vectorized 2 loops" 1
FAIL: gcc.target/arm/neon/vect-vcvtq.c scan-tree-dump-times vect "vectorized 2 loops" 1
FAIL: gcc.target/arm/simd/vextQf32_1.c execution test
FAIL: gcc.target/arm/simd/vextQp16_1.c execution test
FAIL: gcc.target/arm/simd/vextQp64_1.c execution test
FAIL: gcc.target/arm/simd/vextQp8_1.c execution test
FAIL: gcc.target/arm/simd/vextQs16_1.c execution test
FAIL: gcc.target/arm/simd/vextQs32_1.c execution test
FAIL: gcc.target/arm/simd/vextQs64_1.c execution test
FAIL: gcc.target/arm/simd/vextQs8_1.c execution test
FAIL: gcc.target/arm/simd/vextQu16_1.c execution test
FAIL: gcc.target/arm/simd/vextQu32_1.c execution test
FAIL: gcc.target/arm/simd/vextQu64_1.c execution test
FAIL: gcc.target/arm/simd/vextQu8_1.c execution test
FAIL: gcc.target/arm/simd/vextf32_1.c execution test
FAIL: gcc.target/arm/simd/vextp16_1.c execution test
FAIL: gcc.target/arm/simd/vextp64_1.c execution test
FAIL: gcc.target/arm/simd/vextp8_1.c execution test
FAIL: gcc.target/arm/simd/vexts16_1.c execution test
FAIL: gcc.target/arm/simd/vexts32_1.c execution test
FAIL: gcc.target/arm/simd/vexts64_1.c execution test
FAIL: gcc.target/arm/simd/vexts8_1.c execution test
FAIL: gcc.target/arm/simd/vextu16_1.c execution test
FAIL: gcc.target/arm/simd/vextu32_1.c execution test
FAIL: gcc.target/arm/simd/vextu64_1.c execution test
FAIL: gcc.target/arm/simd/vextu8_1.c execution test
FAIL: gcc.target/arm/simd/vrev16p8_1.c execution test
FAIL: gcc.target/arm/simd/vrev16qp8_1.c execution test
FAIL: gcc.target/arm/simd/vrev16qs8_1.c execution test
FAIL: gcc.target/arm/simd/vrev16qu8_1.c execution test
FAIL: gcc.target/arm/simd/vrev16s8_1.c execution test
FAIL: gcc.target/arm/simd/vrev16u8_1.c execution test
FAIL: gcc.target/arm/simd/vrev32p16_1.c execution test
FAIL: gcc.target/arm/simd/vrev32p8_1.c execution test
FAIL: gcc.target/arm/simd/vrev32qp16_1.c execution test
FAIL: gcc.target/arm/simd/vrev32qp8_1.c execution test
FAIL: gcc.target/arm/simd/vrev32qs16_1.c execution test
FAIL: gcc.target/arm/simd/vrev32qs8_1.c execution test
FAIL: gcc.target/arm/simd/vrev32qu16_1.c execution test
FAIL: gcc.target/arm/simd/vrev32qu8_1.c execution test
FAIL: gcc.target/arm/simd/vrev32s16_1.c execution test
FAIL: gcc.target/arm/simd/vrev32s8_1.c execution test
FAIL: gcc.target/arm/simd/vrev32u16_1.c execution test
FAIL: gcc.target/arm/simd/vrev32u8_1.c execution test
FAIL: gcc.target/arm/simd/vrev64f32_1.c execution test
FAIL: gcc.target/arm/simd/vrev64p16_1.c execution test
FAIL: gcc.target/arm/simd/vrev64p8_1.c execution test
FAIL: gcc.target/arm/simd/vrev64qf32_1.c execution test
FAIL: gcc.target/arm/simd/vrev64qp16_1.c execution test
FAIL: gcc.target/arm/simd/vrev64qp8_1.c execution test
FAIL: gcc.target/arm/simd/vrev64qs16_1.c execution test
FAIL: gcc.target/arm/simd/vrev64qs32_1.c execution test
FAIL: gcc.target/arm/simd/vrev64qs8_1.c execution test
FAIL: gcc.target/arm/simd/vrev64qu16_1.c execution test
FAIL: gcc.target/arm/simd/vrev64qu32_1.c execution test
FAIL: gcc.target/arm/simd/vrev64qu8_1.c execution test
FAIL: gcc.target/arm/simd/vrev64s16_1.c execution test
FAIL: gcc.target/arm/simd/vrev64s32_1.c execution test
FAIL: gcc.target/arm/simd/vrev64s8_1.c execution test
FAIL: gcc.target/arm/simd/vrev64u16_1.c execution test
FAIL: gcc.target/arm/simd/vrev64u32_1.c execution test
FAIL: gcc.target/arm/simd/vrev64u8_1.c execution test
FAIL: gcc.target/arm/simd/vtrnf32_1.c execution test
FAIL: gcc.target/arm/simd/vtrnp16_1.c execution test
FAIL: gcc.target/arm/simd/vtrnp8_1.c execution test
FAIL: gcc.target/arm/simd/vtrnqf32_1.c execution test
FAIL: gcc.target/arm/simd/vtrnqp16_1.c execution test
FAIL: gcc.target/arm/simd/vtrnqp8_1.c execution test
FAIL: gcc.target/arm/simd/vtrnqs16_1.c execution test
FAIL: gcc.target/arm/simd/vtrnqs32_1.c execution test
FAIL: gcc.target/arm/simd/vtrnqs8_1.c execution test
FAIL: gcc.target/arm/simd/vtrnqu16_1.c execution test
FAIL: gcc.target/arm/simd/vtrnqu32_1.c execution test
FAIL: gcc.target/arm/simd/vtrnqu8_1.c execution test
FAIL: gcc.target/arm/simd/vtrns16_1.c execution test
FAIL: gcc.target/arm/simd/vtrns32_1.c execution test
FAIL: gcc.target/arm/simd/vtrns8_1.c execution test
FAIL: gcc.target/arm/simd/vtrnu16_1.c execution test
FAIL: gcc.target/arm/simd/vtrnu32_1.c execution test
FAIL: gcc.target/arm/simd/vtrnu8_1.c execution test
FAIL: gcc.target/arm/simd/vuzpf32_1.c execution test
FAIL: gcc.target/arm/simd/vuzpp16_1.c execution test
FAIL: gcc.target/arm/simd/vuzpp8_1.c execution test
FAIL: gcc.target/arm/simd/vuzpqf32_1.c execution test
FAIL: gcc.target/arm/simd/vuzpqp16_1.c execution test
FAIL: gcc.target/arm/simd/vuzpqp8_1.c execution test
FAIL: gcc.target/arm/simd/vuzpqs16_1.c execution test
FAIL: gcc.target/arm/simd/vuzpqs32_1.c execution test
FAIL: gcc.target/arm/simd/vuzpqs8_1.c execution test
FAIL: gcc.target/arm/simd/vuzpqu16_1.c execution test
FAIL: gcc.target/arm/simd/vuzpqu32_1.c execution test
FAIL: gcc.target/arm/simd/vuzpqu8_1.c execution test
FAIL: gcc.target/arm/simd/vuzps16_1.c execution test
FAIL: gcc.target/arm/simd/vuzps32_1.c execution test
FAIL: gcc.target/arm/simd/vuzps8_1.c execution test
FAIL: gcc.target/arm/simd/vuzpu16_1.c execution test
FAIL: gcc.target/arm/simd/vuzpu32_1.c execution test
FAIL: gcc.target/arm/simd/vuzpu8_1.c execution test
FAIL: gcc.target/arm/simd/vzipf32_1.c execution test
FAIL: gcc.target/arm/simd/vzipp16_1.c execution test
FAIL: gcc.target/arm/simd/vzipp8_1.c execution test
FAIL: gcc.target/arm/simd/vzipqf32_1.c execution test
FAIL: gcc.target/arm/simd/vzipqp16_1.c execution test
FAIL: gcc.target/arm/simd/vzipqp8_1.c execution test
FAIL: gcc.target/arm/simd/vzipqs16_1.c execution test
FAIL: gcc.target/arm/simd/vzipqs32_1.c execution test
FAIL: gcc.target/arm/simd/vzipqs8_1.c execution test
FAIL: gcc.target/arm/simd/vzipqu16_1.c execution test
FAIL: gcc.target/arm/simd/vzipqu32_1.c execution test
FAIL: gcc.target/arm/simd/vzipqu8_1.c execution test
FAIL: gcc.target/arm/simd/vzips16_1.c execution test
FAIL: gcc.target/arm/simd/vzips32_1.c execution test
FAIL: gcc.target/arm/simd/vzips8_1.c execution test
FAIL: gcc.target/arm/simd/vzipu16_1.c execution test
FAIL: gcc.target/arm/simd/vzipu32_1.c execution test
FAIL: gcc.target/arm/simd/vzipu8_1.c execution test
=== gcc Summary ===
# of expected passes 101157
# of unexpected failures 1188
# of unexpected successes 57
# of expected failures 395
# of unresolved testcases 27
# of unsupported tests 2288
/home/dave/gnu/gcc/objdir/gcc/xgcc version 5.0.0 20150113 (experimental) [trunk revision 219552] (GCC)
=== gfortran tests ===
Running target unix
FAIL: gfortran.dg/ieee/ieee_1.F90 -O0 execution test
FAIL: gfortran.dg/ieee/ieee_1.F90 -O1 execution test
FAIL: gfortran.dg/ieee/ieee_1.F90 -O2 execution test
FAIL: gfortran.dg/ieee/ieee_1.F90 -O3 -fomit-frame-pointer execution test
FAIL: gfortran.dg/ieee/ieee_1.F90 -O3 -fomit-frame-pointer -funroll-loops execution test
FAIL: gfortran.dg/ieee/ieee_1.F90 -O3 -fomit-frame-pointer -funroll-all-loops -finline-functions execution test
FAIL: gfortran.dg/ieee/ieee_1.F90 -O3 -g execution test
FAIL: gfortran.dg/ieee/ieee_1.F90 -Os execution test
FAIL: gfortran.dg/ieee/ieee_2.f90 -O0 execution test
FAIL: gfortran.dg/ieee/ieee_2.f90 -O1 execution test
FAIL: gfortran.dg/ieee/ieee_2.f90 -O2 execution test
FAIL: gfortran.dg/ieee/ieee_2.f90 -O3 -fomit-frame-pointer execution test
FAIL: gfortran.dg/ieee/ieee_2.f90 -O3 -fomit-frame-pointer -funroll-loops execution test
FAIL: gfortran.dg/ieee/ieee_2.f90 -O3 -fomit-frame-pointer -funroll-all-loops -finline-functions execution test
FAIL: gfortran.dg/ieee/ieee_2.f90 -O3 -g execution test
FAIL: gfortran.dg/ieee/ieee_2.f90 -Os execution test
FAIL: gfortran.dg/ieee/ieee_6.f90 -O0 execution test
FAIL: gfortran.dg/ieee/ieee_6.f90 -O1 execution test
FAIL: gfortran.dg/ieee/ieee_6.f90 -O2 execution test
FAIL: gfortran.dg/ieee/ieee_6.f90 -O3 -fomit-frame-pointer execution test
FAIL: gfortran.dg/ieee/ieee_6.f90 -O3 -fomit-frame-pointer -funroll-loops execution test
FAIL: gfortran.dg/ieee/ieee_6.f90 -O3 -fomit-frame-pointer -funroll-all-loops -finline-functions execution test
FAIL: gfortran.dg/ieee/ieee_6.f90 -O3 -g execution test
FAIL: gfortran.dg/ieee/ieee_6.f90 -Os execution test
FAIL: gfortran.dg/ieee/rounding_1.f90 -O0 execution test
FAIL: gfortran.dg/ieee/rounding_1.f90 -O1 execution test
FAIL: gfortran.dg/ieee/rounding_1.f90 -O2 execution test
FAIL: gfortran.dg/ieee/rounding_1.f90 -O3 -fomit-frame-pointer execution test
FAIL: gfortran.dg/ieee/rounding_1.f90 -O3 -fomit-frame-pointer -funroll-loops execution test
FAIL: gfortran.dg/ieee/rounding_1.f90 -O3 -fomit-frame-pointer -funroll-all-loops -finline-functions execution test
FAIL: gfortran.dg/ieee/rounding_1.f90 -O3 -g execution test
FAIL: gfortran.dg/ieee/rounding_1.f90 -Os execution test
FAIL: gfortran.dg/vect/pr32380.f -O scan-tree-dump-times vect "vectorized 1 loops" 1
FAIL: gfortran.dg/vect/pr48329.f90 -O scan-tree-dump-times vect "vectorized 1 loops" 1
=== gfortran Summary ===
# of expected passes 45749
# of unexpected failures 34
# of expected failures 61
# of unsupported tests 425
/home/dave/gnu/gcc/objdir/gcc/testsuite/gfortran/../../gfortran version 5.0.0 20150113 (experimental) [trunk revision 219552] (GCC)
=== obj-c++ tests ===
Running target unix
=== obj-c++ Summary ===
# of expected passes 1453
# of expected failures 2
# of unsupported tests 86
/home/dave/gnu/gcc/objdir/gcc/testsuite/obj-c++/../../xg++ version 5.0.0 20150113 (experimental) [trunk revision 219552] (GCC)
=== objc tests ===
Running target unix
=== objc Summary ===
# of expected passes 3010
# of unsupported tests 74
/home/dave/gnu/gcc/objdir/gcc/xgcc version 5.0.0 20150113 (experimental) [trunk revision 219552] (GCC)
Compiler version: 5.0.0 20150113 (experimental) [trunk revision 219552] (GCC)
Platform: armv5tejl-unknown-linux-gnueabi
configure flags: --enable-languages=c,c++,fortran,objc,obj-c++ --enable-checking=release --enable-shared --enable-threads --disable-multilib --disable-libmudflap --disable-libssp --enable-symvers=gnu --enable-__cxa_atexit --disable-libstdcxx-pch --prefix=/home/dave/opt/gnu/gcc/gcc-5.0 --with-gmp=/home/dave/opt/gnu --with-as=/home/dave/opt/gnu/bin/as --with-ld=/home/dave/opt/gnu/bin/ld