This is the mail archive of the
gcc-testresults@gcc.gnu.org
mailing list for the GCC project.
Results for 5.0.0 20150116 (experimental) [trunk revision 219745] (GCC) testsuite on i386-pc-solaris2.10
- From: Rainer Orth <ro at CeBiTec dot Uni-Bielefeld dot DE>
- To: gcc-testresults at gcc dot gnu dot org
- Date: Tue, 20 Jan 2015 07:22:29 +0100 (CET)
- Subject: Results for 5.0.0 20150116 (experimental) [trunk revision 219745] (GCC) testsuite on i386-pc-solaris2.10
- Authentication-results: sourceware.org; auth=none
LAST_UPDATED: Fri Jan 16 15:00:42 UTC 2015 (revision 219745)
=== acats tests ===
=== acats Summary ===
# of expected passes 2320
# of unexpected failures 0
Native configuration is i386-pc-solaris2.10
=== g++ tests ===
Running target unix
FAIL: g++.dg/cilk-plus/CK/catch_exc.cc -O1 -fcilkplus execution test
FAIL: g++.dg/cilk-plus/CK/catch_exc.cc -O3 -fcilkplus execution test
FAIL: g++.dg/cilk-plus/CK/catch_exc.cc -g -O2 -fcilkplus execution test
FAIL: g++.dg/cilk-plus/CK/catch_exc.cc -g -fcilkplus execution test
FAIL: g++.dg/init/cleanup3.C -std=c++11 scan-assembler-not _tcf
FAIL: g++.dg/init/cleanup3.C -std=c++14 scan-assembler-not _tcf
FAIL: g++.dg/init/cleanup3.C -std=c++98 scan-assembler-not _tcf
FAIL: g++.dg/ipa/pr64049-1.C -std=gnu++11 (internal compiler error)
FAIL: g++.dg/ipa/pr64049-1.C -std=gnu++11 (test for excess errors)
FAIL: g++.dg/ipa/pr64049-1.C -std=gnu++14 (internal compiler error)
FAIL: g++.dg/ipa/pr64049-1.C -std=gnu++14 (test for excess errors)
FAIL: g++.dg/ipa/pr64049-1.C -std=gnu++98 (internal compiler error)
FAIL: g++.dg/ipa/pr64049-1.C -std=gnu++98 (test for excess errors)
FAIL: g++.dg/tls/thread_local-order1.C -std=c++11 execution test
FAIL: g++.dg/tls/thread_local-order1.C -std=c++14 execution test
FAIL: g++.dg/tls/thread_local3g.C -std=gnu++11 execution test
FAIL: g++.dg/tls/thread_local3g.C -std=gnu++14 execution test
FAIL: g++.dg/tls/thread_local4g.C -std=gnu++11 execution test
FAIL: g++.dg/tls/thread_local4g.C -std=gnu++14 execution test
FAIL: g++.dg/tls/thread_local5g.C -std=gnu++11 execution test
FAIL: g++.dg/tls/thread_local5g.C -std=gnu++14 execution test
FAIL: g++.dg/tls/thread_local6g.C -std=c++11 execution test
FAIL: g++.dg/tls/thread_local6g.C -std=c++14 execution test
FAIL: g++.old-deja/g++.other/init5.C -std=c++11 execution test
FAIL: g++.old-deja/g++.other/init5.C -std=c++14 execution test
FAIL: g++.old-deja/g++.other/init5.C -std=c++98 execution test
=== g++ Summary for unix ===
# of expected passes 84073
# of unexpected failures 26
# of expected failures 267
# of unsupported tests 3153
Running target unix/-m64
FAIL: g++.dg/init/cleanup3.C -std=c++11 scan-assembler-not _tcf
FAIL: g++.dg/init/cleanup3.C -std=c++14 scan-assembler-not _tcf
FAIL: g++.dg/init/cleanup3.C -std=c++98 scan-assembler-not _tcf
FAIL: g++.dg/ipa/pr64049-1.C -std=gnu++11 (internal compiler error)
FAIL: g++.dg/ipa/pr64049-1.C -std=gnu++11 (test for excess errors)
FAIL: g++.dg/ipa/pr64049-1.C -std=gnu++14 (internal compiler error)
FAIL: g++.dg/ipa/pr64049-1.C -std=gnu++14 (test for excess errors)
FAIL: g++.dg/ipa/pr64049-1.C -std=gnu++98 (internal compiler error)
FAIL: g++.dg/ipa/pr64049-1.C -std=gnu++98 (test for excess errors)
FAIL: g++.dg/tls/thread_local-order1.C -std=c++11 execution test
FAIL: g++.dg/tls/thread_local-order1.C -std=c++14 execution test
FAIL: g++.dg/tls/thread_local3g.C -std=gnu++11 execution test
FAIL: g++.dg/tls/thread_local3g.C -std=gnu++14 execution test
FAIL: g++.dg/tls/thread_local4g.C -std=gnu++11 execution test
FAIL: g++.dg/tls/thread_local4g.C -std=gnu++14 execution test
FAIL: g++.dg/tls/thread_local5g.C -std=gnu++11 execution test
FAIL: g++.dg/tls/thread_local5g.C -std=gnu++14 execution test
FAIL: g++.dg/tls/thread_local6g.C -std=c++11 execution test
FAIL: g++.dg/tls/thread_local6g.C -std=c++14 execution test
FAIL: g++.old-deja/g++.other/init5.C -std=c++11 execution test
FAIL: g++.old-deja/g++.other/init5.C -std=c++14 execution test
FAIL: g++.old-deja/g++.other/init5.C -std=c++98 execution test
=== g++ Summary for unix/-m64 ===
# of expected passes 85398
# of unexpected failures 22
# of expected failures 267
# of unsupported tests 3424
=== g++ Summary ===
# of expected passes 169471
# of unexpected failures 48
# of expected failures 534
# of unsupported tests 6577
/var/gcc/regression/trunk/10-gcc-gas-gld/build/gcc/testsuite/g++/../../xg++ version 5.0.0 20150116 (experimental) [trunk revision 219745] (GCC)
=== gcc tests ===
Running target unix
FAIL: gcc.dg/graphite/vect-pr43423.c scan-tree-dump-times vect "vectorized 2 loops" 1
FAIL: gcc.target/i386/funcspec-5.c (test for excess errors)
FAIL: gcc.target/i386/pr49095.c scan-assembler-not test[lq]
=== gcc Summary for unix ===
# of expected passes 105891
# of unexpected failures 3
# of expected failures 260
# of unsupported tests 1964
Running target unix/-m64
FAIL: gcc.dg/graphite/vect-pr43423.c scan-tree-dump-times vect "vectorized 2 loops" 1
FAIL: gcc.misc-tests/linkage.c link
=== gcc Summary for unix/-m64 ===
# of expected passes 106826
# of unexpected failures 2
# of expected failures 262
# of unsupported tests 2184
=== gcc Summary ===
# of expected passes 212717
# of unexpected failures 5
# of expected failures 522
# of unsupported tests 4148
/var/gcc/regression/trunk/10-gcc-gas-gld/build/gcc/xgcc version 5.0.0 20150116 (experimental) [trunk revision 219745] (GCC)
=== gfortran tests ===
Running target unix
=== gfortran Summary for unix ===
# of expected passes 47531
# of expected failures 76
# of unsupported tests 217
Running target unix/-m64
=== gfortran Summary for unix/-m64 ===
# of expected passes 47818
# of expected failures 76
# of unsupported tests 79
=== gfortran Summary ===
# of expected passes 95349
# of expected failures 152
# of unsupported tests 296
/var/gcc/regression/trunk/10-gcc-gas-gld/build/gcc/testsuite/gfortran/../../gfortran version 5.0.0 20150116 (experimental) [trunk revision 219745] (GCC)
=== gnat tests ===
Running target unix
FAIL: gnat.dg/lto8.adb (internal compiler error)
FAIL: gnat.dg/lto8.adb (test for excess errors)
WARNING: gnat.dg/lto8.adb compilation failed to produce executable
=== gnat Summary for unix ===
# of expected passes 1315
# of unexpected failures 2
# of expected failures 20
# of unsupported tests 7
Running target unix/-m64
FAIL: gnat.dg/lto8.adb (internal compiler error)
FAIL: gnat.dg/lto8.adb (test for excess errors)
WARNING: gnat.dg/lto8.adb compilation failed to produce executable
=== gnat Summary for unix/-m64 ===
# of expected passes 1315
# of unexpected failures 2
# of expected failures 20
# of unsupported tests 7
=== gnat Summary ===
# of expected passes 2630
# of unexpected failures 4
# of expected failures 40
# of unsupported tests 14
/var/gcc/regression/trunk/10-gcc-gas-gld/build/gcc/gnatmake version 5.0.0 20150116 (experimental) [trunk revision 219745]
=== go tests ===
Running target unix
FAIL: go.test/test/nilptr2.go execution, -O2 -g
FAIL: go.test/test/recover.go execution, -O2 -g
=== go Summary for unix ===
# of expected passes 7363
# of unexpected failures 2
# of expected failures 1
# of untested testcases 9
# of unsupported tests 2
Running target unix/-m64
FAIL: go.test/test/cmplxdivide.go
FAIL: go.test/test/fixedbugs/issue4348.go -O (test for excess errors)
FAIL: go.test/test/fixedbugs/issue6036.go -O (internal compiler error)
FAIL: go.test/test/fixedbugs/issue6036.go -O (test for excess errors)
FAIL: go.test/test/nilptr2.go execution, -O2 -g
FAIL: go.test/test/recover.go execution, -O2 -g
WARNING: program timed out.
=== go Summary for unix/-m64 ===
# of expected passes 7241
# of unexpected failures 6
# of expected failures 1
# of untested testcases 9
# of unsupported tests 1
=== go Summary ===
# of expected passes 14604
# of unexpected failures 8
# of expected failures 2
# of untested testcases 18
# of unsupported tests 3
/var/gcc/regression/trunk/10-gcc-gas-gld/build/gcc/testsuite/go/../../gccgo version 5.0.0 20150116 (experimental) [trunk revision 219745] (GCC)
=== obj-c++ tests ===
Running target unix
=== obj-c++ Summary for unix ===
# of expected passes 1453
# of expected failures 2
# of unsupported tests 86
Running target unix/-m64
=== obj-c++ Summary for unix/-m64 ===
# of expected passes 1445
# of expected failures 10
# of unsupported tests 86
=== obj-c++ Summary ===
# of expected passes 2898
# of expected failures 12
# of unsupported tests 172
/var/gcc/regression/trunk/10-gcc-gas-gld/build/gcc/testsuite/obj-c++/../../xg++ version 5.0.0 20150116 (experimental) [trunk revision 219745] (GCC)
=== objc tests ===
Running target unix
=== objc Summary for unix ===
# of expected passes 3004
# of expected failures 6
# of unsupported tests 74
Running target unix/-m64
=== objc Summary for unix/-m64 ===
# of expected passes 3004
# of expected failures 6
# of unsupported tests 74
=== objc Summary ===
# of expected passes 6008
# of expected failures 12
# of unsupported tests 148
/var/gcc/regression/trunk/10-gcc-gas-gld/build/gcc/xgcc version 5.0.0 20150116 (experimental) [trunk revision 219745] (GCC)
=== boehm-gc tests ===
Running target unix
=== boehm-gc Summary for unix ===
# of expected passes 12
# of unsupported tests 1
Running target unix/-m64
=== boehm-gc Summary for unix/-m64 ===
# of expected passes 12
# of unsupported tests 1
=== boehm-gc Summary ===
# of expected passes 24
# of unsupported tests 2
=== libatomic tests ===
Running target unix
=== libatomic Summary for unix ===
# of expected passes 44
# of unsupported tests 5
Running target unix/-m64
=== libatomic Summary for unix/-m64 ===
# of expected passes 54
=== libatomic Summary ===
# of expected passes 98
# of unsupported tests 5
=== libffi tests ===
Running target unix
FAIL: libffi.special/unwindtest.cc -shared-libgcc -lstdc++ (test for excess errors)
FAIL: libffi.special/unwindtest_ffi_call.cc -shared-libgcc -lstdc++ (test for excess errors)
FAIL: libffi.special/unwindtest.cc -shared-libgcc -lstdc++ (test for excess errors)
FAIL: libffi.special/unwindtest_ffi_call.cc -shared-libgcc -lstdc++ (test for excess errors)
FAIL: libffi.special/unwindtest.cc -shared-libgcc -lstdc++ (test for excess errors)
FAIL: libffi.special/unwindtest_ffi_call.cc -shared-libgcc -lstdc++ (test for excess errors)
FAIL: libffi.special/unwindtest.cc -shared-libgcc -lstdc++ (test for excess errors)
FAIL: libffi.special/unwindtest_ffi_call.cc -shared-libgcc -lstdc++ (test for excess errors)
=== libffi Summary for unix ===
# of expected passes 2751
# of unexpected failures 8
Running target unix/-m64
FAIL: libffi.special/unwindtest.cc -shared-libgcc -lstdc++ (test for excess errors)
FAIL: libffi.special/unwindtest_ffi_call.cc -shared-libgcc -lstdc++ (test for excess errors)
FAIL: libffi.special/unwindtest.cc -shared-libgcc -lstdc++ (test for excess errors)
FAIL: libffi.special/unwindtest_ffi_call.cc -shared-libgcc -lstdc++ (test for excess errors)
FAIL: libffi.special/unwindtest.cc -shared-libgcc -lstdc++ (test for excess errors)
FAIL: libffi.special/unwindtest_ffi_call.cc -shared-libgcc -lstdc++ (test for excess errors)
FAIL: libffi.special/unwindtest.cc -shared-libgcc -lstdc++ (test for excess errors)
FAIL: libffi.special/unwindtest_ffi_call.cc -shared-libgcc -lstdc++ (test for excess errors)
=== libffi Summary for unix/-m64 ===
# of expected passes 2196
# of unexpected failures 8
=== libffi Summary ===
# of expected passes 4947
# of unexpected failures 16
=== libgo tests ===
Running target unix
FAIL: net
FAIL: runtime
FAIL: net/http
=== libgo Summary for unix ===
# of expected passes 121
# of unexpected failures 3
Running target unix/-m64
FAIL: runtime
=== libgo Summary for unix/-m64 ===
# of expected passes 123
# of unexpected failures 1
=== libgo Summary ===
# of expected passes 244
# of unexpected failures 4
/var/gcc/regression/trunk/10-gcc-gas-gld/build/./gcc/gccgo version 5.0.0 20150116 (experimental) [trunk revision 219745] (GCC)
=== libgomp tests ===
Running target unix
=== libgomp Summary for unix ===
# of expected passes 5765
# of unsupported tests 256
Running target unix/-m64
=== libgomp Summary for unix/-m64 ===
# of expected passes 5765
# of unsupported tests 256
=== libgomp Summary ===
# of expected passes 11530
# of unsupported tests 512
=== libitm tests ===
Running target unix
=== libitm Summary for unix ===
# of expected passes 26
# of expected failures 3
# of unsupported tests 1
Running target unix/-m64
=== libitm Summary for unix/-m64 ===
# of expected passes 26
# of expected failures 3
# of unsupported tests 1
=== libitm Summary ===
# of expected passes 52
# of expected failures 6
# of unsupported tests 2
=== libjava tests ===
Running target unix
=== libjava Summary for unix ===
# of expected passes 2582
# of expected failures 4
Running target unix/-m64
=== libjava Summary for unix/-m64 ===
# of expected passes 2582
# of expected failures 4
=== libjava Summary ===
# of expected passes 5164
# of expected failures 8
=== libstdc++ tests ===
Running target unix
=== libstdc++ Summary for unix ===
# of expected passes 9326
# of expected failures 67
# of unsupported tests 602
Running target unix/-m64
=== libstdc++ Summary for unix/-m64 ===
# of expected passes 9326
# of expected failures 67
# of unsupported tests 602
=== libstdc++ Summary ===
# of expected passes 18652
# of expected failures 134
# of unsupported tests 1204
Compiler version: 5.0.0 20150116 (experimental) [trunk revision 219745] (GCC)
Platform: i386-pc-solaris2.10
configure flags: --prefix=/vol/gcc --target=i386-pc-solaris2.10 --enable-objc-gc --with-as=/vol/gcc/bin/gas-2.24 --with-gnu-as --with-ld=/vol/gcc/bin/gld-2.24 --with-gnu-ld --with-gmp-include=/vol/gcc/include --with-gmp-lib=/vol/gcc/lib --with-mpfr-include=/vol/gcc/include --with-mpfr-lib=/vol/gcc/lib --with-mpc-include=/vol/gcc/include --with-mpc-lib=/vol/gcc/lib --enable-languages=all,ada,obj-c++,go --with-isl-include=/vol/gcc/include --with-isl-lib=/vol/gcc/lib --with-cloog-include=/vol/gcc/include --with-cloog-lib=/vol/gcc/lib --enable-cloog-backend=isl
BOOT_CFLAGS=-g -O2