This is the mail archive of the
gcc-testresults@gcc.gnu.org
mailing list for the GCC project.
Results for 5.0.0 20150116 (experimental) [trunk revision 219745] (GCC) testsuite on sparc-sun-solaris2.11
- From: Rainer Orth <ro at CeBiTec dot Uni-Bielefeld dot DE>
- To: gcc-testresults at gcc dot gnu dot org
- Date: Sun, 18 Jan 2015 23:02:14 +0100 (CET)
- Subject: Results for 5.0.0 20150116 (experimental) [trunk revision 219745] (GCC) testsuite on sparc-sun-solaris2.11
- Authentication-results: sourceware.org; auth=none
LAST_UPDATED: Fri Jan 16 15:00:42 UTC 2015 (revision 219745)
=== acats tests ===
=== acats Summary ===
# of expected passes 2320
# of unexpected failures 0
Native configuration is sparc-sun-solaris2.11
=== g++ tests ===
Running target unix
FAIL: g++.dg/vect/pr64410.cc -std=c++11 scan-tree-dump vect "vectorized 1 loops in function"
FAIL: g++.dg/vect/pr64410.cc -std=c++14 scan-tree-dump vect "vectorized 1 loops in function"
FAIL: g++.dg/vect/pr64410.cc -std=c++98 scan-tree-dump vect "vectorized 1 loops in function"
=== g++ Summary for unix ===
# of expected passes 80817
# of unexpected failures 3
# of expected failures 270
# of unsupported tests 3609
Running target unix/-m64
FAIL: g++.dg/vect/pr64410.cc -std=c++11 scan-tree-dump vect "vectorized 1 loops in function"
FAIL: g++.dg/vect/pr64410.cc -std=c++14 scan-tree-dump vect "vectorized 1 loops in function"
FAIL: g++.dg/vect/pr64410.cc -std=c++98 scan-tree-dump vect "vectorized 1 loops in function"
=== g++ Summary for unix/-m64 ===
# of expected passes 82689
# of unexpected failures 3
# of expected failures 270
# of unsupported tests 3586
=== g++ Summary ===
# of expected passes 163506
# of unexpected failures 6
# of expected failures 540
# of unsupported tests 7195
/var/gcc/regression/trunk/11-gcc-gas-gld/build/gcc/testsuite/g++/../../xg++ version 5.0.0 20150116 (experimental) [trunk revision 219745] (GCC)
=== gcc tests ===
Running target unix
FAIL: gcc.dg/atomic/c11-atomic-exec-3.c -O3 -g (test for excess errors)
WARNING: gcc.dg/atomic/c11-atomic-exec-3.c -O3 -g compilation failed to produce executable
WARNING: program timed out.
FAIL: gcc.dg/unroll-2.c (test for warnings, line 24)
FAIL: gcc.dg/graphite/vect-pr43423.c scan-tree-dump-times vect "vectorized 2 loops" 1
FAIL: gcc.dg/simulate-thread/atomic-other-int.c -O2 -g thread simulation test
FAIL: gcc.dg/simulate-thread/atomic-other-int.c -O3 -g thread simulation test
FAIL: gcc.dg/simulate-thread/speculative-store-4.c -O0 -g thread simulation test
FAIL: gcc.dg/simulate-thread/speculative-store-4.c -O2 -g thread simulation test
FAIL: gcc.dg/simulate-thread/speculative-store-4.c -O3 -g thread simulation test
FAIL: gcc.dg/simulate-thread/speculative-store.c -O0 -g thread simulation test
FAIL: gcc.dg/tree-ssa/ssa-dom-cse-2.c scan-tree-dump optimized "return 28;"
FAIL: gcc.dg/vect/vect-33.c -flto -ffat-lto-objects scan-tree-dump-times vect "Alignment of access forced using versioning" 1
FAIL: gcc.dg/vect/vect-33.c scan-tree-dump-times vect "Alignment of access forced using versioning" 1
=== gcc Summary for unix ===
# of expected passes 88440
# of unexpected failures 12
# of expected failures 327
# of unsupported tests 2063
Running target unix/-m64
FAIL: gcc.dg/c11-atomic-2.c (test for excess errors)
FAIL: gcc.dg/unroll-2.c (test for warnings, line 24)
WARNING: program timed out.
FAIL: gcc.dg/graphite/vect-pr43423.c scan-tree-dump-times vect "vectorized 2 loops" 1
FAIL: gcc.dg/tree-ssa/ivopts-lt-2.c scan-tree-dump-times ivopts "PHI" 1
FAIL: gcc.dg/tree-ssa/ivopts-lt-2.c scan-tree-dump-times ivopts "p_[0-9]* <" 1
FAIL: gcc.dg/tree-ssa/ssa-dom-cse-2.c scan-tree-dump optimized "return 28;"
FAIL: gcc.dg/vect/vect-33.c -flto -ffat-lto-objects scan-tree-dump-times vect "Alignment of access forced using versioning" 1
FAIL: gcc.dg/vect/vect-33.c scan-tree-dump-times vect "Alignment of access forced using versioning" 1
=== gcc Summary for unix/-m64 ===
# of expected passes 89242
# of unexpected failures 8
# of expected failures 316
# of unsupported tests 1990
=== gcc Summary ===
# of expected passes 177682
# of unexpected failures 20
# of expected failures 643
# of unsupported tests 4053
/var/gcc/regression/trunk/11-gcc-gas-gld/build/gcc/xgcc version 5.0.0 20150116 (experimental) [trunk revision 219745] (GCC)
=== gfortran tests ===
Running target unix
=== gfortran Summary for unix ===
# of expected passes 47412
# of expected failures 78
# of unsupported tests 277
Running target unix/-m64
=== gfortran Summary for unix/-m64 ===
# of expected passes 47739
# of expected failures 78
# of unsupported tests 116
=== gfortran Summary ===
# of expected passes 95151
# of expected failures 156
# of unsupported tests 393
/var/gcc/regression/trunk/11-gcc-gas-gld/build/gcc/testsuite/gfortran/../../gfortran version 5.0.0 20150116 (experimental) [trunk revision 219745] (GCC)
=== gnat tests ===
Running target unix
FAIL: gnat.dg/lto8.adb (internal compiler error)
FAIL: gnat.dg/lto8.adb (test for excess errors)
WARNING: gnat.dg/lto8.adb compilation failed to produce executable
=== gnat Summary for unix ===
# of expected passes 1289
# of unexpected failures 2
# of expected failures 20
# of unsupported tests 19
Running target unix/-m64
FAIL: gnat.dg/lto8.adb (internal compiler error)
FAIL: gnat.dg/lto8.adb (test for excess errors)
WARNING: gnat.dg/lto8.adb compilation failed to produce executable
=== gnat Summary for unix/-m64 ===
# of expected passes 1289
# of unexpected failures 2
# of expected failures 20
# of unsupported tests 19
=== gnat Summary ===
# of expected passes 2578
# of unexpected failures 4
# of expected failures 40
# of unsupported tests 38
/var/gcc/regression/trunk/11-gcc-gas-gld/build/gcc/gnatmake version 5.0.0 20150116 (experimental) [trunk revision 219745]
=== go tests ===
Running target unix
FAIL: ./index0-out.go compilation, -O0 -g -fno-var-tracking-assignments
FAIL: go.test/test/mallocfin.go execution, -O2 -g
FAIL: go.test/test/nilptr2.go execution, -O2 -g
FAIL: go.test/test/recover.go execution, -O2 -g
WARNING: program timed out.
=== go Summary for unix ===
# of expected passes 7357
# of unexpected failures 4
# of expected failures 1
# of untested testcases 11
# of unsupported tests 3
Running target unix/-m64
FAIL: ./index0-out.go compilation, -O0 -g -fno-var-tracking-assignments
FAIL: go.test/test/fixedbugs/issue4348.go -O (test for excess errors)
FAIL: go.test/test/nilptr2.go execution, -O2 -g
FAIL: go.test/test/recover.go execution, -O2 -g
WARNING: program timed out.
=== go Summary for unix/-m64 ===
# of expected passes 7237
# of unexpected failures 4
# of expected failures 1
# of untested testcases 11
# of unsupported tests 3
=== go Summary ===
# of expected passes 14594
# of unexpected failures 8
# of expected failures 2
# of untested testcases 22
# of unsupported tests 6
/var/gcc/regression/trunk/11-gcc-gas-gld/build/gcc/testsuite/go/../../gccgo version 5.0.0 20150116 (experimental) [trunk revision 219745] (GCC)
=== obj-c++ tests ===
Running target unix
=== obj-c++ Summary for unix ===
# of expected passes 1453
# of expected failures 2
# of unsupported tests 86
Running target unix/-m64
=== obj-c++ Summary for unix/-m64 ===
# of expected passes 1445
# of expected failures 10
# of unsupported tests 86
=== obj-c++ Summary ===
# of expected passes 2898
# of expected failures 12
# of unsupported tests 172
/var/gcc/regression/trunk/11-gcc-gas-gld/build/gcc/testsuite/obj-c++/../../xg++ version 5.0.0 20150116 (experimental) [trunk revision 219745] (GCC)
=== objc tests ===
Running target unix
=== objc Summary for unix ===
# of expected passes 3010
# of unsupported tests 74
Running target unix/-m64
=== objc Summary for unix/-m64 ===
# of expected passes 3010
# of unsupported tests 74
=== objc Summary ===
# of expected passes 6020
# of unsupported tests 148
/var/gcc/regression/trunk/11-gcc-gas-gld/build/gcc/xgcc version 5.0.0 20150116 (experimental) [trunk revision 219745] (GCC)
=== boehm-gc tests ===
Running target unix
=== boehm-gc Summary for unix ===
# of expected passes 12
# of unsupported tests 1
Running target unix/-m64
=== boehm-gc Summary for unix/-m64 ===
# of expected passes 12
# of unsupported tests 1
=== boehm-gc Summary ===
# of expected passes 24
# of unsupported tests 2
=== libatomic tests ===
Running target unix
=== libatomic Summary for unix ===
# of expected passes 44
# of unsupported tests 5
Running target unix/-m64
=== libatomic Summary for unix/-m64 ===
# of expected passes 54
=== libatomic Summary ===
# of expected passes 98
# of unsupported tests 5
=== libffi tests ===
Running target unix
FAIL: libffi.call/cls_12byte.c -W -Wall -Wno-psabi -O0 output pattern test, is res: -4212212 212 0
FAIL: libffi.call/cls_12byte.c -W -Wall -Wno-psabi -O2 execution test
FAIL: libffi.call/cls_12byte.c -W -Wall -Wno-psabi -O3 execution test
FAIL: libffi.call/cls_12byte.c -W -Wall -Wno-psabi -Os execution test
FAIL: libffi.call/cls_12byte.c -W -Wall -Wno-psabi -O2 -fomit-frame-pointer execution test
FAIL: libffi.call/cls_16byte.c -W -Wall -Wno-psabi -O0 execution test
FAIL: libffi.call/cls_16byte.c -W -Wall -Wno-psabi -O2 execution test
FAIL: libffi.call/cls_16byte.c -W -Wall -Wno-psabi -O3 execution test
FAIL: libffi.call/cls_16byte.c -W -Wall -Wno-psabi -Os execution test
FAIL: libffi.call/cls_16byte.c -W -Wall -Wno-psabi -O2 -fomit-frame-pointer execution test
FAIL: libffi.call/cls_18byte.c -W -Wall -Wno-psabi -O0 execution test
FAIL: libffi.call/cls_18byte.c -W -Wall -Wno-psabi -O2 execution test
FAIL: libffi.call/cls_18byte.c -W -Wall -Wno-psabi -O3 execution test
FAIL: libffi.call/cls_18byte.c -W -Wall -Wno-psabi -Os execution test
FAIL: libffi.call/cls_18byte.c -W -Wall -Wno-psabi -O2 -fomit-frame-pointer execution test
FAIL: libffi.call/cls_19byte.c -W -Wall -Wno-psabi -O0 execution test
FAIL: libffi.call/cls_19byte.c -W -Wall -Wno-psabi -O2 execution test
FAIL: libffi.call/cls_19byte.c -W -Wall -Wno-psabi -O3 execution test
FAIL: libffi.call/cls_19byte.c -W -Wall -Wno-psabi -Os execution test
FAIL: libffi.call/cls_19byte.c -W -Wall -Wno-psabi -O2 -fomit-frame-pointer execution test
FAIL: libffi.call/cls_1_1byte.c -W -Wall -Wno-psabi -O0 execution test
FAIL: libffi.call/cls_1_1byte.c -W -Wall -Wno-psabi -O2 execution test
FAIL: libffi.call/cls_1_1byte.c -W -Wall -Wno-psabi -O3 execution test
FAIL: libffi.call/cls_1_1byte.c -W -Wall -Wno-psabi -Os execution test
FAIL: libffi.call/cls_1_1byte.c -W -Wall -Wno-psabi -O2 -fomit-frame-pointer execution test
FAIL: libffi.call/cls_20byte.c -W -Wall -Wno-psabi -O0 execution test
FAIL: libffi.call/cls_20byte.c -W -Wall -Wno-psabi -O2 execution test
FAIL: libffi.call/cls_20byte.c -W -Wall -Wno-psabi -O3 execution test
FAIL: libffi.call/cls_20byte.c -W -Wall -Wno-psabi -Os execution test
FAIL: libffi.call/cls_20byte.c -W -Wall -Wno-psabi -O2 -fomit-frame-pointer execution test
FAIL: libffi.call/cls_20byte1.c -W -Wall -Wno-psabi -O0 execution test
FAIL: libffi.call/cls_20byte1.c -W -Wall -Wno-psabi -O2 execution test
FAIL: libffi.call/cls_20byte1.c -W -Wall -Wno-psabi -O3 execution test
FAIL: libffi.call/cls_20byte1.c -W -Wall -Wno-psabi -Os execution test
FAIL: libffi.call/cls_20byte1.c -W -Wall -Wno-psabi -O2 -fomit-frame-pointer execution test
FAIL: libffi.call/cls_24byte.c -W -Wall -Wno-psabi -O0 execution test
FAIL: libffi.call/cls_24byte.c -W -Wall -Wno-psabi -O2 execution test
FAIL: libffi.call/cls_24byte.c -W -Wall -Wno-psabi -O3 execution test
FAIL: libffi.call/cls_24byte.c -W -Wall -Wno-psabi -Os execution test
FAIL: libffi.call/cls_24byte.c -W -Wall -Wno-psabi -O2 -fomit-frame-pointer execution test
FAIL: libffi.call/cls_2byte.c -W -Wall -Wno-psabi -O0 execution test
FAIL: libffi.call/cls_2byte.c -W -Wall -Wno-psabi -O2 execution test
FAIL: libffi.call/cls_2byte.c -W -Wall -Wno-psabi -O3 execution test
FAIL: libffi.call/cls_2byte.c -W -Wall -Wno-psabi -Os execution test
FAIL: libffi.call/cls_2byte.c -W -Wall -Wno-psabi -O2 -fomit-frame-pointer execution test
FAIL: libffi.call/cls_3_1byte.c -W -Wall -Wno-psabi -O0 execution test
FAIL: libffi.call/cls_3_1byte.c -W -Wall -Wno-psabi -O2 execution test
FAIL: libffi.call/cls_3_1byte.c -W -Wall -Wno-psabi -O3 execution test
FAIL: libffi.call/cls_3_1byte.c -W -Wall -Wno-psabi -Os execution test
FAIL: libffi.call/cls_3_1byte.c -W -Wall -Wno-psabi -O2 -fomit-frame-pointer execution test
FAIL: libffi.call/cls_3byte1.c -W -Wall -Wno-psabi -O0 output pattern test, is res: 0 0
FAIL: libffi.call/cls_3byte1.c -W -Wall -Wno-psabi -O2 output pattern test, is res: 0 0
FAIL: libffi.call/cls_3byte1.c -W -Wall -Wno-psabi -O3 output pattern test, is res: 0 0
FAIL: libffi.call/cls_3byte1.c -W -Wall -Wno-psabi -Os output pattern test, is res: 0 0
FAIL: libffi.call/cls_3byte1.c -W -Wall -Wno-psabi -O2 -fomit-frame-pointer output pattern test, is res: 0 0
FAIL: libffi.call/cls_3byte2.c -W -Wall -Wno-psabi -O0 output pattern test, is res: 0 0
FAIL: libffi.call/cls_3byte2.c -W -Wall -Wno-psabi -O2 output pattern test, is res: 0 0
FAIL: libffi.call/cls_3byte2.c -W -Wall -Wno-psabi -O3 output pattern test, is res: 0 0
FAIL: libffi.call/cls_3byte2.c -W -Wall -Wno-psabi -Os output pattern test, is res: 0 0
FAIL: libffi.call/cls_3byte2.c -W -Wall -Wno-psabi -O2 -fomit-frame-pointer output pattern test, is res: 0 0
FAIL: libffi.call/cls_4_1byte.c -W -Wall -Wno-psabi -O0 output pattern test, is res: 0 0 0 0
FAIL: libffi.call/cls_4_1byte.c -W -Wall -Wno-psabi -O2 output pattern test, is res: 254 190 233 164
FAIL: libffi.call/cls_4_1byte.c -W -Wall -Wno-psabi -O3 output pattern test, is res: 254 190 233 164
FAIL: libffi.call/cls_4_1byte.c -W -Wall -Wno-psabi -Os output pattern test, is res: 254 190 233 164
FAIL: libffi.call/cls_4_1byte.c -W -Wall -Wno-psabi -O2 -fomit-frame-pointer output pattern test, is res: 254 190 233 164
FAIL: libffi.call/cls_4byte.c -W -Wall -Wno-psabi -O0 output pattern test, is res: 0 0
FAIL: libffi.call/cls_4byte.c -W -Wall -Wno-psabi -O2 output pattern test, is res: 0 0
FAIL: libffi.call/cls_4byte.c -W -Wall -Wno-psabi -O3 output pattern test, is res: 0 0
FAIL: libffi.call/cls_4byte.c -W -Wall -Wno-psabi -Os output pattern test, is res: 0 0
FAIL: libffi.call/cls_4byte.c -W -Wall -Wno-psabi -O2 -fomit-frame-pointer output pattern test, is res: 0 0
FAIL: libffi.call/cls_5_1_byte.c -W -Wall -Wno-psabi -O0 output pattern test, is res: 0 0 0 0 0
FAIL: libffi.call/cls_5_1_byte.c -W -Wall -Wno-psabi -O2 output pattern test, is res: 0 0 0 0 0
FAIL: libffi.call/cls_5_1_byte.c -W -Wall -Wno-psabi -O3 output pattern test, is res: 0 0 0 0 0
FAIL: libffi.call/cls_5_1_byte.c -W -Wall -Wno-psabi -Os output pattern test, is res: 0 0 0 0 0
FAIL: libffi.call/cls_5_1_byte.c -W -Wall -Wno-psabi -O2 -fomit-frame-pointer output pattern test, is res: 0 0 0 0 0
FAIL: libffi.call/cls_5byte.c -W -Wall -Wno-psabi -O0 execution test
FAIL: libffi.call/cls_5byte.c -W -Wall -Wno-psabi -O2 execution test
FAIL: libffi.call/cls_5byte.c -W -Wall -Wno-psabi -O3 execution test
FAIL: libffi.call/cls_5byte.c -W -Wall -Wno-psabi -Os execution test
FAIL: libffi.call/cls_5byte.c -W -Wall -Wno-psabi -O2 -fomit-frame-pointer execution test
FAIL: libffi.call/cls_64byte.c -W -Wall -Wno-psabi -O0 execution test
FAIL: libffi.call/cls_64byte.c -W -Wall -Wno-psabi -O2 execution test
FAIL: libffi.call/cls_64byte.c -W -Wall -Wno-psabi -O3 execution test
FAIL: libffi.call/cls_64byte.c -W -Wall -Wno-psabi -Os execution test
FAIL: libffi.call/cls_64byte.c -W -Wall -Wno-psabi -O2 -fomit-frame-pointer execution test
FAIL: libffi.call/cls_6_1_byte.c -W -Wall -Wno-psabi -O0 execution test
FAIL: libffi.call/cls_6_1_byte.c -W -Wall -Wno-psabi -O2 execution test
FAIL: libffi.call/cls_6_1_byte.c -W -Wall -Wno-psabi -O3 execution test
FAIL: libffi.call/cls_6_1_byte.c -W -Wall -Wno-psabi -Os execution test
FAIL: libffi.call/cls_6_1_byte.c -W -Wall -Wno-psabi -O2 -fomit-frame-pointer execution test
FAIL: libffi.call/cls_6byte.c -W -Wall -Wno-psabi -O0 execution test
FAIL: libffi.call/cls_6byte.c -W -Wall -Wno-psabi -O2 execution test
FAIL: libffi.call/cls_6byte.c -W -Wall -Wno-psabi -O3 execution test
FAIL: libffi.call/cls_6byte.c -W -Wall -Wno-psabi -Os execution test
FAIL: libffi.call/cls_6byte.c -W -Wall -Wno-psabi -O2 -fomit-frame-pointer execution test
FAIL: libffi.call/cls_7_1_byte.c -W -Wall -Wno-psabi -O0 execution test
FAIL: libffi.call/cls_7_1_byte.c -W -Wall -Wno-psabi -O2 execution test
FAIL: libffi.call/cls_7_1_byte.c -W -Wall -Wno-psabi -O3 execution test
FAIL: libffi.call/cls_7_1_byte.c -W -Wall -Wno-psabi -Os execution test
FAIL: libffi.call/cls_7_1_byte.c -W -Wall -Wno-psabi -O2 -fomit-frame-pointer execution test
FAIL: libffi.call/cls_7byte.c -W -Wall -Wno-psabi -O0 output pattern test, is res: 0 0 0 0
FAIL: libffi.call/cls_7byte.c -W -Wall -Wno-psabi -O2 output pattern test, is res: 0 0 254 59812
FAIL: libffi.call/cls_7byte.c -W -Wall -Wno-psabi -O3 output pattern test, is res: 0 0 254 59812
FAIL: libffi.call/cls_7byte.c -W -Wall -Wno-psabi -Os output pattern test, is res: 0 0 254 59812
FAIL: libffi.call/cls_7byte.c -W -Wall -Wno-psabi -O2 -fomit-frame-pointer output pattern test, is res: 0 0 254 59812
FAIL: libffi.call/cls_8byte.c -W -Wall -Wno-psabi -O0 output pattern test, is res: 0 0
FAIL: libffi.call/cls_8byte.c -W -Wall -Wno-psabi -O2 output pattern test, is res: -21042780 0
FAIL: libffi.call/cls_8byte.c -W -Wall -Wno-psabi -O3 output pattern test, is res: -21042780 0
FAIL: libffi.call/cls_8byte.c -W -Wall -Wno-psabi -Os output pattern test, is res: -21042780 0
FAIL: libffi.call/cls_8byte.c -W -Wall -Wno-psabi -O2 -fomit-frame-pointer output pattern test, is res: -21042780 0
FAIL: libffi.call/cls_9byte1.c -W -Wall -Wno-psabi -O0 output pattern test, is res: 0 0
FAIL: libffi.call/cls_9byte1.c -W -Wall -Wno-psabi -O2 output pattern test, is res: 0 8.4859e-314
FAIL: libffi.call/cls_9byte1.c -W -Wall -Wno-psabi -O3 output pattern test, is res: 0 8.4859e-314
FAIL: libffi.call/cls_9byte1.c -W -Wall -Wno-psabi -Os output pattern test, is res: 0 8.4859e-314
FAIL: libffi.call/cls_9byte1.c -W -Wall -Wno-psabi -O2 -fomit-frame-pointer output pattern test, is res: 0 8.4859e-314
FAIL: libffi.call/cls_9byte2.c -W -Wall -Wno-psabi -O0 output pattern test, is res: 0 0
FAIL: libffi.call/cls_9byte2.c -W -Wall -Wno-psabi -O2 output pattern test, is res: 0 3
FAIL: libffi.call/cls_9byte2.c -W -Wall -Wno-psabi -O3 output pattern test, is res: 0 3
FAIL: libffi.call/cls_9byte2.c -W -Wall -Wno-psabi -Os output pattern test, is res: 0 3
FAIL: libffi.call/cls_9byte2.c -W -Wall -Wno-psabi -O2 -fomit-frame-pointer output pattern test, is res: 0 3
FAIL: libffi.call/cls_align_double.c -W -Wall -Wno-psabi -O0 execution test
FAIL: libffi.call/cls_align_double.c -W -Wall -Wno-psabi -O2 execution test
FAIL: libffi.call/cls_align_double.c -W -Wall -Wno-psabi -O3 execution test
FAIL: libffi.call/cls_align_double.c -W -Wall -Wno-psabi -Os execution test
FAIL: libffi.call/cls_align_double.c -W -Wall -Wno-psabi -O2 -fomit-frame-pointer execution test
FAIL: libffi.call/cls_align_float.c -W -Wall -Wno-psabi -O0 output pattern test, is res: 255 2.97075e-43 0
FAIL: libffi.call/cls_align_float.c -W -Wall -Wno-psabi -O2 execution test
FAIL: libffi.call/cls_align_float.c -W -Wall -Wno-psabi -O3 execution test
FAIL: libffi.call/cls_align_float.c -W -Wall -Wno-psabi -Os execution test
FAIL: libffi.call/cls_align_float.c -W -Wall -Wno-psabi -O2 -fomit-frame-pointer execution test
FAIL: libffi.call/cls_align_longdouble.c -W -Wall -Wno-psabi -O0 execution test
FAIL: libffi.call/cls_align_longdouble.c -W -Wall -Wno-psabi -O2 execution test
FAIL: libffi.call/cls_align_longdouble.c -W -Wall -Wno-psabi -O3 execution test
FAIL: libffi.call/cls_align_longdouble.c -W -Wall -Wno-psabi -Os execution test
FAIL: libffi.call/cls_align_longdouble.c -W -Wall -Wno-psabi -O2 -fomit-frame-pointer execution test
FAIL: libffi.call/cls_align_longdouble_split.c -W -Wall -Wno-psabi -O0 execution test
FAIL: libffi.call/cls_align_longdouble_split.c -W -Wall -Wno-psabi -O2 execution test
FAIL: libffi.call/cls_align_longdouble_split.c -W -Wall -Wno-psabi -O3 execution test
FAIL: libffi.call/cls_align_longdouble_split.c -W -Wall -Wno-psabi -Os execution test
FAIL: libffi.call/cls_align_longdouble_split.c -W -Wall -Wno-psabi -O2 -fomit-frame-pointer execution test
FAIL: libffi.call/cls_align_longdouble_split2.c -W -Wall -Wno-psabi -O0 execution test
FAIL: libffi.call/cls_align_longdouble_split2.c -W -Wall -Wno-psabi -O2 execution test
FAIL: libffi.call/cls_align_longdouble_split2.c -W -Wall -Wno-psabi -O3 execution test
FAIL: libffi.call/cls_align_longdouble_split2.c -W -Wall -Wno-psabi -Os execution test
FAIL: libffi.call/cls_align_longdouble_split2.c -W -Wall -Wno-psabi -O2 -fomit-frame-pointer execution test
FAIL: libffi.call/cls_align_pointer.c -W -Wall -Wno-psabi -O0 output pattern test, is res: 255 212 0
FAIL: libffi.call/cls_align_pointer.c -W -Wall -Wno-psabi -O2 execution test
FAIL: libffi.call/cls_align_pointer.c -W -Wall -Wno-psabi -O3 execution test
FAIL: libffi.call/cls_align_pointer.c -W -Wall -Wno-psabi -Os execution test
FAIL: libffi.call/cls_align_pointer.c -W -Wall -Wno-psabi -O2 -fomit-frame-pointer execution test
FAIL: libffi.call/cls_align_sint16.c -W -Wall -Wno-psabi -O0 execution test
FAIL: libffi.call/cls_align_sint16.c -W -Wall -Wno-psabi -O2 execution test
FAIL: libffi.call/cls_align_sint16.c -W -Wall -Wno-psabi -O3 execution test
FAIL: libffi.call/cls_align_sint16.c -W -Wall -Wno-psabi -Os execution test
FAIL: libffi.call/cls_align_sint16.c -W -Wall -Wno-psabi -O2 -fomit-frame-pointer execution test
FAIL: libffi.call/cls_align_sint32.c -W -Wall -Wno-psabi -O0 output pattern test, is res: 255 212 0
FAIL: libffi.call/cls_align_sint32.c -W -Wall -Wno-psabi -O2 execution test
FAIL: libffi.call/cls_align_sint32.c -W -Wall -Wno-psabi -O3 execution test
FAIL: libffi.call/cls_align_sint32.c -W -Wall -Wno-psabi -Os execution test
FAIL: libffi.call/cls_align_sint32.c -W -Wall -Wno-psabi -O2 -fomit-frame-pointer execution test
FAIL: libffi.call/cls_align_sint64.c -W -Wall -Wno-psabi -O0 execution test
FAIL: libffi.call/cls_align_sint64.c -W -Wall -Wno-psabi -O2 execution test
FAIL: libffi.call/cls_align_sint64.c -W -Wall -Wno-psabi -O3 execution test
FAIL: libffi.call/cls_align_sint64.c -W -Wall -Wno-psabi -Os execution test
FAIL: libffi.call/cls_align_sint64.c -W -Wall -Wno-psabi -O2 -fomit-frame-pointer execution test
FAIL: libffi.call/cls_align_uint16.c -W -Wall -Wno-psabi -O0 execution test
FAIL: libffi.call/cls_align_uint16.c -W -Wall -Wno-psabi -O2 execution test
FAIL: libffi.call/cls_align_uint16.c -W -Wall -Wno-psabi -O3 execution test
FAIL: libffi.call/cls_align_uint16.c -W -Wall -Wno-psabi -Os execution test
FAIL: libffi.call/cls_align_uint16.c -W -Wall -Wno-psabi -O2 -fomit-frame-pointer execution test
FAIL: libffi.call/cls_align_uint32.c -W -Wall -Wno-psabi -O0 output pattern test, is res: 255 212 0
FAIL: libffi.call/cls_align_uint32.c -W -Wall -Wno-psabi -O2 execution test
FAIL: libffi.call/cls_align_uint32.c -W -Wall -Wno-psabi -O3 execution test
FAIL: libffi.call/cls_align_uint32.c -W -Wall -Wno-psabi -Os execution test
FAIL: libffi.call/cls_align_uint32.c -W -Wall -Wno-psabi -O2 -fomit-frame-pointer execution test
FAIL: libffi.call/cls_align_uint64.c -W -Wall -Wno-psabi -O0 execution test
FAIL: libffi.call/cls_align_uint64.c -W -Wall -Wno-psabi -O2 execution test
FAIL: libffi.call/cls_align_uint64.c -W -Wall -Wno-psabi -O3 execution test
FAIL: libffi.call/cls_align_uint64.c -W -Wall -Wno-psabi -Os execution test
FAIL: libffi.call/cls_align_uint64.c -W -Wall -Wno-psabi -O2 -fomit-frame-pointer execution test
FAIL: libffi.call/cls_longdouble.c -W -Wall -Wno-psabi -O0 output pattern test, is res: 0
FAIL: libffi.call/cls_longdouble.c -W -Wall -Wno-psabi -O2 output pattern test, is res: 0
FAIL: libffi.call/cls_longdouble.c -W -Wall -Wno-psabi -O3 output pattern test, is res: 0
FAIL: libffi.call/cls_longdouble.c -W -Wall -Wno-psabi -Os output pattern test, is res: 0
FAIL: libffi.call/cls_longdouble.c -W -Wall -Wno-psabi -O2 -fomit-frame-pointer output pattern test, is res: 0
FAIL: libffi.call/float2.c -W -Wall -Wno-psabi -O0 execution test
FAIL: libffi.call/float2.c -W -Wall -Wno-psabi -O2 execution test
FAIL: libffi.call/float2.c -W -Wall -Wno-psabi -O3 execution test
FAIL: libffi.call/float2.c -W -Wall -Wno-psabi -Os execution test
FAIL: libffi.call/float2.c -W -Wall -Wno-psabi -O2 -fomit-frame-pointer execution test
FAIL: libffi.call/huge_struct.c -W -Wall -Wno-psabi -O0 execution test
FAIL: libffi.call/huge_struct.c -W -Wall -Wno-psabi -O2 execution test
FAIL: libffi.call/huge_struct.c -W -Wall -Wno-psabi -O3 execution test
FAIL: libffi.call/huge_struct.c -W -Wall -Wno-psabi -Os execution test
FAIL: libffi.call/huge_struct.c -W -Wall -Wno-psabi -O2 -fomit-frame-pointer execution test
FAIL: libffi.call/nested_struct.c -W -Wall -Wno-psabi -O0 execution test
FAIL: libffi.call/nested_struct.c -W -Wall -Wno-psabi -O2 execution test
FAIL: libffi.call/nested_struct.c -W -Wall -Wno-psabi -O3 execution test
FAIL: libffi.call/nested_struct.c -W -Wall -Wno-psabi -Os execution test
FAIL: libffi.call/nested_struct.c -W -Wall -Wno-psabi -O2 -fomit-frame-pointer execution test
FAIL: libffi.call/nested_struct1.c -W -Wall -Wno-psabi -O0 execution test
FAIL: libffi.call/nested_struct1.c -W -Wall -Wno-psabi -O2 execution test
FAIL: libffi.call/nested_struct1.c -W -Wall -Wno-psabi -O3 execution test
FAIL: libffi.call/nested_struct1.c -W -Wall -Wno-psabi -Os execution test
FAIL: libffi.call/nested_struct1.c -W -Wall -Wno-psabi -O2 -fomit-frame-pointer execution test
FAIL: libffi.call/nested_struct10.c -W -Wall -Wno-psabi -O0 execution test
FAIL: libffi.call/nested_struct10.c -W -Wall -Wno-psabi -O2 execution test
FAIL: libffi.call/nested_struct10.c -W -Wall -Wno-psabi -O3 execution test
FAIL: libffi.call/nested_struct10.c -W -Wall -Wno-psabi -Os execution test
FAIL: libffi.call/nested_struct10.c -W -Wall -Wno-psabi -O2 -fomit-frame-pointer execution test
FAIL: libffi.call/nested_struct11.c -W -Wall -Wno-psabi -O0 execution test
FAIL: libffi.call/nested_struct11.c -W -Wall -Wno-psabi -O2 execution test
FAIL: libffi.call/nested_struct11.c -W -Wall -Wno-psabi -O3 execution test
FAIL: libffi.call/nested_struct11.c -W -Wall -Wno-psabi -Os execution test
FAIL: libffi.call/nested_struct11.c -W -Wall -Wno-psabi -O2 -fomit-frame-pointer execution test
FAIL: libffi.call/nested_struct2.c -W -Wall -Wno-psabi -O0 execution test
FAIL: libffi.call/nested_struct2.c -W -Wall -Wno-psabi -O2 execution test
FAIL: libffi.call/nested_struct2.c -W -Wall -Wno-psabi -O3 execution test
FAIL: libffi.call/nested_struct2.c -W -Wall -Wno-psabi -Os execution test
FAIL: libffi.call/nested_struct2.c -W -Wall -Wno-psabi -O2 -fomit-frame-pointer execution test
FAIL: libffi.call/nested_struct3.c -W -Wall -Wno-psabi -O0 execution test
FAIL: libffi.call/nested_struct3.c -W -Wall -Wno-psabi -O2 execution test
FAIL: libffi.call/nested_struct3.c -W -Wall -Wno-psabi -O3 execution test
FAIL: libffi.call/nested_struct3.c -W -Wall -Wno-psabi -Os execution test
FAIL: libffi.call/nested_struct3.c -W -Wall -Wno-psabi -O2 -fomit-frame-pointer execution test
FAIL: libffi.call/nested_struct4.c -W -Wall -Wno-psabi -O0 execution test
FAIL: libffi.call/nested_struct4.c -W -Wall -Wno-psabi -O2 execution test
FAIL: libffi.call/nested_struct4.c -W -Wall -Wno-psabi -O3 execution test
FAIL: libffi.call/nested_struct4.c -W -Wall -Wno-psabi -Os execution test
FAIL: libffi.call/nested_struct4.c -W -Wall -Wno-psabi -O2 -fomit-frame-pointer execution test
FAIL: libffi.call/nested_struct5.c -W -Wall -Wno-psabi -O0 execution test
FAIL: libffi.call/nested_struct5.c -W -Wall -Wno-psabi -O2 execution test
FAIL: libffi.call/nested_struct5.c -W -Wall -Wno-psabi -O3 execution test
FAIL: libffi.call/nested_struct5.c -W -Wall -Wno-psabi -Os execution test
FAIL: libffi.call/nested_struct5.c -W -Wall -Wno-psabi -O2 -fomit-frame-pointer execution test
FAIL: libffi.call/nested_struct6.c -W -Wall -Wno-psabi -O0 execution test
FAIL: libffi.call/nested_struct6.c -W -Wall -Wno-psabi -O2 execution test
FAIL: libffi.call/nested_struct6.c -W -Wall -Wno-psabi -O3 execution test
FAIL: libffi.call/nested_struct6.c -W -Wall -Wno-psabi -Os execution test
FAIL: libffi.call/nested_struct6.c -W -Wall -Wno-psabi -O2 -fomit-frame-pointer execution test
FAIL: libffi.call/nested_struct7.c -W -Wall -Wno-psabi -O0 execution test
FAIL: libffi.call/nested_struct7.c -W -Wall -Wno-psabi -O2 execution test
FAIL: libffi.call/nested_struct7.c -W -Wall -Wno-psabi -O3 execution test
FAIL: libffi.call/nested_struct7.c -W -Wall -Wno-psabi -Os execution test
FAIL: libffi.call/nested_struct7.c -W -Wall -Wno-psabi -O2 -fomit-frame-pointer execution test
FAIL: libffi.call/nested_struct8.c -W -Wall -Wno-psabi -O0 execution test
FAIL: libffi.call/nested_struct8.c -W -Wall -Wno-psabi -O2 execution test
FAIL: libffi.call/nested_struct8.c -W -Wall -Wno-psabi -O3 execution test
FAIL: libffi.call/nested_struct8.c -W -Wall -Wno-psabi -Os execution test
FAIL: libffi.call/nested_struct8.c -W -Wall -Wno-psabi -O2 -fomit-frame-pointer execution test
FAIL: libffi.call/nested_struct9.c -W -Wall -Wno-psabi -O0 execution test
FAIL: libffi.call/nested_struct9.c -W -Wall -Wno-psabi -O2 execution test
FAIL: libffi.call/nested_struct9.c -W -Wall -Wno-psabi -O3 execution test
FAIL: libffi.call/nested_struct9.c -W -Wall -Wno-psabi -Os execution test
FAIL: libffi.call/nested_struct9.c -W -Wall -Wno-psabi -O2 -fomit-frame-pointer execution test
FAIL: libffi.call/problem1.c -W -Wall -Wno-psabi -O0 execution test
FAIL: libffi.call/problem1.c -W -Wall -Wno-psabi -O2 execution test
FAIL: libffi.call/problem1.c -W -Wall -Wno-psabi -O3 execution test
FAIL: libffi.call/problem1.c -W -Wall -Wno-psabi -Os execution test
FAIL: libffi.call/problem1.c -W -Wall -Wno-psabi -O2 -fomit-frame-pointer execution test
FAIL: libffi.call/return_ldl.c -W -Wall -Wno-psabi -O0 execution test
FAIL: libffi.call/return_ldl.c -W -Wall -Wno-psabi -O2 execution test
FAIL: libffi.call/return_ldl.c -W -Wall -Wno-psabi -O3 execution test
FAIL: libffi.call/return_ldl.c -W -Wall -Wno-psabi -Os execution test
FAIL: libffi.call/return_ldl.c -W -Wall -Wno-psabi -O2 -fomit-frame-pointer execution test
FAIL: libffi.call/stret_large.c -W -Wall -Wno-psabi -O0 execution test
FAIL: libffi.call/stret_large.c -W -Wall -Wno-psabi -O2 execution test
FAIL: libffi.call/stret_large.c -W -Wall -Wno-psabi -O3 execution test
FAIL: libffi.call/stret_large.c -W -Wall -Wno-psabi -Os execution test
FAIL: libffi.call/stret_large.c -W -Wall -Wno-psabi -O2 -fomit-frame-pointer execution test
FAIL: libffi.call/stret_large2.c -W -Wall -Wno-psabi -O0 execution test
FAIL: libffi.call/stret_large2.c -W -Wall -Wno-psabi -O2 execution test
FAIL: libffi.call/stret_large2.c -W -Wall -Wno-psabi -O3 execution test
FAIL: libffi.call/stret_large2.c -W -Wall -Wno-psabi -Os execution test
FAIL: libffi.call/stret_large2.c -W -Wall -Wno-psabi -O2 -fomit-frame-pointer execution test
FAIL: libffi.call/stret_medium.c -W -Wall -Wno-psabi -O0 execution test
FAIL: libffi.call/stret_medium.c -W -Wall -Wno-psabi -O2 execution test
FAIL: libffi.call/stret_medium.c -W -Wall -Wno-psabi -O3 execution test
FAIL: libffi.call/stret_medium.c -W -Wall -Wno-psabi -Os execution test
FAIL: libffi.call/stret_medium.c -W -Wall -Wno-psabi -O2 -fomit-frame-pointer execution test
FAIL: libffi.call/stret_medium2.c -W -Wall -Wno-psabi -O0 execution test
FAIL: libffi.call/stret_medium2.c -W -Wall -Wno-psabi -O2 execution test
FAIL: libffi.call/stret_medium2.c -W -Wall -Wno-psabi -O3 execution test
FAIL: libffi.call/stret_medium2.c -W -Wall -Wno-psabi -Os execution test
FAIL: libffi.call/stret_medium2.c -W -Wall -Wno-psabi -O2 -fomit-frame-pointer execution test
FAIL: libffi.call/struct1.c -W -Wall -Wno-psabi -O0 execution test
FAIL: libffi.call/struct1.c -W -Wall -Wno-psabi -O2 execution test
FAIL: libffi.call/struct1.c -W -Wall -Wno-psabi -O3 execution test
FAIL: libffi.call/struct1.c -W -Wall -Wno-psabi -Os execution test
FAIL: libffi.call/struct1.c -W -Wall -Wno-psabi -O2 -fomit-frame-pointer execution test
FAIL: libffi.call/struct2.c -W -Wall -Wno-psabi -O0 execution test
FAIL: libffi.call/struct2.c -W -Wall -Wno-psabi -O2 execution test
FAIL: libffi.call/struct2.c -W -Wall -Wno-psabi -O3 execution test
FAIL: libffi.call/struct2.c -W -Wall -Wno-psabi -Os execution test
FAIL: libffi.call/struct2.c -W -Wall -Wno-psabi -O2 -fomit-frame-pointer execution test
FAIL: libffi.call/struct3.c -W -Wall -Wno-psabi -O0 execution test
FAIL: libffi.call/struct3.c -W -Wall -Wno-psabi -O2 execution test
FAIL: libffi.call/struct3.c -W -Wall -Wno-psabi -O3 execution test
FAIL: libffi.call/struct3.c -W -Wall -Wno-psabi -Os execution test
FAIL: libffi.call/struct3.c -W -Wall -Wno-psabi -O2 -fomit-frame-pointer execution test
FAIL: libffi.call/struct4.c -W -Wall -Wno-psabi -O0 execution test
FAIL: libffi.call/struct4.c -W -Wall -Wno-psabi -O2 execution test
FAIL: libffi.call/struct4.c -W -Wall -Wno-psabi -O3 execution test
FAIL: libffi.call/struct4.c -W -Wall -Wno-psabi -Os execution test
FAIL: libffi.call/struct4.c -W -Wall -Wno-psabi -O2 -fomit-frame-pointer execution test
FAIL: libffi.call/struct5.c -W -Wall -Wno-psabi -O0 execution test
FAIL: libffi.call/struct5.c -W -Wall -Wno-psabi -O2 execution test
FAIL: libffi.call/struct5.c -W -Wall -Wno-psabi -O3 execution test
FAIL: libffi.call/struct5.c -W -Wall -Wno-psabi -Os execution test
FAIL: libffi.call/struct5.c -W -Wall -Wno-psabi -O2 -fomit-frame-pointer execution test
FAIL: libffi.call/struct6.c -W -Wall -Wno-psabi -O0 execution test
FAIL: libffi.call/struct6.c -W -Wall -Wno-psabi -O2 execution test
FAIL: libffi.call/struct6.c -W -Wall -Wno-psabi -O3 execution test
FAIL: libffi.call/struct6.c -W -Wall -Wno-psabi -Os execution test
FAIL: libffi.call/struct6.c -W -Wall -Wno-psabi -O2 -fomit-frame-pointer execution test
FAIL: libffi.call/struct7.c -W -Wall -Wno-psabi -O0 execution test
FAIL: libffi.call/struct7.c -W -Wall -Wno-psabi -O2 execution test
FAIL: libffi.call/struct7.c -W -Wall -Wno-psabi -O3 execution test
FAIL: libffi.call/struct7.c -W -Wall -Wno-psabi -Os execution test
FAIL: libffi.call/struct7.c -W -Wall -Wno-psabi -O2 -fomit-frame-pointer execution test
FAIL: libffi.call/struct8.c -W -Wall -Wno-psabi -O0 execution test
FAIL: libffi.call/struct8.c -W -Wall -Wno-psabi -O2 execution test
FAIL: libffi.call/struct8.c -W -Wall -Wno-psabi -O3 execution test
FAIL: libffi.call/struct8.c -W -Wall -Wno-psabi -Os execution test
FAIL: libffi.call/struct8.c -W -Wall -Wno-psabi -O2 -fomit-frame-pointer execution test
FAIL: libffi.call/struct9.c -W -Wall -Wno-psabi -O0 execution test
FAIL: libffi.call/struct9.c -W -Wall -Wno-psabi -O2 execution test
FAIL: libffi.call/struct9.c -W -Wall -Wno-psabi -O3 execution test
FAIL: libffi.call/struct9.c -W -Wall -Wno-psabi -Os execution test
FAIL: libffi.call/struct9.c -W -Wall -Wno-psabi -O2 -fomit-frame-pointer execution test
FAIL: libffi.call/uninitialized.c -W -Wall -Wno-psabi -O0 execution test
FAIL: libffi.call/uninitialized.c -W -Wall -Wno-psabi -O2 execution test
FAIL: libffi.call/uninitialized.c -W -Wall -Wno-psabi -O3 execution test
FAIL: libffi.call/uninitialized.c -W -Wall -Wno-psabi -Os execution test
FAIL: libffi.call/uninitialized.c -W -Wall -Wno-psabi -O2 -fomit-frame-pointer execution test
FAIL: libffi.call/va_struct2.c -W -Wall -Wno-psabi -O0 execution test
FAIL: libffi.call/va_struct2.c -W -Wall -Wno-psabi -O2 execution test
FAIL: libffi.call/va_struct2.c -W -Wall -Wno-psabi -O3 execution test
FAIL: libffi.call/va_struct2.c -W -Wall -Wno-psabi -Os execution test
FAIL: libffi.call/va_struct2.c -W -Wall -Wno-psabi -O2 -fomit-frame-pointer execution test
FAIL: libffi.call/va_struct3.c -W -Wall -Wno-psabi -O0 execution test
FAIL: libffi.call/va_struct3.c -W -Wall -Wno-psabi -O2 execution test
FAIL: libffi.call/va_struct3.c -W -Wall -Wno-psabi -O3 execution test
FAIL: libffi.call/va_struct3.c -W -Wall -Wno-psabi -Os execution test
FAIL: libffi.call/va_struct3.c -W -Wall -Wno-psabi -O2 -fomit-frame-pointer execution test
FAIL: libffi.complex/cls_align_complex_double.c -W -Wall -Wno-psabi -O0 execution test
FAIL: libffi.complex/cls_align_complex_double.c -W -Wall -Wno-psabi -O2 execution test
FAIL: libffi.complex/cls_align_complex_double.c -W -Wall -Wno-psabi -O3 execution test
FAIL: libffi.complex/cls_align_complex_double.c -W -Wall -Wno-psabi -Os execution test
FAIL: libffi.complex/cls_align_complex_double.c -W -Wall -Wno-psabi -O2 -fomit-frame-pointer execution test
FAIL: libffi.complex/cls_align_complex_float.c -W -Wall -Wno-psabi -O0 execution test
FAIL: libffi.complex/cls_align_complex_longdouble.c -W -Wall -Wno-psabi -O0 execution test
FAIL: libffi.complex/cls_align_complex_longdouble.c -W -Wall -Wno-psabi -O2 execution test
FAIL: libffi.complex/cls_align_complex_longdouble.c -W -Wall -Wno-psabi -O3 execution test
FAIL: libffi.complex/cls_align_complex_longdouble.c -W -Wall -Wno-psabi -Os execution test
FAIL: libffi.complex/cls_align_complex_longdouble.c -W -Wall -Wno-psabi -O2 -fomit-frame-pointer execution test
FAIL: libffi.special/unwindtest.cc -shared-libgcc -lstdc++ (test for excess errors)
FAIL: libffi.special/unwindtest.cc -shared-libgcc -lstdc++ execution test
FAIL: libffi.special/unwindtest_ffi_call.cc -shared-libgcc -lstdc++ (test for excess errors)
FAIL: libffi.special/unwindtest_ffi_call.cc -shared-libgcc -lstdc++ execution test
FAIL: libffi.special/unwindtest.cc -shared-libgcc -lstdc++ (test for excess errors)
FAIL: libffi.special/unwindtest.cc -shared-libgcc -lstdc++ execution test
FAIL: libffi.special/unwindtest_ffi_call.cc -shared-libgcc -lstdc++ (test for excess errors)
FAIL: libffi.special/unwindtest_ffi_call.cc -shared-libgcc -lstdc++ execution test
FAIL: libffi.special/unwindtest.cc -shared-libgcc -lstdc++ (test for excess errors)
FAIL: libffi.special/unwindtest.cc -shared-libgcc -lstdc++ execution test
FAIL: libffi.special/unwindtest_ffi_call.cc -shared-libgcc -lstdc++ (test for excess errors)
FAIL: libffi.special/unwindtest_ffi_call.cc -shared-libgcc -lstdc++ execution test
FAIL: libffi.special/unwindtest.cc -shared-libgcc -lstdc++ (test for excess errors)
FAIL: libffi.special/unwindtest.cc -shared-libgcc -lstdc++ execution test
FAIL: libffi.special/unwindtest_ffi_call.cc -shared-libgcc -lstdc++ (test for excess errors)
FAIL: libffi.special/unwindtest_ffi_call.cc -shared-libgcc -lstdc++ execution test
=== libffi Summary for unix ===
# of expected passes 1594
# of unexpected failures 372
Running target unix/-m64
FAIL: libffi.special/unwindtest.cc -shared-libgcc -lstdc++ (test for excess errors)
FAIL: libffi.special/unwindtest.cc -shared-libgcc -lstdc++ execution test
FAIL: libffi.special/unwindtest_ffi_call.cc -shared-libgcc -lstdc++ (test for excess errors)
FAIL: libffi.special/unwindtest_ffi_call.cc -shared-libgcc -lstdc++ execution test
FAIL: libffi.special/unwindtest.cc -shared-libgcc -lstdc++ (test for excess errors)
FAIL: libffi.special/unwindtest.cc -shared-libgcc -lstdc++ execution test
FAIL: libffi.special/unwindtest_ffi_call.cc -shared-libgcc -lstdc++ (test for excess errors)
FAIL: libffi.special/unwindtest_ffi_call.cc -shared-libgcc -lstdc++ execution test
FAIL: libffi.special/unwindtest.cc -shared-libgcc -lstdc++ (test for excess errors)
FAIL: libffi.special/unwindtest.cc -shared-libgcc -lstdc++ execution test
FAIL: libffi.special/unwindtest_ffi_call.cc -shared-libgcc -lstdc++ (test for excess errors)
FAIL: libffi.special/unwindtest_ffi_call.cc -shared-libgcc -lstdc++ execution test
FAIL: libffi.special/unwindtest.cc -shared-libgcc -lstdc++ (test for excess errors)
FAIL: libffi.special/unwindtest.cc -shared-libgcc -lstdc++ execution test
FAIL: libffi.special/unwindtest_ffi_call.cc -shared-libgcc -lstdc++ (test for excess errors)
FAIL: libffi.special/unwindtest_ffi_call.cc -shared-libgcc -lstdc++ execution test
=== libffi Summary for unix/-m64 ===
# of expected passes 2180
# of unexpected failures 16
=== libffi Summary ===
# of expected passes 3774
# of unexpected failures 388
=== libgo tests ===
Running target unix
FAIL: reflect
FAIL: runtime
FAIL: time
FAIL: crypto/rsa
FAIL: html/template
FAIL: go/doc
FAIL: math/big
FAIL: math/rand
FAIL: net/rpc
FAIL: net/rpc/jsonrpc
FAIL: old/template
FAIL: text/template
FAIL: testing/quick
=== libgo Summary for unix ===
# of expected passes 111
# of unexpected failures 13
Running target unix/-m64
FAIL: reflect
FAIL: runtime
FAIL: time
FAIL: crypto/rsa
FAIL: math/big
FAIL: runtime/pprof
FAIL: text/template
=== libgo Summary for unix/-m64 ===
# of expected passes 117
# of unexpected failures 7
=== libgo Summary ===
# of expected passes 228
# of unexpected failures 20
/var/gcc/regression/trunk/11-gcc-gas-gld/build/./gcc/gccgo version 5.0.0 20150116 (experimental) [trunk revision 219745] (GCC)
=== libgomp tests ===
Running target unix
=== libgomp Summary for unix ===
# of expected passes 5715
# of unsupported tests 281
Running target unix/-m64
=== libgomp Summary for unix/-m64 ===
# of expected passes 5715
# of unsupported tests 281
=== libgomp Summary ===
# of expected passes 11430
# of unsupported tests 562
=== libitm tests ===
Running target unix
=== libitm Summary for unix ===
# of expected passes 26
# of expected failures 3
# of unsupported tests 1
Running target unix/-m64
=== libitm Summary for unix/-m64 ===
# of expected passes 26
# of expected failures 3
# of unsupported tests 1
=== libitm Summary ===
# of expected passes 52
# of expected failures 6
# of unsupported tests 2
=== libjava tests ===
Running target unix
FAIL: libjava.jar/TestClosureGC.jar execution - gij test
FAIL: libjava.jar/simple.jar execution - gij test
FAIL: PR15133 execution - gij test
FAIL: PR18116 execution - gij test
FAIL: PR28178 execution - gij test
FAIL: bytebuffer execution - gij test
FAIL: calls execution - gij test
FAIL: cxxtest execution - gij test
WARNING: program timed out.
FAIL: directbuffer execution - gij test
FAIL: field execution - gij test
FAIL: final_method execution - gij test
WARNING: program timed out.
FAIL: findclass execution - gij test
WARNING: program timed out.
FAIL: findclass2 execution - gij test
FAIL: iface execution - gij test
FAIL: init execution - gij test
FAIL: invoke execution - gij test
FAIL: jniutf execution - gij test
FAIL: martin execution - gij test
FAIL: noclass execution - gij test
FAIL: overload execution - gij test
FAIL: pr11951 run
WARNING: program timed out.
FAIL: pr18278 execution - gij test
FAIL: pr23739 execution - gij test
FAIL: register execution - gij test
FAIL: register2 execution - gij test
FAIL: simple_int execution - gij test
WARNING: program timed out.
FAIL: throwit run
WARNING: program timed out.
FAIL: virtual execution - gij test
WARNING: program timed out.
FAIL: PR16923 run
WARNING: program timed out.
FAIL: pr29812 execution - gij test
WARNING: program timed out.
FAIL: getargssize run
WARNING: program timed out.
FAIL: getlocalvartable run
WARNING: program timed out.
FAIL: getstacktrace run
WARNING: program timed out.
FAIL: ExtraClassLoader execution - source compiled test
WARNING: program timed out.
FAIL: ExtraClassLoader -findirect-dispatch execution - source compiled test
WARNING: program timed out.
FAIL: ExtraClassLoader -O3 execution - source compiled test
WARNING: program timed out.
FAIL: ExtraClassLoader -O3 -findirect-dispatch execution - source compiled test
WARNING: program timed out.
FAIL: Serialization execution - source compiled test
WARNING: program timed out.
FAIL: Serialization -findirect-dispatch execution - source compiled test
WARNING: program timed out.
FAIL: Serialization -O3 execution - source compiled test
WARNING: program timed out.
FAIL: Serialization -O3 -findirect-dispatch execution - source compiled test
FAIL: invokethrow execution - source compiled test
FAIL: invokethrow -findirect-dispatch execution - source compiled test
FAIL: invokethrow -O3 execution - source compiled test
FAIL: invokethrow -O3 -findirect-dispatch execution - source compiled test
=== libjava Summary for unix ===
# of expected passes 2494
# of unexpected failures 45
# of expected failures 4
# of untested testcases 45
Running target unix/-m64
FAIL: libjava.jar/TestClosureGC.jar execution - gij test
FAIL: libjava.jar/simple.jar execution - gij test
FAIL: PR15133 execution - gij test
FAIL: PR18116 execution - gij test
FAIL: PR28178 execution - gij test
FAIL: bytebuffer execution - gij test
FAIL: calls execution - gij test
FAIL: cxxtest execution - gij test
FAIL: directbuffer execution - gij test
FAIL: field execution - gij test
FAIL: final_method execution - gij test
FAIL: findclass execution - gij test
FAIL: findclass2 execution - gij test
FAIL: iface execution - gij test
FAIL: init execution - gij test
FAIL: invoke execution - gij test
FAIL: jniutf execution - gij test
FAIL: martin execution - gij test
FAIL: noclass execution - gij test
FAIL: overload execution - gij test
FAIL: pr11951 run
FAIL: pr18278 execution - gij test
FAIL: pr23739 execution - gij test
FAIL: register execution - gij test
FAIL: register2 execution - gij test
FAIL: simple_int execution - gij test
FAIL: throwit run
FAIL: virtual execution - gij test
FAIL: PR16923 run
FAIL: pr29812 execution - gij test
FAIL: getargssize run
FAIL: getlocalvartable run
FAIL: getstacktrace run
FAIL: ExtraClassLoader execution - source compiled test
FAIL: ExtraClassLoader -findirect-dispatch execution - source compiled test
FAIL: ExtraClassLoader -O3 execution - source compiled test
FAIL: ExtraClassLoader -O3 -findirect-dispatch execution - source compiled test
FAIL: Serialization execution - source compiled test
FAIL: Serialization -findirect-dispatch execution - source compiled test
FAIL: Serialization -O3 execution - source compiled test
FAIL: Serialization -O3 -findirect-dispatch execution - source compiled test
FAIL: invokethrow execution - source compiled test
FAIL: invokethrow -findirect-dispatch execution - source compiled test
FAIL: invokethrow -O3 execution - source compiled test
FAIL: invokethrow -O3 -findirect-dispatch execution - source compiled test
=== libjava Summary for unix/-m64 ===
# of expected passes 2494
# of unexpected failures 45
# of expected failures 4
# of untested testcases 45
=== libjava Summary ===
# of expected passes 4988
# of unexpected failures 90
# of expected failures 8
# of untested testcases 90
=== libstdc++ tests ===
Running target unix
=== libstdc++ Summary for unix ===
# of expected passes 9296
# of expected failures 66
# of unsupported tests 617
Running target unix/-m64
=== libstdc++ Summary for unix/-m64 ===
# of expected passes 9296
# of expected failures 66
# of unsupported tests 617
=== libstdc++ Summary ===
# of expected passes 18592
# of expected failures 132
# of unsupported tests 1234
Compiler version: 5.0.0 20150116 (experimental) [trunk revision 219745] (GCC)
Platform: sparc-sun-solaris2.11
configure flags: --prefix=/vol/gcc --target=sparc-sun-solaris2.11 --enable-objc-gc --enable-libmudflap --with-as=/vol/gcc/bin/gas-2.24 --with-gnu-as --with-ld=/vol/gcc/bin/gld-2.24 --with-gnu-ld --with-gmp-include=/vol/gcc/include --with-gmp-lib=/vol/gcc/lib --with-mpfr-include=/vol/gcc/include --with-mpfr-lib=/vol/gcc/lib --with-mpc-include=/vol/gcc/include --with-mpc-lib=/vol/gcc/lib --enable-languages=all,ada,obj-c++,go --with-isl-include=/vol/gcc/include --with-isl-lib=/vol/gcc/lib --with-cloog-include=/vol/gcc/include --with-cloog-lib=/vol/gcc/lib --enable-cloog-backend=isl
BOOT_CFLAGS=-g -O2