This is the mail archive of the
gcc-testresults@gcc.gnu.org
mailing list for the GCC project.
Results for 4.8.5 20150115 (prerelease) testsuite on armv7l-unknown-linux-gnueabi
- From: Mikael Pettersson <mikpelinux at gmail dot com>
- To: gcc-testresults at gcc dot gnu dot org
- Date: Sat, 17 Jan 2015 12:28:24 +0100
- Subject: Results for 4.8.5 20150115 (prerelease) testsuite on armv7l-unknown-linux-gnueabi
- Authentication-results: sourceware.org; auth=none
LAST_UPDATED: Obtained from SVN: branches/gcc-4_8-branch revision 219694
Native configuration is armv7l-unknown-linux-gnueabi
=== libatomic tests ===
Running target unix
=== libatomic Summary ===
# of expected passes 44
# of unsupported tests 5
=== libgomp tests ===
Running target unix
=== libgomp Summary ===
# of expected passes 3039
# of unsupported tests 1
=== libitm tests ===
Running target unix
=== libitm Summary ===
# of expected passes 26
# of expected failures 3
# of unsupported tests 1
=== libstdc++ tests ===
Running target unix
FAIL: 22_locale/messages/members/char/1.cc execution test
FAIL: 22_locale/messages/members/char/2.cc execution test
FAIL: 22_locale/messages/members/char/wrapped_env.cc execution test
FAIL: 22_locale/messages/members/char/wrapped_locale.cc execution test
FAIL: 22_locale/messages_byname/named_equivalence.cc execution test
=== libstdc++ Summary ===
# of expected passes 9129
# of unexpected failures 5
# of expected failures 45
# of unsupported tests 239
=== acats tests ===
=== acats Summary ===
# of expected passes 2320
# of unexpected failures 0
=== g++ tests ===
Running target unix
FAIL: g++.dg/ext/arm-fp16/arm-fp16-ops-5.C -std=gnu++98 (test for excess errors)
UNRESOLVED: g++.dg/ext/arm-fp16/arm-fp16-ops-5.C -std=gnu++98 scan-assembler-not \\tbl\\t__.*hf2
UNRESOLVED: g++.dg/ext/arm-fp16/arm-fp16-ops-5.C -std=gnu++98 scan-assembler-not \\tbl\\t__.*hf3
UNRESOLVED: g++.dg/ext/arm-fp16/arm-fp16-ops-5.C -std=gnu++98 scan-assembler-not \\tbl\\t__gnu_h[a-z]*_ieee
UNRESOLVED: g++.dg/ext/arm-fp16/arm-fp16-ops-5.C -std=gnu++98 scan-assembler-not \\tbl\\t__gnu_h2f_ieee
UNRESOLVED: g++.dg/ext/arm-fp16/arm-fp16-ops-5.C -std=gnu++98 scan-assembler-not \\tbl\\t__gnu_f2h_ieee
FAIL: g++.dg/ext/arm-fp16/arm-fp16-ops-5.C -std=gnu++11 (test for excess errors)
UNRESOLVED: g++.dg/ext/arm-fp16/arm-fp16-ops-5.C -std=gnu++11 scan-assembler-not \\tbl\\t__.*hf2
UNRESOLVED: g++.dg/ext/arm-fp16/arm-fp16-ops-5.C -std=gnu++11 scan-assembler-not \\tbl\\t__.*hf3
UNRESOLVED: g++.dg/ext/arm-fp16/arm-fp16-ops-5.C -std=gnu++11 scan-assembler-not \\tbl\\t__gnu_h[a-z]*_ieee
UNRESOLVED: g++.dg/ext/arm-fp16/arm-fp16-ops-5.C -std=gnu++11 scan-assembler-not \\tbl\\t__gnu_h2f_ieee
UNRESOLVED: g++.dg/ext/arm-fp16/arm-fp16-ops-5.C -std=gnu++11 scan-assembler-not \\tbl\\t__gnu_f2h_ieee
FAIL: g++.dg/ext/arm-fp16/arm-fp16-ops-6.C -std=gnu++98 (test for excess errors)
UNRESOLVED: g++.dg/ext/arm-fp16/arm-fp16-ops-6.C -std=gnu++98 scan-assembler-not \\tbl\\t__.*hf2
UNRESOLVED: g++.dg/ext/arm-fp16/arm-fp16-ops-6.C -std=gnu++98 scan-assembler-not \\tbl\\t__.*hf3
UNRESOLVED: g++.dg/ext/arm-fp16/arm-fp16-ops-6.C -std=gnu++98 scan-assembler-not \\tbl\\t__gnu_h[a-z]*_ieee
UNRESOLVED: g++.dg/ext/arm-fp16/arm-fp16-ops-6.C -std=gnu++98 scan-assembler-not \\tbl\\t__gnu_h2f_ieee
UNRESOLVED: g++.dg/ext/arm-fp16/arm-fp16-ops-6.C -std=gnu++98 scan-assembler-not \\tbl\\t__gnu_f2h_ieee
FAIL: g++.dg/ext/arm-fp16/arm-fp16-ops-6.C -std=gnu++11 (test for excess errors)
UNRESOLVED: g++.dg/ext/arm-fp16/arm-fp16-ops-6.C -std=gnu++11 scan-assembler-not \\tbl\\t__.*hf2
UNRESOLVED: g++.dg/ext/arm-fp16/arm-fp16-ops-6.C -std=gnu++11 scan-assembler-not \\tbl\\t__.*hf3
UNRESOLVED: g++.dg/ext/arm-fp16/arm-fp16-ops-6.C -std=gnu++11 scan-assembler-not \\tbl\\t__gnu_h[a-z]*_ieee
UNRESOLVED: g++.dg/ext/arm-fp16/arm-fp16-ops-6.C -std=gnu++11 scan-assembler-not \\tbl\\t__gnu_h2f_ieee
UNRESOLVED: g++.dg/ext/arm-fp16/arm-fp16-ops-6.C -std=gnu++11 scan-assembler-not \\tbl\\t__gnu_f2h_ieee
XPASS: g++.dg/tls/thread_local-order2.C execution test
=== g++ Summary ===
# of expected passes 49091
# of unexpected failures 4
# of unexpected successes 1
# of expected failures 290
# of unresolved testcases 20
# of unsupported tests 950
/mnt/scratch/objdir48/gcc/testsuite/g++/../../xg++ version 4.8.5 20150115 (prerelease) (GCC)
=== gcc tests ===
Running target unix
FAIL: gcc.dg/builtin-apply2.c execution test
XPASS: gcc.dg/guality/example.c -O0 execution test
XPASS: gcc.dg/guality/example.c -O1 execution test
XPASS: gcc.dg/guality/example.c -Os execution test
XPASS: gcc.dg/guality/guality.c -O0 execution test
XPASS: gcc.dg/guality/guality.c -O2 execution test
XPASS: gcc.dg/guality/guality.c -O3 -fomit-frame-pointer execution test
XPASS: gcc.dg/guality/guality.c -O3 -g execution test
XPASS: gcc.dg/guality/guality.c -Os execution test
XPASS: gcc.dg/guality/inline-params.c -O2 execution test
XPASS: gcc.dg/guality/inline-params.c -O3 -fomit-frame-pointer execution test
XPASS: gcc.dg/guality/inline-params.c -O3 -g execution test
XPASS: gcc.dg/guality/inline-params.c -Os execution test
FAIL: gcc.dg/guality/pr36728-1.c -O1 line 16 arg3 == 3
FAIL: gcc.dg/guality/pr36728-1.c -O1 line 16 arg4 == 4
FAIL: gcc.dg/guality/pr36728-1.c -O1 line 18 arg1 == 1
FAIL: gcc.dg/guality/pr36728-1.c -O1 line 18 arg3 == 3
FAIL: gcc.dg/guality/pr36728-1.c -O1 line 18 arg4 == 4
FAIL: gcc.dg/guality/pr36728-1.c -O2 line 16 arg1 == 1
FAIL: gcc.dg/guality/pr36728-1.c -O2 line 16 arg2 == 2
FAIL: gcc.dg/guality/pr36728-1.c -O2 line 16 arg3 == 3
FAIL: gcc.dg/guality/pr36728-1.c -O2 line 16 y == 2
FAIL: gcc.dg/guality/pr36728-1.c -O2 line 18 arg1 == 1
FAIL: gcc.dg/guality/pr36728-1.c -O2 line 18 arg2 == 2
FAIL: gcc.dg/guality/pr36728-1.c -O2 line 18 arg3 == 3
FAIL: gcc.dg/guality/pr36728-1.c -O2 line 18 arg4 == 4
FAIL: gcc.dg/guality/pr36728-1.c -O2 line 18 y == 2
FAIL: gcc.dg/guality/pr36728-1.c -O3 -fomit-frame-pointer line 16 arg1 == 1
FAIL: gcc.dg/guality/pr36728-1.c -O3 -fomit-frame-pointer line 16 arg2 == 2
FAIL: gcc.dg/guality/pr36728-1.c -O3 -fomit-frame-pointer line 16 arg3 == 3
FAIL: gcc.dg/guality/pr36728-1.c -O3 -fomit-frame-pointer line 16 y == 2
FAIL: gcc.dg/guality/pr36728-1.c -O3 -fomit-frame-pointer line 18 arg1 == 1
FAIL: gcc.dg/guality/pr36728-1.c -O3 -fomit-frame-pointer line 18 arg2 == 2
FAIL: gcc.dg/guality/pr36728-1.c -O3 -fomit-frame-pointer line 18 arg3 == 3
FAIL: gcc.dg/guality/pr36728-1.c -O3 -fomit-frame-pointer line 18 arg4 == 4
FAIL: gcc.dg/guality/pr36728-1.c -O3 -fomit-frame-pointer line 18 y == 2
FAIL: gcc.dg/guality/pr36728-1.c -O3 -g line 16 arg1 == 1
FAIL: gcc.dg/guality/pr36728-1.c -O3 -g line 16 arg2 == 2
FAIL: gcc.dg/guality/pr36728-1.c -O3 -g line 16 arg3 == 3
FAIL: gcc.dg/guality/pr36728-1.c -O3 -g line 16 y == 2
FAIL: gcc.dg/guality/pr36728-1.c -O3 -g line 18 arg1 == 1
FAIL: gcc.dg/guality/pr36728-1.c -O3 -g line 18 arg2 == 2
FAIL: gcc.dg/guality/pr36728-1.c -O3 -g line 18 arg3 == 3
FAIL: gcc.dg/guality/pr36728-1.c -O3 -g line 18 arg4 == 4
FAIL: gcc.dg/guality/pr36728-1.c -O3 -g line 18 y == 2
FAIL: gcc.dg/guality/pr36728-1.c -Os line 16 arg1 == 1
FAIL: gcc.dg/guality/pr36728-1.c -Os line 16 arg2 == 2
FAIL: gcc.dg/guality/pr36728-1.c -Os line 16 arg3 == 3
FAIL: gcc.dg/guality/pr36728-1.c -Os line 16 arg4 == 4
FAIL: gcc.dg/guality/pr36728-1.c -Os line 18 arg1 == 1
FAIL: gcc.dg/guality/pr36728-1.c -Os line 18 arg2 == 2
FAIL: gcc.dg/guality/pr36728-1.c -Os line 18 arg3 == 3
FAIL: gcc.dg/guality/pr36728-1.c -Os line 18 arg4 == 4
FAIL: gcc.dg/guality/pr36728-2.c -O1 line 16 arg3 == 3
FAIL: gcc.dg/guality/pr36728-2.c -O1 line 16 arg4 == 4
FAIL: gcc.dg/guality/pr36728-2.c -O1 line 18 arg2 == 2
FAIL: gcc.dg/guality/pr36728-2.c -O1 line 18 arg3 == 3
FAIL: gcc.dg/guality/pr36728-2.c -O1 line 18 arg4 == 4
FAIL: gcc.dg/guality/pr36728-2.c -O2 line 16 arg1 == 1
FAIL: gcc.dg/guality/pr36728-2.c -O2 line 16 arg3 == 3
FAIL: gcc.dg/guality/pr36728-2.c -O2 line 16 y == 2
FAIL: gcc.dg/guality/pr36728-2.c -O2 line 18 arg1 == 1
FAIL: gcc.dg/guality/pr36728-2.c -O2 line 18 arg3 == 3
FAIL: gcc.dg/guality/pr36728-2.c -O2 line 18 arg4 == 4
FAIL: gcc.dg/guality/pr36728-2.c -O2 line 18 *x == (char) 25
FAIL: gcc.dg/guality/pr36728-2.c -O2 line 18 y == 2
FAIL: gcc.dg/guality/pr36728-2.c -O3 -fomit-frame-pointer line 16 arg1 == 1
FAIL: gcc.dg/guality/pr36728-2.c -O3 -fomit-frame-pointer line 16 arg3 == 3
FAIL: gcc.dg/guality/pr36728-2.c -O3 -fomit-frame-pointer line 16 y == 2
FAIL: gcc.dg/guality/pr36728-2.c -O3 -fomit-frame-pointer line 18 arg1 == 1
FAIL: gcc.dg/guality/pr36728-2.c -O3 -fomit-frame-pointer line 18 arg3 == 3
FAIL: gcc.dg/guality/pr36728-2.c -O3 -fomit-frame-pointer line 18 arg4 == 4
FAIL: gcc.dg/guality/pr36728-2.c -O3 -fomit-frame-pointer line 18 *x == (char) 25
FAIL: gcc.dg/guality/pr36728-2.c -O3 -fomit-frame-pointer line 18 y == 2
FAIL: gcc.dg/guality/pr36728-2.c -O3 -g line 16 arg1 == 1
FAIL: gcc.dg/guality/pr36728-2.c -O3 -g line 16 arg3 == 3
FAIL: gcc.dg/guality/pr36728-2.c -O3 -g line 16 y == 2
FAIL: gcc.dg/guality/pr36728-2.c -O3 -g line 18 arg1 == 1
FAIL: gcc.dg/guality/pr36728-2.c -O3 -g line 18 arg3 == 3
FAIL: gcc.dg/guality/pr36728-2.c -O3 -g line 18 arg4 == 4
FAIL: gcc.dg/guality/pr36728-2.c -O3 -g line 18 *x == (char) 25
FAIL: gcc.dg/guality/pr36728-2.c -O3 -g line 18 y == 2
FAIL: gcc.dg/guality/pr36728-2.c -Os line 16 arg2 == 2
FAIL: gcc.dg/guality/pr36728-2.c -Os line 16 arg3 == 3
FAIL: gcc.dg/guality/pr36728-2.c -Os line 16 arg4 == 4
FAIL: gcc.dg/guality/pr36728-2.c -Os line 18 arg2 == 2
FAIL: gcc.dg/guality/pr36728-2.c -Os line 18 arg3 == 3
FAIL: gcc.dg/guality/pr36728-2.c -Os line 18 arg4 == 4
FAIL: gcc.dg/guality/pr36728-3.c -O1 line 14 arg2 == 2
FAIL: gcc.dg/guality/pr36728-3.c -O1 line 14 arg3 == 3
FAIL: gcc.dg/guality/pr36728-3.c -O1 line 14 arg4 == 4
FAIL: gcc.dg/guality/pr36728-3.c -O1 line 16 arg2 == 2
FAIL: gcc.dg/guality/pr36728-3.c -O1 line 16 arg3 == 3
FAIL: gcc.dg/guality/pr36728-3.c -O1 line 16 arg4 == 4
FAIL: gcc.dg/guality/pr36728-3.c -O2 line 14 arg1 == 1
FAIL: gcc.dg/guality/pr36728-3.c -O2 line 14 arg2 == 2
FAIL: gcc.dg/guality/pr36728-3.c -O2 line 14 arg3 == 3
FAIL: gcc.dg/guality/pr36728-3.c -O2 line 14 arg4 == 4
FAIL: gcc.dg/guality/pr36728-3.c -O2 line 16 arg1 == 1
FAIL: gcc.dg/guality/pr36728-3.c -O2 line 16 arg2 == 2
FAIL: gcc.dg/guality/pr36728-3.c -O2 line 16 arg3 == 3
FAIL: gcc.dg/guality/pr36728-3.c -O2 line 16 arg4 == 4
FAIL: gcc.dg/guality/pr36728-3.c -O3 -fomit-frame-pointer line 14 arg1 == 1
FAIL: gcc.dg/guality/pr36728-3.c -O3 -fomit-frame-pointer line 14 arg2 == 2
FAIL: gcc.dg/guality/pr36728-3.c -O3 -fomit-frame-pointer line 14 arg3 == 3
FAIL: gcc.dg/guality/pr36728-3.c -O3 -fomit-frame-pointer line 14 arg4 == 4
FAIL: gcc.dg/guality/pr36728-3.c -O3 -fomit-frame-pointer line 16 arg1 == 1
FAIL: gcc.dg/guality/pr36728-3.c -O3 -fomit-frame-pointer line 16 arg2 == 2
FAIL: gcc.dg/guality/pr36728-3.c -O3 -fomit-frame-pointer line 16 arg3 == 3
FAIL: gcc.dg/guality/pr36728-3.c -O3 -fomit-frame-pointer line 16 arg4 == 4
FAIL: gcc.dg/guality/pr36728-3.c -O3 -g line 14 arg1 == 1
FAIL: gcc.dg/guality/pr36728-3.c -O3 -g line 14 arg2 == 2
FAIL: gcc.dg/guality/pr36728-3.c -O3 -g line 14 arg3 == 3
FAIL: gcc.dg/guality/pr36728-3.c -O3 -g line 14 arg4 == 4
FAIL: gcc.dg/guality/pr36728-3.c -O3 -g line 16 arg1 == 1
FAIL: gcc.dg/guality/pr36728-3.c -O3 -g line 16 arg2 == 2
FAIL: gcc.dg/guality/pr36728-3.c -O3 -g line 16 arg3 == 3
FAIL: gcc.dg/guality/pr36728-3.c -O3 -g line 16 arg4 == 4
FAIL: gcc.dg/guality/pr36728-3.c -Os line 14 arg2 == 2
FAIL: gcc.dg/guality/pr36728-3.c -Os line 14 arg3 == 3
FAIL: gcc.dg/guality/pr36728-3.c -Os line 14 arg4 == 4
FAIL: gcc.dg/guality/pr36728-3.c -Os line 16 arg2 == 2
FAIL: gcc.dg/guality/pr36728-3.c -Os line 16 arg3 == 3
FAIL: gcc.dg/guality/pr36728-3.c -Os line 16 arg4 == 4
FAIL: gcc.dg/guality/pr36728-4.c -O1 line 14 arg3 == 3
FAIL: gcc.dg/guality/pr36728-4.c -O1 line 14 arg4 == 4
FAIL: gcc.dg/guality/pr36728-4.c -O1 line 16 arg3 == 3
FAIL: gcc.dg/guality/pr36728-4.c -O1 line 16 arg4 == 4
FAIL: gcc.dg/guality/pr36728-4.c -O2 line 14 arg2 == 2
FAIL: gcc.dg/guality/pr36728-4.c -O2 line 14 arg3 == 3
FAIL: gcc.dg/guality/pr36728-4.c -O2 line 14 arg4 == 4
FAIL: gcc.dg/guality/pr36728-4.c -O2 line 16 arg2 == 2
FAIL: gcc.dg/guality/pr36728-4.c -O2 line 16 arg3 == 3
FAIL: gcc.dg/guality/pr36728-4.c -O2 line 16 arg4 == 4
FAIL: gcc.dg/guality/pr36728-4.c -O3 -fomit-frame-pointer line 14 arg2 == 2
FAIL: gcc.dg/guality/pr36728-4.c -O3 -fomit-frame-pointer line 14 arg3 == 3
FAIL: gcc.dg/guality/pr36728-4.c -O3 -fomit-frame-pointer line 14 arg4 == 4
FAIL: gcc.dg/guality/pr36728-4.c -O3 -fomit-frame-pointer line 16 arg2 == 2
FAIL: gcc.dg/guality/pr36728-4.c -O3 -fomit-frame-pointer line 16 arg3 == 3
FAIL: gcc.dg/guality/pr36728-4.c -O3 -fomit-frame-pointer line 16 arg4 == 4
FAIL: gcc.dg/guality/pr36728-4.c -O3 -g line 14 arg2 == 2
FAIL: gcc.dg/guality/pr36728-4.c -O3 -g line 14 arg3 == 3
FAIL: gcc.dg/guality/pr36728-4.c -O3 -g line 14 arg4 == 4
FAIL: gcc.dg/guality/pr36728-4.c -O3 -g line 16 arg2 == 2
FAIL: gcc.dg/guality/pr36728-4.c -O3 -g line 16 arg3 == 3
FAIL: gcc.dg/guality/pr36728-4.c -O3 -g line 16 arg4 == 4
FAIL: gcc.dg/guality/pr36728-4.c -Os line 14 arg3 == 3
FAIL: gcc.dg/guality/pr36728-4.c -Os line 14 arg4 == 4
FAIL: gcc.dg/guality/pr36728-4.c -Os line 16 arg3 == 3
FAIL: gcc.dg/guality/pr36728-4.c -Os line 16 arg4 == 4
XPASS: gcc.dg/guality/pr41353-1.c -O0 line 28 j == 28 + 37
XPASS: gcc.dg/guality/pr41447-1.c -O0 execution test
XPASS: gcc.dg/guality/pr41447-1.c -O1 execution test
XPASS: gcc.dg/guality/pr41447-1.c -O2 execution test
XPASS: gcc.dg/guality/pr41447-1.c -O3 -fomit-frame-pointer execution test
XPASS: gcc.dg/guality/pr41447-1.c -O3 -g execution test
XPASS: gcc.dg/guality/pr41447-1.c -Os execution test
XPASS: gcc.dg/guality/pr41616-1.c -O0 execution test
XPASS: gcc.dg/guality/pr41616-1.c -O1 execution test
XPASS: gcc.dg/guality/pr41616-1.c -O2 execution test
XPASS: gcc.dg/guality/pr41616-1.c -O3 -fomit-frame-pointer execution test
XPASS: gcc.dg/guality/pr41616-1.c -O3 -g execution test
XPASS: gcc.dg/guality/pr41616-1.c -Os execution test
FAIL: gcc.dg/guality/pr43077-1.c -O1 line 42 varb == 2
FAIL: gcc.dg/guality/pr43077-1.c -O2 line 42 varc == 3
FAIL: gcc.dg/guality/pr43077-1.c -O3 -fomit-frame-pointer line 42 varc == 3
FAIL: gcc.dg/guality/pr43077-1.c -O3 -g line 42 varc == 3
FAIL: gcc.dg/guality/pr43077-1.c -Os line 42 varb == 2
FAIL: gcc.dg/guality/pr43077-1.c -Os line 42 varc == 3
FAIL: gcc.dg/guality/pr43593.c -O1 line 16 j == &i
FAIL: gcc.dg/guality/pr43593.c -O2 line 16 j == &i
FAIL: gcc.dg/guality/pr43593.c -O3 -fomit-frame-pointer line 16 j == &i
FAIL: gcc.dg/guality/pr43593.c -O3 -g line 16 j == &i
FAIL: gcc.dg/guality/pr43593.c -Os line 16 j == &i
FAIL: gcc.dg/guality/pr54200.c -O1 line 20 z == 3
FAIL: gcc.dg/guality/pr54200.c -O2 line 20 z == 3
FAIL: gcc.dg/guality/pr54200.c -O3 -fomit-frame-pointer line 20 z == 3
FAIL: gcc.dg/guality/pr54200.c -O3 -g line 20 z == 3
FAIL: gcc.dg/guality/pr54200.c -Os line 20 z == 3
FAIL: gcc.dg/guality/pr54693-2.c -Os line 21 z == 30 - 3 * i
FAIL: gcc.dg/guality/pr54693.c -O3 -fomit-frame-pointer -funroll-loops line 22 i == c - 48
FAIL: gcc.dg/guality/pr54693.c -O3 -fomit-frame-pointer -funroll-all-loops -finline-functions line 22 i == c - 48
FAIL: gcc.dg/guality/pr54970.c -O1 line 15 a[0] == 1
FAIL: gcc.dg/guality/pr54970.c -O1 line 20 a[0] == 1
FAIL: gcc.dg/guality/pr54970.c -O1 line 25 a[0] == 1
FAIL: gcc.dg/guality/pr54970.c -O1 line 31 *p == 6
FAIL: gcc.dg/guality/pr54970.c -O1 line 31 *q == 5
FAIL: gcc.dg/guality/pr54970.c -O1 line 36 *p == 26
FAIL: gcc.dg/guality/pr54970.c -O1 line 36 *q == 5
FAIL: gcc.dg/guality/pr54970.c -O1 line 45 *p == 26
FAIL: gcc.dg/guality/pr54970.c -O1 line 45 p[-1] == 25
FAIL: gcc.dg/guality/pr54970.c -O1 line 45 p[-2] == 4
FAIL: gcc.dg/guality/pr54970.c -O1 line 45 q[-1] == 4
FAIL: gcc.dg/guality/pr54970.c -O1 line 45 q[1] == 26
FAIL: gcc.dg/guality/pr54970.c -O1 line 45 *q == 25
FAIL: gcc.dg/guality/pr54970.c -O2 line 15 a[0] == 1
FAIL: gcc.dg/guality/pr54970.c -O2 line 20 a[0] == 1
FAIL: gcc.dg/guality/pr54970.c -O2 line 25 a[0] == 1
FAIL: gcc.dg/guality/pr54970.c -O2 line 31 *p == 6
FAIL: gcc.dg/guality/pr54970.c -O2 line 31 *q == 5
FAIL: gcc.dg/guality/pr54970.c -O2 line 36 *p == 26
FAIL: gcc.dg/guality/pr54970.c -O2 line 36 *q == 5
FAIL: gcc.dg/guality/pr54970.c -O2 line 45 *p == 26
FAIL: gcc.dg/guality/pr54970.c -O2 line 45 p[-1] == 25
FAIL: gcc.dg/guality/pr54970.c -O2 line 45 p[-2] == 4
FAIL: gcc.dg/guality/pr54970.c -O2 line 45 q[-1] == 4
FAIL: gcc.dg/guality/pr54970.c -O2 line 45 q[1] == 26
FAIL: gcc.dg/guality/pr54970.c -O2 line 45 *q == 25
FAIL: gcc.dg/guality/pr54970.c -O3 -fomit-frame-pointer line 15 a[0] == 1
FAIL: gcc.dg/guality/pr54970.c -O3 -fomit-frame-pointer line 20 a[0] == 1
FAIL: gcc.dg/guality/pr54970.c -O3 -fomit-frame-pointer line 25 a[0] == 1
FAIL: gcc.dg/guality/pr54970.c -O3 -fomit-frame-pointer line 31 *p == 6
FAIL: gcc.dg/guality/pr54970.c -O3 -fomit-frame-pointer line 31 *q == 5
FAIL: gcc.dg/guality/pr54970.c -O3 -fomit-frame-pointer line 36 *p == 26
FAIL: gcc.dg/guality/pr54970.c -O3 -fomit-frame-pointer line 36 *q == 5
FAIL: gcc.dg/guality/pr54970.c -O3 -fomit-frame-pointer line 45 *p == 26
FAIL: gcc.dg/guality/pr54970.c -O3 -fomit-frame-pointer line 45 p[-1] == 25
FAIL: gcc.dg/guality/pr54970.c -O3 -fomit-frame-pointer line 45 p[-2] == 4
FAIL: gcc.dg/guality/pr54970.c -O3 -fomit-frame-pointer line 45 q[-1] == 4
FAIL: gcc.dg/guality/pr54970.c -O3 -fomit-frame-pointer line 45 q[1] == 26
FAIL: gcc.dg/guality/pr54970.c -O3 -fomit-frame-pointer line 45 *q == 25
FAIL: gcc.dg/guality/pr54970.c -O3 -g line 15 a[0] == 1
FAIL: gcc.dg/guality/pr54970.c -O3 -g line 20 a[0] == 1
FAIL: gcc.dg/guality/pr54970.c -O3 -g line 25 a[0] == 1
FAIL: gcc.dg/guality/pr54970.c -O3 -g line 31 *p == 6
FAIL: gcc.dg/guality/pr54970.c -O3 -g line 31 *q == 5
FAIL: gcc.dg/guality/pr54970.c -O3 -g line 36 *p == 26
FAIL: gcc.dg/guality/pr54970.c -O3 -g line 36 *q == 5
FAIL: gcc.dg/guality/pr54970.c -O3 -g line 45 *p == 26
FAIL: gcc.dg/guality/pr54970.c -O3 -g line 45 p[-1] == 25
FAIL: gcc.dg/guality/pr54970.c -O3 -g line 45 p[-2] == 4
FAIL: gcc.dg/guality/pr54970.c -O3 -g line 45 q[-1] == 4
FAIL: gcc.dg/guality/pr54970.c -O3 -g line 45 q[1] == 26
FAIL: gcc.dg/guality/pr54970.c -O3 -g line 45 *q == 25
FAIL: gcc.dg/guality/pr54970.c -Os line 15 a[0] == 1
FAIL: gcc.dg/guality/pr54970.c -Os line 20 a[0] == 1
FAIL: gcc.dg/guality/pr54970.c -Os line 25 a[0] == 1
FAIL: gcc.dg/guality/pr54970.c -Os line 31 *p == 6
FAIL: gcc.dg/guality/pr54970.c -Os line 31 *q == 5
FAIL: gcc.dg/guality/pr54970.c -Os line 36 *p == 26
FAIL: gcc.dg/guality/pr54970.c -Os line 36 *q == 5
FAIL: gcc.dg/guality/pr54970.c -Os line 45 *p == 26
FAIL: gcc.dg/guality/pr54970.c -Os line 45 p[-1] == 25
FAIL: gcc.dg/guality/pr54970.c -Os line 45 p[-2] == 4
FAIL: gcc.dg/guality/pr54970.c -Os line 45 q[-1] == 4
FAIL: gcc.dg/guality/pr54970.c -Os line 45 q[1] == 26
FAIL: gcc.dg/guality/pr54970.c -Os line 45 *q == 25
FAIL: gcc.dg/guality/sra-1.c -O2 line 43 a.j == 14
FAIL: gcc.dg/guality/sra-1.c -O3 -fomit-frame-pointer line 43 a.j == 14
FAIL: gcc.dg/guality/sra-1.c -O3 -g line 43 a.j == 14
FAIL: gcc.dg/guality/sra-1.c -Os line 43 a.j == 14
FAIL: gcc.dg/tls/pr42894.c (test for excess errors)
FAIL: gcc.dg/torture/arm-fp16-ops-5.c -O0 (test for excess errors)
UNRESOLVED: gcc.dg/torture/arm-fp16-ops-5.c -O0 scan-assembler-not \\tbl\\t__.*hf2
UNRESOLVED: gcc.dg/torture/arm-fp16-ops-5.c -O0 scan-assembler-not \\tbl\\t__.*hf3
UNRESOLVED: gcc.dg/torture/arm-fp16-ops-5.c -O0 scan-assembler-not \\tbl\\t__gnu_h[a-z]*_ieee
UNRESOLVED: gcc.dg/torture/arm-fp16-ops-5.c -O0 scan-assembler-not \\tbl\\t__gnu_h2f_ieee
UNRESOLVED: gcc.dg/torture/arm-fp16-ops-5.c -O0 scan-assembler-not \\tbl\\t__gnu_f2h_ieee
FAIL: gcc.dg/torture/arm-fp16-ops-5.c -O1 (test for excess errors)
UNRESOLVED: gcc.dg/torture/arm-fp16-ops-5.c -O1 scan-assembler-not \\tbl\\t__.*hf2
UNRESOLVED: gcc.dg/torture/arm-fp16-ops-5.c -O1 scan-assembler-not \\tbl\\t__.*hf3
UNRESOLVED: gcc.dg/torture/arm-fp16-ops-5.c -O1 scan-assembler-not \\tbl\\t__gnu_h[a-z]*_ieee
UNRESOLVED: gcc.dg/torture/arm-fp16-ops-5.c -O1 scan-assembler-not \\tbl\\t__gnu_h2f_ieee
UNRESOLVED: gcc.dg/torture/arm-fp16-ops-5.c -O1 scan-assembler-not \\tbl\\t__gnu_f2h_ieee
FAIL: gcc.dg/torture/arm-fp16-ops-5.c -O2 (test for excess errors)
UNRESOLVED: gcc.dg/torture/arm-fp16-ops-5.c -O2 scan-assembler-not \\tbl\\t__.*hf2
UNRESOLVED: gcc.dg/torture/arm-fp16-ops-5.c -O2 scan-assembler-not \\tbl\\t__.*hf3
UNRESOLVED: gcc.dg/torture/arm-fp16-ops-5.c -O2 scan-assembler-not \\tbl\\t__gnu_h[a-z]*_ieee
UNRESOLVED: gcc.dg/torture/arm-fp16-ops-5.c -O2 scan-assembler-not \\tbl\\t__gnu_h2f_ieee
UNRESOLVED: gcc.dg/torture/arm-fp16-ops-5.c -O2 scan-assembler-not \\tbl\\t__gnu_f2h_ieee
FAIL: gcc.dg/torture/arm-fp16-ops-5.c -O3 -fomit-frame-pointer (test for excess errors)
UNRESOLVED: gcc.dg/torture/arm-fp16-ops-5.c -O3 -fomit-frame-pointer scan-assembler-not \\tbl\\t__.*hf2
UNRESOLVED: gcc.dg/torture/arm-fp16-ops-5.c -O3 -fomit-frame-pointer scan-assembler-not \\tbl\\t__.*hf3
UNRESOLVED: gcc.dg/torture/arm-fp16-ops-5.c -O3 -fomit-frame-pointer scan-assembler-not \\tbl\\t__gnu_h[a-z]*_ieee
UNRESOLVED: gcc.dg/torture/arm-fp16-ops-5.c -O3 -fomit-frame-pointer scan-assembler-not \\tbl\\t__gnu_h2f_ieee
UNRESOLVED: gcc.dg/torture/arm-fp16-ops-5.c -O3 -fomit-frame-pointer scan-assembler-not \\tbl\\t__gnu_f2h_ieee
FAIL: gcc.dg/torture/arm-fp16-ops-5.c -O3 -g (test for excess errors)
UNRESOLVED: gcc.dg/torture/arm-fp16-ops-5.c -O3 -g scan-assembler-not \\tbl\\t__.*hf2
UNRESOLVED: gcc.dg/torture/arm-fp16-ops-5.c -O3 -g scan-assembler-not \\tbl\\t__.*hf3
UNRESOLVED: gcc.dg/torture/arm-fp16-ops-5.c -O3 -g scan-assembler-not \\tbl\\t__gnu_h[a-z]*_ieee
UNRESOLVED: gcc.dg/torture/arm-fp16-ops-5.c -O3 -g scan-assembler-not \\tbl\\t__gnu_h2f_ieee
UNRESOLVED: gcc.dg/torture/arm-fp16-ops-5.c -O3 -g scan-assembler-not \\tbl\\t__gnu_f2h_ieee
FAIL: gcc.dg/torture/arm-fp16-ops-5.c -Os (test for excess errors)
UNRESOLVED: gcc.dg/torture/arm-fp16-ops-5.c -Os scan-assembler-not \\tbl\\t__.*hf2
UNRESOLVED: gcc.dg/torture/arm-fp16-ops-5.c -Os scan-assembler-not \\tbl\\t__.*hf3
UNRESOLVED: gcc.dg/torture/arm-fp16-ops-5.c -Os scan-assembler-not \\tbl\\t__gnu_h[a-z]*_ieee
UNRESOLVED: gcc.dg/torture/arm-fp16-ops-5.c -Os scan-assembler-not \\tbl\\t__gnu_h2f_ieee
UNRESOLVED: gcc.dg/torture/arm-fp16-ops-5.c -Os scan-assembler-not \\tbl\\t__gnu_f2h_ieee
FAIL: gcc.dg/torture/arm-fp16-ops-6.c -O0 (test for excess errors)
UNRESOLVED: gcc.dg/torture/arm-fp16-ops-6.c -O0 scan-assembler-not \\tbl\\t__.*hf2
UNRESOLVED: gcc.dg/torture/arm-fp16-ops-6.c -O0 scan-assembler-not \\tbl\\t__.*hf3
UNRESOLVED: gcc.dg/torture/arm-fp16-ops-6.c -O0 scan-assembler-not \\tbl\\t__gnu_h[a-z]*_ieee
UNRESOLVED: gcc.dg/torture/arm-fp16-ops-6.c -O0 scan-assembler-not \\tbl\\t__gnu_h2f_ieee
UNRESOLVED: gcc.dg/torture/arm-fp16-ops-6.c -O0 scan-assembler-not \\tbl\\t__gnu_f2h_ieee
FAIL: gcc.dg/torture/arm-fp16-ops-6.c -O1 (test for excess errors)
UNRESOLVED: gcc.dg/torture/arm-fp16-ops-6.c -O1 scan-assembler-not \\tbl\\t__.*hf2
UNRESOLVED: gcc.dg/torture/arm-fp16-ops-6.c -O1 scan-assembler-not \\tbl\\t__.*hf3
UNRESOLVED: gcc.dg/torture/arm-fp16-ops-6.c -O1 scan-assembler-not \\tbl\\t__gnu_h[a-z]*_ieee
UNRESOLVED: gcc.dg/torture/arm-fp16-ops-6.c -O1 scan-assembler-not \\tbl\\t__gnu_h2f_ieee
UNRESOLVED: gcc.dg/torture/arm-fp16-ops-6.c -O1 scan-assembler-not \\tbl\\t__gnu_f2h_ieee
FAIL: gcc.dg/torture/arm-fp16-ops-6.c -O2 (test for excess errors)
UNRESOLVED: gcc.dg/torture/arm-fp16-ops-6.c -O2 scan-assembler-not \\tbl\\t__.*hf2
UNRESOLVED: gcc.dg/torture/arm-fp16-ops-6.c -O2 scan-assembler-not \\tbl\\t__.*hf3
UNRESOLVED: gcc.dg/torture/arm-fp16-ops-6.c -O2 scan-assembler-not \\tbl\\t__gnu_h[a-z]*_ieee
UNRESOLVED: gcc.dg/torture/arm-fp16-ops-6.c -O2 scan-assembler-not \\tbl\\t__gnu_h2f_ieee
UNRESOLVED: gcc.dg/torture/arm-fp16-ops-6.c -O2 scan-assembler-not \\tbl\\t__gnu_f2h_ieee
FAIL: gcc.dg/torture/arm-fp16-ops-6.c -O3 -fomit-frame-pointer (test for excess errors)
UNRESOLVED: gcc.dg/torture/arm-fp16-ops-6.c -O3 -fomit-frame-pointer scan-assembler-not \\tbl\\t__.*hf2
UNRESOLVED: gcc.dg/torture/arm-fp16-ops-6.c -O3 -fomit-frame-pointer scan-assembler-not \\tbl\\t__.*hf3
UNRESOLVED: gcc.dg/torture/arm-fp16-ops-6.c -O3 -fomit-frame-pointer scan-assembler-not \\tbl\\t__gnu_h[a-z]*_ieee
UNRESOLVED: gcc.dg/torture/arm-fp16-ops-6.c -O3 -fomit-frame-pointer scan-assembler-not \\tbl\\t__gnu_h2f_ieee
UNRESOLVED: gcc.dg/torture/arm-fp16-ops-6.c -O3 -fomit-frame-pointer scan-assembler-not \\tbl\\t__gnu_f2h_ieee
FAIL: gcc.dg/torture/arm-fp16-ops-6.c -O3 -g (test for excess errors)
UNRESOLVED: gcc.dg/torture/arm-fp16-ops-6.c -O3 -g scan-assembler-not \\tbl\\t__.*hf2
UNRESOLVED: gcc.dg/torture/arm-fp16-ops-6.c -O3 -g scan-assembler-not \\tbl\\t__.*hf3
UNRESOLVED: gcc.dg/torture/arm-fp16-ops-6.c -O3 -g scan-assembler-not \\tbl\\t__gnu_h[a-z]*_ieee
UNRESOLVED: gcc.dg/torture/arm-fp16-ops-6.c -O3 -g scan-assembler-not \\tbl\\t__gnu_h2f_ieee
UNRESOLVED: gcc.dg/torture/arm-fp16-ops-6.c -O3 -g scan-assembler-not \\tbl\\t__gnu_f2h_ieee
FAIL: gcc.dg/torture/arm-fp16-ops-6.c -Os (test for excess errors)
UNRESOLVED: gcc.dg/torture/arm-fp16-ops-6.c -Os scan-assembler-not \\tbl\\t__.*hf2
UNRESOLVED: gcc.dg/torture/arm-fp16-ops-6.c -Os scan-assembler-not \\tbl\\t__.*hf3
UNRESOLVED: gcc.dg/torture/arm-fp16-ops-6.c -Os scan-assembler-not \\tbl\\t__gnu_h[a-z]*_ieee
UNRESOLVED: gcc.dg/torture/arm-fp16-ops-6.c -Os scan-assembler-not \\tbl\\t__gnu_h2f_ieee
UNRESOLVED: gcc.dg/torture/arm-fp16-ops-6.c -Os scan-assembler-not \\tbl\\t__gnu_f2h_ieee
FAIL: gcc.dg/tree-ssa/pr42585.c scan-tree-dump-times optimized "struct _fat_ptr _ans" 0
FAIL: gcc.dg/tree-ssa/pr42585.c scan-tree-dump-times optimized "struct _fat_ptr _T2" 0
FAIL: gcc.dg/tree-ssa/pr43491.c scan-tree-dump-times pre "Eliminated: 3" 1
FAIL: gcc.dg/tree-ssa/sra-12.c scan-tree-dump-times release_ssa "l;" 0
FAIL: gcc.target/arm/pr42575.c scan-assembler-not mov
FAIL: gcc.target/arm/thumb-ltu.c (test for excess errors)
UNRESOLVED: gcc.target/arm/thumb-ltu.c scan-assembler-not uxtb
FAIL: gcc.target/arm/volatile-bitfields-1.c scan-assembler ldrb[\\\\t ]+[^\\n]*,[\\\\t ]*\\\\[[^\\n]*\\\\]
FAIL: gcc.target/arm/neon/vrndaf32.c (test for excess errors)
UNRESOLVED: gcc.target/arm/neon/vrndaf32.c scan-assembler vrinta.f32[ \\t]+[dD][0-9]+, [dD][0-9]+!?([ \\t]+@[a-zA-Z0-9 ]+)?\\n
FAIL: gcc.target/arm/neon/vrndf32.c (test for excess errors)
UNRESOLVED: gcc.target/arm/neon/vrndf32.c scan-assembler vrintz.f32[ \\t]+[dD][0-9]+, [dD][0-9]+!?([ \\t]+@[a-zA-Z0-9 ]+)?\\n
FAIL: gcc.target/arm/neon/vrndmf32.c (test for excess errors)
UNRESOLVED: gcc.target/arm/neon/vrndmf32.c scan-assembler vrintm.f32[ \\t]+[dD][0-9]+, [dD][0-9]+!?([ \\t]+@[a-zA-Z0-9 ]+)?\\n
FAIL: gcc.target/arm/neon/vrndnf32.c (test for excess errors)
UNRESOLVED: gcc.target/arm/neon/vrndnf32.c scan-assembler vrintn.f32[ \\t]+[dD][0-9]+, [dD][0-9]+!?([ \\t]+@[a-zA-Z0-9 ]+)?\\n
FAIL: gcc.target/arm/neon/vrndpf32.c (test for excess errors)
UNRESOLVED: gcc.target/arm/neon/vrndpf32.c scan-assembler vrintp.f32[ \\t]+[dD][0-9]+, [dD][0-9]+!?([ \\t]+@[a-zA-Z0-9 ]+)?\\n
FAIL: gcc.target/arm/neon/vrndqaf32.c (test for excess errors)
UNRESOLVED: gcc.target/arm/neon/vrndqaf32.c scan-assembler vrinta.f32[ \\t]+[qQ][0-9]+, [qQ][0-9]+!?([ \\t]+@[a-zA-Z0-9 ]+)?\\n
FAIL: gcc.target/arm/neon/vrndqf32.c (test for excess errors)
UNRESOLVED: gcc.target/arm/neon/vrndqf32.c scan-assembler vrintz.f32[ \\t]+[qQ][0-9]+, [qQ][0-9]+!?([ \\t]+@[a-zA-Z0-9 ]+)?\\n
FAIL: gcc.target/arm/neon/vrndqmf32.c (test for excess errors)
UNRESOLVED: gcc.target/arm/neon/vrndqmf32.c scan-assembler vrintm.f32[ \\t]+[qQ][0-9]+, [qQ][0-9]+!?([ \\t]+@[a-zA-Z0-9 ]+)?\\n
FAIL: gcc.target/arm/neon/vrndqnf32.c (test for excess errors)
UNRESOLVED: gcc.target/arm/neon/vrndqnf32.c scan-assembler vrintn.f32[ \\t]+[qQ][0-9]+, [qQ][0-9]+!?([ \\t]+@[a-zA-Z0-9 ]+)?\\n
FAIL: gcc.target/arm/neon/vrndqpf32.c (test for excess errors)
UNRESOLVED: gcc.target/arm/neon/vrndqpf32.c scan-assembler vrintp.f32[ \\t]+[qQ][0-9]+, [qQ][0-9]+!?([ \\t]+@[a-zA-Z0-9 ]+)?\\n
=== gcc Summary ===
# of expected passes 78672
# of unexpected failures 256
# of unexpected successes 25
# of expected failures 209
# of unresolved testcases 71
# of unsupported tests 1179
/mnt/scratch/objdir48/gcc/xgcc version 4.8.5 20150115 (prerelease) (GCC)
=== gfortran tests ===
Running target unix
FAIL: gfortran.dg/dynamic_dispatch_1.f03 -O0 execution test
FAIL: gfortran.dg/dynamic_dispatch_3.f03 -O0 execution test
FAIL: gfortran.dg/select_type_4.f90 -O2 execution test
FAIL: gfortran.dg/select_type_4.f90 -O3 -fomit-frame-pointer execution test
FAIL: gfortran.dg/select_type_4.f90 -O3 -fomit-frame-pointer -funroll-loops execution test
FAIL: gfortran.dg/select_type_4.f90 -O3 -fomit-frame-pointer -funroll-all-loops -finline-functions execution test
FAIL: gfortran.dg/select_type_4.f90 -O3 -g execution test
FAIL: gfortran.dg/vect/pr32380.f -O scan-tree-dump-times vect "vectorized 6 loops" 1
=== gfortran Summary ===
# of expected passes 42480
# of unexpected failures 8
# of expected failures 43
# of unsupported tests 396
/mnt/scratch/objdir48/gcc/testsuite/gfortran/../../gfortran version 4.8.5 20150115 (prerelease) (GCC)
=== gnat tests ===
Running target unix
=== gnat Summary ===
# of expected passes 1161
# of expected failures 18
# of unsupported tests 12
/mnt/scratch/objdir48/gcc/gnatmake version 4.8.5 20150115 (prerelease)
Compiler version: 4.8.5 20150115 (prerelease)
Platform: armv7l-unknown-linux-gnueabi
configure flags: --prefix=/mnt/scratch/install48 --enable-bootstrap --enable-shared --enable-threads=posix --enable-checking=release --enable-__cxa_atexit --disable-libunwind-exceptions --enable-gnu-unique-object --enable-linker-build-id --with-linker-hash-style=gnu --enable-languages=c,c++,fortran,ada --enable-initfini-array --disable-lto --disable-plugin --disable-libmudflap --disable-dssi --with-java-home=/usr/lib/jvm/java-1.5.0-gcj-1.5.0.0/jre --enable-libgcj-multifile --disable-java-maintainer-mode --with-ecj-jar=/usr/share/java/eclipse-ecj.jar --disable-libjava-multilib --without-isl --without-cloog --disable-sjlj-exceptions --with-arch=armv7-a --with-tune=cortex-a9 --with-float=hard --with-fpu=vfpv3-d16 --with-abi=aapcs-linux --build=armv7l-unknown-linux-gnueabi --with-gmp=/home/mikpe/pkgs/linux-armv7l/gmp-5.1.3 --with-mpfr=/home/mikpe/pkgs/linux-armv7l/mpfr-3.1.2 --with-mpc=/home/mikpe/pkgs/linux-armv7l/mpc-1.0.2
BOOT_CFLAGS=-g -O2