This is the mail archive of the
gcc-testresults@gcc.gnu.org
mailing list for the GCC project.
Results for 5.0.0 20150116 (experimental) [trunk revision 219745] (GCC) testsuite on i386-pc-solaris2.11
- From: Rainer Orth <ro at CeBiTec dot Uni-Bielefeld dot DE>
- To: gcc-testresults at gcc dot gnu dot org
- Date: Sat, 17 Jan 2015 01:33:15 +0100 (CET)
- Subject: Results for 5.0.0 20150116 (experimental) [trunk revision 219745] (GCC) testsuite on i386-pc-solaris2.11
- Authentication-results: sourceware.org; auth=none
LAST_UPDATED: Fri Jan 16 15:00:42 UTC 2015 (revision 219745)
=== acats tests ===
=== acats Summary ===
# of expected passes 2320
# of unexpected failures 0
Native configuration is i386-pc-solaris2.11
=== g++ tests ===
Running target unix
FAIL: g++.dg/cilk-plus/CK/catch_exc.cc -O1 -fcilkplus execution test
FAIL: g++.dg/cilk-plus/CK/catch_exc.cc -O3 -fcilkplus execution test
FAIL: g++.dg/cilk-plus/CK/catch_exc.cc -g -O2 -fcilkplus execution test
FAIL: g++.dg/cilk-plus/CK/catch_exc.cc -g -fcilkplus execution test
=== g++ Summary for unix ===
# of expected passes 84010
# of unexpected failures 4
# of expected failures 270
# of unsupported tests 3184
Running target unix/-m64
=== g++ Summary for unix/-m64 ===
# of expected passes 85335
# of expected failures 270
# of unsupported tests 3455
=== g++ Summary ===
# of expected passes 169345
# of unexpected failures 4
# of expected failures 540
# of unsupported tests 6639
/var/gcc/regression/trunk/11-gcc-gas/build/gcc/testsuite/g++/../../xg++ version 5.0.0 20150116 (experimental) [trunk revision 219745] (GCC)
=== gcc tests ===
Running target unix
FAIL: gcc.dg/stackprotectexplicit1.c (test for excess errors)
WARNING: gcc.dg/stackprotectexplicit1.c compilation failed to produce executable
FAIL: gcc.dg/unroll-2.c (test for warnings, line 24)
FAIL: gcc.dg/graphite/vect-pr43423.c scan-tree-dump-times vect "vectorized 2 loops" 1
FAIL: gcc.target/i386/funcspec-5.c (test for excess errors)
FAIL: gcc.target/i386/pr49095.c scan-assembler-not test[lq]
=== gcc Summary for unix ===
# of expected passes 105986
# of unexpected failures 5
# of expected failures 263
# of unsupported tests 1945
Running target unix/-m64
FAIL: gcc.dg/stackprotectexplicit1.c (test for excess errors)
WARNING: gcc.dg/stackprotectexplicit1.c compilation failed to produce executable
FAIL: gcc.dg/unroll-2.c (test for warnings, line 24)
FAIL: gcc.dg/graphite/vect-pr43423.c scan-tree-dump-times vect "vectorized 2 loops" 1
=== gcc Summary for unix/-m64 ===
# of expected passes 106865
# of unexpected failures 3
# of expected failures 263
# of unsupported tests 2194
=== gcc Summary ===
# of expected passes 212851
# of unexpected failures 8
# of expected failures 526
# of unsupported tests 4139
/var/gcc/regression/trunk/11-gcc-gas/build/gcc/xgcc version 5.0.0 20150116 (experimental) [trunk revision 219745] (GCC)
=== gfortran tests ===
Running target unix
=== gfortran Summary for unix ===
# of expected passes 47531
# of expected failures 76
# of unsupported tests 217
Running target unix/-m64
=== gfortran Summary for unix/-m64 ===
# of expected passes 47818
# of expected failures 76
# of unsupported tests 79
=== gfortran Summary ===
# of expected passes 95349
# of expected failures 152
# of unsupported tests 296
/var/gcc/regression/trunk/11-gcc-gas/build/gcc/testsuite/gfortran/../../gfortran version 5.0.0 20150116 (experimental) [trunk revision 219745] (GCC)
=== gnat tests ===
Running target unix
FAIL: gnat.dg/lto8.adb (internal compiler error)
FAIL: gnat.dg/lto8.adb (test for excess errors)
=== gnat Summary for unix ===
# of expected passes 1316
# of unexpected failures 2
# of expected failures 20
# of unsupported tests 7
Running target unix/-m64
FAIL: gnat.dg/lto8.adb (internal compiler error)
FAIL: gnat.dg/lto8.adb (test for excess errors)
=== gnat Summary for unix/-m64 ===
# of expected passes 1316
# of unexpected failures 2
# of expected failures 20
# of unsupported tests 7
=== gnat Summary ===
# of expected passes 2632
# of unexpected failures 4
# of expected failures 40
# of unsupported tests 14
/var/gcc/regression/trunk/11-gcc-gas/build/gcc/gnatmake version 5.0.0 20150116 (experimental) [trunk revision 219745]
=== go tests ===
Running target unix
FAIL: go.test/test/nilptr2.go execution, -O2 -g
=== go Summary for unix ===
# of expected passes 7364
# of unexpected failures 1
# of expected failures 1
# of untested testcases 9
# of unsupported tests 2
Running target unix/-m64
FAIL: go.test/test/fixedbugs/issue4348.go -O (test for excess errors)
FAIL: go.test/test/fixedbugs/issue6036.go -O (internal compiler error)
FAIL: go.test/test/fixedbugs/issue6036.go -O (test for excess errors)
FAIL: go.test/test/nilptr2.go execution, -O2 -g
=== go Summary for unix/-m64 ===
# of expected passes 7243
# of unexpected failures 4
# of expected failures 1
# of untested testcases 9
# of unsupported tests 1
=== go Summary ===
# of expected passes 14607
# of unexpected failures 5
# of expected failures 2
# of untested testcases 18
# of unsupported tests 3
=== obj-c++ tests ===
Running target unix
=== obj-c++ Summary for unix ===
# of expected passes 1453
# of expected failures 2
# of unsupported tests 86
Running target unix/-m64
=== obj-c++ Summary for unix/-m64 ===
# of expected passes 1445
# of expected failures 10
# of unsupported tests 86
=== obj-c++ Summary ===
# of expected passes 2898
# of expected failures 12
# of unsupported tests 172
/var/gcc/regression/trunk/11-gcc-gas/build/gcc/testsuite/obj-c++/../../xg++ version 5.0.0 20150116 (experimental) [trunk revision 219745] (GCC)
=== objc tests ===
Running target unix
=== objc Summary for unix ===
# of expected passes 3004
# of expected failures 6
# of unsupported tests 74
Running target unix/-m64
=== objc Summary for unix/-m64 ===
# of expected passes 3004
# of expected failures 6
# of unsupported tests 74
=== objc Summary ===
# of expected passes 6008
# of expected failures 12
# of unsupported tests 148
/var/gcc/regression/trunk/11-gcc-gas/build/gcc/xgcc version 5.0.0 20150116 (experimental) [trunk revision 219745] (GCC)
=== boehm-gc tests ===
Running target unix
=== boehm-gc Summary for unix ===
# of expected passes 12
# of unsupported tests 1
Running target unix/-m64
=== boehm-gc Summary for unix/-m64 ===
# of expected passes 12
# of unsupported tests 1
=== boehm-gc Summary ===
# of expected passes 24
# of unsupported tests 2
=== libatomic tests ===
Running target unix
=== libatomic Summary for unix ===
# of expected passes 44
# of unsupported tests 5
Running target unix/-m64
=== libatomic Summary for unix/-m64 ===
# of expected passes 54
=== libatomic Summary ===
# of expected passes 98
# of unsupported tests 5
=== libffi tests ===
Running target unix
=== libffi Summary for unix ===
# of expected passes 2759
Running target unix/-m64
=== libffi Summary for unix/-m64 ===
# of expected passes 2204
=== libffi Summary ===
# of expected passes 4963
=== libgo tests ===
Running target unix
FAIL: net
FAIL: runtime
FAIL: log/syslog
FAIL: net/http
=== libgo Summary for unix ===
# of expected passes 120
# of unexpected failures 4
Running target unix/-m64
FAIL: runtime
=== libgo Summary for unix/-m64 ===
# of expected passes 123
# of unexpected failures 1
=== libgo Summary ===
# of expected passes 243
# of unexpected failures 5
/var/gcc/regression/trunk/11-gcc-gas/build/./gcc/gccgo version 5.0.0 20150116 (experimental) [trunk revision 219745] (GCC)
=== libgomp tests ===
Running target unix
=== libgomp Summary for unix ===
# of expected passes 5765
# of unsupported tests 256
Running target unix/-m64
=== libgomp Summary for unix/-m64 ===
# of expected passes 5765
# of unsupported tests 256
=== libgomp Summary ===
# of expected passes 11530
# of unsupported tests 512
=== libitm tests ===
Running target unix
=== libitm Summary for unix ===
# of expected passes 26
# of expected failures 3
# of unsupported tests 1
Running target unix/-m64
=== libitm Summary for unix/-m64 ===
# of expected passes 26
# of expected failures 3
# of unsupported tests 1
=== libitm Summary ===
# of expected passes 52
# of expected failures 6
# of unsupported tests 2
=== libjava tests ===
Running target unix
=== libjava Summary for unix ===
# of expected passes 2582
# of expected failures 4
Running target unix/-m64
=== libjava Summary for unix/-m64 ===
# of expected passes 2582
# of expected failures 4
=== libjava Summary ===
# of expected passes 5164
# of expected failures 8
=== libstdc++ tests ===
Running target unix
=== libstdc++ Summary for unix ===
# of expected passes 9315
# of expected failures 66
# of unsupported tests 608
Running target unix/-m64
FAIL: 22_locale/num_get/get/char/23953.cc execution test
FAIL: 22_locale/num_get/get/char/37958.cc execution test
FAIL: 22_locale/num_get/get/wchar_t/23953.cc execution test
FAIL: 22_locale/num_get/get/wchar_t/37958.cc execution test
FAIL: 22_locale/num_put/put/char/23953.cc execution test
FAIL: 22_locale/num_put/put/char/38196.cc execution test
FAIL: 22_locale/num_put/put/wchar_t/23953.cc execution test
FAIL: 22_locale/num_put/put/wchar_t/38196.cc execution test
FAIL: 27_io/basic_ostream/inserters_arithmetic/char/1.cc execution test
FAIL: 27_io/basic_ostream/inserters_arithmetic/wchar_t/1.cc execution test
=== libstdc++ Summary for unix/-m64 ===
# of expected passes 9305
# of unexpected failures 10
# of expected failures 66
# of unsupported tests 608
=== libstdc++ Summary ===
# of expected passes 18620
# of unexpected failures 10
# of expected failures 132
# of unsupported tests 1216
Compiler version: 5.0.0 20150116 (experimental) [trunk revision 219745] (GCC)
Platform: i386-pc-solaris2.11
configure flags: --prefix=/vol/gcc --target=i386-pc-solaris2.11 --enable-objc-gc --enable-libmudflap --with-as=/vol/gcc/bin/gas-2.24 --with-gnu-as --with-gmp-include=/vol/gcc/include --with-gmp-lib=/vol/gcc/lib --with-mpfr-include=/vol/gcc/include --with-mpfr-lib=/vol/gcc/lib --with-mpc-include=/vol/gcc/include --with-mpc-lib=/vol/gcc/lib --enable-languages=all,ada,obj-c++,go --with-isl-include=/vol/gcc/include --with-isl-lib=/vol/gcc/lib --with-cloog-include=/vol/gcc/include --with-cloog-lib=/vol/gcc/lib --enable-cloog-backend=isl
BOOT_CFLAGS=-g -O2