This is the mail archive of the
gcc-testresults@gcc.gnu.org
mailing list for the GCC project.
Results for 5.0.0 20150109 (experimental) [trunk revision 219380] (GCC) testsuite on sparc-sun-solaris2.11
- From: Rainer Orth <ro at CeBiTec dot Uni-Bielefeld dot DE>
- To: gcc-testresults at gcc dot gnu dot org
- Date: Mon, 12 Jan 2015 14:17:00 +0100 (CET)
- Subject: Results for 5.0.0 20150109 (experimental) [trunk revision 219380] (GCC) testsuite on sparc-sun-solaris2.11
- Authentication-results: sourceware.org; auth=none
LAST_UPDATED: Fri Jan 9 11:59:40 UTC 2015 (revision 219380)
=== acats tests ===
=== acats Summary ===
# of expected passes 2320
# of unexpected failures 0
Native configuration is sparc-sun-solaris2.11
=== g++ tests ===
Running target unix
FAIL: g++.dg/vect/pr64410.cc -std=c++11 scan-tree-dump vect "vectorized 1 loops in function"
FAIL: g++.dg/vect/pr64410.cc -std=c++14 scan-tree-dump vect "vectorized 1 loops in function"
FAIL: g++.dg/vect/pr64410.cc -std=c++98 scan-tree-dump vect "vectorized 1 loops in function"
=== g++ Summary for unix ===
# of expected passes 79980
# of unexpected failures 3
# of expected failures 249
# of unsupported tests 3584
Running target unix/-m64
FAIL: g++.dg/vect/pr64410.cc -std=c++11 scan-tree-dump vect "vectorized 1 loops in function"
FAIL: g++.dg/vect/pr64410.cc -std=c++14 scan-tree-dump vect "vectorized 1 loops in function"
FAIL: g++.dg/vect/pr64410.cc -std=c++98 scan-tree-dump vect "vectorized 1 loops in function"
=== g++ Summary for unix/-m64 ===
# of expected passes 81852
# of unexpected failures 3
# of expected failures 249
# of unsupported tests 3561
=== g++ Summary ===
# of expected passes 161832
# of unexpected failures 6
# of expected failures 498
# of unsupported tests 7145
/var/gcc/regression/trunk/11-gcc-gas/build/gcc/testsuite/g++/../../xg++ version 5.0.0 20150109 (experimental) [trunk revision 219380] (GCC)
=== gcc tests ===
Running target unix
FAIL: gcc.dg/unroll_1.c (test for warnings, line 24)
FAIL: gcc.dg/graphite/vect-pr43423.c scan-tree-dump-times vect "vectorized 2 loops" 1
FAIL: gcc.dg/simulate-thread/atomic-other-int.c -O2 -g thread simulation test
FAIL: gcc.dg/simulate-thread/atomic-other-int.c -O3 -g thread simulation test
FAIL: gcc.dg/simulate-thread/speculative-store-4.c -O0 -g thread simulation test
FAIL: gcc.dg/simulate-thread/speculative-store-4.c -O2 -g thread simulation test
FAIL: gcc.dg/simulate-thread/speculative-store-4.c -O3 -g thread simulation test
FAIL: gcc.dg/simulate-thread/speculative-store.c -O0 -g thread simulation test
FAIL: gcc.dg/tree-ssa/ssa-dom-cse-2.c scan-tree-dump optimized "return 28;"
FAIL: gcc.dg/vect/vect-33.c -flto -ffat-lto-objects scan-tree-dump-times vect "Alignment of access forced using versioning" 1
FAIL: gcc.dg/vect/vect-33.c scan-tree-dump-times vect "Alignment of access forced using versioning" 1
=== gcc Summary for unix ===
# of expected passes 88127
# of unexpected failures 11
# of expected failures 322
# of unsupported tests 2043
Running target unix/-m64
FAIL: gcc.dg/c11-atomic-2.c (test for excess errors)
FAIL: gcc.dg/unroll_1.c (test for warnings, line 24)
WARNING: program timed out.
FAIL: gcc.dg/graphite/vect-pr43423.c scan-tree-dump-times vect "vectorized 2 loops" 1
FAIL: gcc.dg/tree-ssa/ivopts-lt-2.c scan-tree-dump-times ivopts "PHI" 1
FAIL: gcc.dg/tree-ssa/ivopts-lt-2.c scan-tree-dump-times ivopts "p_[0-9]* <" 1
FAIL: gcc.dg/tree-ssa/ssa-dom-cse-2.c scan-tree-dump optimized "return 28;"
FAIL: gcc.dg/vect/vect-33.c -flto -ffat-lto-objects scan-tree-dump-times vect "Alignment of access forced using versioning" 1
FAIL: gcc.dg/vect/vect-33.c scan-tree-dump-times vect "Alignment of access forced using versioning" 1
=== gcc Summary for unix/-m64 ===
# of expected passes 88927
# of unexpected failures 8
# of expected failures 311
# of unsupported tests 1970
=== gcc Summary ===
# of expected passes 177054
# of unexpected failures 19
# of expected failures 633
# of unsupported tests 4013
/var/gcc/regression/trunk/11-gcc-gas/build/gcc/xgcc version 5.0.0 20150109 (experimental) [trunk revision 219380] (GCC)
=== gfortran tests ===
Running target unix
=== gfortran Summary for unix ===
# of expected passes 46694
# of expected failures 63
# of unsupported tests 275
Running target unix/-m64
=== gfortran Summary for unix/-m64 ===
# of expected passes 47021
# of expected failures 63
# of unsupported tests 114
=== gfortran Summary ===
# of expected passes 93715
# of expected failures 126
# of unsupported tests 389
/var/gcc/regression/trunk/11-gcc-gas/build/gcc/testsuite/gfortran/../../gfortran version 5.0.0 20150109 (experimental) [trunk revision 219380] (GCC)
=== gnat tests ===
Running target unix
FAIL: gnat.dg/lto8.adb (internal compiler error)
FAIL: gnat.dg/lto8.adb (test for excess errors)
=== gnat Summary for unix ===
# of expected passes 1290
# of unexpected failures 2
# of expected failures 20
# of unsupported tests 18
Running target unix/-m64
FAIL: gnat.dg/lto8.adb (internal compiler error)
FAIL: gnat.dg/lto8.adb (test for excess errors)
=== gnat Summary for unix/-m64 ===
# of expected passes 1290
# of unexpected failures 2
# of expected failures 20
# of unsupported tests 18
=== gnat Summary ===
# of expected passes 2580
# of unexpected failures 4
# of expected failures 40
# of unsupported tests 36
/var/gcc/regression/trunk/11-gcc-gas/build/gcc/gnatmake version 5.0.0 20150109 (experimental) [trunk revision 219380]
=== go tests ===
Running target unix
FAIL: ./index0-out.go compilation, -O0 -g -fno-var-tracking-assignments
FAIL: go.test/test/nilptr2.go execution, -O2 -g
WARNING: program timed out.
=== go Summary for unix ===
# of expected passes 7359
# of unexpected failures 2
# of expected failures 1
# of untested testcases 11
# of unsupported tests 3
Running target unix/-m64
FAIL: ./index0-out.go compilation, -O0 -g -fno-var-tracking-assignments
FAIL: ./select5-out.go compilation, -O0 -g -fno-var-tracking-assignments
FAIL: go.test/test/fixedbugs/issue4348.go -O (test for excess errors)
FAIL: go.test/test/nilptr2.go execution, -O2 -g
WARNING: program timed out.
WARNING: program timed out.
=== go Summary for unix/-m64 ===
# of expected passes 7236
# of unexpected failures 4
# of expected failures 1
# of untested testcases 12
# of unsupported tests 3
=== go Summary ===
# of expected passes 14595
# of unexpected failures 6
# of expected failures 2
# of untested testcases 23
# of unsupported tests 6
=== obj-c++ tests ===
Running target unix
=== obj-c++ Summary for unix ===
# of expected passes 1453
# of expected failures 2
# of unsupported tests 86
Running target unix/-m64
=== obj-c++ Summary for unix/-m64 ===
# of expected passes 1445
# of expected failures 10
# of unsupported tests 86
=== obj-c++ Summary ===
# of expected passes 2898
# of expected failures 12
# of unsupported tests 172
/var/gcc/regression/trunk/11-gcc-gas/build/gcc/testsuite/obj-c++/../../xg++ version 5.0.0 20150109 (experimental) [trunk revision 219380] (GCC)
=== objc tests ===
Running target unix
=== objc Summary for unix ===
# of expected passes 3010
# of unsupported tests 74
Running target unix/-m64
=== objc Summary for unix/-m64 ===
# of expected passes 3010
# of unsupported tests 74
=== objc Summary ===
# of expected passes 6020
# of unsupported tests 148
/var/gcc/regression/trunk/11-gcc-gas/build/gcc/xgcc version 5.0.0 20150109 (experimental) [trunk revision 219380] (GCC)
=== boehm-gc tests ===
Running target unix
=== boehm-gc Summary for unix ===
# of expected passes 12
# of unsupported tests 1
Running target unix/-m64
=== boehm-gc Summary for unix/-m64 ===
# of expected passes 12
# of unsupported tests 1
=== boehm-gc Summary ===
# of expected passes 24
# of unsupported tests 2
=== libatomic tests ===
Running target unix
=== libatomic Summary for unix ===
# of expected passes 44
# of unsupported tests 5
Running target unix/-m64
=== libatomic Summary for unix/-m64 ===
# of expected passes 54
=== libatomic Summary ===
# of expected passes 98
# of unsupported tests 5
=== libffi tests ===
Running target unix
=== libffi Summary for unix ===
# of expected passes 1819
# of unsupported tests 55
Running target unix/-m64
=== libffi Summary for unix/-m64 ===
# of expected passes 1819
# of unsupported tests 55
=== libffi Summary ===
# of expected passes 3638
# of unsupported tests 110
=== libgo tests ===
Running target unix
FAIL: reflect
FAIL: runtime
FAIL: sync
FAIL: encoding/gob
FAIL: text/template
FAIL: testing/quick
=== libgo Summary for unix ===
# of expected passes 117
# of unexpected failures 6
Running target unix/-m64
FAIL: sync
=== libgo Summary for unix/-m64 ===
# of expected passes 122
# of unexpected failures 1
=== libgo Summary ===
# of expected passes 239
# of unexpected failures 7
/var/gcc/regression/trunk/11-gcc-gas/build/./gcc/gccgo version 5.0.0 20150109 (experimental) [trunk revision 219380] (GCC)
=== libgomp tests ===
Running target unix
=== libgomp Summary for unix ===
# of expected passes 3691
# of unsupported tests 111
Running target unix/-m64
=== libgomp Summary for unix/-m64 ===
# of expected passes 3691
# of unsupported tests 111
=== libgomp Summary ===
# of expected passes 7382
# of unsupported tests 222
=== libitm tests ===
Running target unix
=== libitm Summary for unix ===
# of expected passes 26
# of expected failures 3
# of unsupported tests 1
Running target unix/-m64
=== libitm Summary for unix/-m64 ===
# of expected passes 26
# of expected failures 3
# of unsupported tests 1
=== libitm Summary ===
# of expected passes 52
# of expected failures 6
# of unsupported tests 2
=== libjava tests ===
Running target unix
=== libjava Summary for unix ===
# of expected passes 2582
# of expected failures 4
Running target unix/-m64
=== libjava Summary for unix/-m64 ===
# of expected passes 2582
# of expected failures 4
=== libjava Summary ===
# of expected passes 5164
# of expected failures 8
=== libstdc++ tests ===
Running target unix
=== libstdc++ Summary for unix ===
# of expected passes 9288
# of expected failures 69
# of unsupported tests 617
Running target unix/-m64
=== libstdc++ Summary for unix/-m64 ===
# of expected passes 9288
# of expected failures 69
# of unsupported tests 617
=== libstdc++ Summary ===
# of expected passes 18576
# of expected failures 138
# of unsupported tests 1234
Compiler version: 5.0.0 20150109 (experimental) [trunk revision 219380] (GCC)
Platform: sparc-sun-solaris2.11
configure flags: --prefix=/vol/gcc --target=sparc-sun-solaris2.11 --enable-objc-gc --enable-libmudflap --with-as=/vol/gcc/bin/gas-2.24 --with-gnu-as --with-gmp-include=/vol/gcc/include --with-gmp-lib=/vol/gcc/lib --with-mpfr-include=/vol/gcc/include --with-mpfr-lib=/vol/gcc/lib --with-mpc-include=/vol/gcc/include --with-mpc-lib=/vol/gcc/lib --enable-languages=all,ada,obj-c++,go --with-isl-include=/vol/gcc/include --with-isl-lib=/vol/gcc/lib --with-cloog-include=/vol/gcc/include --with-cloog-lib=/vol/gcc/lib --enable-cloog-backend=isl
BOOT_CFLAGS=-g -O2