This is the mail archive of the
gcc-testresults@gcc.gnu.org
mailing list for the GCC project.
Results for 5.0.0 20150107 (experimental) [trunk revision 219277] (GCC) testsuite on hppa64-hp-hpux11.11
- From: John David Anglin <dave at hiauly3 dot hia dot nrc dot ca>
- To: dave at hiauly3 dot hia dot nrc dot ca, gcc-testresults at gcc dot gnu dot org
- Date: Thu, 8 Jan 2015 08:35:43 -0500 (EST)
- Subject: Results for 5.0.0 20150107 (experimental) [trunk revision 219277] (GCC) testsuite on hppa64-hp-hpux11.11
- Authentication-results: sourceware.org; auth=none
Native configuration is hppa64-hp-hpux11.11
=== g++ tests ===
Running target unix
WARNING: program timed out.
=== g++ Summary ===
# of expected passes 78000
# of expected failures 243
# of unsupported tests 3768
/test/gnu/gcc/objdir/gcc/testsuite/g++/../../xg++ version 5.0.0 20150107 (experimental) [trunk revision 219277] (GCC)
=== gcc tests ===
Running target unix
FAIL: gcc.c-torture/compile/limits-fndefn.c -O2 -flto -flto-partition=none (internal compiler error)
FAIL: gcc.c-torture/compile/limits-fndefn.c -O2 -flto -flto-partition=none (test for excess errors)
FAIL: gcc.c-torture/compile/limits-fndefn.c -O2 -flto (internal compiler error)
FAIL: gcc.c-torture/compile/limits-fndefn.c -O2 -flto (test for excess errors)
FAIL: gcc.dg/atomic/c11-atomic-exec-5.c -O0 execution test
FAIL: gcc.dg/atomic/c11-atomic-exec-5.c -O1 execution test
FAIL: gcc.dg/atomic/c11-atomic-exec-5.c -O2 execution test
FAIL: gcc.dg/atomic/c11-atomic-exec-5.c -O3 -fomit-frame-pointer execution test
FAIL: gcc.dg/atomic/c11-atomic-exec-5.c -O3 -fomit-frame-pointer -funroll-loops execution test
FAIL: gcc.dg/atomic/c11-atomic-exec-5.c -O3 -fomit-frame-pointer -funroll-all-loops -finline-functions execution test
FAIL: gcc.dg/atomic/c11-atomic-exec-5.c -O3 -g execution test
FAIL: gcc.dg/atomic/c11-atomic-exec-5.c -Os execution test
FAIL: gcc.dg/atomic/c11-atomic-exec-5.c -O2 -flto -flto-partition=none execution test
FAIL: gcc.dg/atomic/c11-atomic-exec-5.c -O2 -flto execution test
XPASS: gcc.dg/sibcall-3.c execution test
XPASS: gcc.dg/sibcall-4.c execution test
WARNING: program timed out.
FAIL: gcc.dg/tls/alias-1.c (test for excess errors)
FAIL: gcc.dg/torture/builtin-explog-1.c -O1 (test for excess errors)
FAIL: gcc.dg/torture/builtin-explog-1.c -O2 (test for excess errors)
FAIL: gcc.dg/torture/builtin-explog-1.c -O3 -fomit-frame-pointer (test for excess errors)
FAIL: gcc.dg/torture/builtin-explog-1.c -O3 -g (test for excess errors)
FAIL: gcc.dg/torture/builtin-explog-1.c -Os (test for excess errors)
FAIL: gcc.dg/torture/builtin-explog-1.c -O2 -flto -flto-partition=none (test for excess errors)
FAIL: gcc.dg/torture/builtin-explog-1.c -O2 -flto (test for excess errors)
=== gcc Summary ===
# of expected passes 82806
# of unexpected failures 22
# of unexpected successes 2
# of expected failures 123
# of unsupported tests 1862
/test/gnu/gcc/objdir/gcc/xgcc version 5.0.0 20150107 (experimental) [trunk revision 219277] (GCC)
=== gfortran tests ===
Running target unix
FAIL: gfortran.dg/quad_2.f90 -O0 execution test
FAIL: gfortran.dg/quad_2.f90 -O1 execution test
FAIL: gfortran.dg/quad_2.f90 -O2 execution test
FAIL: gfortran.dg/quad_2.f90 -O3 -fomit-frame-pointer execution test
FAIL: gfortran.dg/quad_2.f90 -O3 -fomit-frame-pointer -funroll-loops execution test
FAIL: gfortran.dg/quad_2.f90 -O3 -fomit-frame-pointer -funroll-all-loops -finline-functions execution test
FAIL: gfortran.dg/quad_2.f90 -O3 -g execution test
FAIL: gfortran.dg/quad_2.f90 -Os execution test
=== gfortran Summary ===
# of expected passes 45396
# of unexpected failures 8
# of expected failures 55
# of unsupported tests 413
/test/gnu/gcc/objdir/gcc/testsuite/gfortran/../../gfortran version 5.0.0 20150107 (experimental) [trunk revision 219277] (GCC)
=== obj-c++ tests ===
Running target unix
=== obj-c++ Summary ===
# of expected passes 1445
# of expected failures 10
# of unsupported tests 86
/test/gnu/gcc/objdir/gcc/testsuite/obj-c++/../../xg++ version 5.0.0 20150107 (experimental) [trunk revision 219277] (GCC)
=== objc tests ===
Running target unix
=== objc Summary ===
# of expected passes 3008
# of unsupported tests 75
/test/gnu/gcc/objdir/gcc/xgcc version 5.0.0 20150107 (experimental) [trunk revision 219277] (GCC)
=== libatomic tests ===
Running target unix
=== libatomic Summary ===
# of expected passes 44
# of unsupported tests 5
=== libgomp tests ===
Running target unix
=== libgomp Summary ===
# of expected passes 3628
# of unsupported tests 118
=== libstdc++ tests ===
Running target unix
=== libstdc++ Summary ===
# of expected passes 8550
# of expected failures 68
# of unsupported tests 960
Compiler version: 5.0.0 20150107 (experimental) [trunk revision 219277] (GCC)
Platform: hppa64-hp-hpux11.11
configure flags:Test Run By dave on Wed Jan 7 13:39:57 2015