This is the mail archive of the gcc-testresults@gcc.gnu.org mailing list for the GCC project.


Index Nav: [Date Index] [Subject Index] [Author Index] [Thread Index]
Message Nav: [Date Prev] [Date Next] [Thread Prev] [Thread Next]
Other format: [Raw text]

Results for 4.8.3 (Debian 4.8.3-15) testsuite on arm-unknown-linux-gnueabihf


LAST_UPDATED: Sat Nov 29 00:59:08 UTC 2014 (revision 218178)

Native configuration is arm-unknown-linux-gnueabihf

		=== boehm-gc tests ===


Running target unix

		=== boehm-gc Summary for unix ===

# of expected passes		12
# of unsupported tests		1

Running target unix/-fstack-protector

		=== boehm-gc Summary for unix/-fstack-protector ===

# of expected passes		12
# of unsupported tests		1

		=== boehm-gc Summary ===

# of expected passes		24
# of unsupported tests		2
		=== libatomic tests ===


Running target unix

		=== libatomic Summary for unix ===

# of expected passes		44
# of unsupported tests		5

Running target unix/-fstack-protector

		=== libatomic Summary for unix/-fstack-protector ===

# of expected passes		44
# of unsupported tests		5

		=== libatomic Summary ===

# of expected passes		88
# of unsupported tests		10
		=== libffi tests ===


Running target unix
XPASS: libffi.call/cls_longdouble.c -O0 -W -Wall execution test
XPASS: libffi.call/cls_longdouble.c -O2 execution test
XPASS: libffi.call/cls_longdouble.c -O3 execution test
XPASS: libffi.call/cls_longdouble.c -Os execution test
XPASS: libffi.call/cls_longdouble.c -O2 -fomit-frame-pointer execution test

		=== libffi Summary for unix ===

# of expected passes		1814
# of unexpected successes	5
# of unsupported tests		55

Running target unix/-fstack-protector
XPASS: libffi.call/cls_longdouble.c -O0 -W -Wall execution test
XPASS: libffi.call/cls_longdouble.c -O2 execution test
XPASS: libffi.call/cls_longdouble.c -O3 execution test
XPASS: libffi.call/cls_longdouble.c -Os execution test
XPASS: libffi.call/cls_longdouble.c -O2 -fomit-frame-pointer execution test

		=== libffi Summary for unix/-fstack-protector ===

# of expected passes		1814
# of unexpected successes	5
# of unsupported tests		55

		=== libffi Summary ===

# of expected passes		3628
# of unexpected successes	10
# of unsupported tests		110
		=== libgo tests ===


Running target unix
FAIL: bufio
FAIL: fmt
FAIL: log
FAIL: reflect
FAIL: sync
FAIL: time
FAIL: crypto/cipher
FAIL: encoding/gob
FAIL: encoding/json
FAIL: html/template
FAIL: math/big
FAIL: net/http
FAIL: net/rpc
FAIL: old/regexp
FAIL: old/template
FAIL: text/template
FAIL: text/template/parse

		=== libgo Summary ===

# of expected passes		105
# of unexpected failures	17
/build/gcc-4.8-IDARMZ/gcc-4.8-4.8.3/build/./gcc/gccgo version 4.8.3 (Debian 4.8.3-15)

		=== libgomp tests ===


Running target unix
WARNING: program timed out.
FAIL: libgomp.graphite/force-parallel-6.c execution test

		=== libgomp Summary for unix ===

# of expected passes		3087
# of unexpected failures	1
# of unsupported tests		1

Running target unix/-fstack-protector
WARNING: program timed out.
FAIL: libgomp.graphite/force-parallel-6.c execution test

		=== libgomp Summary for unix/-fstack-protector ===

# of expected passes		3087
# of unexpected failures	1
# of unsupported tests		1

		=== libgomp Summary ===

# of expected passes		6174
# of unexpected failures	2
# of unsupported tests		2
		=== libjava tests ===


Running target unix
FAIL: Throw_2 execution - source compiled test
FAIL: Throw_2 -findirect-dispatch execution - source compiled test
FAIL: Throw_2 -O3 execution - source compiled test
FAIL: Throw_2 -O3 -findirect-dispatch execution - source compiled test

		=== libjava Summary for unix ===

# of expected passes		2574
# of unexpected failures	4
# of expected failures		4
# of untested testcases		4

Running target unix/-fstack-protector
FAIL: Throw_2 execution - source compiled test
FAIL: Throw_2 -findirect-dispatch execution - source compiled test
FAIL: Throw_2 -O3 execution - source compiled test
FAIL: Throw_2 -O3 -findirect-dispatch execution - source compiled test

		=== libjava Summary for unix/-fstack-protector ===

# of expected passes		2574
# of unexpected failures	4
# of expected failures		4
# of untested testcases		4

		=== libjava Summary ===

# of expected passes		5148
# of unexpected failures	8
# of expected failures		8
# of untested testcases		8
		=== libstdc++ tests ===


Running target unix
FAIL: 22_locale/numpunct/members/char/3.cc execution test
FAIL: 22_locale/time_get/get_date/wchar_t/4.cc execution test

		=== libstdc++ Summary for unix ===

# of expected passes		9041
# of unexpected failures	2
# of expected failures		45
# of unsupported tests		240

Running target unix/-fstack-protector
FAIL: 22_locale/numpunct/members/char/3.cc execution test
FAIL: 22_locale/time_get/get_date/wchar_t/4.cc execution test

		=== libstdc++ Summary for unix/-fstack-protector ===

# of expected passes		9041
# of unexpected failures	2
# of expected failures		45
# of unsupported tests		240

		=== libstdc++ Summary ===

# of expected passes		18082
# of unexpected failures	4
# of expected failures		90
# of unsupported tests		480
Target: arm-linux-gnueabihf
gcc version 4.8.3 (Debian 4.8.3-15) 

		=== g++ tests ===


Running target unix
FAIL: g++.dg/ext/arm-fp16/arm-fp16-ops-5.C -std=gnu++98 (test for excess errors)
UNRESOLVED: g++.dg/ext/arm-fp16/arm-fp16-ops-5.C -std=gnu++98  scan-assembler-not \\tbl\\t__.*hf2
UNRESOLVED: g++.dg/ext/arm-fp16/arm-fp16-ops-5.C -std=gnu++98  scan-assembler-not \\tbl\\t__.*hf3
UNRESOLVED: g++.dg/ext/arm-fp16/arm-fp16-ops-5.C -std=gnu++98  scan-assembler-not \\tbl\\t__gnu_h[a-z]*_ieee
UNRESOLVED: g++.dg/ext/arm-fp16/arm-fp16-ops-5.C -std=gnu++98  scan-assembler-not \\tbl\\t__gnu_h2f_ieee
UNRESOLVED: g++.dg/ext/arm-fp16/arm-fp16-ops-5.C -std=gnu++98  scan-assembler-not \\tbl\\t__gnu_f2h_ieee
FAIL: g++.dg/ext/arm-fp16/arm-fp16-ops-5.C -std=gnu++11 (test for excess errors)
UNRESOLVED: g++.dg/ext/arm-fp16/arm-fp16-ops-5.C -std=gnu++11  scan-assembler-not \\tbl\\t__.*hf2
UNRESOLVED: g++.dg/ext/arm-fp16/arm-fp16-ops-5.C -std=gnu++11  scan-assembler-not \\tbl\\t__.*hf3
UNRESOLVED: g++.dg/ext/arm-fp16/arm-fp16-ops-5.C -std=gnu++11  scan-assembler-not \\tbl\\t__gnu_h[a-z]*_ieee
UNRESOLVED: g++.dg/ext/arm-fp16/arm-fp16-ops-5.C -std=gnu++11  scan-assembler-not \\tbl\\t__gnu_h2f_ieee
UNRESOLVED: g++.dg/ext/arm-fp16/arm-fp16-ops-5.C -std=gnu++11  scan-assembler-not \\tbl\\t__gnu_f2h_ieee
FAIL: g++.dg/ext/arm-fp16/arm-fp16-ops-6.C -std=gnu++98 (test for excess errors)
UNRESOLVED: g++.dg/ext/arm-fp16/arm-fp16-ops-6.C -std=gnu++98  scan-assembler-not \\tbl\\t__.*hf2
UNRESOLVED: g++.dg/ext/arm-fp16/arm-fp16-ops-6.C -std=gnu++98  scan-assembler-not \\tbl\\t__.*hf3
UNRESOLVED: g++.dg/ext/arm-fp16/arm-fp16-ops-6.C -std=gnu++98  scan-assembler-not \\tbl\\t__gnu_h[a-z]*_ieee
UNRESOLVED: g++.dg/ext/arm-fp16/arm-fp16-ops-6.C -std=gnu++98  scan-assembler-not \\tbl\\t__gnu_h2f_ieee
UNRESOLVED: g++.dg/ext/arm-fp16/arm-fp16-ops-6.C -std=gnu++98  scan-assembler-not \\tbl\\t__gnu_f2h_ieee
FAIL: g++.dg/ext/arm-fp16/arm-fp16-ops-6.C -std=gnu++11 (test for excess errors)
UNRESOLVED: g++.dg/ext/arm-fp16/arm-fp16-ops-6.C -std=gnu++11  scan-assembler-not \\tbl\\t__.*hf2
UNRESOLVED: g++.dg/ext/arm-fp16/arm-fp16-ops-6.C -std=gnu++11  scan-assembler-not \\tbl\\t__.*hf3
UNRESOLVED: g++.dg/ext/arm-fp16/arm-fp16-ops-6.C -std=gnu++11  scan-assembler-not \\tbl\\t__gnu_h[a-z]*_ieee
UNRESOLVED: g++.dg/ext/arm-fp16/arm-fp16-ops-6.C -std=gnu++11  scan-assembler-not \\tbl\\t__gnu_h2f_ieee
UNRESOLVED: g++.dg/ext/arm-fp16/arm-fp16-ops-6.C -std=gnu++11  scan-assembler-not \\tbl\\t__gnu_f2h_ieee
XPASS: g++.dg/tls/thread_local-order2.C execution test
FAIL: g++.dg/tls/thread_local10.C -std=c++11 (test for excess errors)
UNRESOLVED: g++.dg/tls/thread_local10.C -std=c++11 compilation failed to produce executable

		=== g++ Summary for unix ===

# of expected passes		51410
# of unexpected failures	5
# of unexpected successes	1
# of expected failures		292
# of unresolved testcases	21
# of unsupported tests		1039

Running target unix/-fstack-protector
FAIL: g++.dg/ext/arm-fp16/arm-fp16-ops-5.C -std=gnu++98 (test for excess errors)
UNRESOLVED: g++.dg/ext/arm-fp16/arm-fp16-ops-5.C -std=gnu++98  scan-assembler-not \\tbl\\t__.*hf2
UNRESOLVED: g++.dg/ext/arm-fp16/arm-fp16-ops-5.C -std=gnu++98  scan-assembler-not \\tbl\\t__.*hf3
UNRESOLVED: g++.dg/ext/arm-fp16/arm-fp16-ops-5.C -std=gnu++98  scan-assembler-not \\tbl\\t__gnu_h[a-z]*_ieee
UNRESOLVED: g++.dg/ext/arm-fp16/arm-fp16-ops-5.C -std=gnu++98  scan-assembler-not \\tbl\\t__gnu_h2f_ieee
UNRESOLVED: g++.dg/ext/arm-fp16/arm-fp16-ops-5.C -std=gnu++98  scan-assembler-not \\tbl\\t__gnu_f2h_ieee
FAIL: g++.dg/ext/arm-fp16/arm-fp16-ops-5.C -std=gnu++11 (test for excess errors)
UNRESOLVED: g++.dg/ext/arm-fp16/arm-fp16-ops-5.C -std=gnu++11  scan-assembler-not \\tbl\\t__.*hf2
UNRESOLVED: g++.dg/ext/arm-fp16/arm-fp16-ops-5.C -std=gnu++11  scan-assembler-not \\tbl\\t__.*hf3
UNRESOLVED: g++.dg/ext/arm-fp16/arm-fp16-ops-5.C -std=gnu++11  scan-assembler-not \\tbl\\t__gnu_h[a-z]*_ieee
UNRESOLVED: g++.dg/ext/arm-fp16/arm-fp16-ops-5.C -std=gnu++11  scan-assembler-not \\tbl\\t__gnu_h2f_ieee
UNRESOLVED: g++.dg/ext/arm-fp16/arm-fp16-ops-5.C -std=gnu++11  scan-assembler-not \\tbl\\t__gnu_f2h_ieee
FAIL: g++.dg/ext/arm-fp16/arm-fp16-ops-6.C -std=gnu++98 (test for excess errors)
UNRESOLVED: g++.dg/ext/arm-fp16/arm-fp16-ops-6.C -std=gnu++98  scan-assembler-not \\tbl\\t__.*hf2
UNRESOLVED: g++.dg/ext/arm-fp16/arm-fp16-ops-6.C -std=gnu++98  scan-assembler-not \\tbl\\t__.*hf3
UNRESOLVED: g++.dg/ext/arm-fp16/arm-fp16-ops-6.C -std=gnu++98  scan-assembler-not \\tbl\\t__gnu_h[a-z]*_ieee
UNRESOLVED: g++.dg/ext/arm-fp16/arm-fp16-ops-6.C -std=gnu++98  scan-assembler-not \\tbl\\t__gnu_h2f_ieee
UNRESOLVED: g++.dg/ext/arm-fp16/arm-fp16-ops-6.C -std=gnu++98  scan-assembler-not \\tbl\\t__gnu_f2h_ieee
FAIL: g++.dg/ext/arm-fp16/arm-fp16-ops-6.C -std=gnu++11 (test for excess errors)
UNRESOLVED: g++.dg/ext/arm-fp16/arm-fp16-ops-6.C -std=gnu++11  scan-assembler-not \\tbl\\t__.*hf2
UNRESOLVED: g++.dg/ext/arm-fp16/arm-fp16-ops-6.C -std=gnu++11  scan-assembler-not \\tbl\\t__.*hf3
UNRESOLVED: g++.dg/ext/arm-fp16/arm-fp16-ops-6.C -std=gnu++11  scan-assembler-not \\tbl\\t__gnu_h[a-z]*_ieee
UNRESOLVED: g++.dg/ext/arm-fp16/arm-fp16-ops-6.C -std=gnu++11  scan-assembler-not \\tbl\\t__gnu_h2f_ieee
UNRESOLVED: g++.dg/ext/arm-fp16/arm-fp16-ops-6.C -std=gnu++11  scan-assembler-not \\tbl\\t__gnu_f2h_ieee
XPASS: g++.dg/tls/thread_local-order2.C execution test
FAIL: g++.dg/tls/thread_local10.C -std=c++11 (test for excess errors)
UNRESOLVED: g++.dg/tls/thread_local10.C -std=c++11 compilation failed to produce executable

		=== g++ Summary for unix/-fstack-protector ===

# of expected passes		51410
# of unexpected failures	5
# of unexpected successes	1
# of expected failures		292
# of unresolved testcases	21
# of unsupported tests		1039

		=== g++ Summary ===

# of expected passes		102820
# of unexpected failures	10
# of unexpected successes	2
# of expected failures		584
# of unresolved testcases	42
# of unsupported tests		2078
/build/gcc-4.8-IDARMZ/gcc-4.8-4.8.3/build/gcc/testsuite/g++/../../xg++  version 4.8.3 (Debian 4.8.3-15) 

		=== gcc tests ===


Running target unix
FAIL: gcc.dg/builtin-apply2.c execution test
FAIL: gcc.dg/fshort-wchar.c (test for excess errors)
FAIL: gcc.dg/tls/pr42894.c (test for excess errors)
FAIL: gcc.dg/torture/arm-fp16-ops-5.c  -O0  (test for excess errors)
UNRESOLVED: gcc.dg/torture/arm-fp16-ops-5.c  -O0   scan-assembler-not \\tbl\\t__.*hf2
UNRESOLVED: gcc.dg/torture/arm-fp16-ops-5.c  -O0   scan-assembler-not \\tbl\\t__.*hf3
UNRESOLVED: gcc.dg/torture/arm-fp16-ops-5.c  -O0   scan-assembler-not \\tbl\\t__gnu_h[a-z]*_ieee
UNRESOLVED: gcc.dg/torture/arm-fp16-ops-5.c  -O0   scan-assembler-not \\tbl\\t__gnu_h2f_ieee
UNRESOLVED: gcc.dg/torture/arm-fp16-ops-5.c  -O0   scan-assembler-not \\tbl\\t__gnu_f2h_ieee
FAIL: gcc.dg/torture/arm-fp16-ops-5.c  -O1  (test for excess errors)
UNRESOLVED: gcc.dg/torture/arm-fp16-ops-5.c  -O1   scan-assembler-not \\tbl\\t__.*hf2
UNRESOLVED: gcc.dg/torture/arm-fp16-ops-5.c  -O1   scan-assembler-not \\tbl\\t__.*hf3
UNRESOLVED: gcc.dg/torture/arm-fp16-ops-5.c  -O1   scan-assembler-not \\tbl\\t__gnu_h[a-z]*_ieee
UNRESOLVED: gcc.dg/torture/arm-fp16-ops-5.c  -O1   scan-assembler-not \\tbl\\t__gnu_h2f_ieee
UNRESOLVED: gcc.dg/torture/arm-fp16-ops-5.c  -O1   scan-assembler-not \\tbl\\t__gnu_f2h_ieee
FAIL: gcc.dg/torture/arm-fp16-ops-5.c  -O2  (test for excess errors)
UNRESOLVED: gcc.dg/torture/arm-fp16-ops-5.c  -O2   scan-assembler-not \\tbl\\t__.*hf2
UNRESOLVED: gcc.dg/torture/arm-fp16-ops-5.c  -O2   scan-assembler-not \\tbl\\t__.*hf3
UNRESOLVED: gcc.dg/torture/arm-fp16-ops-5.c  -O2   scan-assembler-not \\tbl\\t__gnu_h[a-z]*_ieee
UNRESOLVED: gcc.dg/torture/arm-fp16-ops-5.c  -O2   scan-assembler-not \\tbl\\t__gnu_h2f_ieee
UNRESOLVED: gcc.dg/torture/arm-fp16-ops-5.c  -O2   scan-assembler-not \\tbl\\t__gnu_f2h_ieee
FAIL: gcc.dg/torture/arm-fp16-ops-5.c  -O3 -fomit-frame-pointer  (test for excess errors)
UNRESOLVED: gcc.dg/torture/arm-fp16-ops-5.c  -O3 -fomit-frame-pointer   scan-assembler-not \\tbl\\t__.*hf2
UNRESOLVED: gcc.dg/torture/arm-fp16-ops-5.c  -O3 -fomit-frame-pointer   scan-assembler-not \\tbl\\t__.*hf3
UNRESOLVED: gcc.dg/torture/arm-fp16-ops-5.c  -O3 -fomit-frame-pointer   scan-assembler-not \\tbl\\t__gnu_h[a-z]*_ieee
UNRESOLVED: gcc.dg/torture/arm-fp16-ops-5.c  -O3 -fomit-frame-pointer   scan-assembler-not \\tbl\\t__gnu_h2f_ieee
UNRESOLVED: gcc.dg/torture/arm-fp16-ops-5.c  -O3 -fomit-frame-pointer   scan-assembler-not \\tbl\\t__gnu_f2h_ieee
FAIL: gcc.dg/torture/arm-fp16-ops-5.c  -O3 -g  (test for excess errors)
UNRESOLVED: gcc.dg/torture/arm-fp16-ops-5.c  -O3 -g   scan-assembler-not \\tbl\\t__.*hf2
UNRESOLVED: gcc.dg/torture/arm-fp16-ops-5.c  -O3 -g   scan-assembler-not \\tbl\\t__.*hf3
UNRESOLVED: gcc.dg/torture/arm-fp16-ops-5.c  -O3 -g   scan-assembler-not \\tbl\\t__gnu_h[a-z]*_ieee
UNRESOLVED: gcc.dg/torture/arm-fp16-ops-5.c  -O3 -g   scan-assembler-not \\tbl\\t__gnu_h2f_ieee
UNRESOLVED: gcc.dg/torture/arm-fp16-ops-5.c  -O3 -g   scan-assembler-not \\tbl\\t__gnu_f2h_ieee
FAIL: gcc.dg/torture/arm-fp16-ops-5.c  -Os  (test for excess errors)
UNRESOLVED: gcc.dg/torture/arm-fp16-ops-5.c  -Os   scan-assembler-not \\tbl\\t__.*hf2
UNRESOLVED: gcc.dg/torture/arm-fp16-ops-5.c  -Os   scan-assembler-not \\tbl\\t__.*hf3
UNRESOLVED: gcc.dg/torture/arm-fp16-ops-5.c  -Os   scan-assembler-not \\tbl\\t__gnu_h[a-z]*_ieee
UNRESOLVED: gcc.dg/torture/arm-fp16-ops-5.c  -Os   scan-assembler-not \\tbl\\t__gnu_h2f_ieee
UNRESOLVED: gcc.dg/torture/arm-fp16-ops-5.c  -Os   scan-assembler-not \\tbl\\t__gnu_f2h_ieee
FAIL: gcc.dg/torture/arm-fp16-ops-5.c  -O2 -flto -fno-use-linker-plugin -flto-partition=none  (test for excess errors)
UNRESOLVED: gcc.dg/torture/arm-fp16-ops-5.c  -O2 -flto -fno-use-linker-plugin -flto-partition=none   scan-assembler-not \\tbl\\t__.*hf2
UNRESOLVED: gcc.dg/torture/arm-fp16-ops-5.c  -O2 -flto -fno-use-linker-plugin -flto-partition=none   scan-assembler-not \\tbl\\t__.*hf3
UNRESOLVED: gcc.dg/torture/arm-fp16-ops-5.c  -O2 -flto -fno-use-linker-plugin -flto-partition=none   scan-assembler-not \\tbl\\t__gnu_h[a-z]*_ieee
UNRESOLVED: gcc.dg/torture/arm-fp16-ops-5.c  -O2 -flto -fno-use-linker-plugin -flto-partition=none   scan-assembler-not \\tbl\\t__gnu_h2f_ieee
UNRESOLVED: gcc.dg/torture/arm-fp16-ops-5.c  -O2 -flto -fno-use-linker-plugin -flto-partition=none   scan-assembler-not \\tbl\\t__gnu_f2h_ieee
FAIL: gcc.dg/torture/arm-fp16-ops-5.c  -O2 -flto -fuse-linker-plugin -fno-fat-lto-objects  (test for excess errors)
UNRESOLVED: gcc.dg/torture/arm-fp16-ops-5.c  -O2 -flto -fuse-linker-plugin -fno-fat-lto-objects   scan-assembler-not \\tbl\\t__.*hf2
UNRESOLVED: gcc.dg/torture/arm-fp16-ops-5.c  -O2 -flto -fuse-linker-plugin -fno-fat-lto-objects   scan-assembler-not \\tbl\\t__.*hf3
UNRESOLVED: gcc.dg/torture/arm-fp16-ops-5.c  -O2 -flto -fuse-linker-plugin -fno-fat-lto-objects   scan-assembler-not \\tbl\\t__gnu_h[a-z]*_ieee
UNRESOLVED: gcc.dg/torture/arm-fp16-ops-5.c  -O2 -flto -fuse-linker-plugin -fno-fat-lto-objects   scan-assembler-not \\tbl\\t__gnu_h2f_ieee
UNRESOLVED: gcc.dg/torture/arm-fp16-ops-5.c  -O2 -flto -fuse-linker-plugin -fno-fat-lto-objects   scan-assembler-not \\tbl\\t__gnu_f2h_ieee
FAIL: gcc.dg/torture/arm-fp16-ops-6.c  -O0  (test for excess errors)
UNRESOLVED: gcc.dg/torture/arm-fp16-ops-6.c  -O0   scan-assembler-not \\tbl\\t__.*hf2
UNRESOLVED: gcc.dg/torture/arm-fp16-ops-6.c  -O0   scan-assembler-not \\tbl\\t__.*hf3
UNRESOLVED: gcc.dg/torture/arm-fp16-ops-6.c  -O0   scan-assembler-not \\tbl\\t__gnu_h[a-z]*_ieee
UNRESOLVED: gcc.dg/torture/arm-fp16-ops-6.c  -O0   scan-assembler-not \\tbl\\t__gnu_h2f_ieee
UNRESOLVED: gcc.dg/torture/arm-fp16-ops-6.c  -O0   scan-assembler-not \\tbl\\t__gnu_f2h_ieee
FAIL: gcc.dg/torture/arm-fp16-ops-6.c  -O1  (test for excess errors)
UNRESOLVED: gcc.dg/torture/arm-fp16-ops-6.c  -O1   scan-assembler-not \\tbl\\t__.*hf2
UNRESOLVED: gcc.dg/torture/arm-fp16-ops-6.c  -O1   scan-assembler-not \\tbl\\t__.*hf3
UNRESOLVED: gcc.dg/torture/arm-fp16-ops-6.c  -O1   scan-assembler-not \\tbl\\t__gnu_h[a-z]*_ieee
UNRESOLVED: gcc.dg/torture/arm-fp16-ops-6.c  -O1   scan-assembler-not \\tbl\\t__gnu_h2f_ieee
UNRESOLVED: gcc.dg/torture/arm-fp16-ops-6.c  -O1   scan-assembler-not \\tbl\\t__gnu_f2h_ieee
FAIL: gcc.dg/torture/arm-fp16-ops-6.c  -O2  (test for excess errors)
UNRESOLVED: gcc.dg/torture/arm-fp16-ops-6.c  -O2   scan-assembler-not \\tbl\\t__.*hf2
UNRESOLVED: gcc.dg/torture/arm-fp16-ops-6.c  -O2   scan-assembler-not \\tbl\\t__.*hf3
UNRESOLVED: gcc.dg/torture/arm-fp16-ops-6.c  -O2   scan-assembler-not \\tbl\\t__gnu_h[a-z]*_ieee
UNRESOLVED: gcc.dg/torture/arm-fp16-ops-6.c  -O2   scan-assembler-not \\tbl\\t__gnu_h2f_ieee
UNRESOLVED: gcc.dg/torture/arm-fp16-ops-6.c  -O2   scan-assembler-not \\tbl\\t__gnu_f2h_ieee
FAIL: gcc.dg/torture/arm-fp16-ops-6.c  -O3 -fomit-frame-pointer  (test for excess errors)
UNRESOLVED: gcc.dg/torture/arm-fp16-ops-6.c  -O3 -fomit-frame-pointer   scan-assembler-not \\tbl\\t__.*hf2
UNRESOLVED: gcc.dg/torture/arm-fp16-ops-6.c  -O3 -fomit-frame-pointer   scan-assembler-not \\tbl\\t__.*hf3
UNRESOLVED: gcc.dg/torture/arm-fp16-ops-6.c  -O3 -fomit-frame-pointer   scan-assembler-not \\tbl\\t__gnu_h[a-z]*_ieee
UNRESOLVED: gcc.dg/torture/arm-fp16-ops-6.c  -O3 -fomit-frame-pointer   scan-assembler-not \\tbl\\t__gnu_h2f_ieee
UNRESOLVED: gcc.dg/torture/arm-fp16-ops-6.c  -O3 -fomit-frame-pointer   scan-assembler-not \\tbl\\t__gnu_f2h_ieee
FAIL: gcc.dg/torture/arm-fp16-ops-6.c  -O3 -g  (test for excess errors)
UNRESOLVED: gcc.dg/torture/arm-fp16-ops-6.c  -O3 -g   scan-assembler-not \\tbl\\t__.*hf2
UNRESOLVED: gcc.dg/torture/arm-fp16-ops-6.c  -O3 -g   scan-assembler-not \\tbl\\t__.*hf3
UNRESOLVED: gcc.dg/torture/arm-fp16-ops-6.c  -O3 -g   scan-assembler-not \\tbl\\t__gnu_h[a-z]*_ieee
UNRESOLVED: gcc.dg/torture/arm-fp16-ops-6.c  -O3 -g   scan-assembler-not \\tbl\\t__gnu_h2f_ieee
UNRESOLVED: gcc.dg/torture/arm-fp16-ops-6.c  -O3 -g   scan-assembler-not \\tbl\\t__gnu_f2h_ieee
FAIL: gcc.dg/torture/arm-fp16-ops-6.c  -Os  (test for excess errors)
UNRESOLVED: gcc.dg/torture/arm-fp16-ops-6.c  -Os   scan-assembler-not \\tbl\\t__.*hf2
UNRESOLVED: gcc.dg/torture/arm-fp16-ops-6.c  -Os   scan-assembler-not \\tbl\\t__.*hf3
UNRESOLVED: gcc.dg/torture/arm-fp16-ops-6.c  -Os   scan-assembler-not \\tbl\\t__gnu_h[a-z]*_ieee
UNRESOLVED: gcc.dg/torture/arm-fp16-ops-6.c  -Os   scan-assembler-not \\tbl\\t__gnu_h2f_ieee
UNRESOLVED: gcc.dg/torture/arm-fp16-ops-6.c  -Os   scan-assembler-not \\tbl\\t__gnu_f2h_ieee
FAIL: gcc.dg/torture/arm-fp16-ops-6.c  -O2 -flto -fno-use-linker-plugin -flto-partition=none  (test for excess errors)
UNRESOLVED: gcc.dg/torture/arm-fp16-ops-6.c  -O2 -flto -fno-use-linker-plugin -flto-partition=none   scan-assembler-not \\tbl\\t__.*hf2
UNRESOLVED: gcc.dg/torture/arm-fp16-ops-6.c  -O2 -flto -fno-use-linker-plugin -flto-partition=none   scan-assembler-not \\tbl\\t__.*hf3
UNRESOLVED: gcc.dg/torture/arm-fp16-ops-6.c  -O2 -flto -fno-use-linker-plugin -flto-partition=none   scan-assembler-not \\tbl\\t__gnu_h[a-z]*_ieee
UNRESOLVED: gcc.dg/torture/arm-fp16-ops-6.c  -O2 -flto -fno-use-linker-plugin -flto-partition=none   scan-assembler-not \\tbl\\t__gnu_h2f_ieee
UNRESOLVED: gcc.dg/torture/arm-fp16-ops-6.c  -O2 -flto -fno-use-linker-plugin -flto-partition=none   scan-assembler-not \\tbl\\t__gnu_f2h_ieee
FAIL: gcc.dg/torture/arm-fp16-ops-6.c  -O2 -flto -fuse-linker-plugin -fno-fat-lto-objects  (test for excess errors)
UNRESOLVED: gcc.dg/torture/arm-fp16-ops-6.c  -O2 -flto -fuse-linker-plugin -fno-fat-lto-objects   scan-assembler-not \\tbl\\t__.*hf2
UNRESOLVED: gcc.dg/torture/arm-fp16-ops-6.c  -O2 -flto -fuse-linker-plugin -fno-fat-lto-objects   scan-assembler-not \\tbl\\t__.*hf3
UNRESOLVED: gcc.dg/torture/arm-fp16-ops-6.c  -O2 -flto -fuse-linker-plugin -fno-fat-lto-objects   scan-assembler-not \\tbl\\t__gnu_h[a-z]*_ieee
UNRESOLVED: gcc.dg/torture/arm-fp16-ops-6.c  -O2 -flto -fuse-linker-plugin -fno-fat-lto-objects   scan-assembler-not \\tbl\\t__gnu_h2f_ieee
UNRESOLVED: gcc.dg/torture/arm-fp16-ops-6.c  -O2 -flto -fuse-linker-plugin -fno-fat-lto-objects   scan-assembler-not \\tbl\\t__gnu_f2h_ieee
FAIL: gcc.dg/tree-ssa/sra-12.c scan-tree-dump-times release_ssa "l;" 0
FAIL: gcc.target/arm/aapcs/neon-vect1.c execution test
FAIL: gcc.target/arm/aapcs/neon-vect2.c execution test
FAIL: gcc.target/arm/aapcs/neon-vect3.c execution test
FAIL: gcc.target/arm/aapcs/neon-vect4.c execution test
FAIL: gcc.target/arm/aapcs/neon-vect5.c execution test
FAIL: gcc.target/arm/aapcs/neon-vect6.c execution test
FAIL: gcc.target/arm/aapcs/neon-vect8.c execution test
FAIL: gcc.target/arm/builtin-bswap-1.c (test for excess errors)
UNRESOLVED: gcc.target/arm/builtin-bswap-1.c scan-assembler-not orr[ \\t]
UNRESOLVED: gcc.target/arm/builtin-bswap-1.c scan-assembler-times revsh\\\\t 2
UNRESOLVED: gcc.target/arm/builtin-bswap-1.c scan-assembler-times rev16\\\\t 2
UNRESOLVED: gcc.target/arm/builtin-bswap-1.c scan-assembler-times rev\\\\t 4
FAIL: gcc.target/arm/builtin-bswap16-1.c (test for excess errors)
UNRESOLVED: gcc.target/arm/builtin-bswap16-1.c scan-assembler-not orr[ \\t]
FAIL: gcc.target/arm/g2.c (test for excess errors)
UNRESOLVED: gcc.target/arm/g2.c scan-assembler mla[ \\t].*
FAIL: gcc.target/arm/neon-vext-execute.c execution test
FAIL: gcc.target/arm/pr40887.c (test for excess errors)
UNRESOLVED: gcc.target/arm/pr40887.c scan-assembler blx
FAIL: gcc.target/arm/scd42-1.c (test for excess errors)
UNRESOLVED: gcc.target/arm/scd42-1.c scan-assembler mov[ \\t].*17
FAIL: gcc.target/arm/scd42-2.c (test for excess errors)
UNRESOLVED: gcc.target/arm/scd42-2.c scan-assembler mov[ \\t].*272
FAIL: gcc.target/arm/scd42-3.c (test for excess errors)
UNRESOLVED: gcc.target/arm/scd42-3.c scan-assembler ldr[ \\t].*
FAIL: gcc.target/arm/thumb-ltu.c (test for excess errors)
UNRESOLVED: gcc.target/arm/thumb-ltu.c scan-assembler-not uxtb
FAIL: gcc.target/arm/volatile-bitfields-1.c scan-assembler ldrb[\\\\t ]+[^\\n]*,[\\\\t ]*\\\\[[^\\n]*\\\\]
FAIL: gcc.target/arm/xor-and.c (test for excess errors)
UNRESOLVED: gcc.target/arm/xor-and.c scan-assembler orr
UNRESOLVED: gcc.target/arm/xor-and.c scan-assembler-not mvn
UNRESOLVED: gcc.target/arm/xor-and.c scan-assembler-not uxth
FAIL: gcc.target/arm/neon/vrndaf32.c (test for excess errors)
UNRESOLVED: gcc.target/arm/neon/vrndaf32.c scan-assembler vrinta.f32[ \\t]+[dD][0-9]+, [dD][0-9]+!?([ \\t]+@[a-zA-Z0-9 ]+)?\\n
FAIL: gcc.target/arm/neon/vrndf32.c (test for excess errors)
UNRESOLVED: gcc.target/arm/neon/vrndf32.c scan-assembler vrintz.f32[ \\t]+[dD][0-9]+, [dD][0-9]+!?([ \\t]+@[a-zA-Z0-9 ]+)?\\n
FAIL: gcc.target/arm/neon/vrndmf32.c (test for excess errors)
UNRESOLVED: gcc.target/arm/neon/vrndmf32.c scan-assembler vrintm.f32[ \\t]+[dD][0-9]+, [dD][0-9]+!?([ \\t]+@[a-zA-Z0-9 ]+)?\\n
FAIL: gcc.target/arm/neon/vrndnf32.c (test for excess errors)
UNRESOLVED: gcc.target/arm/neon/vrndnf32.c scan-assembler vrintn.f32[ \\t]+[dD][0-9]+, [dD][0-9]+!?([ \\t]+@[a-zA-Z0-9 ]+)?\\n
FAIL: gcc.target/arm/neon/vrndpf32.c (test for excess errors)
UNRESOLVED: gcc.target/arm/neon/vrndpf32.c scan-assembler vrintp.f32[ \\t]+[dD][0-9]+, [dD][0-9]+!?([ \\t]+@[a-zA-Z0-9 ]+)?\\n
FAIL: gcc.target/arm/neon/vrndqaf32.c (test for excess errors)
UNRESOLVED: gcc.target/arm/neon/vrndqaf32.c scan-assembler vrinta.f32[ \\t]+[qQ][0-9]+, [qQ][0-9]+!?([ \\t]+@[a-zA-Z0-9 ]+)?\\n
FAIL: gcc.target/arm/neon/vrndqf32.c (test for excess errors)
UNRESOLVED: gcc.target/arm/neon/vrndqf32.c scan-assembler vrintz.f32[ \\t]+[qQ][0-9]+, [qQ][0-9]+!?([ \\t]+@[a-zA-Z0-9 ]+)?\\n
FAIL: gcc.target/arm/neon/vrndqmf32.c (test for excess errors)
UNRESOLVED: gcc.target/arm/neon/vrndqmf32.c scan-assembler vrintm.f32[ \\t]+[qQ][0-9]+, [qQ][0-9]+!?([ \\t]+@[a-zA-Z0-9 ]+)?\\n
FAIL: gcc.target/arm/neon/vrndqnf32.c (test for excess errors)
UNRESOLVED: gcc.target/arm/neon/vrndqnf32.c scan-assembler vrintn.f32[ \\t]+[qQ][0-9]+, [qQ][0-9]+!?([ \\t]+@[a-zA-Z0-9 ]+)?\\n
FAIL: gcc.target/arm/neon/vrndqpf32.c (test for excess errors)
UNRESOLVED: gcc.target/arm/neon/vrndqpf32.c scan-assembler vrintp.f32[ \\t]+[qQ][0-9]+, [qQ][0-9]+!?([ \\t]+@[a-zA-Z0-9 ]+)?\\n

		=== gcc Summary for unix ===

# of expected passes		90870
# of unexpected failures	48
# of expected failures		266
# of unresolved testcases	104
# of unsupported tests		1378

Running target unix/-fstack-protector
FAIL: gcc.dg/builtin-apply2.c execution test
FAIL: gcc.dg/fshort-wchar.c (test for excess errors)
FAIL: gcc.dg/stack-usage-1.c scan-file foo\\t(256|264)\\tstatic
FAIL: gcc.dg/superblock.c scan-rtl-dump-times sched2 "ADVANCING TO" 2
FAIL: gcc.dg/tls/pr42894.c (test for excess errors)
FAIL: gcc.dg/torture/arm-fp16-ops-5.c  -O0  (test for excess errors)
UNRESOLVED: gcc.dg/torture/arm-fp16-ops-5.c  -O0   scan-assembler-not \\tbl\\t__.*hf2
UNRESOLVED: gcc.dg/torture/arm-fp16-ops-5.c  -O0   scan-assembler-not \\tbl\\t__.*hf3
UNRESOLVED: gcc.dg/torture/arm-fp16-ops-5.c  -O0   scan-assembler-not \\tbl\\t__gnu_h[a-z]*_ieee
UNRESOLVED: gcc.dg/torture/arm-fp16-ops-5.c  -O0   scan-assembler-not \\tbl\\t__gnu_h2f_ieee
UNRESOLVED: gcc.dg/torture/arm-fp16-ops-5.c  -O0   scan-assembler-not \\tbl\\t__gnu_f2h_ieee
FAIL: gcc.dg/torture/arm-fp16-ops-5.c  -O1  (test for excess errors)
UNRESOLVED: gcc.dg/torture/arm-fp16-ops-5.c  -O1   scan-assembler-not \\tbl\\t__.*hf2
UNRESOLVED: gcc.dg/torture/arm-fp16-ops-5.c  -O1   scan-assembler-not \\tbl\\t__.*hf3
UNRESOLVED: gcc.dg/torture/arm-fp16-ops-5.c  -O1   scan-assembler-not \\tbl\\t__gnu_h[a-z]*_ieee
UNRESOLVED: gcc.dg/torture/arm-fp16-ops-5.c  -O1   scan-assembler-not \\tbl\\t__gnu_h2f_ieee
UNRESOLVED: gcc.dg/torture/arm-fp16-ops-5.c  -O1   scan-assembler-not \\tbl\\t__gnu_f2h_ieee
FAIL: gcc.dg/torture/arm-fp16-ops-5.c  -O2  (test for excess errors)
UNRESOLVED: gcc.dg/torture/arm-fp16-ops-5.c  -O2   scan-assembler-not \\tbl\\t__.*hf2
UNRESOLVED: gcc.dg/torture/arm-fp16-ops-5.c  -O2   scan-assembler-not \\tbl\\t__.*hf3
UNRESOLVED: gcc.dg/torture/arm-fp16-ops-5.c  -O2   scan-assembler-not \\tbl\\t__gnu_h[a-z]*_ieee
UNRESOLVED: gcc.dg/torture/arm-fp16-ops-5.c  -O2   scan-assembler-not \\tbl\\t__gnu_h2f_ieee
UNRESOLVED: gcc.dg/torture/arm-fp16-ops-5.c  -O2   scan-assembler-not \\tbl\\t__gnu_f2h_ieee
FAIL: gcc.dg/torture/arm-fp16-ops-5.c  -O3 -fomit-frame-pointer  (test for excess errors)
UNRESOLVED: gcc.dg/torture/arm-fp16-ops-5.c  -O3 -fomit-frame-pointer   scan-assembler-not \\tbl\\t__.*hf2
UNRESOLVED: gcc.dg/torture/arm-fp16-ops-5.c  -O3 -fomit-frame-pointer   scan-assembler-not \\tbl\\t__.*hf3
UNRESOLVED: gcc.dg/torture/arm-fp16-ops-5.c  -O3 -fomit-frame-pointer   scan-assembler-not \\tbl\\t__gnu_h[a-z]*_ieee
UNRESOLVED: gcc.dg/torture/arm-fp16-ops-5.c  -O3 -fomit-frame-pointer   scan-assembler-not \\tbl\\t__gnu_h2f_ieee
UNRESOLVED: gcc.dg/torture/arm-fp16-ops-5.c  -O3 -fomit-frame-pointer   scan-assembler-not \\tbl\\t__gnu_f2h_ieee
FAIL: gcc.dg/torture/arm-fp16-ops-5.c  -O3 -g  (test for excess errors)
UNRESOLVED: gcc.dg/torture/arm-fp16-ops-5.c  -O3 -g   scan-assembler-not \\tbl\\t__.*hf2
UNRESOLVED: gcc.dg/torture/arm-fp16-ops-5.c  -O3 -g   scan-assembler-not \\tbl\\t__.*hf3
UNRESOLVED: gcc.dg/torture/arm-fp16-ops-5.c  -O3 -g   scan-assembler-not \\tbl\\t__gnu_h[a-z]*_ieee
UNRESOLVED: gcc.dg/torture/arm-fp16-ops-5.c  -O3 -g   scan-assembler-not \\tbl\\t__gnu_h2f_ieee
UNRESOLVED: gcc.dg/torture/arm-fp16-ops-5.c  -O3 -g   scan-assembler-not \\tbl\\t__gnu_f2h_ieee
FAIL: gcc.dg/torture/arm-fp16-ops-5.c  -Os  (test for excess errors)
UNRESOLVED: gcc.dg/torture/arm-fp16-ops-5.c  -Os   scan-assembler-not \\tbl\\t__.*hf2
UNRESOLVED: gcc.dg/torture/arm-fp16-ops-5.c  -Os   scan-assembler-not \\tbl\\t__.*hf3
UNRESOLVED: gcc.dg/torture/arm-fp16-ops-5.c  -Os   scan-assembler-not \\tbl\\t__gnu_h[a-z]*_ieee
UNRESOLVED: gcc.dg/torture/arm-fp16-ops-5.c  -Os   scan-assembler-not \\tbl\\t__gnu_h2f_ieee
UNRESOLVED: gcc.dg/torture/arm-fp16-ops-5.c  -Os   scan-assembler-not \\tbl\\t__gnu_f2h_ieee
FAIL: gcc.dg/torture/arm-fp16-ops-5.c  -O2 -flto -fno-use-linker-plugin -flto-partition=none  (test for excess errors)
UNRESOLVED: gcc.dg/torture/arm-fp16-ops-5.c  -O2 -flto -fno-use-linker-plugin -flto-partition=none   scan-assembler-not \\tbl\\t__.*hf2
UNRESOLVED: gcc.dg/torture/arm-fp16-ops-5.c  -O2 -flto -fno-use-linker-plugin -flto-partition=none   scan-assembler-not \\tbl\\t__.*hf3
UNRESOLVED: gcc.dg/torture/arm-fp16-ops-5.c  -O2 -flto -fno-use-linker-plugin -flto-partition=none   scan-assembler-not \\tbl\\t__gnu_h[a-z]*_ieee
UNRESOLVED: gcc.dg/torture/arm-fp16-ops-5.c  -O2 -flto -fno-use-linker-plugin -flto-partition=none   scan-assembler-not \\tbl\\t__gnu_h2f_ieee
UNRESOLVED: gcc.dg/torture/arm-fp16-ops-5.c  -O2 -flto -fno-use-linker-plugin -flto-partition=none   scan-assembler-not \\tbl\\t__gnu_f2h_ieee
FAIL: gcc.dg/torture/arm-fp16-ops-5.c  -O2 -flto -fuse-linker-plugin -fno-fat-lto-objects  (test for excess errors)
UNRESOLVED: gcc.dg/torture/arm-fp16-ops-5.c  -O2 -flto -fuse-linker-plugin -fno-fat-lto-objects   scan-assembler-not \\tbl\\t__.*hf2
UNRESOLVED: gcc.dg/torture/arm-fp16-ops-5.c  -O2 -flto -fuse-linker-plugin -fno-fat-lto-objects   scan-assembler-not \\tbl\\t__.*hf3
UNRESOLVED: gcc.dg/torture/arm-fp16-ops-5.c  -O2 -flto -fuse-linker-plugin -fno-fat-lto-objects   scan-assembler-not \\tbl\\t__gnu_h[a-z]*_ieee
UNRESOLVED: gcc.dg/torture/arm-fp16-ops-5.c  -O2 -flto -fuse-linker-plugin -fno-fat-lto-objects   scan-assembler-not \\tbl\\t__gnu_h2f_ieee
UNRESOLVED: gcc.dg/torture/arm-fp16-ops-5.c  -O2 -flto -fuse-linker-plugin -fno-fat-lto-objects   scan-assembler-not \\tbl\\t__gnu_f2h_ieee
FAIL: gcc.dg/torture/arm-fp16-ops-6.c  -O0  (test for excess errors)
UNRESOLVED: gcc.dg/torture/arm-fp16-ops-6.c  -O0   scan-assembler-not \\tbl\\t__.*hf2
UNRESOLVED: gcc.dg/torture/arm-fp16-ops-6.c  -O0   scan-assembler-not \\tbl\\t__.*hf3
UNRESOLVED: gcc.dg/torture/arm-fp16-ops-6.c  -O0   scan-assembler-not \\tbl\\t__gnu_h[a-z]*_ieee
UNRESOLVED: gcc.dg/torture/arm-fp16-ops-6.c  -O0   scan-assembler-not \\tbl\\t__gnu_h2f_ieee
UNRESOLVED: gcc.dg/torture/arm-fp16-ops-6.c  -O0   scan-assembler-not \\tbl\\t__gnu_f2h_ieee
FAIL: gcc.dg/torture/arm-fp16-ops-6.c  -O1  (test for excess errors)
UNRESOLVED: gcc.dg/torture/arm-fp16-ops-6.c  -O1   scan-assembler-not \\tbl\\t__.*hf2
UNRESOLVED: gcc.dg/torture/arm-fp16-ops-6.c  -O1   scan-assembler-not \\tbl\\t__.*hf3
UNRESOLVED: gcc.dg/torture/arm-fp16-ops-6.c  -O1   scan-assembler-not \\tbl\\t__gnu_h[a-z]*_ieee
UNRESOLVED: gcc.dg/torture/arm-fp16-ops-6.c  -O1   scan-assembler-not \\tbl\\t__gnu_h2f_ieee
UNRESOLVED: gcc.dg/torture/arm-fp16-ops-6.c  -O1   scan-assembler-not \\tbl\\t__gnu_f2h_ieee
FAIL: gcc.dg/torture/arm-fp16-ops-6.c  -O2  (test for excess errors)
UNRESOLVED: gcc.dg/torture/arm-fp16-ops-6.c  -O2   scan-assembler-not \\tbl\\t__.*hf2
UNRESOLVED: gcc.dg/torture/arm-fp16-ops-6.c  -O2   scan-assembler-not \\tbl\\t__.*hf3
UNRESOLVED: gcc.dg/torture/arm-fp16-ops-6.c  -O2   scan-assembler-not \\tbl\\t__gnu_h[a-z]*_ieee
UNRESOLVED: gcc.dg/torture/arm-fp16-ops-6.c  -O2   scan-assembler-not \\tbl\\t__gnu_h2f_ieee
UNRESOLVED: gcc.dg/torture/arm-fp16-ops-6.c  -O2   scan-assembler-not \\tbl\\t__gnu_f2h_ieee
FAIL: gcc.dg/torture/arm-fp16-ops-6.c  -O3 -fomit-frame-pointer  (test for excess errors)
UNRESOLVED: gcc.dg/torture/arm-fp16-ops-6.c  -O3 -fomit-frame-pointer   scan-assembler-not \\tbl\\t__.*hf2
UNRESOLVED: gcc.dg/torture/arm-fp16-ops-6.c  -O3 -fomit-frame-pointer   scan-assembler-not \\tbl\\t__.*hf3
UNRESOLVED: gcc.dg/torture/arm-fp16-ops-6.c  -O3 -fomit-frame-pointer   scan-assembler-not \\tbl\\t__gnu_h[a-z]*_ieee
UNRESOLVED: gcc.dg/torture/arm-fp16-ops-6.c  -O3 -fomit-frame-pointer   scan-assembler-not \\tbl\\t__gnu_h2f_ieee
UNRESOLVED: gcc.dg/torture/arm-fp16-ops-6.c  -O3 -fomit-frame-pointer   scan-assembler-not \\tbl\\t__gnu_f2h_ieee
FAIL: gcc.dg/torture/arm-fp16-ops-6.c  -O3 -g  (test for excess errors)
UNRESOLVED: gcc.dg/torture/arm-fp16-ops-6.c  -O3 -g   scan-assembler-not \\tbl\\t__.*hf2
UNRESOLVED: gcc.dg/torture/arm-fp16-ops-6.c  -O3 -g   scan-assembler-not \\tbl\\t__.*hf3
UNRESOLVED: gcc.dg/torture/arm-fp16-ops-6.c  -O3 -g   scan-assembler-not \\tbl\\t__gnu_h[a-z]*_ieee
UNRESOLVED: gcc.dg/torture/arm-fp16-ops-6.c  -O3 -g   scan-assembler-not \\tbl\\t__gnu_h2f_ieee
UNRESOLVED: gcc.dg/torture/arm-fp16-ops-6.c  -O3 -g   scan-assembler-not \\tbl\\t__gnu_f2h_ieee
FAIL: gcc.dg/torture/arm-fp16-ops-6.c  -Os  (test for excess errors)
UNRESOLVED: gcc.dg/torture/arm-fp16-ops-6.c  -Os   scan-assembler-not \\tbl\\t__.*hf2
UNRESOLVED: gcc.dg/torture/arm-fp16-ops-6.c  -Os   scan-assembler-not \\tbl\\t__.*hf3
UNRESOLVED: gcc.dg/torture/arm-fp16-ops-6.c  -Os   scan-assembler-not \\tbl\\t__gnu_h[a-z]*_ieee
UNRESOLVED: gcc.dg/torture/arm-fp16-ops-6.c  -Os   scan-assembler-not \\tbl\\t__gnu_h2f_ieee
UNRESOLVED: gcc.dg/torture/arm-fp16-ops-6.c  -Os   scan-assembler-not \\tbl\\t__gnu_f2h_ieee
FAIL: gcc.dg/torture/arm-fp16-ops-6.c  -O2 -flto -fno-use-linker-plugin -flto-partition=none  (test for excess errors)
UNRESOLVED: gcc.dg/torture/arm-fp16-ops-6.c  -O2 -flto -fno-use-linker-plugin -flto-partition=none   scan-assembler-not \\tbl\\t__.*hf2
UNRESOLVED: gcc.dg/torture/arm-fp16-ops-6.c  -O2 -flto -fno-use-linker-plugin -flto-partition=none   scan-assembler-not \\tbl\\t__.*hf3
UNRESOLVED: gcc.dg/torture/arm-fp16-ops-6.c  -O2 -flto -fno-use-linker-plugin -flto-partition=none   scan-assembler-not \\tbl\\t__gnu_h[a-z]*_ieee
UNRESOLVED: gcc.dg/torture/arm-fp16-ops-6.c  -O2 -flto -fno-use-linker-plugin -flto-partition=none   scan-assembler-not \\tbl\\t__gnu_h2f_ieee
UNRESOLVED: gcc.dg/torture/arm-fp16-ops-6.c  -O2 -flto -fno-use-linker-plugin -flto-partition=none   scan-assembler-not \\tbl\\t__gnu_f2h_ieee
FAIL: gcc.dg/torture/arm-fp16-ops-6.c  -O2 -flto -fuse-linker-plugin -fno-fat-lto-objects  (test for excess errors)
UNRESOLVED: gcc.dg/torture/arm-fp16-ops-6.c  -O2 -flto -fuse-linker-plugin -fno-fat-lto-objects   scan-assembler-not \\tbl\\t__.*hf2
UNRESOLVED: gcc.dg/torture/arm-fp16-ops-6.c  -O2 -flto -fuse-linker-plugin -fno-fat-lto-objects   scan-assembler-not \\tbl\\t__.*hf3
UNRESOLVED: gcc.dg/torture/arm-fp16-ops-6.c  -O2 -flto -fuse-linker-plugin -fno-fat-lto-objects   scan-assembler-not \\tbl\\t__gnu_h[a-z]*_ieee
UNRESOLVED: gcc.dg/torture/arm-fp16-ops-6.c  -O2 -flto -fuse-linker-plugin -fno-fat-lto-objects   scan-assembler-not \\tbl\\t__gnu_h2f_ieee
UNRESOLVED: gcc.dg/torture/arm-fp16-ops-6.c  -O2 -flto -fuse-linker-plugin -fno-fat-lto-objects   scan-assembler-not \\tbl\\t__gnu_f2h_ieee
FAIL: gcc.dg/tree-ssa/sra-12.c scan-tree-dump-times release_ssa "l;" 0
FAIL: gcc.target/arm/aapcs/neon-vect1.c execution test
FAIL: gcc.target/arm/aapcs/neon-vect2.c execution test
FAIL: gcc.target/arm/aapcs/neon-vect3.c execution test
FAIL: gcc.target/arm/aapcs/neon-vect4.c execution test
FAIL: gcc.target/arm/aapcs/neon-vect5.c execution test
FAIL: gcc.target/arm/aapcs/neon-vect6.c execution test
FAIL: gcc.target/arm/aapcs/neon-vect8.c execution test
FAIL: gcc.target/arm/builtin-bswap-1.c (test for excess errors)
UNRESOLVED: gcc.target/arm/builtin-bswap-1.c scan-assembler-not orr[ \\t]
UNRESOLVED: gcc.target/arm/builtin-bswap-1.c scan-assembler-times revsh\\\\t 2
UNRESOLVED: gcc.target/arm/builtin-bswap-1.c scan-assembler-times rev16\\\\t 2
UNRESOLVED: gcc.target/arm/builtin-bswap-1.c scan-assembler-times rev\\\\t 4
FAIL: gcc.target/arm/builtin-bswap16-1.c (test for excess errors)
UNRESOLVED: gcc.target/arm/builtin-bswap16-1.c scan-assembler-not orr[ \\t]
FAIL: gcc.target/arm/g2.c (test for excess errors)
UNRESOLVED: gcc.target/arm/g2.c scan-assembler mla[ \\t].*
FAIL: gcc.target/arm/neon-vext-execute.c execution test
FAIL: gcc.target/arm/pr40887.c (test for excess errors)
UNRESOLVED: gcc.target/arm/pr40887.c scan-assembler blx
FAIL: gcc.target/arm/scd42-1.c (test for excess errors)
UNRESOLVED: gcc.target/arm/scd42-1.c scan-assembler mov[ \\t].*17
FAIL: gcc.target/arm/scd42-2.c (test for excess errors)
UNRESOLVED: gcc.target/arm/scd42-2.c scan-assembler mov[ \\t].*272
FAIL: gcc.target/arm/scd42-3.c (test for excess errors)
UNRESOLVED: gcc.target/arm/scd42-3.c scan-assembler ldr[ \\t].*
FAIL: gcc.target/arm/thumb-ltu.c (test for excess errors)
UNRESOLVED: gcc.target/arm/thumb-ltu.c scan-assembler-not uxtb
FAIL: gcc.target/arm/volatile-bitfields-1.c scan-assembler ldrb[\\\\t ]+[^\\n]*,[\\\\t ]*\\\\[[^\\n]*\\\\]
FAIL: gcc.target/arm/xor-and.c (test for excess errors)
UNRESOLVED: gcc.target/arm/xor-and.c scan-assembler orr
UNRESOLVED: gcc.target/arm/xor-and.c scan-assembler-not mvn
UNRESOLVED: gcc.target/arm/xor-and.c scan-assembler-not uxth
FAIL: gcc.target/arm/neon/vrndaf32.c (test for excess errors)
UNRESOLVED: gcc.target/arm/neon/vrndaf32.c scan-assembler vrinta.f32[ \\t]+[dD][0-9]+, [dD][0-9]+!?([ \\t]+@[a-zA-Z0-9 ]+)?\\n
FAIL: gcc.target/arm/neon/vrndf32.c (test for excess errors)
UNRESOLVED: gcc.target/arm/neon/vrndf32.c scan-assembler vrintz.f32[ \\t]+[dD][0-9]+, [dD][0-9]+!?([ \\t]+@[a-zA-Z0-9 ]+)?\\n
FAIL: gcc.target/arm/neon/vrndmf32.c (test for excess errors)
UNRESOLVED: gcc.target/arm/neon/vrndmf32.c scan-assembler vrintm.f32[ \\t]+[dD][0-9]+, [dD][0-9]+!?([ \\t]+@[a-zA-Z0-9 ]+)?\\n
FAIL: gcc.target/arm/neon/vrndnf32.c (test for excess errors)
UNRESOLVED: gcc.target/arm/neon/vrndnf32.c scan-assembler vrintn.f32[ \\t]+[dD][0-9]+, [dD][0-9]+!?([ \\t]+@[a-zA-Z0-9 ]+)?\\n
FAIL: gcc.target/arm/neon/vrndpf32.c (test for excess errors)
UNRESOLVED: gcc.target/arm/neon/vrndpf32.c scan-assembler vrintp.f32[ \\t]+[dD][0-9]+, [dD][0-9]+!?([ \\t]+@[a-zA-Z0-9 ]+)?\\n
FAIL: gcc.target/arm/neon/vrndqaf32.c (test for excess errors)
UNRESOLVED: gcc.target/arm/neon/vrndqaf32.c scan-assembler vrinta.f32[ \\t]+[qQ][0-9]+, [qQ][0-9]+!?([ \\t]+@[a-zA-Z0-9 ]+)?\\n
FAIL: gcc.target/arm/neon/vrndqf32.c (test for excess errors)
UNRESOLVED: gcc.target/arm/neon/vrndqf32.c scan-assembler vrintz.f32[ \\t]+[qQ][0-9]+, [qQ][0-9]+!?([ \\t]+@[a-zA-Z0-9 ]+)?\\n
FAIL: gcc.target/arm/neon/vrndqmf32.c (test for excess errors)
UNRESOLVED: gcc.target/arm/neon/vrndqmf32.c scan-assembler vrintm.f32[ \\t]+[qQ][0-9]+, [qQ][0-9]+!?([ \\t]+@[a-zA-Z0-9 ]+)?\\n
FAIL: gcc.target/arm/neon/vrndqnf32.c (test for excess errors)
UNRESOLVED: gcc.target/arm/neon/vrndqnf32.c scan-assembler vrintn.f32[ \\t]+[qQ][0-9]+, [qQ][0-9]+!?([ \\t]+@[a-zA-Z0-9 ]+)?\\n
FAIL: gcc.target/arm/neon/vrndqpf32.c (test for excess errors)
UNRESOLVED: gcc.target/arm/neon/vrndqpf32.c scan-assembler vrintp.f32[ \\t]+[qQ][0-9]+, [qQ][0-9]+!?([ \\t]+@[a-zA-Z0-9 ]+)?\\n

		=== gcc Summary for unix/-fstack-protector ===

# of expected passes		90868
# of unexpected failures	50
# of expected failures		266
# of unresolved testcases	104
# of unsupported tests		1378

		=== gcc Summary ===

# of expected passes		181738
# of unexpected failures	98
# of expected failures		532
# of unresolved testcases	208
# of unsupported tests		2756
/build/gcc-4.8-IDARMZ/gcc-4.8-4.8.3/build/gcc/xgcc  version 4.8.3 (Debian 4.8.3-15) 

		=== gfortran tests ===


Running target unix
FAIL: gfortran.dg/dynamic_dispatch_1.f03  -O0  execution test
FAIL: gfortran.dg/dynamic_dispatch_3.f03  -O0  execution test
FAIL: gfortran.dg/vect/pr32380.f  -O   scan-tree-dump-times vect "vectorized 6 loops" 1

		=== gfortran Summary for unix ===

# of expected passes		42808
# of unexpected failures	3
# of expected failures		57
# of unsupported tests		407

Running target unix/-fstack-protector
FAIL: gfortran.dg/dynamic_dispatch_1.f03  -O0  execution test
FAIL: gfortran.dg/dynamic_dispatch_3.f03  -O0  execution test
FAIL: gfortran.dg/vect/pr32380.f  -O   scan-tree-dump-times vect "vectorized 6 loops" 1

		=== gfortran Summary for unix/-fstack-protector ===

# of expected passes		42808
# of unexpected failures	3
# of expected failures		57
# of unsupported tests		407

		=== gfortran Summary ===

# of expected passes		85616
# of unexpected failures	6
# of expected failures		114
# of unsupported tests		814
/build/gcc-4.8-IDARMZ/gcc-4.8-4.8.3/build/gcc/testsuite/gfortran/../../gfortran  version 4.8.3 (Debian 4.8.3-15) 

		=== go tests ===


Running target unix
FAIL: ./index0-out.go execution,  -O0 -g -fno-var-tracking-assignments 
FAIL: ./rotate-out.go compilation,  -O0 -g -fno-var-tracking-assignments 
FAIL: go.test/test/chan/select3.go execution,  -O2 -g 
FAIL: go.test/test/closedchan.go execution,  -O2 -g 
FAIL: go.test/test/cmp.go execution,  -O2 -g 
FAIL: go.test/test/fixedbugs/bug113.go execution,  -O2 -g 
FAIL: go.test/test/fixedbugs/bug148.go execution,  -O2 -g 
FAIL: go.test/test/fixedbugs/bug266.go execution,  -O2 -g 
FAIL: go.test/test/fixedbugs/bug272.go execution,  -O2 -g 
FAIL: go.test/test/fixedbugs/bug273.go execution,  -O2 -g 
FAIL: go.test/test/fixedbugs/bug324.go
FAIL: go.test/test/fixedbugs/bug347.go execution,  -O0 -g 
FAIL: go.test/test/fixedbugs/bug348.go execution,  -O0 -g 
FAIL: go.test/test/fixedbugs/bug444.go execution,  -O2 -g 
FAIL: go.test/test/interface/fail.go execution,  -O2 -g 
FAIL: go.test/test/interface/noeq.go execution,  -O2 -g 
FAIL: go.test/test/interface/returntype.go execution,  -O2 -g 
FAIL: go.test/test/nil.go execution,  -O2 -g 
FAIL: go.test/test/nilptr.go execution,  -O2 -g 
FAIL: go.test/test/recover.go execution,  -O2 -g 
FAIL: go.test/test/recover1.go execution,  -O2 -g 
FAIL: go.test/test/recover2.go execution,  -O2 -g 
FAIL: go.test/test/recover3.go execution,  -O2 -g 
FAIL: go.test/test/reorder.go execution,  -O2 -g 
WARNING: program timed out.

		=== go Summary for unix ===

# of expected passes		5156
# of unexpected failures	24
# of expected failures		1
# of untested testcases		6

Running target unix/-fstack-protector
FAIL: ./index0-out.go execution,  -O0 -g -fno-var-tracking-assignments 
FAIL: ./rotate-out.go compilation,  -O0 -g -fno-var-tracking-assignments 
FAIL: go.test/test/chan/select3.go execution,  -O2 -g 
FAIL: go.test/test/closedchan.go execution,  -O2 -g 
FAIL: go.test/test/cmp.go execution,  -O2 -g 
FAIL: go.test/test/fixedbugs/bug113.go execution,  -O2 -g 
FAIL: go.test/test/fixedbugs/bug148.go execution,  -O2 -g 
FAIL: go.test/test/fixedbugs/bug266.go execution,  -O2 -g 
FAIL: go.test/test/fixedbugs/bug272.go execution,  -O2 -g 
FAIL: go.test/test/fixedbugs/bug273.go execution,  -O2 -g 
FAIL: go.test/test/fixedbugs/bug324.go
FAIL: go.test/test/fixedbugs/bug347.go execution,  -O0 -g 
FAIL: go.test/test/fixedbugs/bug348.go execution,  -O0 -g 
FAIL: go.test/test/fixedbugs/bug444.go execution,  -O2 -g 
FAIL: go.test/test/interface/fail.go execution,  -O2 -g 
FAIL: go.test/test/interface/noeq.go execution,  -O2 -g 
FAIL: go.test/test/interface/returntype.go execution,  -O2 -g 
FAIL: go.test/test/nil.go execution,  -O2 -g 
FAIL: go.test/test/nilptr.go execution,  -O2 -g 
FAIL: go.test/test/recover.go execution,  -O2 -g 
FAIL: go.test/test/recover1.go execution,  -O2 -g 
FAIL: go.test/test/recover2.go execution,  -O2 -g 
FAIL: go.test/test/recover3.go execution,  -O2 -g 
FAIL: go.test/test/reorder.go execution,  -O2 -g 
WARNING: program timed out.

		=== go Summary for unix/-fstack-protector ===

# of expected passes		5156
# of unexpected failures	24
# of expected failures		1
# of untested testcases		6

		=== go Summary ===

# of expected passes		10312
# of unexpected failures	48
# of expected failures		2
# of untested testcases		12
/build/gcc-4.8-IDARMZ/gcc-4.8-4.8.3/build/gcc/testsuite/go/../../gccgo  version 4.8.3 (Debian 4.8.3-15) 

		=== obj-c++ tests ===


Running target unix

		=== obj-c++ Summary for unix ===

# of expected passes		1450
# of expected failures		2
# of unsupported tests		86

Running target unix/-fstack-protector

		=== obj-c++ Summary for unix/-fstack-protector ===

# of expected passes		1450
# of expected failures		2
# of unsupported tests		86

		=== obj-c++ Summary ===

# of expected passes		2900
# of expected failures		4
# of unsupported tests		172
/build/gcc-4.8-IDARMZ/gcc-4.8-4.8.3/build/gcc/testsuite/obj-c++/../../xg++  version 4.8.3 (Debian 4.8.3-15) 

		=== objc tests ===


Running target unix

		=== objc Summary for unix ===

# of expected passes		2994
# of unsupported tests		74

Running target unix/-fstack-protector

		=== objc Summary for unix/-fstack-protector ===

# of expected passes		2994
# of unsupported tests		74

		=== objc Summary ===

# of expected passes		5988
# of unsupported tests		148
/build/gcc-4.8-IDARMZ/gcc-4.8-4.8.3/build/gcc/xgcc  version 4.8.3 (Debian 4.8.3-15) 


Compiler version: 4.8.3 (Debian 4.8.3-15) 
Platform: arm-unknown-linux-gnueabihf
configure flags: -v --with-pkgversion='Debian 4.8.3-15' --with-bugurl=file:///usr/share/doc/gcc-4.8/README.Bugs --enable-languages=c,c++,java,go,d,fortran,objc,obj-c++ --prefix=/usr --program-suffix=-4.8 --enable-shared --enable-linker-build-id --libexecdir=/usr/lib --without-included-gettext --enable-threads=posix --with-gxx-include-dir=/usr/include/c++/4.8 --libdir=/usr/lib --enable-nls --with-sysroot=/ --enable-clocale=gnu --enable-libstdcxx-debug --enable-libstdcxx-time=yes --enable-gnu-unique-object --disable-libmudflap --disable-libitm --disable-libquadmath --enable-plugin --with-system-zlib --disable-browser-plugin --enable-java-awt=gtk --enable-gtk-cairo --with-java-home=/usr/lib/jvm/java-1.5.0-gcj-4.8-armhf/jre --enable-java-home --with-jvm-root-dir=/usr/lib/jvm/java-1.5.0-gcj-4.8-armhf --with-jvm-jar-dir=/usr/lib/jvm-exports/java-1.5.0-gcj-4.8-armhf --with-arch-directory=arm --with-ecj-jar=/usr/share/java/eclipse-ecj.jar --enable-objc-gc --enable-multiarch --disable-sjlj-exceptions --with-arch=armv7-a --with-fpu=vfpv3-d16 --with-float=hard --with-mode=thumb --enable-checking=release --build=arm-linux-gnueabihf --host=arm-linux-gnueabihf --target=arm-linux-gnueabihf
BOOT_CFLAGS=


Build Dependencies:
Desired=Unknown/Install/Remove/Purge/Hold
| Status=Not/Inst/Conf-files/Unpacked/halF-conf/Half-inst/trig-aWait/Trig-pend
|/ Err?=(none)/Reinst-required (Status,Err: uppercase=bad)
||/ Name                      Version            Architecture Description
+++-=========================-==================-============-===============================================================================
ii  binutils                  2.24.90.20141014-1 armhf        GNU assembler, linker and binary utilities
ii  g++-4.8                   4.8.3-13           armhf        GNU C++ compiler
ii  g++-4.9                   4.9.1-18           armhf        GNU C++ compiler
ii  libc6:armhf               2.19-13            armhf        GNU C Library: Shared libraries
ii  libcloog-isl-dev:armhf    0.18.2-1           armhf        Chunky Loop Generator (development files)
ii  libgmp-dev:armhf          2:6.0.0+dfsg-6     armhf        Multiprecision arithmetic library developers tools
ii  libisl-dev:armhf          0.12.2-2           armhf        manipulating sets and relations of integer points bounded by linear constraints
ii  libmpc-dev:armhf          1.0.2-1            armhf        multiple precision complex floating-point library development package
ii  libmpfr-dev:armhf         3.1.2-1+b1         armhf        multiple precision floating-point computation developers tools


svn-updates:
  updates from the 4.8 branch upto 20141128 (r218178).

gcc-gfdl-build:
  Build a dummy s-tm-texi without access to the texinfo sources

gcc-textdomain:
  Set gettext's domain and textdomain to the versioned package name.

gcc-driver-extra-langs:
  Add options and specs for languages that are not built from a source
  (but built from separate sources).

gcc-hash-style-gnu:
  Link using --hash-style=gnu (aarch64, alpha, amd64, armel, armhf, ia64,
  i386, powerpc, ppc64, s390, sparc)

libstdc++-pic:
  Build and install libstdc++_pic.a library.

libstdc++-doclink:
  adjust hrefs to point to the local documentation

libstdc++-man-3cxx:
  Install libstdc++ man pages with suffix .3cxx instead of .3

libstdc++-test-installed:
  Add support to run the libstdc++-v3 testsuite using the
  installed shared libraries.

libjava-stacktrace:
  libgcj: Lookup source file name and line number in separated
  debug files found in /usr/lib/debug

libjava-jnipath:
  - Add /usr/lib/jni and /usr/lib/<multiarch>/jni to java.library.path.
  - When running the i386 binaries on amd64, look in
  - /usr/lib32/gcj-x.y and /usr/lib32/jni instead.

libjava-sjlj:
  Don't try to use _Unwind_Backtrace on SJLJ targets.
  See bug #387875, #388505, GCC PR 29206.

libjava-disable-plugin:
  Don't build the gcjwebplugin, even when configured with --enable-plugin

alpha-no-ev4-directive:
  never emit .ev4 directive.

boehm-gc-getnprocs:
  boehm-gc/pthread_support.c (GC_get_nprocs): Use sysconf as fallback.

note-gnu-stack:
  Add .note.GNU-stack sections for gcc's crt files, libffi and boehm-gc
  Taken from FC.

libgomp-omp_h-multilib:
  Fix up omp.h for multilibs.

sparc-force-cpu:
  On sparc default to ultrasparc (v9a) in 32bit mode

gccgo-version:
  Omit the subminor number from the go libdir

pr47818:
  Fix PR ada/47818: Pragma Assert is rejected with No_Implementation_Pragmas restriction.

pr49944:
  apply proposed patch for PR ada/49444.

gcc-base-version:
  Set base version to 4.8, introduce full version 4.8.x.

libgo-testsuite:
  Only run the libgo testsuite for flags configured in RUNTESTFLAGS

gcc-target-include-asm:
  Search \$(builddir)/sys-include for the asm header files

libgo-revert-timeout-exp:

arm-sanitizer:
  Enable libsanitizer on ARM.

libgo-setcontext-config:
  libgo: Overwrite the setcontext_clobbers_tls check on mips*

pr57211:
  Fix PR c++/57211, don't warn about unused parameters of defaulted functions.

kfreebsd-unwind:
  DWARF2 EH unwinding support for AMD x86-64 and x86 KFreeBSD.

libgcc-no-limits-h:
  Don't include <limits.h> in libgcc/libgcc2.c.

kfreebsd-boehm-gc:
  boehm-gc: use mmap instead of brk also on kfreebsd-*.

hurd-boehm-gc:

pr49847:
  Proposed patch for PR rtl-optimization/49847 (cc0 targets).

libffi-m68k:
  Apply #660525 fix to in-tree libffi

m68k-picflag:
  backport of trunk r204854
  fixes relocation errors when linking large libs (smokeqt, python-qt4)

sys-auxv-header:
  Check for the sys/auxv.h header file.

go-use-gold:
  Pass -fuse-ld=gold to gccgo on targets supporting -fsplit-stack

go-testsuite:
  Skip Go testcase on AArch64 which hangs on the buildds.

pr57363:
  Fix PR libgcc/57363, taken from the trunk.

fix-ffi_call_VFP-with-no-VFP-argument:
  armhf: Fix ffi_call_VFP with no VFP arguments.

pr61106:
  Proposed patch for PR driver/61106

pr61126:
  Proposed patch for PR driver/61126.

pr57653:
  Proposed patch for PR c/57653.

libitm-aarch64:
  Build libitm on AArch64, patch taken from the trunk.

pr61046:
  Fix PR c++/61046, taken from the trunk.

pr61336:
  Fix PR target/61336, taken from the trunk.

gcc-setmultilib-fix:

pr61841:
  Proposed backport for PR libstdc++/61841

pr62032:
  Backport PR lto/62032.

pr59586:
  Fix PR tree-optimization/59586, segfault with -Ofast -floop-parallelize-all

gdc-4.8:
  This implements D language support in the GCC back end, and adds
  relevant documentation about the GDC front end (code part).

gdc-versym-cpu:
  Implements D CPU version conditions.

gdc-versym-os:
  Implements D OS version conditions.

gdc-frontend-posix:
  Fix build of the D frontend on the Hurd and KFreeBSD.

gdc-texinfo:
  Add macros for the gdc texinfo documentation.

gdc-libphobos-build:
  This implements building of libphobos library in GCC.

disable-gdc-tests:
  Disable D tests, hang on many buildds

libjava-armel-unwind:
  On armel, apply kludge to fix unwinder infinitely looping 'til it runs out
  of memory (http://gcc.gnu.org/ml/java/2008-06/msg00010.html).

gcj-arm-mode:
  For armhf, force arm mode instead of thumb mode

gcc-sysroot:
  Allow building --with-sysroot=/

goarch-aarch64:
  Introduce the arm64 goarch.

libgo-explicit-reservation:
  Fix statically linked gccgo binaries on AArch64.

ada-kfreebsd:
  add support for GNU/kFreeBSD.

arm-multilib-defaults:
  Set MULTILIB_DEFAULTS for ARM multilib builds

gcc-ice-hack:
  Retry the build on an ice, save the calling options and preprocessed
  source when the ice is reproducible.

gcc-ice-apport:
  Report an ICE to apport (if apport is available
  and the environment variable GCC_NOAPPORT is not set)

libjava-fixed-symlinks:
  Remove unneed '..' elements from symlinks in JAVA_HOME

ada-mips:
  Improve support for mips.

libffi-ro-eh_frame_sect:
  PR libffi/47248, force a read only eh frame section.

gcc-multiarch:
  - Remaining multiarch patches, not yet submitted upstream.
  - Add MULTIARCH_DIRNAME definitions for multilib configurations,
  which are used for the non-multilib builds.

libjava-multiarch:
  Install libjava libraries to multiarch location

libjava-nobiarch-check:
  For biarch builds, disable the testsuite for the non-default architecture
  for runtime libraries, which are not built by default (libjava).

config-ml:
  - Disable some biarch libraries for biarch builds.
  - Fix multilib builds on kernels which don't support all multilibs.

g++-multiarch-incdir:
  Use /usr/include/<multiarch>/c++/4.x as the include directory
  for host dependent c++ header files.

gcc-multilib-multiarch:
  Don't auto-detect multilib osdirnames.

mips-fix-loongson2f-nop:
  On mips, pass -mfix-loongson2f-nop to as, if -mno-fix-loongson2f-nop
  is not passed.

libgomp-kfreebsd-testsuite:
  Disable lock-2.c test on kfreebsd-*

Counting all warnings,
there are 0 warnings in stage3 of this bootstrap.

Number of warnings per file:

Number of warning types:


Index Nav: [Date Index] [Subject Index] [Author Index] [Thread Index]
Message Nav: [Date Prev] [Date Next] [Thread Prev] [Thread Next]