This is the mail archive of the gcc-testresults@gcc.gnu.org mailing list for the GCC project.


Index Nav: [Date Index] [Subject Index] [Author Index] [Thread Index]
Message Nav: [Date Prev] [Date Next] [Thread Prev] [Thread Next]
Other format: [Raw text]

Results for 4.8.3 (Debian/Linaro 4.8.3-14) testsuite on aarch64-unknown-linux-gnu


LAST_UPDATED: Fri Nov 28 15:58:49 UTC 2014 (revision 218162)

Native configuration is aarch64-unknown-linux-gnu

		=== boehm-gc tests ===


Running target unix

		=== boehm-gc Summary for unix ===

# of expected passes		12
# of unsupported tests		1

Running target unix/-fstack-protector

		=== boehm-gc Summary for unix/-fstack-protector ===

# of expected passes		12
# of unsupported tests		1

		=== boehm-gc Summary ===

# of expected passes		24
# of unsupported tests		2
		=== libatomic tests ===


Running target unix

		=== libatomic Summary for unix ===

# of expected passes		34
# of unsupported tests		10

Running target unix/-fstack-protector

		=== libatomic Summary for unix/-fstack-protector ===

# of expected passes		34
# of unsupported tests		10

		=== libatomic Summary ===

# of expected passes		68
# of unsupported tests		20
		=== libffi tests ===


Running target unix

		=== libffi Summary for unix ===

# of expected passes		1819
# of unsupported tests		55

Running target unix/-fstack-protector

		=== libffi Summary for unix/-fstack-protector ===

# of expected passes		1819
# of unsupported tests		55

		=== libffi Summary ===

# of expected passes		3638
# of unsupported tests		110
		=== libgo tests ===


Running target unix
FAIL: math
FAIL: time

		=== libgo Summary ===

# of expected passes		120
# of unexpected failures	2
/build/gcc-4.8-AF5NiX/gcc-4.8-4.8.3/build/./gcc/gccgo version 4.8.3 (Debian/Linaro 4.8.3-14)

		=== libgomp tests ===


Running target unix
WARNING: program timed out.
FAIL: libgomp.graphite/force-parallel-6.c execution test

		=== libgomp Summary for unix ===

# of expected passes		3053
# of unexpected failures	1
# of unsupported tests		1

Running target unix/-fstack-protector
WARNING: program timed out.
FAIL: libgomp.graphite/force-parallel-6.c execution test

		=== libgomp Summary for unix/-fstack-protector ===

# of expected passes		3053
# of unexpected failures	1
# of unsupported tests		1

		=== libgomp Summary ===

# of expected passes		6106
# of unexpected failures	2
# of unsupported tests		2
		=== libitm tests ===


Running target unix

		=== libitm Summary for unix ===

# of expected passes		26
# of expected failures		3
# of unsupported tests		1

Running target unix/-fstack-protector

		=== libitm Summary for unix/-fstack-protector ===

# of expected passes		26
# of expected failures		3
# of unsupported tests		1

		=== libitm Summary ===

# of expected passes		52
# of expected failures		6
# of unsupported tests		2
		=== libjava tests ===


Running target unix
FAIL: Throw_2 execution - source compiled test
FAIL: Throw_2 -findirect-dispatch execution - source compiled test
FAIL: Throw_2 -O3 execution - source compiled test
FAIL: Throw_2 -O3 -findirect-dispatch execution - source compiled test

		=== libjava Summary for unix ===

# of expected passes		2574
# of unexpected failures	4
# of expected failures		4
# of untested testcases		4

Running target unix/-fstack-protector
FAIL: Throw_2 execution - source compiled test
FAIL: Throw_2 -findirect-dispatch execution - source compiled test
FAIL: Throw_2 -O3 execution - source compiled test
FAIL: Throw_2 -O3 -findirect-dispatch execution - source compiled test

		=== libjava Summary for unix/-fstack-protector ===

# of expected passes		2574
# of unexpected failures	4
# of expected failures		4
# of untested testcases		4

		=== libjava Summary ===

# of expected passes		5148
# of unexpected failures	8
# of expected failures		8
# of untested testcases		8
		=== libstdc++ tests ===


Running target unix
FAIL: 18_support/exception/38732.cc (test for excess errors)
UNRESOLVED: 18_support/exception/38732.cc compilation failed to produce executable
FAIL: 18_support/numeric_limits/denorm_min.cc (test for excess errors)
UNRESOLVED: 18_support/numeric_limits/denorm_min.cc compilation failed to produce executable
FAIL: 20_util/auto_ptr/assign_neg.cc  (test for errors, line 38)
FAIL: 20_util/auto_ptr/assign_neg.cc candidate note (test for errors, line 38)
FAIL: 20_util/auto_ptr/assign_neg.cc  (test for errors, line 136)
FAIL: 20_util/auto_ptr/assign_neg.cc  (test for errors, line 154)
FAIL: 20_util/auto_ptr/assign_neg.cc  (test for errors, line 264)
FAIL: 20_util/auto_ptr/assign_neg.cc (test for excess errors)
FAIL: 20_util/headers/ctime/types_std.cc (test for excess errors)
FAIL: 21_strings/basic_string/capacity/wchar_t/1.cc (test for excess errors)
UNRESOLVED: 21_strings/basic_string/capacity/wchar_t/1.cc compilation failed to produce executable
FAIL: 21_strings/basic_string/cons/wchar_t/2.cc (test for excess errors)
UNRESOLVED: 21_strings/basic_string/cons/wchar_t/2.cc compilation failed to produce executable
FAIL: 21_strings/basic_string/cons/wchar_t/3.cc (test for excess errors)
UNRESOLVED: 21_strings/basic_string/cons/wchar_t/3.cc compilation failed to produce executable
FAIL: 21_strings/basic_string/insert/char/1.cc (test for excess errors)
UNRESOLVED: 21_strings/basic_string/insert/char/1.cc compilation failed to produce executable
FAIL: 21_strings/basic_string/requirements/dr438/constructor.cc (test for excess errors)
FAIL: 21_strings/basic_string/substr/char/1.cc (test for excess errors)
UNRESOLVED: 21_strings/basic_string/substr/char/1.cc compilation failed to produce executable
FAIL: 22_locale/codecvt/always_noconv/wchar_t/2.cc (test for excess errors)
UNRESOLVED: 22_locale/codecvt/always_noconv/wchar_t/2.cc compilation failed to produce executable
FAIL: 22_locale/codecvt/always_noconv/wchar_t/wrapped_locale.cc (test for excess errors)
UNRESOLVED: 22_locale/codecvt/always_noconv/wchar_t/wrapped_locale.cc compilation failed to produce executable
FAIL: 22_locale/codecvt/in/char/1.cc (test for excess errors)
UNRESOLVED: 22_locale/codecvt/in/char/1.cc compilation failed to produce executable
FAIL: 22_locale/codecvt/in/wchar_t/8.cc (test for excess errors)
UNRESOLVED: 22_locale/codecvt/in/wchar_t/8.cc compilation failed to produce executable
FAIL: 22_locale/codecvt/out/wchar_t/wrapped_env.cc (test for excess errors)
UNRESOLVED: 22_locale/codecvt/out/wchar_t/wrapped_env.cc compilation failed to produce executable
FAIL: 22_locale/codecvt/unshift/wchar_t/4.cc (test for excess errors)
UNRESOLVED: 22_locale/codecvt/unshift/wchar_t/4.cc compilation failed to produce executable
FAIL: 22_locale/collate/compare/wchar_t/1.cc (test for excess errors)
UNRESOLVED: 22_locale/collate/compare/wchar_t/1.cc compilation failed to produce executable
FAIL: 22_locale/ctype/narrow/char/2.cc (test for excess errors)
UNRESOLVED: 22_locale/ctype/narrow/char/2.cc compilation failed to produce executable
FAIL: 22_locale/ctype/widen/char/wrapped_env.cc (test for excess errors)
UNRESOLVED: 22_locale/ctype/widen/char/wrapped_env.cc compilation failed to produce executable
FAIL: 22_locale/headers/clocale/functions_std.cc (test for excess errors)
FAIL: 22_locale/messages/members/char/wrapped_env.cc (test for excess errors)
UNRESOLVED: 22_locale/messages/members/char/wrapped_env.cc compilation failed to produce executable
FAIL: 22_locale/money_put/put/char/1.cc (test for excess errors)
UNRESOLVED: 22_locale/money_put/put/char/1.cc compilation failed to produce executable
FAIL: 22_locale/moneypunct/40712.cc (test for excess errors)
UNRESOLVED: 22_locale/moneypunct/40712.cc compilation failed to produce executable
FAIL: 22_locale/moneypunct/members/wchar_t/1.cc (test for excess errors)
UNRESOLVED: 22_locale/moneypunct/members/wchar_t/1.cc compilation failed to produce executable
FAIL: 22_locale/num_get/get/char/2.cc (test for excess errors)
UNRESOLVED: 22_locale/num_get/get/char/2.cc compilation failed to produce executable
FAIL: 22_locale/num_get/get/char/7.cc (test for excess errors)
UNRESOLVED: 22_locale/num_get/get/char/7.cc compilation failed to produce executable
FAIL: 22_locale/num_get/get/wchar_t/15.cc (test for excess errors)
UNRESOLVED: 22_locale/num_get/get/wchar_t/15.cc compilation failed to produce executable
FAIL: 22_locale/num_get/requirements/typedefs.cc (test for excess errors)
FAIL: 22_locale/num_put/put/wchar_t/4.cc (test for excess errors)
UNRESOLVED: 22_locale/num_put/put/wchar_t/4.cc compilation failed to produce executable
FAIL: 22_locale/numpunct/members/char/3.cc execution test
FAIL: 22_locale/numpunct/members/wchar_t/cache_2.cc (test for excess errors)
UNRESOLVED: 22_locale/numpunct/members/wchar_t/cache_2.cc compilation failed to produce executable
FAIL: 22_locale/numpunct/members/wchar_t/wrapped_env.cc (test for excess errors)
UNRESOLVED: 22_locale/numpunct/members/wchar_t/wrapped_env.cc compilation failed to produce executable
FAIL: 22_locale/time_get/get_date/char/3.cc (test for excess errors)
UNRESOLVED: 22_locale/time_get/get_date/char/3.cc compilation failed to produce executable
FAIL: 22_locale/time_get/get_date/wchar_t/1.cc (test for excess errors)
UNRESOLVED: 22_locale/time_get/get_date/wchar_t/1.cc compilation failed to produce executable
FAIL: 22_locale/time_get/get_date/wchar_t/4.cc execution test
FAIL: 22_locale/time_get/get_time/char/2.cc (test for excess errors)
UNRESOLVED: 22_locale/time_get/get_time/char/2.cc compilation failed to produce executable
FAIL: 22_locale/time_get/get_weekday/char/2.cc (test for excess errors)
UNRESOLVED: 22_locale/time_get/get_weekday/char/2.cc compilation failed to produce executable
FAIL: 22_locale/time_get/get_weekday/wchar_t/2.cc (test for excess errors)
UNRESOLVED: 22_locale/time_get/get_weekday/wchar_t/2.cc compilation failed to produce executable
FAIL: 22_locale/time_get/get_year/char/1.cc (test for excess errors)
UNRESOLVED: 22_locale/time_get/get_year/char/1.cc compilation failed to produce executable
FAIL: 22_locale/time_put/put/char/wrapped_env.cc (test for excess errors)
UNRESOLVED: 22_locale/time_put/put/char/wrapped_env.cc compilation failed to produce executable
FAIL: 22_locale/time_put/put/wchar_t/2.cc (test for excess errors)
UNRESOLVED: 22_locale/time_put/put/wchar_t/2.cc compilation failed to produce executable
FAIL: 23_containers/deque/14340.cc (test for excess errors)
FAIL: 23_containers/deque/modifiers/swap/2.cc (test for excess errors)
UNRESOLVED: 23_containers/deque/modifiers/swap/2.cc compilation failed to produce executable
FAIL: 23_containers/list/modifiers/swap/3.cc (test for excess errors)
UNRESOLVED: 23_containers/list/modifiers/swap/3.cc compilation failed to produce executable
FAIL: 23_containers/list/requirements/dr438/insert_neg.cc  (test for errors, line 1481)
FAIL: 23_containers/list/requirements/dr438/insert_neg.cc (test for excess errors)
FAIL: 23_containers/list/requirements/explicit_instantiation/3.cc (test for excess errors)
FAIL: 23_containers/map/capacity/29134.cc (test for excess errors)
UNRESOLVED: 23_containers/map/capacity/29134.cc compilation failed to produce executable
FAIL: 23_containers/map/requirements/explicit_instantiation/4.cc (test for excess errors)
FAIL: 23_containers/multimap/debug/construct4_neg.cc (test for excess errors)
UNRESOLVED: 23_containers/multimap/debug/construct4_neg.cc compilation failed to produce executable
FAIL: 23_containers/multimap/operations/1.cc (test for excess errors)
UNRESOLVED: 23_containers/multimap/operations/1.cc compilation failed to produce executable
FAIL: 23_containers/multiset/modifiers/insert/22102.cc (test for excess errors)
UNRESOLVED: 23_containers/multiset/modifiers/insert/22102.cc compilation failed to produce executable
FAIL: 23_containers/multiset/modifiers/swap/3.cc (test for excess errors)
UNRESOLVED: 23_containers/multiset/modifiers/swap/3.cc compilation failed to produce executable
FAIL: 23_containers/vector/check_construct_destroy.cc (test for excess errors)
UNRESOLVED: 23_containers/vector/check_construct_destroy.cc compilation failed to produce executable
FAIL: 23_containers/vector/data_access/1.cc (test for excess errors)
UNRESOLVED: 23_containers/vector/data_access/1.cc compilation failed to produce executable
FAIL: 23_containers/vector/requirements/explicit_instantiation/1.cc (test for excess errors)
FAIL: 24_iterators/insert_iterator/requirements/base_classes.cc (test for excess errors)
FAIL: 24_iterators/istream_iterator/requirements/explicit_instantiation.cc (test for excess errors)
FAIL: 24_iterators/istreambuf_iterator/2627.cc (test for excess errors)
UNRESOLVED: 24_iterators/istreambuf_iterator/2627.cc compilation failed to produce executable
FAIL: 25_algorithms/adjacent_find/requirements/explicit_instantiation/pod.cc (test for excess errors)
FAIL: 25_algorithms/copy/streambuf_iterators/char/1.cc (test for excess errors)
UNRESOLVED: 25_algorithms/copy/streambuf_iterators/char/1.cc compilation failed to produce executable
FAIL: 25_algorithms/copy/streambuf_iterators/wchar_t/2.cc (test for excess errors)
UNRESOLVED: 25_algorithms/copy/streambuf_iterators/wchar_t/2.cc compilation failed to produce executable
FAIL: 25_algorithms/count/requirements/explicit_instantiation/2.cc (test for excess errors)
FAIL: 25_algorithms/count/requirements/explicit_instantiation/pod.cc (test for excess errors)
FAIL: 25_algorithms/fill/4.cc (test for excess errors)
UNRESOLVED: 25_algorithms/fill/4.cc compilation failed to produce executable
FAIL: 25_algorithms/fill_n/requirements/explicit_instantiation/pod.cc (test for excess errors)
FAIL: 25_algorithms/find_end/1.cc (test for excess errors)
UNRESOLVED: 25_algorithms/find_end/1.cc compilation failed to produce executable
FAIL: 25_algorithms/find_first_of/requirements/explicit_instantiation/pod.cc (test for excess errors)
FAIL: 25_algorithms/make_heap/requirements/explicit_instantiation/pod.cc (test for excess errors)
FAIL: 25_algorithms/stable_partition/requirements/explicit_instantiation/pod.cc (test for excess errors)
FAIL: 26_numerics/headers/cmath/fabs_inline.cc (test for excess errors)
UNRESOLVED: 26_numerics/headers/cmath/fabs_inline.cc compilation failed to produce executable
FAIL: 26_numerics/headers/cmath/functions_std.cc (test for excess errors)
FAIL: 27_io/basic_filebuf/seekoff/char/2-in.cc (test for excess errors)
UNRESOLVED: 27_io/basic_filebuf/seekoff/char/2-in.cc compilation failed to produce executable
FAIL: 27_io/basic_filebuf/seekoff/wchar_t/12790-2.cc (test for excess errors)
UNRESOLVED: 27_io/basic_filebuf/seekoff/wchar_t/12790-2.cc compilation failed to produce executable
FAIL: 27_io/basic_filebuf/seekpos/12790-2.cc (test for excess errors)
UNRESOLVED: 27_io/basic_filebuf/seekpos/12790-2.cc compilation failed to produce executable
FAIL: 27_io/basic_filebuf/setbuf/char/12875-2.cc (test for excess errors)
UNRESOLVED: 27_io/basic_filebuf/setbuf/char/12875-2.cc compilation failed to produce executable
FAIL: 27_io/basic_filebuf/sputn/char/1-in.cc (test for excess errors)
UNRESOLVED: 27_io/basic_filebuf/sputn/char/1-in.cc compilation failed to produce executable
FAIL: 27_io/basic_ios/cons/char/2.cc (test for excess errors)
UNRESOLVED: 27_io/basic_ios/cons/char/2.cc compilation failed to produce executable
FAIL: 27_io/basic_ios/locales/char/1.cc (test for excess errors)
UNRESOLVED: 27_io/basic_ios/locales/char/1.cc compilation failed to produce executable
FAIL: 27_io/basic_iostream/requirements/typedefs.cc (test for excess errors)
FAIL: 27_io/basic_istream/extractors_arithmetic/char/13.cc (test for excess errors)
UNRESOLVED: 27_io/basic_istream/extractors_arithmetic/char/13.cc compilation failed to produce executable
FAIL: 27_io/basic_istream/extractors_arithmetic/wchar_t/exceptions_failbit.cc (test for excess errors)
UNRESOLVED: 27_io/basic_istream/extractors_arithmetic/wchar_t/exceptions_failbit.cc compilation failed to produce executable
FAIL: 27_io/basic_istream/get/char/2.cc (test for excess errors)
UNRESOLVED: 27_io/basic_istream/get/char/2.cc compilation failed to produce executable
FAIL: 27_io/basic_istream/getline/wchar_t/5.cc (test for excess errors)
UNRESOLVED: 27_io/basic_istream/getline/wchar_t/5.cc compilation failed to produce executable
FAIL: 27_io/basic_istream/peek/wchar_t/6414.cc (test for excess errors)
UNRESOLVED: 27_io/basic_istream/peek/wchar_t/6414.cc compilation failed to produce executable
FAIL: 27_io/basic_ostream/inserters_character/char/28277-4.cc (test for excess errors)
UNRESOLVED: 27_io/basic_ostream/inserters_character/char/28277-4.cc compilation failed to produce executable
FAIL: 27_io/basic_ostream/inserters_other/wchar_t/exceptions_failbit_throw.cc (test for excess errors)
UNRESOLVED: 27_io/basic_ostream/inserters_other/wchar_t/exceptions_failbit_throw.cc compilation failed to produce executable
FAIL: 27_io/basic_ostream/put/wchar_t/1.cc (test for excess errors)
UNRESOLVED: 27_io/basic_ostream/put/wchar_t/1.cc compilation failed to produce executable
FAIL: 27_io/basic_ostream/write/wchar_t/1.cc (test for excess errors)
UNRESOLVED: 27_io/basic_ostream/write/wchar_t/1.cc compilation failed to produce executable
FAIL: 27_io/basic_stringbuf/overflow/char/1.cc (test for excess errors)
UNRESOLVED: 27_io/basic_stringbuf/overflow/char/1.cc compilation failed to produce executable
FAIL: 27_io/basic_stringbuf/requirements/base_classes.cc (test for excess errors)
FAIL: 27_io/basic_stringbuf/requirements/typedefs.cc (test for excess errors)
FAIL: 27_io/basic_stringbuf/sbumpc/char/9825.cc (test for excess errors)
UNRESOLVED: 27_io/basic_stringbuf/sbumpc/char/9825.cc compilation failed to produce executable
FAIL: 27_io/basic_stringbuf/seekpos/char/29354.cc (test for excess errors)
UNRESOLVED: 27_io/basic_stringbuf/seekpos/char/29354.cc compilation failed to produce executable
FAIL: 27_io/basic_stringbuf/sputn/wchar_t/1057.cc (test for excess errors)
UNRESOLVED: 27_io/basic_stringbuf/sputn/wchar_t/1057.cc compilation failed to produce executable
FAIL: 27_io/basic_stringstream/str/char/3.cc (test for excess errors)
UNRESOLVED: 27_io/basic_stringstream/str/char/3.cc compilation failed to produce executable
FAIL: 27_io/basic_stringstream/str/wchar_t/2.cc (test for excess errors)
UNRESOLVED: 27_io/basic_stringstream/str/wchar_t/2.cc compilation failed to produce executable
FAIL: abi/demangle/abi_text/07.cc (test for excess errors)
UNRESOLVED: abi/demangle/abi_text/07.cc compilation failed to produce executable
FAIL: ext/array_allocator/check_deallocate_null.cc (test for excess errors)
UNRESOLVED: ext/array_allocator/check_deallocate_null.cc compilation failed to produce executable
FAIL: ext/debug_allocator/check_deallocate_null.cc (test for excess errors)
UNRESOLVED: ext/debug_allocator/check_deallocate_null.cc compilation failed to produce executable
FAIL: ext/mt_allocator/tune-4.cc (test for excess errors)
UNRESOLVED: ext/mt_allocator/tune-4.cc compilation failed to produce executable
FAIL: ext/pb_ds/example/hash_mod.cc (test for excess errors)
UNRESOLVED: ext/pb_ds/example/hash_mod.cc compilation failed to produce executable
FAIL: ext/pb_ds/example/hash_resize.cc (test for excess errors)
UNRESOLVED: ext/pb_ds/example/hash_resize.cc compilation failed to produce executable
FAIL: ext/pb_ds/example/tree_order_statistics_join.cc (test for excess errors)
UNRESOLVED: ext/pb_ds/example/tree_order_statistics_join.cc compilation failed to produce executable
FAIL: ext/pb_ds/regression/trie_map_rand.cc (test for excess errors)
UNRESOLVED: ext/pb_ds/regression/trie_map_rand.cc compilation failed to produce executable
FAIL: ext/stdio_sync_filebuf/char/12048-2.cc (test for excess errors)
UNRESOLVED: ext/stdio_sync_filebuf/char/12048-2.cc compilation failed to produce executable
FAIL: ext/type_traits/remove_unsigned.cc (test for excess errors)
UNRESOLVED: ext/type_traits/remove_unsigned.cc compilation failed to produce executable
FAIL: tr1/2_general_utilities/headers/functional/synopsis.cc (test for excess errors)
FAIL: tr1/4_metaprogramming/add_volatile/value.cc (test for excess errors)
UNRESOLVED: tr1/4_metaprogramming/add_volatile/value.cc compilation failed to produce executable
FAIL: tr1/4_metaprogramming/integral_constant/static_definition.cc (test for excess errors)
UNRESOLVED: tr1/4_metaprogramming/integral_constant/static_definition.cc compilation failed to produce executable
FAIL: tr1/4_metaprogramming/is_volatile/requirements/typedefs.cc (test for excess errors)
FAIL: tr1/5_numerical_facilities/random/mersenne_twister/cons/default.cc (test for excess errors)
UNRESOLVED: tr1/5_numerical_facilities/random/mersenne_twister/cons/default.cc compilation failed to produce executable
FAIL: tr1/5_numerical_facilities/special_functions/03_beta/check_nan.cc (test for excess errors)
UNRESOLVED: tr1/5_numerical_facilities/special_functions/03_beta/check_nan.cc compilation failed to produce executable
FAIL: tr1/5_numerical_facilities/special_functions/06_comp_ellint_3/compile_2.cc (test for excess errors)
FAIL: tr1/5_numerical_facilities/special_functions/11_cyl_neumann/compile.cc (test for excess errors)
FAIL: tr1/5_numerical_facilities/special_functions/18_laguerre/check_nan.cc (test for excess errors)
UNRESOLVED: tr1/5_numerical_facilities/special_functions/18_laguerre/check_nan.cc compilation failed to produce executable
FAIL: tr1/6_containers/array/comparison_operators/less.cc (test for excess errors)
UNRESOLVED: tr1/6_containers/array/comparison_operators/less.cc compilation failed to produce executable
FAIL: tr1/6_containers/unordered_map/insert/24061-map.cc (test for excess errors)
UNRESOLVED: tr1/6_containers/unordered_map/insert/24061-map.cc compilation failed to produce executable
FAIL: tr1/6_containers/unordered_multimap/insert/24061-multimap.cc (test for excess errors)
UNRESOLVED: tr1/6_containers/unordered_multimap/insert/24061-multimap.cc compilation failed to produce executable
FAIL: tr1/6_containers/unordered_set/23465.cc (test for excess errors)
UNRESOLVED: tr1/6_containers/unordered_set/23465.cc compilation failed to produce executable
FAIL: tr1/7_regular_expressions/basic_regex/assign/wchar_t/cstring_op.cc (test for excess errors)
FAIL: tr1/7_regular_expressions/regex/cons/char/c_string_grep.cc (test for excess errors)
FAIL: tr1/7_regular_expressions/regex_traits/char/ctor.cc (test for excess errors)

		=== libstdc++ Summary for unix ===

# of expected passes		8826
# of unexpected failures	128
# of expected failures		44
# of unresolved testcases	90
# of unsupported tests		240

Running target unix/-fstack-protector
FAIL: 18_support/headers/cstdlib/functions_std.cc (test for excess errors)
FAIL: 19_diagnostics/runtime_error/what-1.cc (test for excess errors)
UNRESOLVED: 19_diagnostics/runtime_error/what-1.cc compilation failed to produce executable
FAIL: 20_util/auto_ptr/5.cc (test for excess errors)
UNRESOLVED: 20_util/auto_ptr/5.cc compilation failed to produce executable
FAIL: 21_strings/basic_string/compare/char/1.cc (test for excess errors)
UNRESOLVED: 21_strings/basic_string/compare/char/1.cc compilation failed to produce executable
FAIL: 21_strings/basic_string/cons/char/1.cc (test for excess errors)
UNRESOLVED: 21_strings/basic_string/cons/char/1.cc compilation failed to produce executable
FAIL: 21_strings/basic_string/inserters_extractors/char/5.cc (test for excess errors)
UNRESOLVED: 21_strings/basic_string/inserters_extractors/char/5.cc compilation failed to produce executable
FAIL: 21_strings/basic_string/replace/char/1.cc (test for excess errors)
UNRESOLVED: 21_strings/basic_string/replace/char/1.cc compilation failed to produce executable
FAIL: 21_strings/headers/string/types_std.cc (test for excess errors)
FAIL: 22_locale/codecvt/encoding/wchar_t/3.cc (test for excess errors)
UNRESOLVED: 22_locale/codecvt/encoding/wchar_t/3.cc compilation failed to produce executable
FAIL: 22_locale/codecvt/in/wchar_t/1.cc (test for excess errors)
UNRESOLVED: 22_locale/codecvt/in/wchar_t/1.cc compilation failed to produce executable
FAIL: 22_locale/codecvt/in/wchar_t/wrapped_env.cc (test for excess errors)
UNRESOLVED: 22_locale/codecvt/in/wchar_t/wrapped_env.cc compilation failed to produce executable
FAIL: 22_locale/codecvt/out/wchar_t/wrapped_locale.cc (test for excess errors)
UNRESOLVED: 22_locale/codecvt/out/wchar_t/wrapped_locale.cc compilation failed to produce executable
FAIL: 22_locale/codecvt/requirements/explicit_instantiation.cc (test for excess errors)
FAIL: 22_locale/ctype/narrow/char/2.cc (test for excess errors)
UNRESOLVED: 22_locale/ctype/narrow/char/2.cc compilation failed to produce executable
FAIL: 22_locale/ctype/narrow/wchar_t/3.cc (test for excess errors)
UNRESOLVED: 22_locale/ctype/narrow/wchar_t/3.cc compilation failed to produce executable
FAIL: 22_locale/ctype/narrow/wchar_t/wrapped_locale.cc (test for excess errors)
UNRESOLVED: 22_locale/ctype/narrow/wchar_t/wrapped_locale.cc compilation failed to produce executable
FAIL: 22_locale/ctype/to/wchar_t/wrapped_env.cc (test for excess errors)
UNRESOLVED: 22_locale/ctype/to/wchar_t/wrapped_env.cc compilation failed to produce executable
FAIL: 22_locale/ctype_base/11844.cc (test for excess errors)
UNRESOLVED: 22_locale/ctype_base/11844.cc compilation failed to produce executable
FAIL: 22_locale/global_templates/1.cc (test for excess errors)
UNRESOLVED: 22_locale/global_templates/1.cc compilation failed to produce executable
FAIL: 22_locale/locale/cons/unicode.cc (test for excess errors)
UNRESOLVED: 22_locale/locale/cons/unicode.cc compilation failed to produce executable
FAIL: 22_locale/locale/global_locale_objects/2.cc (test for excess errors)
UNRESOLVED: 22_locale/locale/global_locale_objects/2.cc compilation failed to produce executable
FAIL: 22_locale/money_put/requirements/base_classes.cc (test for excess errors)
FAIL: 22_locale/num_get/get/char/10.cc (test for excess errors)
UNRESOLVED: 22_locale/num_get/get/char/10.cc compilation failed to produce executable
FAIL: 22_locale/num_get/get/char/7.cc (test for excess errors)
UNRESOLVED: 22_locale/num_get/get/char/7.cc compilation failed to produce executable
FAIL: 22_locale/num_get/get/wchar_t/1.cc (test for excess errors)
UNRESOLVED: 22_locale/num_get/get/wchar_t/1.cc compilation failed to produce executable
FAIL: 22_locale/num_get/get/wchar_t/6.cc (test for excess errors)
UNRESOLVED: 22_locale/num_get/get/wchar_t/6.cc compilation failed to produce executable
FAIL: 22_locale/num_put/put/char/14220.cc (test for excess errors)
UNRESOLVED: 22_locale/num_put/put/char/14220.cc compilation failed to produce executable
FAIL: 22_locale/num_put/put/wchar_t/4.cc (test for excess errors)
UNRESOLVED: 22_locale/num_put/put/wchar_t/4.cc compilation failed to produce executable
FAIL: 22_locale/numpunct/members/char/3.cc execution test
FAIL: 22_locale/numpunct_byname/named_equivalence.cc (test for excess errors)
UNRESOLVED: 22_locale/numpunct_byname/named_equivalence.cc compilation failed to produce executable
FAIL: 22_locale/time_get/get_date/wchar_t/12750.cc (test for excess errors)
UNRESOLVED: 22_locale/time_get/get_date/wchar_t/12750.cc compilation failed to produce executable
FAIL: 22_locale/time_get/get_date/wchar_t/4.cc execution test
FAIL: 22_locale/time_put/put/char/5.cc (test for excess errors)
UNRESOLVED: 22_locale/time_put/put/char/5.cc compilation failed to produce executable
FAIL: 22_locale/time_put/put/wchar_t/1.cc (test for excess errors)
UNRESOLVED: 22_locale/time_put/put/wchar_t/1.cc compilation failed to produce executable
FAIL: 22_locale/time_put/put/wchar_t/4.cc (test for excess errors)
UNRESOLVED: 22_locale/time_put/put/wchar_t/4.cc compilation failed to produce executable
FAIL: 23_containers/deque/capacity/29134-2.cc (test for excess errors)
UNRESOLVED: 23_containers/deque/capacity/29134-2.cc compilation failed to produce executable
FAIL: 23_containers/deque/requirements/dr438/insert_neg.cc  (test for errors, line 1782)
FAIL: 23_containers/deque/requirements/dr438/insert_neg.cc (test for excess errors)
FAIL: 23_containers/map/capacity/29134.cc (test for excess errors)
UNRESOLVED: 23_containers/map/capacity/29134.cc compilation failed to produce executable
FAIL: 23_containers/map/modifiers/swap/2.cc (test for excess errors)
UNRESOLVED: 23_containers/map/modifiers/swap/2.cc compilation failed to produce executable
FAIL: 23_containers/map/operations/count.cc (test for excess errors)
UNRESOLVED: 23_containers/map/operations/count.cc compilation failed to produce executable
FAIL: 23_containers/multiset/14340.cc (test for excess errors)
FAIL: 23_containers/multiset/debug/invalidation/2.cc (test for excess errors)
UNRESOLVED: 23_containers/multiset/debug/invalidation/2.cc compilation failed to produce executable
FAIL: 23_containers/multiset/requirements/explicit_instantiation/5.cc (test for excess errors)
FAIL: 23_containers/set/debug/construct4_neg.cc (test for excess errors)
UNRESOLVED: 23_containers/set/debug/construct4_neg.cc compilation failed to produce executable
FAIL: 23_containers/vector/requirements/dr438/constructor_2_neg.cc  (test for errors, line 1166)
FAIL: 23_containers/vector/requirements/dr438/constructor_2_neg.cc (test for excess errors)
FAIL: 24_iterators/ostreambuf_iterator/2.cc (test for excess errors)
UNRESOLVED: 24_iterators/ostreambuf_iterator/2.cc compilation failed to produce executable
FAIL: 25_algorithms/find/17441.cc (test for excess errors)
UNRESOLVED: 25_algorithms/find/17441.cc compilation failed to produce executable
FAIL: 25_algorithms/find_if/check_type.cc (test for excess errors)
FAIL: 25_algorithms/for_each/requirements/explicit_instantiation/pod.cc (test for excess errors)
FAIL: 25_algorithms/inplace_merge/requirements/explicit_instantiation/pod.cc (test for excess errors)
FAIL: 25_algorithms/max_element/requirements/explicit_instantiation/2.cc (test for excess errors)
FAIL: 25_algorithms/random_shuffle/1.cc (test for excess errors)
UNRESOLVED: 25_algorithms/random_shuffle/1.cc compilation failed to produce executable
FAIL: 25_algorithms/replace_copy/check_type.cc (test for excess errors)
FAIL: 25_algorithms/replace_if/requirements/explicit_instantiation/pod.cc (test for excess errors)
FAIL: 25_algorithms/set_union/requirements/explicit_instantiation/2.cc (test for excess errors)
FAIL: 25_algorithms/stable_sort/2.cc (test for excess errors)
UNRESOLVED: 25_algorithms/stable_sort/2.cc compilation failed to produce executable
FAIL: 26_numerics/valarray/30416.cc (test for excess errors)
UNRESOLVED: 26_numerics/valarray/30416.cc compilation failed to produce executable
FAIL: 27_io/basic_filebuf/close/char/2.cc (test for excess errors)
UNRESOLVED: 27_io/basic_filebuf/close/char/2.cc compilation failed to produce executable
FAIL: 27_io/basic_filebuf/seekoff/char/12790-1.cc (test for excess errors)
UNRESOLVED: 27_io/basic_filebuf/seekoff/char/12790-1.cc compilation failed to produce executable
FAIL: 27_io/basic_filebuf/seekoff/char/2-in.cc (test for excess errors)
UNRESOLVED: 27_io/basic_filebuf/seekoff/char/2-in.cc compilation failed to produce executable
FAIL: 27_io/basic_filebuf/seekoff/wchar_t/12790-3.cc (test for excess errors)
UNRESOLVED: 27_io/basic_filebuf/seekoff/wchar_t/12790-3.cc compilation failed to produce executable
FAIL: 27_io/basic_filebuf/setbuf/char/12875-2.cc (test for excess errors)
UNRESOLVED: 27_io/basic_filebuf/setbuf/char/12875-2.cc compilation failed to produce executable
FAIL: 27_io/basic_ifstream/requirements/typedefs.cc (test for excess errors)
FAIL: 27_io/basic_ios/copyfmt/char/1.cc (test for excess errors)
UNRESOLVED: 27_io/basic_ios/copyfmt/char/1.cc compilation failed to produce executable
FAIL: 27_io/basic_iostream/requirements/typedefs.cc (test for excess errors)
FAIL: 27_io/basic_istream/extractors_character/wchar_t/4.cc (test for excess errors)
UNRESOLVED: 27_io/basic_istream/extractors_character/wchar_t/4.cc compilation failed to produce executable
FAIL: 27_io/basic_istream/peek/wchar_t/12296.cc (test for excess errors)
UNRESOLVED: 27_io/basic_istream/peek/wchar_t/12296.cc compilation failed to produce executable
FAIL: 27_io/basic_istream/read/wchar_t/1.cc (test for excess errors)
UNRESOLVED: 27_io/basic_istream/read/wchar_t/1.cc compilation failed to produce executable
FAIL: 27_io/basic_istream/seekg/char/26211.cc (test for excess errors)
UNRESOLVED: 27_io/basic_istream/seekg/char/26211.cc compilation failed to produce executable
FAIL: 27_io/basic_ostream/exceptions/char/9561.cc (test for excess errors)
UNRESOLVED: 27_io/basic_ostream/exceptions/char/9561.cc compilation failed to produce executable
FAIL: 27_io/basic_ostream/inserters_arithmetic/char/3.cc (test for excess errors)
UNRESOLVED: 27_io/basic_ostream/inserters_arithmetic/char/3.cc compilation failed to produce executable
FAIL: 27_io/basic_ostream/inserters_arithmetic/char/9555-oa.cc (test for excess errors)
UNRESOLVED: 27_io/basic_ostream/inserters_arithmetic/char/9555-oa.cc compilation failed to produce executable
FAIL: 27_io/basic_ostream/inserters_character/char/28277-3.cc (test for excess errors)
UNRESOLVED: 27_io/basic_ostream/inserters_character/char/28277-3.cc compilation failed to produce executable
FAIL: 27_io/basic_ostream/inserters_character/char/4.cc (test for excess errors)
UNRESOLVED: 27_io/basic_ostream/inserters_character/char/4.cc compilation failed to produce executable
FAIL: 27_io/basic_ostream/inserters_character/wchar_t/7.cc (test for excess errors)
UNRESOLVED: 27_io/basic_ostream/inserters_character/wchar_t/7.cc compilation failed to produce executable
FAIL: 27_io/basic_ostream/inserters_other/char/1.cc (test for excess errors)
UNRESOLVED: 27_io/basic_ostream/inserters_other/char/1.cc compilation failed to produce executable
FAIL: 27_io/basic_streambuf/imbue/char/13007-2.cc (test for excess errors)
UNRESOLVED: 27_io/basic_streambuf/imbue/char/13007-2.cc compilation failed to produce executable
FAIL: 27_io/basic_streambuf/overflow/wchar_t/2.cc (test for excess errors)
UNRESOLVED: 27_io/basic_streambuf/overflow/wchar_t/2.cc compilation failed to produce executable
FAIL: 27_io/basic_streambuf/sputbackc/char/9538.cc (test for excess errors)
UNRESOLVED: 27_io/basic_streambuf/sputbackc/char/9538.cc compilation failed to produce executable
FAIL: 27_io/basic_stringbuf/setbuf/char/4.cc (test for excess errors)
UNRESOLVED: 27_io/basic_stringbuf/setbuf/char/4.cc compilation failed to produce executable
FAIL: 27_io/basic_stringstream/str/wchar_t/4.cc (test for excess errors)
UNRESOLVED: 27_io/basic_stringstream/str/wchar_t/4.cc compilation failed to produce executable
FAIL: 27_io/headers/fstream/types_std.cc (test for excess errors)
FAIL: 27_io/ios_base/failure/what-1.cc (test for excess errors)
UNRESOLVED: 27_io/ios_base/failure/what-1.cc compilation failed to produce executable
FAIL: abi/demangle/abi_examples/06.cc (test for excess errors)
UNRESOLVED: abi/demangle/abi_examples/06.cc compilation failed to produce executable
FAIL: abi/demangle/abi_examples/23.cc (test for excess errors)
UNRESOLVED: abi/demangle/abi_examples/23.cc compilation failed to produce executable
FAIL: ext/concurrence_unlock_error/cons_virtual_derivation.cc (test for excess errors)
UNRESOLVED: ext/concurrence_unlock_error/cons_virtual_derivation.cc compilation failed to produce executable
FAIL: ext/debug_allocator/check_deallocate_null.cc (test for excess errors)
UNRESOLVED: ext/debug_allocator/check_deallocate_null.cc compilation failed to produce executable
FAIL: ext/mt_allocator/tune-3.cc (test for excess errors)
UNRESOLVED: ext/mt_allocator/tune-3.cc compilation failed to produce executable
FAIL: ext/stdio_sync_filebuf/wchar_t/1.cc (test for excess errors)
UNRESOLVED: ext/stdio_sync_filebuf/wchar_t/1.cc compilation failed to produce executable
FAIL: tr1/2_general_utilities/enable_shared_from_this/not_shared3.cc (test for excess errors)
UNRESOLVED: tr1/2_general_utilities/enable_shared_from_this/not_shared3.cc compilation failed to produce executable
FAIL: tr1/2_general_utilities/shared_ptr/modifiers/24805.cc (test for excess errors)
FAIL: tr1/3_function_objects/headers/functional/types_std_tr1.cc (test for excess errors)
FAIL: tr1/4_metaprogramming/add_cv/value.cc (test for excess errors)
UNRESOLVED: tr1/4_metaprogramming/add_cv/value.cc compilation failed to produce executable
FAIL: tr1/4_metaprogramming/is_function/24808.cc (test for excess errors)
UNRESOLVED: tr1/4_metaprogramming/is_function/24808.cc compilation failed to produce executable
FAIL: tr1/4_metaprogramming/is_polymorphic/requirements/explicit_instantiation.cc (test for excess errors)
FAIL: tr1/4_metaprogramming/is_scalar/requirements/explicit_instantiation.cc (test for excess errors)
FAIL: tr1/4_metaprogramming/is_volatile/requirements/explicit_instantiation.cc (test for excess errors)
FAIL: tr1/4_metaprogramming/remove_volatile/requirements/explicit_instantiation.cc (test for excess errors)
FAIL: tr1/5_numerical_facilities/headers/random/types_std_tr1.cc (test for excess errors)
FAIL: tr1/5_numerical_facilities/random/uniform_real/requirements/typedefs.cc (test for excess errors)
FAIL: tr1/5_numerical_facilities/random/xor_combine/operators/serialize.cc (test for excess errors)
UNRESOLVED: tr1/5_numerical_facilities/random/xor_combine/operators/serialize.cc compilation failed to produce executable
FAIL: tr1/5_numerical_facilities/special_functions/07_conf_hyperg/check_value.cc (test for excess errors)
UNRESOLVED: tr1/5_numerical_facilities/special_functions/07_conf_hyperg/check_value.cc compilation failed to produce executable
FAIL: tr1/5_numerical_facilities/special_functions/08_cyl_bessel_i/pr56216.cc (test for excess errors)
UNRESOLVED: tr1/5_numerical_facilities/special_functions/08_cyl_bessel_i/pr56216.cc compilation failed to produce executable
FAIL: tr1/5_numerical_facilities/special_functions/09_cyl_bessel_j/check_value.cc (test for excess errors)
UNRESOLVED: tr1/5_numerical_facilities/special_functions/09_cyl_bessel_j/check_value.cc compilation failed to produce executable
FAIL: tr1/5_numerical_facilities/special_functions/12_ellint_1/compile.cc (test for excess errors)
FAIL: tr1/5_numerical_facilities/special_functions/23_sph_neumann/compile.cc (test for excess errors)
FAIL: tr1/6_containers/array/cons/aggregate_initialization.cc (test for excess errors)
FAIL: tr1/6_containers/tuple/comparison_operators/35480_neg.cc  (test for errors, line 29)
FAIL: tr1/6_containers/tuple/comparison_operators/35480_neg.cc  (test for errors, line 30)
FAIL: tr1/6_containers/tuple/comparison_operators/35480_neg.cc (test for excess errors)
FAIL: tr1/6_containers/tuple/creation_functions/23978.cc (test for excess errors)
UNRESOLVED: tr1/6_containers/tuple/creation_functions/23978.cc compilation failed to produce executable
FAIL: tr1/6_containers/unordered_map/insert/array_syntax.cc (test for excess errors)
UNRESOLVED: tr1/6_containers/unordered_map/insert/array_syntax.cc compilation failed to produce executable
FAIL: tr1/6_containers/unordered_multimap/find/multimap1.cc (test for excess errors)
UNRESOLVED: tr1/6_containers/unordered_multimap/find/multimap1.cc compilation failed to produce executable
FAIL: tr1/7_regular_expressions/regex/cons/char/c_string_egrep.cc (test for excess errors)
FAIL: tr1/7_regular_expressions/regex/cons/char/c_string_extended.cc (test for excess errors)

		=== libstdc++ Summary for unix/-fstack-protector ===

# of expected passes		8848
# of unexpected failures	117
# of expected failures		44
# of unresolved testcases	79
# of unsupported tests		240

		=== libstdc++ Summary ===

# of expected passes		17674
# of unexpected failures	245
# of expected failures		88
# of unresolved testcases	169
# of unsupported tests		480
Target: aarch64-linux-gnu
gcc version 4.8.3 (Debian/Linaro 4.8.3-14) 

		=== g++ tests ===


Running target unix
FAIL: g++.dg/cpp0x/alias-decl-debug-0.C (test for excess errors)
FAIL: g++.dg/pch/system-2.C  -g -I. -Dwith_PCH (internal compiler error)
FAIL: g++.dg/pch/system-2.C  -g -I. -Dwith_PCH (test for excess errors)
FAIL: g++.dg/pch/system-2.C  -g assembly comparison
XPASS: g++.dg/tls/thread_local-order2.C execution test
FAIL: g++.dg/tls/thread_local10.C -std=c++11 (test for excess errors)
UNRESOLVED: g++.dg/tls/thread_local10.C -std=c++11 compilation failed to produce executable

		=== g++ Summary for unix ===

# of expected passes		50734
# of unexpected failures	5
# of unexpected successes	1
# of expected failures		292
# of unresolved testcases	1
# of unsupported tests		971

Running target unix/-fstack-protector
FAIL: g++.dg/cpp0x/alias-decl-debug-0.C (test for excess errors)
FAIL: g++.dg/pch/static-1.C  -g -I. -Dwith_PCH (internal compiler error)
FAIL: g++.dg/pch/static-1.C  -g -I. -Dwith_PCH (test for excess errors)
FAIL: g++.dg/pch/static-1.C  -g assembly comparison
FAIL: g++.dg/pch/system-1.C  -O2 -g -I. -Dwith_PCH (internal compiler error)
FAIL: g++.dg/pch/system-1.C  -O2 -g -I. -Dwith_PCH (test for excess errors)
FAIL: g++.dg/pch/system-1.C  -O2 -g assembly comparison
XPASS: g++.dg/tls/thread_local-order2.C execution test
FAIL: g++.dg/tls/thread_local10.C -std=c++11 (test for excess errors)
UNRESOLVED: g++.dg/tls/thread_local10.C -std=c++11 compilation failed to produce executable

		=== g++ Summary for unix/-fstack-protector ===

# of expected passes		50732
# of unexpected failures	8
# of unexpected successes	1
# of expected failures		292
# of unresolved testcases	1
# of unsupported tests		971

		=== g++ Summary ===

# of expected passes		101466
# of unexpected failures	13
# of unexpected successes	2
# of expected failures		584
# of unresolved testcases	2
# of unsupported tests		1942
/build/gcc-4.8-AF5NiX/gcc-4.8-4.8.3/build/gcc/testsuite/g++/../../xg++  version 4.8.3 (Debian/Linaro 4.8.3-14) 

		=== gcc tests ===


Running target unix
FAIL: gcc.c-torture/execute/20101011-1.c execution,  -O0 
FAIL: gcc.c-torture/execute/20101011-1.c execution,  -O1 
FAIL: gcc.c-torture/execute/20101011-1.c execution,  -O2 
FAIL: gcc.c-torture/execute/20101011-1.c execution,  -O3 -fomit-frame-pointer 
FAIL: gcc.c-torture/execute/20101011-1.c execution,  -O3 -g 
FAIL: gcc.c-torture/execute/20101011-1.c execution,  -Os 
FAIL: gcc.c-torture/execute/20101011-1.c execution,  -Og -g 
FAIL: gcc.c-torture/execute/20101011-1.c execution,  -O2 -flto -fno-use-linker-plugin -flto-partition=none 
FAIL: gcc.c-torture/execute/20101011-1.c execution,  -O2 -flto -fuse-linker-plugin -fno-fat-lto-objects 
FAIL: gcc.dg/pr44194-1.c scan-rtl-dump-not final "insn [^\\n]*set \\\\(mem"
FAIL: gcc.dg/unroll_5.c scan-rtl-dump-times loop2_unroll "upper bound: 999999" 1
FAIL: gcc.dg/unroll_5.c scan-rtl-dump-times loop2_unroll "upper bound: 2999999" 1
FAIL: gcc.dg/unroll_5.c scan-rtl-dump-times loop2_unroll "realistic bound: 2999999" 1
FAIL: gcc.dg/pch/struct-1.c   -O3 -g  -I. -Dwith_PCH (internal compiler error)
FAIL: gcc.dg/pch/struct-1.c   -O3 -g  -I. -Dwith_PCH (test for excess errors)
FAIL: gcc.dg/pch/struct-1.c   -O3 -g  assembly comparison
FAIL: gcc.dg/torture/asm-subreg-1.c  -O1  (internal compiler error)
FAIL: gcc.dg/torture/asm-subreg-1.c  -O1  (test for excess errors)
XPASS: gcc.dg/tree-ssa/20040204-1.c scan-tree-dump-times optimized "link_error" 0
FAIL: gcc.dg/tree-ssa/gen-vect-11b.c scan-tree-dump-times vect "vectorized 0 loops" 1
FAIL: gcc.dg/tree-ssa/gen-vect-11c.c scan-tree-dump-times vect "vectorized 0 loops" 1
FAIL: gcc.target/aarch64/extend.c scan-assembler sub\\tw[0-9]+,.*sxth #?1
FAIL: gcc.target/aarch64/extend.c scan-assembler add\\tw[0-9]+,.*sxth #?1
FAIL: gcc.target/aarch64/fcvt_double_long.c scan-assembler-times fcvtas\\tx[0-9]+, *d[0-9] 2
FAIL: gcc.target/aarch64/fcvt_float_long.c scan-assembler-times fcvtas\\tx[0-9]+, *s[0-9] 2
FAIL: gcc.target/aarch64/vect-abs-compile.c scan-assembler abs\\\\tv[0-9]+.16b
FAIL: gcc.target/aarch64/vect-abs-compile.c scan-assembler abs\\\\tv[0-9]+.8h
FAIL: gcc.target/aarch64/vect-abs.c (test for excess errors)
UNRESOLVED: gcc.target/aarch64/vect-abs.c compilation failed to produce executable
FAIL: gcc.target/aarch64/volatile-bitfields-1.c scan-assembler ldrb[\\\\t ]+[^\\n]*,[\\\\t ]*\\\\[[^\\n]*\\\\]

		=== gcc Summary for unix ===

# of expected passes		86768
# of unexpected failures	28
# of unexpected successes	1
# of expected failures		267
# of unresolved testcases	1
# of unsupported tests		1243

Running target unix/-fstack-protector
FAIL: gcc.c-torture/compile/20031023-1.c  -O3 -fomit-frame-pointer  (internal compiler error)
FAIL: gcc.c-torture/compile/20031023-1.c  -O3 -fomit-frame-pointer  (test for excess errors)
FAIL: gcc.c-torture/compile/20031023-2.c  -O3 -fomit-frame-pointer  (internal compiler error)
FAIL: gcc.c-torture/compile/20031023-2.c  -O3 -fomit-frame-pointer  (test for excess errors)
FAIL: gcc.c-torture/compile/20031023-3.c  -O3 -fomit-frame-pointer  (internal compiler error)
FAIL: gcc.c-torture/compile/20031023-3.c  -O3 -fomit-frame-pointer  (test for excess errors)
FAIL: gcc.c-torture/compile/20031023-4.c  -O3 -fomit-frame-pointer  (internal compiler error)
FAIL: gcc.c-torture/compile/20031023-4.c  -O3 -fomit-frame-pointer  (test for excess errors)
FAIL: gcc.c-torture/execute/20101011-1.c execution,  -O0 
FAIL: gcc.c-torture/execute/20101011-1.c execution,  -O1 
FAIL: gcc.c-torture/execute/20101011-1.c execution,  -O2 
FAIL: gcc.c-torture/execute/20101011-1.c execution,  -O3 -fomit-frame-pointer 
FAIL: gcc.c-torture/execute/20101011-1.c execution,  -O3 -g 
FAIL: gcc.c-torture/execute/20101011-1.c execution,  -Os 
FAIL: gcc.c-torture/execute/20101011-1.c execution,  -Og -g 
FAIL: gcc.c-torture/execute/20101011-1.c execution,  -O2 -flto -fno-use-linker-plugin -flto-partition=none 
FAIL: gcc.c-torture/execute/20101011-1.c execution,  -O2 -flto -fuse-linker-plugin -fno-fat-lto-objects 
FAIL: gcc.dg/pr44194-1.c scan-rtl-dump-not final "insn [^\\n]*set \\\\(mem"
FAIL: gcc.dg/stack-usage-1.c scan-file foo\\t(256|264)\\tstatic
FAIL: gcc.dg/superblock.c scan-rtl-dump-times sched2 "ADVANCING TO" 2
FAIL: gcc.dg/unroll_5.c scan-rtl-dump-times loop2_unroll "upper bound: 999999" 1
FAIL: gcc.dg/unroll_5.c scan-rtl-dump-times loop2_unroll "upper bound: 2999999" 1
FAIL: gcc.dg/unroll_5.c scan-rtl-dump-times loop2_unroll "realistic bound: 2999999" 1
FAIL: gcc.dg/pch/cpp-1.c   -Os  -I. -Dwith_PCH (internal compiler error)
FAIL: gcc.dg/pch/cpp-1.c   -Os  -I. -Dwith_PCH (test for excess errors)
FAIL: gcc.dg/pch/cpp-1.c   -Os  assembly comparison
FAIL: gcc.dg/torture/asm-subreg-1.c  -O1  (internal compiler error)
FAIL: gcc.dg/torture/asm-subreg-1.c  -O1  (test for excess errors)
XPASS: gcc.dg/tree-ssa/20040204-1.c scan-tree-dump-times optimized "link_error" 0
FAIL: gcc.dg/tree-ssa/gen-vect-11b.c scan-tree-dump-times vect "vectorized 0 loops" 1
FAIL: gcc.dg/tree-ssa/gen-vect-11c.c scan-tree-dump-times vect "vectorized 0 loops" 1
FAIL: gcc.target/aarch64/extend.c scan-assembler sub\\tw[0-9]+,.*sxth #?1
FAIL: gcc.target/aarch64/extend.c scan-assembler add\\tw[0-9]+,.*sxth #?1
FAIL: gcc.target/aarch64/fcvt_double_long.c scan-assembler-times fcvtas\\tx[0-9]+, *d[0-9] 2
FAIL: gcc.target/aarch64/fcvt_float_long.c scan-assembler-times fcvtas\\tx[0-9]+, *s[0-9] 2
FAIL: gcc.target/aarch64/vect-abs-compile.c scan-assembler abs\\\\tv[0-9]+.16b
FAIL: gcc.target/aarch64/vect-abs-compile.c scan-assembler abs\\\\tv[0-9]+.8h
FAIL: gcc.target/aarch64/vect-abs.c (test for excess errors)
UNRESOLVED: gcc.target/aarch64/vect-abs.c compilation failed to produce executable
FAIL: gcc.target/aarch64/volatile-bitfields-1.c scan-assembler ldrb[\\\\t ]+[^\\n]*,[\\\\t ]*\\\\[[^\\n]*\\\\]

		=== gcc Summary for unix/-fstack-protector ===

# of expected passes		86762
# of unexpected failures	38
# of unexpected successes	1
# of expected failures		267
# of unresolved testcases	1
# of unsupported tests		1243

		=== gcc Summary ===

# of expected passes		173530
# of unexpected failures	66
# of unexpected successes	2
# of expected failures		534
# of unresolved testcases	2
# of unsupported tests		2486
/build/gcc-4.8-AF5NiX/gcc-4.8-4.8.3/build/gcc/xgcc  version 4.8.3 (Debian/Linaro 4.8.3-14) 

		=== gfortran tests ===


Running target unix
FAIL: gfortran.dg/pr45636.f90  -O   scan-tree-dump-times forwprop2 "memset" 0

		=== gfortran Summary for unix ===

# of expected passes		43395
# of unexpected failures	1
# of expected failures		57
# of unsupported tests		73

Running target unix/-fstack-protector
FAIL: gfortran.dg/pr45636.f90  -O   scan-tree-dump-times forwprop2 "memset" 0

		=== gfortran Summary for unix/-fstack-protector ===

# of expected passes		43395
# of unexpected failures	1
# of expected failures		57
# of unsupported tests		73

		=== gfortran Summary ===

# of expected passes		86790
# of unexpected failures	2
# of expected failures		114
# of unsupported tests		146
/build/gcc-4.8-AF5NiX/gcc-4.8-4.8.3/build/gcc/testsuite/gfortran/../../gfortran  version 4.8.3 (Debian/Linaro 4.8.3-14) 

		=== go tests ===


Running target unix
FAIL: ./rotate-out.go compilation,  -O0 -g -fno-var-tracking-assignments 
FAIL: go.test/test/ken/cplx2.go execution,  -O2 -g 
WARNING: program timed out.

		=== go Summary for unix ===

# of expected passes		5054
# of unexpected failures	2
# of expected failures		1
# of untested testcases		7

Running target unix/-fstack-protector
FAIL: ./rotate-out.go compilation,  -O0 -g -fno-var-tracking-assignments 
FAIL: go.test/test/ken/cplx2.go execution,  -O2 -g 
WARNING: program timed out.

		=== go Summary for unix/-fstack-protector ===

# of expected passes		5054
# of unexpected failures	2
# of expected failures		1
# of untested testcases		7

		=== go Summary ===

# of expected passes		10108
# of unexpected failures	4
# of expected failures		2
# of untested testcases		14
/build/gcc-4.8-AF5NiX/gcc-4.8-4.8.3/build/gcc/testsuite/go/../../gccgo  version 4.8.3 (Debian/Linaro 4.8.3-14) 

		=== obj-c++ tests ===


Running target unix

		=== obj-c++ Summary for unix ===

# of expected passes		1442
# of expected failures		10
# of unsupported tests		86

Running target unix/-fstack-protector

		=== obj-c++ Summary for unix/-fstack-protector ===

# of expected passes		1442
# of expected failures		10
# of unsupported tests		86

		=== obj-c++ Summary ===

# of expected passes		2884
# of expected failures		20
# of unsupported tests		172
/build/gcc-4.8-AF5NiX/gcc-4.8-4.8.3/build/gcc/testsuite/obj-c++/../../xg++  version 4.8.3 (Debian/Linaro 4.8.3-14) 

		=== objc tests ===


Running target unix
FAIL: objc.dg/stabs-1.m -fgnu-runtime (test for excess errors)
UNRESOLVED: objc.dg/stabs-1.m -fgnu-runtime  scan-assembler (.SUBSPA.*[\$]CODE[\$]|.text"?)\\n\\t.stabs.*100,0,0,([.\$])?L?L[\$]?etext[0-9]*\\n([.\$])?L?L[\$]?etext

		=== objc Summary for unix ===

# of expected passes		2992
# of unexpected failures	1
# of unresolved testcases	1
# of unsupported tests		74

Running target unix/-fstack-protector
FAIL: objc.dg/stabs-1.m -fgnu-runtime (test for excess errors)
UNRESOLVED: objc.dg/stabs-1.m -fgnu-runtime  scan-assembler (.SUBSPA.*[\$]CODE[\$]|.text"?)\\n\\t.stabs.*100,0,0,([.\$])?L?L[\$]?etext[0-9]*\\n([.\$])?L?L[\$]?etext

		=== objc Summary for unix/-fstack-protector ===

# of expected passes		2992
# of unexpected failures	1
# of unresolved testcases	1
# of unsupported tests		74

		=== objc Summary ===

# of expected passes		5984
# of unexpected failures	2
# of unresolved testcases	2
# of unsupported tests		148
/build/gcc-4.8-AF5NiX/gcc-4.8-4.8.3/build/gcc/xgcc  version 4.8.3 (Debian/Linaro 4.8.3-14) 


Compiler version: 4.8.3 (Debian/Linaro 4.8.3-14) 
Platform: aarch64-unknown-linux-gnu
configure flags: -v --with-pkgversion='Debian/Linaro 4.8.3-14' --with-bugurl=file:///usr/share/doc/gcc-4.8/README.Bugs --enable-languages=c,c++,java,go,d,fortran,objc,obj-c++ --prefix=/usr --program-suffix=-4.8 --enable-shared --enable-linker-build-id --libexecdir=/usr/lib --without-included-gettext --enable-threads=posix --with-gxx-include-dir=/usr/include/c++/4.8 --libdir=/usr/lib --enable-nls --with-sysroot=/ --enable-clocale=gnu --enable-libstdcxx-debug --enable-libstdcxx-time=yes --enable-gnu-unique-object --disable-libmudflap --disable-libsanitizer --disable-libquadmath --enable-plugin --with-system-zlib --disable-browser-plugin --enable-java-awt=gtk --enable-gtk-cairo --with-java-home=/usr/lib/jvm/java-1.5.0-gcj-4.8-arm64/jre --enable-java-home --with-jvm-root-dir=/usr/lib/jvm/java-1.5.0-gcj-4.8-arm64 --with-jvm-jar-dir=/usr/lib/jvm-exports/java-1.5.0-gcj-4.8-arm64 --with-arch-directory=arm64 --with-ecj-jar=/usr/share/java/eclipse-ecj.jar --enable-multiarch --enable-checking=release --build=aarch64-linux-gnu --host=aarch64-linux-gnu --target=aarch64-linux-gnu
BOOT_CFLAGS=


Build Dependencies:
Desired=Unknown/Install/Remove/Purge/Hold
| Status=Not/Inst/Conf-files/Unpacked/halF-conf/Half-inst/trig-aWait/Trig-pend
|/ Err?=(none)/Reinst-required (Status,Err: uppercase=bad)
||/ Name                      Version            Architecture Description
+++-=========================-==================-============-===============================================================================
ii  binutils                  2.24.90.20141014-1 arm64        GNU assembler, linker and binary utilities
ii  g++-4.9                   4.9.1-18           arm64        GNU C++ compiler
ii  libc6:arm64               2.19-13            arm64        GNU C Library: Shared libraries
ii  libcloog-isl-dev:arm64    0.18.2-1+b2        arm64        Chunky Loop Generator (development files)
ii  libgmp-dev:arm64          2:6.0.0+dfsg-6     arm64        Multiprecision arithmetic library developers tools
ii  libisl-dev:arm64          0.12.2-2+b2        arm64        manipulating sets and relations of integer points bounded by linear constraints
ii  libmpc-dev:arm64          1.0.2-1+b2         arm64        multiple precision complex floating-point library development package
ii  libmpfr-dev:arm64         3.1.2-1+b2         arm64        multiple precision floating-point computation developers tools


svn-updates:
  updates from the 4.8 branch upto 20141128 (r218162).

pr49423-revert:
  Revert the fix for PR target/49423 (ARM) on the linaro branch.

pr61208-revert:
  Revert the 4.8 version of the PR target/61208 (ARM) fix.

gcc-linaro:
  Changes for the Linaro 4.8-2014.03 release.

gcc-linaro-no-local:
  Revert Linaro local patch to build armv4t multilibs.

gcc-dfsg-linaro-doc:

gcc-gfdl-build:
  Build a dummy s-tm-texi without access to the texinfo sources

gcc-textdomain:
  Set gettext's domain and textdomain to the versioned package name.

gcc-driver-extra-langs:
  Add options and specs for languages that are not built from a source
  (but built from separate sources).

gcc-hash-style-gnu:
  Link using --hash-style=gnu (aarch64, alpha, amd64, armel, armhf, ia64,
  i386, powerpc, ppc64, s390, sparc)

libstdc++-pic:
  Build and install libstdc++_pic.a library.

libstdc++-doclink:
  adjust hrefs to point to the local documentation

libstdc++-man-3cxx:
  Install libstdc++ man pages with suffix .3cxx instead of .3

libstdc++-test-installed:
  Add support to run the libstdc++-v3 testsuite using the
  installed shared libraries.

libjava-stacktrace:
  libgcj: Lookup source file name and line number in separated
  debug files found in /usr/lib/debug

libjava-jnipath:
  - Add /usr/lib/jni and /usr/lib/<multiarch>/jni to java.library.path.
  - When running the i386 binaries on amd64, look in
  - /usr/lib32/gcj-x.y and /usr/lib32/jni instead.

libjava-sjlj:
  Don't try to use _Unwind_Backtrace on SJLJ targets.
  See bug #387875, #388505, GCC PR 29206.

libjava-disable-plugin:
  Don't build the gcjwebplugin, even when configured with --enable-plugin

alpha-no-ev4-directive:
  never emit .ev4 directive.

boehm-gc-getnprocs:
  boehm-gc/pthread_support.c (GC_get_nprocs): Use sysconf as fallback.

note-gnu-stack:
  Add .note.GNU-stack sections for gcc's crt files, libffi and boehm-gc
  Taken from FC.

libgomp-omp_h-multilib:
  Fix up omp.h for multilibs.

sparc-force-cpu:
  On sparc default to ultrasparc (v9a) in 32bit mode

gccgo-version:
  Omit the subminor number from the go libdir

pr47818:
  Fix PR ada/47818: Pragma Assert is rejected with No_Implementation_Pragmas restriction.

pr49944:
  apply proposed patch for PR ada/49444.

gcc-base-version:
  Set base version to 4.8, introduce full version 4.8.x.

libgo-testsuite:
  Only run the libgo testsuite for flags configured in RUNTESTFLAGS

gcc-target-include-asm:
  Search \$(builddir)/sys-include for the asm header files

libgo-revert-timeout-exp:

libgo-setcontext-config:
  libgo: Overwrite the setcontext_clobbers_tls check on mips*

pr57211:
  Fix PR c++/57211, don't warn about unused parameters of defaulted functions.

kfreebsd-unwind:
  DWARF2 EH unwinding support for AMD x86-64 and x86 KFreeBSD.

libgcc-no-limits-h:
  Don't include <limits.h> in libgcc/libgcc2.c.

kfreebsd-boehm-gc:
  boehm-gc: use mmap instead of brk also on kfreebsd-*.

hurd-boehm-gc:

pr49847:
  Proposed patch for PR rtl-optimization/49847 (cc0 targets).

libffi-m68k:
  Apply #660525 fix to in-tree libffi

m68k-picflag:
  backport of trunk r204854
  fixes relocation errors when linking large libs (smokeqt, python-qt4)

sys-auxv-header:
  Check for the sys/auxv.h header file.

go-use-gold:
  Pass -fuse-ld=gold to gccgo on targets supporting -fsplit-stack

go-testsuite:
  Skip Go testcase on AArch64 which hangs on the buildds.

pr57363:
  Fix PR libgcc/57363, taken from the trunk.

pr59744:
  Fix PR target/59744 (AArch64), taken from the trunk.

aarch64-call-frame-info:
  Fix call frame information in ffi_closure_SYSV on AArch64.

aarch64-abi-fix:
  Proposed patch for PR /59799, allow passing arrays in registers on AArch64.

fix-ffi_call_VFP-with-no-VFP-argument:
  armhf: Fix ffi_call_VFP with no VFP arguments.

pr60034:
  Fix PR target/60034 (AArch64), taken from the trunk.

pr61106:
  Proposed patch for PR driver/61106

pr61126:
  Proposed patch for PR driver/61126.

pr57653:
  Proposed patch for PR c/57653.

libitm-aarch64:
  Build libitm on AArch64, patch taken from the trunk.

pr61046:
  Fix PR c++/61046, taken from the trunk.

pr61336:
  Fix PR target/61336, taken from the trunk.

gcc-setmultilib-fix:

pr61841:
  Proposed backport for PR libstdc++/61841

pr62032:
  Backport PR lto/62032.

pr59586:
  Fix PR tree-optimization/59586, segfault with -Ofast -floop-parallelize-all

gdc-4.8:
  This implements D language support in the GCC back end, and adds
  relevant documentation about the GDC front end (code part).

gdc-versym-cpu:
  Implements D CPU version conditions.

gdc-versym-os:
  Implements D OS version conditions.

gdc-frontend-posix:
  Fix build of the D frontend on the Hurd and KFreeBSD.

gdc-texinfo:
  Add macros for the gdc texinfo documentation.

gdc-driver-nophobos:
  Modify gdc driver to have no libphobos by default.

disable-gdc-tests:
  Disable D tests, hang on many buildds

gcc-sysroot:
  Allow building --with-sysroot=/

goarch-aarch64:
  Introduce the arm64 goarch.

libgo-explicit-reservation:
  Fix statically linked gccgo binaries on AArch64.

ada-kfreebsd:
  add support for GNU/kFreeBSD.

arm-multilib-defaults:
  Set MULTILIB_DEFAULTS for ARM multilib builds

gcc-ice-hack:
  Retry the build on an ice, save the calling options and preprocessed
  source when the ice is reproducible.

gcc-ice-apport:
  Report an ICE to apport (if apport is available
  and the environment variable GCC_NOAPPORT is not set)

libjava-fixed-symlinks:
  Remove unneed '..' elements from symlinks in JAVA_HOME

ada-mips:
  Improve support for mips.

libffi-ro-eh_frame_sect:
  PR libffi/47248, force a read only eh frame section.

gcc-multiarch:
  - Remaining multiarch patches, not yet submitted upstream.
  - Add MULTIARCH_DIRNAME definitions for multilib configurations,
  which are used for the non-multilib builds.

libjava-multiarch:
  Install libjava libraries to multiarch location

libjava-nobiarch-check:
  For biarch builds, disable the testsuite for the non-default architecture
  for runtime libraries, which are not built by default (libjava).

config-ml:
  - Disable some biarch libraries for biarch builds.
  - Fix multilib builds on kernels which don't support all multilibs.

g++-multiarch-incdir:
  Use /usr/include/<multiarch>/c++/4.x as the include directory
  for host dependent c++ header files.

gcc-multilib-multiarch:
  Don't auto-detect multilib osdirnames.

mips-fix-loongson2f-nop:
  On mips, pass -mfix-loongson2f-nop to as, if -mno-fix-loongson2f-nop
  is not passed.

libgomp-kfreebsd-testsuite:
  Disable lock-2.c test on kfreebsd-*

Counting all warnings,
there are 0 warnings in stage3 of this bootstrap.

Number of warnings per file:

Number of warning types:


Index Nav: [Date Index] [Subject Index] [Author Index] [Thread Index]
Message Nav: [Date Prev] [Date Next] [Thread Prev] [Thread Next]