This is the mail archive of the
gcc-testresults@gcc.gnu.org
mailing list for the GCC project.
Results for 5.0.0 20141128 (experimental) (GCC) testsuite on arm-none-eabi
- From: CodeSourcery Automatic Testing System <gcc at codesourcery dot com>
- To: <gcc-testresults at gcc dot gnu dot org>
- Date: Fri, 28 Nov 2014 04:57:14 -0800
- Subject: Results for 5.0.0 20141128 (experimental) (GCC) testsuite on arm-none-eabi
- Authentication-results: sourceware.org; auth=none
LAST_UPDATED: Fri Nov 28 08:08:15 UTC 2014 (/trunk revision 218138)
Target is arm-none-eabi
Host is i686-pc-linux-gnu
=== g++ tests ===
Running target arm-sim-fsf
FAIL: g++.dg/ipa/devirt-28a.C -std=gnu++98 (test for excess errors)
FAIL: g++.dg/ipa/devirt-28a.C -std=gnu++11 (test for excess errors)
FAIL: g++.dg/ipa/devirt-28a.C -std=gnu++14 (test for excess errors)
FAIL: c-c++-common/torture/builtin-arith-overflow-14.c -O0 execution test
FAIL: c-c++-common/torture/builtin-arith-overflow-14.c -O2 execution test
FAIL: c-c++-common/torture/builtin-arith-overflow-14.c -O2 -flto -fno-use-linker-plugin -flto-partition=none execution test
FAIL: c-c++-common/torture/builtin-arith-overflow-14.c -O2 -flto -fuse-linker-plugin -fno-fat-lto-objects execution test
FAIL: g++.dg/torture/20141013.C -O0 (test for excess errors)
FAIL: g++.dg/torture/20141013.C -O1 (test for excess errors)
FAIL: g++.dg/torture/20141013.C -O2 (test for excess errors)
FAIL: g++.dg/torture/20141013.C -O3 -fomit-frame-pointer (test for excess errors)
FAIL: g++.dg/torture/20141013.C -O3 -fomit-frame-pointer -funroll-loops (test for excess errors)
FAIL: g++.dg/torture/20141013.C -O3 -fomit-frame-pointer -funroll-all-loops -finline-functions (test for excess errors)
FAIL: g++.dg/torture/20141013.C -O3 -g (test for excess errors)
FAIL: g++.dg/torture/20141013.C -Os (test for excess errors)
FAIL: g++.dg/torture/20141013.C -O2 -flto -fno-use-linker-plugin -flto-partition=none (test for excess errors)
FAIL: g++.dg/torture/20141013.C -O2 -flto -fuse-linker-plugin -fno-fat-lto-objects (test for excess errors)
=== g++ Summary ===
# of expected passes 75078
# of unexpected failures 17
# of expected failures 235
# of unsupported tests 3640
/scratch/gcc/nightly-2014-11-28-mainline/arm-none-eabi/obj/test-mainline-0-arm-none-eabi/host-i686-pc-linux-gnu/fsf-mainline/bin/arm-none-eabi-g++ version 5.0.0 20141128 (experimental) (GCC)
=== Summary adjusted for local xfails ===
# of unexpected failures 17
# of expected passes 75078
# of expected failures 235
# of unsupported tests 3640
Host is i686-pc-linux-gnu
=== gcc tests ===
Running target arm-sim-fsf
FAIL: gcc.c-torture/execute/pr51581-1.c -O3 -fomit-frame-pointer -funroll-loops execution test
FAIL: gcc.c-torture/execute/pr51581-1.c -O3 -fomit-frame-pointer -funroll-all-loops -finline-functions execution test
FAIL: gcc.c-torture/execute/pr51581-2.c -O3 -fomit-frame-pointer -funroll-loops execution test
FAIL: gcc.c-torture/execute/pr51581-2.c -O3 -fomit-frame-pointer -funroll-all-loops -finline-functions execution test
FAIL: gcc.c-torture/execute/pr53645-2.c -O2 execution test
FAIL: gcc.c-torture/execute/pr53645-2.c -O3 -fomit-frame-pointer execution test
FAIL: gcc.c-torture/execute/pr53645-2.c -O3 -fomit-frame-pointer -funroll-loops execution test
FAIL: gcc.c-torture/execute/pr53645-2.c -O3 -fomit-frame-pointer -funroll-all-loops -finline-functions execution test
FAIL: gcc.c-torture/execute/pr53645-2.c -O3 -g execution test
FAIL: gcc.c-torture/execute/pr53645-2.c -O2 -flto -fno-use-linker-plugin -flto-partition=none execution test
FAIL: gcc.c-torture/execute/pr53645-2.c -O2 -flto -fuse-linker-plugin -fno-fat-lto-objects execution test
FAIL: gcc.dg/builtin-arith-overflow-1.c execution test
FAIL: gcc.dg/cwsc1.c execution test
FAIL: gcc.dg/undefined-loop-2.c (test for warnings, line 18)
FAIL: gcc.dg/fixed-point/allop-const.c (test for excess errors)
UNRESOLVED: gcc.dg/graphite/isl-codegen-loop-dumping.c scan-tree-dump-times graphite "ISL AST generated by ISL: \\nfor \\\\(int c1 = 0; c1 < n - 1; c1 \\\\+= 1\\\\)\\n for \\\\(int c3 = 0; c3 < n; c3 \\\\+= 1\\\\)\\n S_4\\\\(c1, c3\\\\);" 1
FAIL: c-c++-common/torture/builtin-arith-overflow-14.c -O0 execution test
FAIL: c-c++-common/torture/builtin-arith-overflow-14.c -O2 execution test
FAIL: c-c++-common/torture/builtin-arith-overflow-14.c -O2 -flto -fno-use-linker-plugin -flto-partition=none execution test
FAIL: c-c++-common/torture/builtin-arith-overflow-14.c -O2 -flto -fuse-linker-plugin -fno-fat-lto-objects execution test
FAIL: gcc.dg/torture/pr63738.c -O0 (test for excess errors)
FAIL: gcc.dg/torture/pr63738.c -O1 (test for excess errors)
FAIL: gcc.dg/torture/pr63738.c -O2 (test for excess errors)
FAIL: gcc.dg/torture/pr63738.c -O3 -fomit-frame-pointer (test for excess errors)
FAIL: gcc.dg/torture/pr63738.c -O3 -fomit-frame-pointer -funroll-loops (test for excess errors)
FAIL: gcc.dg/torture/pr63738.c -O3 -fomit-frame-pointer -funroll-all-loops -finline-functions (test for excess errors)
FAIL: gcc.dg/torture/pr63738.c -O3 -g (test for excess errors)
FAIL: gcc.dg/torture/pr63738.c -Os (test for excess errors)
FAIL: gcc.dg/torture/pr63738.c -O2 -flto -fno-use-linker-plugin -flto-partition=none (test for excess errors)
FAIL: gcc.dg/torture/pr63738.c -O2 -flto -fuse-linker-plugin -fno-fat-lto-objects (test for excess errors)
FAIL: gcc.dg/tree-ssa/sra-12.c scan-tree-dump-times release_ssa "l;" 0
FAIL: gcc.dg/tree-ssa/ssa-dom-cse-2.c scan-tree-dump optimized "return 28;"
FAIL: gcc.target/arm/pr42172-1.c scan-assembler-times ldr 1
FAIL: gcc.target/arm/pr42575.c scan-assembler-not mov
FAIL: gcc.target/arm/pr45701-1.c scan-assembler push\\t{r3
FAIL: gcc.target/arm/pr45701-2.c scan-assembler push\\t{r3
FAIL: gcc.target/arm/pr63210.c object-size text <= 28
FAIL: gcc.target/arm/scd42-1.c scan-assembler movs[ \\t].*17
FAIL: gcc.target/arm/split-live-ranges-for-shrink-wrap.c object-size text <= 20
FAIL: gcc.target/arm/thumb-bitfld1.c (test for excess errors)
FAIL: gcc.target/arm/thumb-ltu.c (test for excess errors)
FAIL: gcc.target/arm/thumb-ltu.c scan-assembler-not uxtb
=== gcc Summary ===
# of expected passes 84149
# of unexpected failures 41
# of expected failures 97
# of unresolved testcases 1
# of unsupported tests 4170
/scratch/gcc/nightly-2014-11-28-mainline/arm-none-eabi/obj/test-mainline-0-arm-none-eabi/host-i686-pc-linux-gnu/fsf-mainline/bin/arm-none-eabi-gcc version 5.0.0 20141128 (experimental) (GCC)
=== Summary adjusted for local xfails ===
# of unexpected failures 41
# of expected passes 84149
# of expected failures 97
# of unresolved testcases 1
# of unsupported tests 4170
Host is i686-pc-linux-gnu
=== libstdc++ tests ===
Running target arm-sim-fsf
FAIL: 27_io/basic_filebuf/underflow/wchar_t/11603.cc execution test
FAIL: 28_regex/traits/char/isctype.cc execution test
FAIL: 28_regex/traits/wchar_t/isctype.cc execution test
FAIL: 29_atomics/atomic_flag/clear/1.cc (test for excess errors)
UNRESOLVED: 29_atomics/atomic_flag/clear/1.cc compilation failed to produce executable
FAIL: 29_atomics/atomic_flag/test_and_set/explicit.cc (test for excess errors)
UNRESOLVED: 29_atomics/atomic_flag/test_and_set/explicit.cc compilation failed to produce executable
FAIL: 29_atomics/atomic_flag/test_and_set/implicit.cc (test for excess errors)
UNRESOLVED: 29_atomics/atomic_flag/test_and_set/implicit.cc compilation failed to produce executable
FAIL: experimental/feat-cxx14.cc (test for excess errors)
XPASS: ext/stdio_filebuf/char/10063-2.cc execution test
XPASS: ext/stdio_filebuf/char/10063-3.cc execution test
=== libstdc++ Summary ===
# of expected passes 8477
# of unexpected failures 7
# of unexpected successes 2
# of expected failures 75
# of unresolved testcases 3
# of unsupported tests 698
=== Summary adjusted for local xfails ===
# of unexpected failures 7
# of expected passes 8477
# of unexpected successes 2
# of expected failures 75
# of unresolved testcases 3
# of unsupported tests 698
Host is i686-pc-linux-gnu
=== g++ tests ===
Running target arm-sim-fsf/-mthumb
FAIL: g++.dg/ipa/devirt-28a.C -std=gnu++98 (test for excess errors)
FAIL: g++.dg/ipa/devirt-28a.C -std=gnu++11 (test for excess errors)
FAIL: g++.dg/ipa/devirt-28a.C -std=gnu++14 (test for excess errors)
FAIL: g++.dg/torture/20141013.C -O0 (test for excess errors)
FAIL: g++.dg/torture/20141013.C -O1 (test for excess errors)
FAIL: g++.dg/torture/20141013.C -O2 (test for excess errors)
FAIL: g++.dg/torture/20141013.C -O3 -fomit-frame-pointer (test for excess errors)
FAIL: g++.dg/torture/20141013.C -O3 -fomit-frame-pointer -funroll-loops (test for excess errors)
FAIL: g++.dg/torture/20141013.C -O3 -fomit-frame-pointer -funroll-all-loops -finline-functions (test for excess errors)
FAIL: g++.dg/torture/20141013.C -O3 -g (test for excess errors)
FAIL: g++.dg/torture/20141013.C -Os (test for excess errors)
FAIL: g++.dg/torture/20141013.C -O2 -flto -fno-use-linker-plugin -flto-partition=none (test for excess errors)
FAIL: g++.dg/torture/20141013.C -O2 -flto -fuse-linker-plugin -fno-fat-lto-objects (test for excess errors)
=== g++ Summary ===
# of expected passes 75034
# of unexpected failures 13
# of expected failures 235
# of unsupported tests 3652
/scratch/gcc/nightly-2014-11-28-mainline/arm-none-eabi/obj/test-mainline-0-arm-none-eabi/host-i686-pc-linux-gnu/fsf-mainline/bin/arm-none-eabi-g++ version 5.0.0 20141128 (experimental) (GCC)
=== Summary adjusted for local xfails ===
# of unexpected failures 13
# of expected passes 75034
# of expected failures 235
# of unsupported tests 3652
Host is i686-pc-linux-gnu
=== gcc tests ===
Running target arm-sim-fsf/-mthumb
FAIL: gcc.dg/builtin-arith-overflow-1.c execution test
XPASS: gcc.dg/sibcall-3.c execution test
XPASS: gcc.dg/sibcall-4.c execution test
FAIL: gcc.dg/undefined-loop-2.c (test for warnings, line 18)
FAIL: gcc.dg/fixed-point/allop-const.c (test for excess errors)
UNRESOLVED: gcc.dg/graphite/isl-codegen-loop-dumping.c scan-tree-dump-times graphite "ISL AST generated by ISL: \\nfor \\\\(int c1 = 0; c1 < n - 1; c1 \\\\+= 1\\\\)\\n for \\\\(int c3 = 0; c3 < n; c3 \\\\+= 1\\\\)\\n S_4\\\\(c1, c3\\\\);" 1
FAIL: gcc.dg/torture/pr58554.c -O2 execution test
FAIL: gcc.dg/torture/pr58554.c -O3 -fomit-frame-pointer execution test
FAIL: gcc.dg/torture/pr58554.c -O3 -g execution test
FAIL: gcc.dg/torture/pr58554.c -Os execution test
FAIL: gcc.dg/torture/pr58554.c -O2 -flto -fno-use-linker-plugin -flto-partition=none execution test
FAIL: gcc.dg/torture/pr58554.c -O2 -flto -fuse-linker-plugin -fno-fat-lto-objects execution test
FAIL: gcc.dg/torture/pr63738.c -O0 (test for excess errors)
FAIL: gcc.dg/torture/pr63738.c -O1 (test for excess errors)
FAIL: gcc.dg/torture/pr63738.c -O2 (test for excess errors)
FAIL: gcc.dg/torture/pr63738.c -O3 -fomit-frame-pointer (test for excess errors)
FAIL: gcc.dg/torture/pr63738.c -O3 -fomit-frame-pointer -funroll-loops (test for excess errors)
FAIL: gcc.dg/torture/pr63738.c -O3 -fomit-frame-pointer -funroll-all-loops -finline-functions (test for excess errors)
FAIL: gcc.dg/torture/pr63738.c -O3 -g (test for excess errors)
FAIL: gcc.dg/torture/pr63738.c -Os (test for excess errors)
FAIL: gcc.dg/torture/pr63738.c -O2 -flto -fno-use-linker-plugin -flto-partition=none (test for excess errors)
FAIL: gcc.dg/torture/pr63738.c -O2 -flto -fuse-linker-plugin -fno-fat-lto-objects (test for excess errors)
FAIL: gcc.dg/tree-ssa/sra-12.c scan-tree-dump-times release_ssa "l;" 0
FAIL: gcc.dg/tree-ssa/ssa-dom-cse-2.c scan-tree-dump optimized "return 28;"
FAIL: gcc.target/arm/pr42172-1.c scan-assembler-times ldr 1
FAIL: gcc.target/arm/pr45701-1.c scan-assembler push\\t{r3
FAIL: gcc.target/arm/pr45701-2.c scan-assembler push\\t{r3
FAIL: gcc.target/arm/pr63210.c object-size text <= 28
FAIL: gcc.target/arm/split-live-ranges-for-shrink-wrap.c object-size text <= 20
FAIL: gcc.target/arm/thumb-bitfld1.c (test for excess errors)
FAIL: gcc.target/arm/thumb-ltu.c (test for excess errors)
FAIL: gcc.target/arm/thumb-ltu.c scan-assembler-not uxtb
FAIL: gcc.target/arm/thumb1-far-jump-2.c (test for excess errors)
=== gcc Summary ===
# of expected passes 83540
# of unexpected failures 30
# of unexpected successes 2
# of expected failures 97
# of unresolved testcases 1
# of unsupported tests 4296
/scratch/gcc/nightly-2014-11-28-mainline/arm-none-eabi/obj/test-mainline-0-arm-none-eabi/host-i686-pc-linux-gnu/fsf-mainline/bin/arm-none-eabi-gcc version 5.0.0 20141128 (experimental) (GCC)
=== Summary adjusted for local xfails ===
# of unexpected failures 30
# of expected passes 83540
# of unexpected successes 2
# of expected failures 97
# of unresolved testcases 1
# of unsupported tests 4296
Host is i686-pc-linux-gnu
=== libstdc++ tests ===
Running target arm-sim-fsf/-mthumb
FAIL: 27_io/basic_filebuf/underflow/wchar_t/11603.cc execution test
FAIL: 28_regex/traits/char/isctype.cc execution test
FAIL: 28_regex/traits/wchar_t/isctype.cc execution test
FAIL: 29_atomics/atomic_flag/clear/1.cc (test for excess errors)
UNRESOLVED: 29_atomics/atomic_flag/clear/1.cc compilation failed to produce executable
FAIL: 29_atomics/atomic_flag/test_and_set/explicit.cc (test for excess errors)
UNRESOLVED: 29_atomics/atomic_flag/test_and_set/explicit.cc compilation failed to produce executable
FAIL: 29_atomics/atomic_flag/test_and_set/implicit.cc (test for excess errors)
UNRESOLVED: 29_atomics/atomic_flag/test_and_set/implicit.cc compilation failed to produce executable
FAIL: experimental/feat-cxx14.cc (test for excess errors)
XPASS: ext/stdio_filebuf/char/10063-2.cc execution test
XPASS: ext/stdio_filebuf/char/10063-3.cc execution test
=== libstdc++ Summary ===
# of expected passes 8477
# of unexpected failures 7
# of unexpected successes 2
# of expected failures 75
# of unresolved testcases 3
# of unsupported tests 698
=== Summary adjusted for local xfails ===
# of unexpected failures 7
# of expected passes 8477
# of unexpected successes 2
# of expected failures 75
# of unresolved testcases 3
# of unsupported tests 698
Compiler version: 5.0.0 20141128 (experimental) (GCC)
Platform: arm-none-eabi
configure flags: --build=i686-pc-linux-gnu --host=i686-pc-linux-gnu --target=arm-none-eabi --enable-threads --disable-libmudflap --disable-libssp --disable-libstdcxx-pch --with-gnu-as --with-gnu-ld --enable-languages=c,c++ --disable-shared --enable-lto --with-newlib --disable-nls --prefix=/scratch/gcc/nightly-2014-11-28-mainline/arm-none-eabi/install --with-headers=yes --with-sysroot=/scratch/gcc/nightly-2014-11-28-mainline/arm-none-eabi/install/arm-none-eabi --with-gmp=/scratch/gcc/nightly-2014-11-28-mainline/arm-none-eabi/obj/pkg-mainline-0-arm-none-eabi/fsf-mainline-0-arm-none-eabi.extras/host-libs-i686-pc-linux-gnu/usr --with-mpfr=/scratch/gcc/nightly-2014-11-28-mainline/arm-none-eabi/obj/pkg-mainline-0-arm-none-eabi/fsf-mainline-0-arm-none-eabi.extras/host-libs-i686-pc-linux-gnu/usr --with-mpc=/scratch/gcc/nightly-2014-11-28-mainline/arm-none-eabi/obj/pkg-mainline-0-arm-none-eabi/fsf-mainline-0-arm-none-eabi.extras/host-libs-i686-pc-linux-gnu/usr --with-host-libstdcxx='-
static-libgcc -Wl,-Bstatic,-lstdc++,-Bdynamic -lm' --with-isl=/scratch/gcc/nightly-2014-11-28-mainline/arm-none-eabi/obj/pkg-mainline-0-arm-none-eabi/fsf-mainline-0-arm-none-eabi.extras/host-libs-i686-pc-linux-gnu/usr --with-cloog=/scratch/gcc/nightly-2014-11-28-mainline/arm-none-eabi/obj/pkg-mainline-0-arm-none-eabi/fsf-mainline-0-arm-none-eabi.extras/host-libs-i686-pc-linux-gnu/usr --disable-libgomp --disable-libitm --disable-libatomic --disable-libssp --enable-poison-system-directories --with-build-time-tools=/scratch/gcc/nightly-2014-11-28-mainline/arm-none-eabi/install/arm-none-eabi/bin --with-build-time-tools=/scratch/gcc/nightly-2014-11-28-mainline/arm-none-eabi/install/arm-none-eabi/bin SED=sed