This is the mail archive of the gcc-testresults@gcc.gnu.org mailing list for the GCC project.


Index Nav: [Date Index] [Subject Index] [Author Index] [Thread Index]
Message Nav: [Date Prev] [Date Next] [Thread Prev] [Thread Next]
Other format: [Raw text]

Results for 5.0.0 20141126 (experimental) [trunk revision 218099] (GCC) testsuite on powerpc64-unknown-linux-gnu


Linux 2.6.16.60-0.83.2-ppc64 ppc64
GNU C Library stable release version 2.4 (20110922)
GNU ld (GNU Binutils) 2.21.1
GNU assembler (GNU Binutils) 2.21.1
GNU Make 3.80

DejaGnu:
	Expect version is	5.43.0
	Tcl version is		8.4
	Framework version is	1.4.4

32-bit biarch default32

LAST_UPDATED: Wed Nov 26 21:47:23 UTC 2014 (revision 218099)

Native configuration is powerpc64-unknown-linux-gnu

		=== gcc tests ===


Running target unix/-m32
FAIL: gcc.dg/builtin-arith-overflow-1.c execution test
FAIL: gcc.dg/sms-8.c scan-rtl-dump-times sms "SMS succeeded" 0
FAIL: c-c++-common/torture/builtin-arith-overflow-14.c   -O0  execution test
FAIL: c-c++-common/torture/builtin-arith-overflow-14.c   -O2  execution test
FAIL: c-c++-common/torture/builtin-arith-overflow-14.c   -O2 -flto -fno-use-linker-plugin -flto-partition=none  execution test
FAIL: c-c++-common/torture/builtin-arith-overflow-14.c   -O2 -flto -fuse-linker-plugin -fno-fat-lto-objects  execution test
FAIL: gcc.dg/torture/pr52429.c   -O2 -flto -fno-use-linker-plugin -flto-partition=none  (internal compiler error)
FAIL: gcc.dg/torture/pr52429.c   -O2 -flto -fno-use-linker-plugin -flto-partition=none  (test for excess errors)
UNRESOLVED: gcc.dg/tree-prof/peel-1.c scan-rtl-dump loop2_unroll "Considering simply peeling loop"
FAIL: gcc.dg/tree-ssa/sra-12.c scan-tree-dump-times release_ssa "l;" 0
FAIL: gcc.dg/tree-ssa/ssa-dom-cse-2.c scan-tree-dump optimized "return 28;"
FAIL: gcc.dg/vect/costmodel/ppc/costmodel-bb-slp-9a.c scan-tree-dump-times slp2 "basic block vectorized using SLP" 1
FAIL: gcc.dg/vect/costmodel/ppc/costmodel-vect-31a.c scan-tree-dump-times vect "vectorization not profitable" 1
FAIL: gcc.dg/vect/costmodel/ppc/costmodel-vect-33.c scan-tree-dump-times vect "vectorization not profitable" 1
FAIL: gcc.dg/vect/no-vfa-vect-depend-2.c scan-tree-dump-times vect "vectorized 1 loops" 1
FAIL: gcc.dg/vect/no-vfa-vect-depend-3.c scan-tree-dump-times vect "vectorized 1 loops" 4
FAIL: gcc.dg/vect/vect-31.c scan-tree-dump-times vect "vectorized 4 loops" 1
FAIL: gcc.dg/vect/vect-31.c -flto -ffat-lto-objects  scan-tree-dump-times vect "vectorized 4 loops" 1
FAIL: gcc.target/powerpc/405-dlmzb-strlen-1.c scan-assembler dlmzb\\\\. 
FAIL: gcc.target/powerpc/440-dlmzb-strlen-1.c scan-assembler dlmzb\\\\. 
FAIL: gcc.target/powerpc/pr53199.c scan-assembler-times lwbrx 6
FAIL: gcc.target/powerpc/pr53199.c scan-assembler-times stwbrx 6

		=== gcc Summary for unix/-m32 ===

# of expected passes		91422
# of unexpected failures	21
# of expected failures		217
# of unresolved testcases	1
# of unsupported tests		1777

Running target unix/-m64
FAIL: gcc.dg/and-1.c scan-assembler-not nand
FAIL: gcc.dg/builtin-arith-overflow-1.c execution test
FAIL: gcc.dg/cwsc1.c execution test
FAIL: gcc.dg/ftrapv-1.c execution test
FAIL: gcc.dg/ftrapv-2.c execution test
FAIL: gcc.dg/pr44194-1.c scan-rtl-dump dse1 "global deletions = (2|3)"
FAIL: gcc.dg/sms-4.c scan-rtl-dump-times sms "SMS succeeded" 1
FAIL: c-c++-common/torture/builtin-arith-overflow-10.c   -O2  execution test
FAIL: c-c++-common/torture/builtin-arith-overflow-10.c   -O2 -flto -fno-use-linker-plugin -flto-partition=none  execution test
FAIL: c-c++-common/torture/builtin-arith-overflow-10.c   -O2 -flto -fuse-linker-plugin -fno-fat-lto-objects  execution test
FAIL: c-c++-common/torture/builtin-arith-overflow-11.c   -O2  execution test
FAIL: c-c++-common/torture/builtin-arith-overflow-11.c   -O2 -flto -fno-use-linker-plugin -flto-partition=none  execution test
FAIL: c-c++-common/torture/builtin-arith-overflow-11.c   -O2 -flto -fuse-linker-plugin -fno-fat-lto-objects  execution test
FAIL: c-c++-common/torture/builtin-arith-overflow-17.c   -O0  execution test
FAIL: c-c++-common/torture/builtin-arith-overflow-17.c   -O2  execution test
FAIL: c-c++-common/torture/builtin-arith-overflow-17.c   -O2 -flto -fno-use-linker-plugin -flto-partition=none  execution test
FAIL: c-c++-common/torture/builtin-arith-overflow-17.c   -O2 -flto -fuse-linker-plugin -fno-fat-lto-objects  execution test
FAIL: gcc.dg/torture/pr52429.c   -O2 -flto -fno-use-linker-plugin -flto-partition=none  (internal compiler error)
FAIL: gcc.dg/torture/pr52429.c   -O2 -flto -fno-use-linker-plugin -flto-partition=none  (test for excess errors)
UNRESOLVED: gcc.dg/tree-prof/peel-1.c scan-rtl-dump loop2_unroll "Considering simply peeling loop"
FAIL: gcc.dg/tree-ssa/ssa-dom-cse-2.c scan-tree-dump optimized "return 28;"
FAIL: gcc.dg/vect/costmodel/ppc/costmodel-bb-slp-9a.c scan-tree-dump-times slp2 "basic block vectorized using SLP" 1
FAIL: gcc.dg/vect/costmodel/ppc/costmodel-vect-31a.c scan-tree-dump-times vect "vectorization not profitable" 1
FAIL: gcc.dg/vect/costmodel/ppc/costmodel-vect-33.c scan-tree-dump-times vect "vectorization not profitable" 1
FAIL: gcc.dg/vect/no-vfa-vect-depend-2.c scan-tree-dump-times vect "vectorized 1 loops" 1
FAIL: gcc.dg/vect/no-vfa-vect-depend-3.c scan-tree-dump-times vect "vectorized 1 loops" 4
FAIL: gcc.dg/vect/vect-31.c scan-tree-dump-times vect "vectorized 4 loops" 1
FAIL: gcc.dg/vect/vect-31.c -flto -ffat-lto-objects  scan-tree-dump-times vect "vectorized 4 loops" 1

		=== gcc Summary for unix/-m64 ===

# of expected passes		92226
# of unexpected failures	27
# of expected failures		230
# of unresolved testcases	1
# of unsupported tests		1775

		=== gcc Summary ===

# of expected passes		183648
# of unexpected failures	48
# of expected failures		447
# of unresolved testcases	2
# of unsupported tests		3552
/home/gccbuild/build/nightly/build-gcc-trunk/gcc/xgcc  version 5.0.0 20141126 (experimental) [trunk revision 218099] (GCC) 

		=== gfortran tests ===


Running target unix/-m32
FAIL: gfortran.dg/vect/pr48329.f90   -O   scan-tree-dump-times vect "vectorized 1 loops" 1

		=== gfortran Summary for unix/-m32 ===

# of expected passes		45847
# of unexpected failures	1
# of expected failures		64
# of unsupported tests		257

Running target unix/-m64
FAIL: gfortran.dg/vect/pr48329.f90   -O   scan-tree-dump-times vect "vectorized 1 loops" 1

		=== gfortran Summary for unix/-m64 ===

# of expected passes		46174
# of unexpected failures	1
# of expected failures		64
# of unsupported tests		96

		=== gfortran Summary ===

# of expected passes		92021
# of unexpected failures	2
# of expected failures		128
# of unsupported tests		353
/home/gccbuild/build/nightly/build-gcc-trunk/gcc/testsuite/gfortran/../../gfortran  version 5.0.0 20141126 (experimental) [trunk revision 218099] (GCC) 

		=== g++ tests ===


Running target unix/-m32
FAIL: g++.dg/abi/scoped1.C  -std=gnu++11 execution test
FAIL: g++.dg/abi/scoped1.C  -std=gnu++14 execution test
FAIL: g++.dg/ipa/devirt-28a.C  -std=gnu++98 (test for excess errors)
FAIL: g++.dg/ipa/devirt-28a.C  -std=gnu++11 (test for excess errors)
FAIL: g++.dg/ipa/devirt-28a.C  -std=gnu++14 (test for excess errors)
FAIL: g++.dg/ipa/pr63587-2.C  -std=gnu++11 (internal compiler error)
FAIL: g++.dg/ipa/pr63587-2.C  -std=gnu++11 (test for excess errors)
FAIL: g++.dg/ipa/pr63587-2.C  -std=gnu++14 (internal compiler error)
FAIL: g++.dg/ipa/pr63587-2.C  -std=gnu++14 (test for excess errors)
FAIL: c-c++-common/torture/builtin-arith-overflow-14.c   -O0  execution test
FAIL: c-c++-common/torture/builtin-arith-overflow-14.c   -O2  execution test
FAIL: c-c++-common/torture/builtin-arith-overflow-14.c   -O2 -flto -fno-use-linker-plugin -flto-partition=none  execution test
FAIL: c-c++-common/torture/builtin-arith-overflow-14.c   -O2 -flto -fuse-linker-plugin -fno-fat-lto-objects  execution test

		=== g++ Summary for unix/-m32 ===

# of expected passes		80809
# of unexpected failures	13
# of expected failures		246
# of unsupported tests		3346

Running target unix/-m64
FAIL: g++.dg/ipa/devirt-28a.C  -std=gnu++98 (test for excess errors)
FAIL: g++.dg/ipa/devirt-28a.C  -std=gnu++11 (test for excess errors)
FAIL: g++.dg/ipa/devirt-28a.C  -std=gnu++14 (test for excess errors)
FAIL: c-c++-common/torture/builtin-arith-overflow-10.c   -O2  execution test
FAIL: c-c++-common/torture/builtin-arith-overflow-10.c   -O2 -flto -fno-use-linker-plugin -flto-partition=none  execution test
FAIL: c-c++-common/torture/builtin-arith-overflow-10.c   -O2 -flto -fuse-linker-plugin -fno-fat-lto-objects  execution test
FAIL: c-c++-common/torture/builtin-arith-overflow-11.c   -O2  execution test
FAIL: c-c++-common/torture/builtin-arith-overflow-11.c   -O2 -flto -fno-use-linker-plugin -flto-partition=none  execution test
FAIL: c-c++-common/torture/builtin-arith-overflow-11.c   -O2 -flto -fuse-linker-plugin -fno-fat-lto-objects  execution test
FAIL: c-c++-common/torture/builtin-arith-overflow-17.c   -O0  execution test
FAIL: c-c++-common/torture/builtin-arith-overflow-17.c   -O2  execution test
FAIL: c-c++-common/torture/builtin-arith-overflow-17.c   -O2 -flto -fno-use-linker-plugin -flto-partition=none  execution test
FAIL: c-c++-common/torture/builtin-arith-overflow-17.c   -O2 -flto -fuse-linker-plugin -fno-fat-lto-objects  execution test

		=== g++ Summary for unix/-m64 ===

# of expected passes		82650
# of unexpected failures	13
# of expected failures		246
# of unsupported tests		3355

		=== g++ Summary ===

# of expected passes		163459
# of unexpected failures	26
# of expected failures		492
# of unsupported tests		6701
/home/gccbuild/build/nightly/build-gcc-trunk/gcc/testsuite/g++/../../xg++  version 5.0.0 20141126 (experimental) [trunk revision 218099] (GCC) 

		=== go tests ===


Running target unix/-m32
FAIL: go.test/test/ken/cplx2.go execution,  -O2 -g 

		=== go Summary for unix/-m32 ===

# of expected passes		7361
# of unexpected failures	1
# of expected failures		1
# of untested testcases		10
# of unsupported tests		3

Running target unix/-m64
FAIL: go.test/test/fixedbugs/issue4348.go   -O  (test for excess errors)
FAIL: go.test/test/ken/cplx2.go execution,  -O2 -g 

		=== go Summary for unix/-m64 ===

# of expected passes		7240
# of unexpected failures	2
# of expected failures		1
# of untested testcases		10
# of unsupported tests		3

		=== go Summary ===

# of expected passes		14601
# of unexpected failures	3
# of expected failures		2
# of untested testcases		20
# of unsupported tests		6
/home/gccbuild/build/nightly/build-gcc-trunk/gcc/testsuite/go/../../gccgo  version 5.0.0 20141126 (experimental) [trunk revision 218099] (GCC) 

		=== obj-c++ tests ===


Running target unix/-m32

		=== obj-c++ Summary for unix/-m32 ===

# of expected passes		1447
# of expected failures		2
# of unsupported tests		86

Running target unix/-m64

		=== obj-c++ Summary for unix/-m64 ===

# of expected passes		1439
# of expected failures		10
# of unsupported tests		86

		=== obj-c++ Summary ===

# of expected passes		2886
# of expected failures		12
# of unsupported tests		172
/home/gccbuild/build/nightly/build-gcc-trunk/gcc/testsuite/obj-c++/../../xg++  version 5.0.0 20141126 (experimental) [trunk revision 218099] (GCC) 

		=== objc tests ===


Running target unix/-m32

		=== objc Summary for unix/-m32 ===

# of expected passes		3010
# of unsupported tests		74

Running target unix/-m64

		=== objc Summary for unix/-m64 ===

# of expected passes		3010
# of unsupported tests		74

		=== objc Summary ===

# of expected passes		6020
# of unsupported tests		148
/home/gccbuild/build/nightly/build-gcc-trunk/gcc/xgcc  version 5.0.0 20141126 (experimental) [trunk revision 218099] (GCC) 

		=== libatomic tests ===


Running target unix/-m32

		=== libatomic Summary for unix/-m32 ===

# of expected passes		44
# of unsupported tests		5

Running target unix/-m64

		=== libatomic Summary for unix/-m64 ===

# of expected passes		54

		=== libatomic Summary ===

# of expected passes		98
# of unsupported tests		5
		=== libffi tests ===


Running target unix/-m32

		=== libffi Summary for unix/-m32 ===

# of expected passes		1819
# of unsupported tests		55

Running target unix/-m64

		=== libffi Summary for unix/-m64 ===

# of expected passes		1819
# of unsupported tests		55

		=== libffi Summary ===

# of expected passes		3638
# of unsupported tests		110
		=== libgo tests ===


Running target unix
FAIL: math
FAIL: os
FAIL: runtime
FAIL: os/exec
FAIL: sync/atomic

		=== libgo Summary for unix ===

# of expected passes		118
# of unexpected failures	5

Running target unix/-m64
FAIL: math
FAIL: os
FAIL: os/exec

		=== libgo Summary for unix/-m64 ===

# of expected passes		120
# of unexpected failures	3

		=== libgo Summary ===

# of expected passes		238
# of unexpected failures	8
/home/gccbuild/build/nightly/build-gcc-trunk/./gcc/gccgo version 5.0.0 20141126 (experimental) [trunk revision 218099] (GCC)

		=== libgomp tests ===


Running target unix/-m32
FAIL: libgomp.fortran/target7.f90   -O0  execution test
FAIL: libgomp.fortran/target7.f90   -O1  execution test
FAIL: libgomp.fortran/target7.f90   -O2  execution test
FAIL: libgomp.fortran/target7.f90   -O3 -fomit-frame-pointer  execution test
FAIL: libgomp.fortran/target7.f90   -O3 -fomit-frame-pointer -funroll-loops  execution test
FAIL: libgomp.fortran/target7.f90   -O3 -fomit-frame-pointer -funroll-all-loops -finline-functions  execution test
FAIL: libgomp.fortran/target7.f90   -Os  execution test
FAIL: libgomp.fortran/target8.f90   -O0  execution test
FAIL: libgomp.fortran/target8.f90   -O1  execution test
FAIL: libgomp.fortran/target8.f90   -O2  execution test
FAIL: libgomp.fortran/target8.f90   -O3 -fomit-frame-pointer  execution test
FAIL: libgomp.fortran/target8.f90   -O3 -fomit-frame-pointer -funroll-loops  execution test
FAIL: libgomp.fortran/target8.f90   -O3 -fomit-frame-pointer -funroll-all-loops -finline-functions  execution test
FAIL: libgomp.fortran/target8.f90   -O3 -g  execution test
FAIL: libgomp.fortran/target8.f90   -Os  execution test

		=== libgomp Summary for unix/-m32 ===

# of expected passes		3627
# of unexpected failures	15
# of unsupported tests		109

Running target unix/-m64

		=== libgomp Summary for unix/-m64 ===

# of expected passes		3642
# of unsupported tests		109

		=== libgomp Summary ===

# of expected passes		7269
# of unexpected failures	15
# of unsupported tests		218
		=== libitm tests ===


Running target unix/-m32

		=== libitm Summary for unix/-m32 ===

# of expected passes		26
# of expected failures		3
# of unsupported tests		1

Running target unix/-m64

		=== libitm Summary for unix/-m64 ===

# of expected passes		26
# of expected failures		3
# of unsupported tests		1

		=== libitm Summary ===

# of expected passes		52
# of expected failures		6
# of unsupported tests		2
		=== libstdc++ tests ===


Running target unix/-m32
FAIL: libstdc++-abi/abi_check
FAIL: 21_strings/basic_string/modifiers/replace/wchar_t/4.cc (test for excess errors)
WARNING: 21_strings/basic_string/modifiers/replace/wchar_t/4.cc compilation failed to produce executable

		=== libstdc++ Summary for unix/-m32 ===

# of expected passes		10183
# of unexpected failures	2
# of expected failures		68
# of unsupported tests		249

Running target unix/-m64
XPASS: 26_numerics/headers/cmath/c_math.cc execution test

		=== libstdc++ Summary for unix/-m64 ===

# of expected passes		4355
# of unexpected successes	1
# of expected failures		61
# of unsupported tests		249

		=== libstdc++ Summary ===

# of expected passes		14538
# of unexpected failures	2
# of unexpected successes	1
# of expected failures		129
# of unsupported tests		498

Compiler version: 5.0.0 20141126 (experimental) [trunk revision 218099] (GCC) 
Platform: powerpc64-unknown-linux-gnu
configure flags: --prefix=/opt/gcc-nightly/trunk --build=powerpc64-linux --host=powerpc64-linux --target=powerpc64-linux --with-cpu=default32 --with-as=/opt/gcc-nightly/binutils-2.21.1/bin/as --with-ld=/opt/gcc-nightly/binutils-2.21.1/bin/ld --enable-threads=posix --enable-shared --enable-__cxa_atexit --enable-languages=c,c++,fortran,objc,obj-c++,go --with-long-double-128 --enable-secureplt --enable-checking --disable-alsa --enable-decimal-float --with-gmp=/opt/gcc-nightly/gcc-host-libs --with-mpfr=/opt/gcc-nightly/gcc-host-libs --with-mpc=/opt/gcc-nightly/gcc-host-libs --with-libelf=/opt/gcc-nightly/gcc-host-libs --without-ppl --without-cloog --disable-libsanitizer
fail   XPASS: gcc.test-framework/dg-bogus-exp-XF.c (test for excess errors)
fail   FAIL: gcc.test-framework/dg-do-assemble-exp-P.c (test for excess errors) (PRMS 42)
fail   FAIL: gcc.test-framework/dg-do-compile-exp-P.c (test for excess errors) (PRMS 42)
fail   FAIL: gcc.test-framework/dg-do-link-exp-P.c (test for excess errors) (PRMS 42)
fail   FAIL: gcc.test-framework/dg-do-run-exp-P.c (test for excess errors) (PRMS 42)
fail   FAIL: gcc.test-framework/dg-dot-run-exp-P.c (test for excess errors) (PRMS 42)
fail   FAIL: gcc.test-framework/dg-dox-run-exp-XF.c (test for excess errors) (PRMS 42)
fail   FAIL: gcc.test-framework/dg-output-exp-P.c (test for excess errors) (PRMS 42)
fail   FAIL: gcc.test-framework/dg-output-exp-XF.c (test for excess errors) (PRMS 42)
fail   FAIL: gcc.test-framework/dg-warning-exp-P.c warning test (test for warnings, line 9) (PRMS 42)

		=== Test Framework Summary ===

# of expected passes		2524
# of unexpected failures	10


Index Nav: [Date Index] [Subject Index] [Author Index] [Thread Index]
Message Nav: [Date Prev] [Date Next] [Thread Prev] [Thread Next]