This is the mail archive of the gcc-testresults@gcc.gnu.org mailing list for the GCC project.


Index Nav: [Date Index] [Subject Index] [Author Index] [Thread Index]
Message Nav: [Date Prev] [Date Next] [Thread Prev] [Thread Next]
Other format: [Raw text]

Results for 5.0.0 20141125 (experimental) (GCC) testsuite on arm-none-linux-gnueabi


LAST_UPDATED: Tue Nov 25 08:09:47 UTC 2014 (/trunk revision 218038)

Target is arm-none-linux-gnueabi
Host   is i686-pc-linux-gnu

		=== g++ tests ===


Running target qemu-wheezy
FAIL: c-c++-common/asan/heap-overflow-1.c   -O1  output pattern test, is =================================================================
FAIL: c-c++-common/asan/sanity-check-pure-c-1.c   -O1  output pattern test, is =================================================================
FAIL: c-c++-common/asan/strncpy-overflow-1.c   -O1  output pattern test, is =================================================================
FAIL: c-c++-common/asan/use-after-free-1.c   -O1  output pattern test, is =================================================================
FAIL: g++.dg/ipa/devirt-42.C  -std=gnu++11  scan-ipa-dump-times inline "First type is base of second" 3
FAIL: g++.dg/ipa/devirt-42.C  -std=gnu++14  scan-ipa-dump-times inline "First type is base of second" 3
FAIL: c-c++-common/torture/builtin-arith-overflow-14.c   -O0  execution test
FAIL: c-c++-common/torture/builtin-arith-overflow-14.c   -O2  execution test
FAIL: c-c++-common/torture/builtin-arith-overflow-14.c   -O2 -flto -fno-use-linker-plugin -flto-partition=none  execution test
FAIL: c-c++-common/torture/builtin-arith-overflow-14.c   -O2 -flto -fuse-linker-plugin -fno-fat-lto-objects  execution test
FAIL: c-c++-common/ubsan/object-size-1.c   -O2  output pattern test, is c-c++-common/ubsan/object-size-1.c:16:15: runtime error: load of address 0x009b301c with insufficient space for an object of type 'char'
FAIL: c-c++-common/ubsan/object-size-1.c   -O2 -flto -fno-use-linker-plugin -flto-partition=none  output pattern test, is c-c++-common/ubsan/object-size-1.c:16:15: runtime error: load of address 0x01e5c01c with insufficient space for an object of type 'char'
FAIL: c-c++-common/ubsan/object-size-1.c   -O2 -flto -fuse-linker-plugin -fno-fat-lto-objects  output pattern test, is c-c++-common/ubsan/object-size-1.c:16:15: runtime error: load of address 0x0065d01c with insufficient space for an object of type 'char'
FAIL: c-c++-common/ubsan/object-size-10.c   -O2  output pattern test, is c-c++-common/ubsan/object-size-10.c:19:19: runtime error: index 128 out of bounds for type 'char [128]'
FAIL: c-c++-common/ubsan/object-size-10.c   -O2 -flto -fno-use-linker-plugin -flto-partition=none  output pattern test, is c-c++-common/ubsan/object-size-10.c:19:19: runtime error: index 128 out of bounds for type 'char [128]'
FAIL: c-c++-common/ubsan/object-size-10.c   -O2 -flto -fuse-linker-plugin -fno-fat-lto-objects  output pattern test, is c-c++-common/ubsan/object-size-10.c:19:19: runtime error: index 128 out of bounds for type 'char [128]'
FAIL: c-c++-common/ubsan/object-size-4.c   -O2  output pattern test, is c-c++-common/ubsan/object-size-4.c:16:13: runtime error: load of address 0x00ed5010 with insufficient space for an object of type 'int'
FAIL: c-c++-common/ubsan/object-size-4.c   -O2 -flto -fno-use-linker-plugin -flto-partition=none  output pattern test, is c-c++-common/ubsan/object-size-4.c:16:13: runtime error: load of address 0x01ec9010 with insufficient space for an object of type 'int'
FAIL: c-c++-common/ubsan/object-size-4.c   -O2 -flto -fuse-linker-plugin -fno-fat-lto-objects  output pattern test, is c-c++-common/ubsan/object-size-4.c:16:13: runtime error: load of address 0x00fc3010 with insufficient space for an object of type 'int'
FAIL: c-c++-common/ubsan/object-size-5.c   -O2  output pattern test, is c-c++-common/ubsan/object-size-5.c:18:12: runtime error: load of address 0x00c3101c with insufficient space for an object of type 'char'
FAIL: c-c++-common/ubsan/object-size-5.c   -O2 -flto -fno-use-linker-plugin -flto-partition=none  output pattern test, is c-c++-common/ubsan/object-size-5.c:18:12: runtime error: load of address 0x01b4f01c with insufficient space for an object of type 'char'
FAIL: c-c++-common/ubsan/object-size-5.c   -O2 -flto -fuse-linker-plugin -fno-fat-lto-objects  output pattern test, is c-c++-common/ubsan/object-size-5.c:18:12: runtime error: load of address 0x001a101c with insufficient space for an object of type 'char'
FAIL: c-c++-common/ubsan/object-size-7.c   -O2  output pattern test, is c-c++-common/ubsan/object-size-7.c:15:11: runtime error: load of address 0xbe907a08 with insufficient space for an object of type 'const struct S'
FAIL: c-c++-common/ubsan/object-size-7.c   -O2 -flto -fno-use-linker-plugin -flto-partition=none  output pattern test, is c-c++-common/ubsan/object-size-7.c:15:11: runtime error: load of address 0xbe9bfa08 with insufficient space for an object of type 'const struct S'
FAIL: c-c++-common/ubsan/object-size-7.c   -O2 -flto -fuse-linker-plugin -fno-fat-lto-objects  output pattern test, is c-c++-common/ubsan/object-size-7.c:15:11: runtime error: load of address 0xbeac7a08 with insufficient space for an object of type 'const struct S'
FAIL: c-c++-common/ubsan/object-size-8.c   -O2  output pattern test, is c-c++-common/ubsan/object-size-8.c:12:13: runtime error: load of address 0x0079c00c with insufficient space for an object of type 'int'
FAIL: c-c++-common/ubsan/object-size-8.c   -O2 -flto -fno-use-linker-plugin -flto-partition=none  output pattern test, is c-c++-common/ubsan/object-size-8.c:12:13: runtime error: load of address 0x011b200c with insufficient space for an object of type 'int'
FAIL: c-c++-common/ubsan/object-size-8.c   -O2 -flto -fuse-linker-plugin -fno-fat-lto-objects  output pattern test, is c-c++-common/ubsan/object-size-8.c:12:13: runtime error: load of address 0x005ce00c with insufficient space for an object of type 'int'
FAIL: c-c++-common/ubsan/object-size-9.c   -O2  output pattern test, is c-c++-common/ubsan/object-size-9.c:21:11: runtime error: load of address 0xbea149f8 with insufficient space for an object of type 'char'
FAIL: c-c++-common/ubsan/object-size-9.c   -O2 -flto -fno-use-linker-plugin -flto-partition=none  output pattern test, is c-c++-common/ubsan/object-size-9.c:21:11: runtime error: load of address 0xbeabb9f8 with insufficient space for an object of type 'char'
FAIL: c-c++-common/ubsan/object-size-9.c   -O2 -flto -fuse-linker-plugin -fno-fat-lto-objects  output pattern test, is c-c++-common/ubsan/object-size-9.c:21:11: runtime error: load of address 0xbefae9f8 with insufficient space for an object of type 'char'
FAIL: g++.dg/ubsan/null-1.C   -O0  output pattern test, is g++.dg/ubsan/null-1.C:12:13: runtime error: reference binding to null pointer of type 'int'
FAIL: g++.dg/ubsan/null-1.C   -O1  output pattern test, is g++.dg/ubsan/null-1.C:12:13: runtime error: reference binding to null pointer of type 'int'
FAIL: g++.dg/ubsan/null-1.C   -O2  output pattern test, is g++.dg/ubsan/null-1.C:12:13: runtime error: reference binding to null pointer of type 'int'
FAIL: g++.dg/ubsan/null-1.C   -O3 -fomit-frame-pointer  output pattern test, is g++.dg/ubsan/null-1.C:12:13: runtime error: reference binding to null pointer of type 'int'
FAIL: g++.dg/ubsan/null-1.C   -O3 -g  output pattern test, is g++.dg/ubsan/null-1.C:12:13: runtime error: reference binding to null pointer of type 'int'
FAIL: g++.dg/ubsan/null-1.C   -Os  output pattern test, is g++.dg/ubsan/null-1.C:12:13: runtime error: reference binding to null pointer of type 'int'
FAIL: g++.dg/ubsan/null-1.C   -O2 -flto -fno-use-linker-plugin -flto-partition=none  output pattern test, is g++.dg/ubsan/null-1.C:12:13: runtime error: reference binding to null pointer of type 'int'
FAIL: g++.dg/ubsan/null-1.C   -O2 -flto -fuse-linker-plugin -fno-fat-lto-objects  output pattern test, is g++.dg/ubsan/null-1.C:12:13: runtime error: reference binding to null pointer of type 'int'
FAIL: g++.dg/ubsan/null-3.C   -O0  output pattern test, is g++.dg/ubsan/null-3.C:9:14: runtime error: reference binding to null pointer of type 'int'
FAIL: g++.dg/ubsan/null-3.C   -O1  output pattern test, is g++.dg/ubsan/null-3.C:9:14: runtime error: reference binding to null pointer of type 'int'
FAIL: g++.dg/ubsan/null-3.C   -O2  output pattern test, is g++.dg/ubsan/null-3.C:9:14: runtime error: reference binding to null pointer of type 'int'
FAIL: g++.dg/ubsan/null-3.C   -O3 -fomit-frame-pointer  output pattern test, is g++.dg/ubsan/null-3.C:9:14: runtime error: reference binding to null pointer of type 'int'
FAIL: g++.dg/ubsan/null-3.C   -O3 -g  output pattern test, is g++.dg/ubsan/null-3.C:9:14: runtime error: reference binding to null pointer of type 'int'
FAIL: g++.dg/ubsan/null-3.C   -Os  output pattern test, is g++.dg/ubsan/null-3.C:9:14: runtime error: reference binding to null pointer of type 'int'
FAIL: g++.dg/ubsan/null-3.C   -O2 -flto -fno-use-linker-plugin -flto-partition=none  output pattern test, is g++.dg/ubsan/null-3.C:9:14: runtime error: reference binding to null pointer of type 'int'
FAIL: g++.dg/ubsan/null-3.C   -O2 -flto -fuse-linker-plugin -fno-fat-lto-objects  output pattern test, is g++.dg/ubsan/null-3.C:9:14: runtime error: reference binding to null pointer of type 'int'
FAIL: g++.dg/ubsan/null-4.C   -O0  output pattern test, is g++.dg/ubsan/null-4.C:11:14: runtime error: reference binding to null pointer of type 'int'
FAIL: g++.dg/ubsan/null-4.C   -O1  output pattern test, is g++.dg/ubsan/null-4.C:11:14: runtime error: reference binding to null pointer of type 'int'
FAIL: g++.dg/ubsan/null-4.C   -O2  output pattern test, is g++.dg/ubsan/null-4.C:11:14: runtime error: reference binding to null pointer of type 'int'
FAIL: g++.dg/ubsan/null-4.C   -O3 -fomit-frame-pointer  output pattern test, is g++.dg/ubsan/null-4.C:11:14: runtime error: reference binding to null pointer of type 'int'
FAIL: g++.dg/ubsan/null-4.C   -O3 -g  output pattern test, is g++.dg/ubsan/null-4.C:11:14: runtime error: reference binding to null pointer of type 'int'
FAIL: g++.dg/ubsan/null-4.C   -Os  output pattern test, is g++.dg/ubsan/null-4.C:11:14: runtime error: reference binding to null pointer of type 'int'
FAIL: g++.dg/ubsan/null-4.C   -O2 -flto -fno-use-linker-plugin -flto-partition=none  output pattern test, is g++.dg/ubsan/null-4.C:11:14: runtime error: reference binding to null pointer of type 'int'

		=== g++ Summary ===

# of expected passes		82944
# of unexpected failures	54
# of expected failures		245
# of unsupported tests		3817
/scratch/gcc/nightly-2014-11-25-mainline/arm-none-linux-gnueabi/obj/test-mainline-0-arm-none-linux-gnueabi/host-i686-pc-linux-gnu/fsf-mainline/bin/arm-none-linux-gnueabi-g++  version 5.0.0 20141125 (experimental) (GCC) 


		=== Summary adjusted for local xfails ===

# of unexpected failures        54
# of expected passes            82944
# of expected failures          245
# of unsupported tests          3817
Host   is i686-pc-linux-gnu

		=== gcc tests ===


Running target qemu-wheezy
FAIL: c-c++-common/asan/heap-overflow-1.c   -O1  output pattern test, is =================================================================
FAIL: c-c++-common/asan/sanity-check-pure-c-1.c   -O1  output pattern test, is =================================================================
FAIL: c-c++-common/asan/strncpy-overflow-1.c   -O1  output pattern test, is =================================================================
FAIL: c-c++-common/asan/use-after-free-1.c   -O1  output pattern test, is =================================================================
FAIL: gcc.dg/builtin-arith-overflow-1.c execution test
FAIL: gcc.dg/undefined-loop-2.c  (test for warnings, line 18)
UNRESOLVED: gcc.dg/graphite/isl-codegen-loop-dumping.c scan-tree-dump-times graphite "ISL AST generated by ISL: \\nfor \\\\(int c1 = 0; c1 < n - 1; c1 \\\\+= 1\\\\)\\n  for \\\\(int c3 = 0; c3 < n; c3 \\\\+= 1\\\\)\\n    S_4\\\\(c1, c3\\\\);" 1
FAIL: c-c++-common/torture/builtin-arith-overflow-14.c   -O0  execution test
FAIL: c-c++-common/torture/builtin-arith-overflow-14.c   -O2  execution test
FAIL: c-c++-common/torture/builtin-arith-overflow-14.c   -O2 -flto -fno-use-linker-plugin -flto-partition=none  execution test
FAIL: c-c++-common/torture/builtin-arith-overflow-14.c   -O2 -flto -fuse-linker-plugin -fno-fat-lto-objects  execution test
UNRESOLVED: gcc.dg/tree-prof/peel-1.c scan-rtl-dump loop2_unroll "Considering simply peeling loop"
FAIL: gcc.dg/tree-ssa/sra-12.c scan-tree-dump-times release_ssa "l;" 0
FAIL: gcc.dg/tree-ssa/ssa-dom-cse-2.c scan-tree-dump optimized "return 28;"
FAIL: c-c++-common/ubsan/object-size-1.c   -O2  output pattern test, is c-c++-common/ubsan/object-size-1.c:16:7: runtime error: load of address 0x01c6401c with insufficient space for an object of type 'char'
FAIL: c-c++-common/ubsan/object-size-1.c   -O2 -flto -fno-use-linker-plugin -flto-partition=none  output pattern test, is c-c++-common/ubsan/object-size-1.c:16:7: runtime error: load of address 0x0127d01c with insufficient space for an object of type 'char'
FAIL: c-c++-common/ubsan/object-size-1.c   -O2 -flto -fuse-linker-plugin -fno-fat-lto-objects  output pattern test, is c-c++-common/ubsan/object-size-1.c:16:7: runtime error: load of address 0x0186101c with insufficient space for an object of type 'char'
FAIL: c-c++-common/ubsan/object-size-10.c   -O2  output pattern test, is c-c++-common/ubsan/object-size-10.c:19:11: runtime error: index 128 out of bounds for type 'char [128]'
FAIL: c-c++-common/ubsan/object-size-10.c   -O2 -flto -fno-use-linker-plugin -flto-partition=none  output pattern test, is c-c++-common/ubsan/object-size-10.c:19:11: runtime error: index 128 out of bounds for type 'char [128]'
FAIL: c-c++-common/ubsan/object-size-10.c   -O2 -flto -fuse-linker-plugin -fno-fat-lto-objects  output pattern test, is c-c++-common/ubsan/object-size-10.c:19:11: runtime error: index 128 out of bounds for type 'char [128]'
FAIL: c-c++-common/ubsan/object-size-4.c   -O2  output pattern test, is c-c++-common/ubsan/object-size-4.c:16:11: runtime error: load of address 0x005b3010 with insufficient space for an object of type 'int'
FAIL: c-c++-common/ubsan/object-size-4.c   -O2 -flto -fno-use-linker-plugin -flto-partition=none  output pattern test, is c-c++-common/ubsan/object-size-4.c:16:11: runtime error: load of address 0x01357010 with insufficient space for an object of type 'int'
FAIL: c-c++-common/ubsan/object-size-4.c   -O2 -flto -fuse-linker-plugin -fno-fat-lto-objects  output pattern test, is c-c++-common/ubsan/object-size-4.c:16:11: runtime error: load of address 0x01b39010 with insufficient space for an object of type 'int'
FAIL: c-c++-common/ubsan/object-size-5.c   -O2  output pattern test, is c-c++-common/ubsan/object-size-5.c:18:10: runtime error: load of address 0x013b801c with insufficient space for an object of type 'char'
FAIL: c-c++-common/ubsan/object-size-5.c   -O2 -flto -fno-use-linker-plugin -flto-partition=none  output pattern test, is c-c++-common/ubsan/object-size-5.c:18:10: runtime error: load of address 0x01ffe01c with insufficient space for an object of type 'char'
FAIL: c-c++-common/ubsan/object-size-5.c   -O2 -flto -fuse-linker-plugin -fno-fat-lto-objects  output pattern test, is c-c++-common/ubsan/object-size-5.c:18:10: runtime error: load of address 0x0181a01c with insufficient space for an object of type 'char'
FAIL: c-c++-common/ubsan/object-size-7.c   -O2  output pattern test, is c-c++-common/ubsan/object-size-7.c:15:5: runtime error: load of address 0xbe915a08 with insufficient space for an object of type 'struct S'
FAIL: c-c++-common/ubsan/object-size-7.c   -O2 -flto -fno-use-linker-plugin -flto-partition=none  output pattern test, is c-c++-common/ubsan/object-size-7.c:15:5: runtime error: load of address 0xbeab5a08 with insufficient space for an object of type 'struct S'
FAIL: c-c++-common/ubsan/object-size-7.c   -O2 -flto -fuse-linker-plugin -fno-fat-lto-objects  output pattern test, is c-c++-common/ubsan/object-size-7.c:15:5: runtime error: load of address 0xbe81fa08 with insufficient space for an object of type 'struct S'
FAIL: c-c++-common/ubsan/object-size-8.c   -O2  output pattern test, is c-c++-common/ubsan/object-size-8.c:12:10: runtime error: load of address 0x0095500c with insufficient space for an object of type 'int'
FAIL: c-c++-common/ubsan/object-size-8.c   -O2 -flto -fno-use-linker-plugin -flto-partition=none  output pattern test, is c-c++-common/ubsan/object-size-8.c:12:10: runtime error: load of address 0x0027f00c with insufficient space for an object of type 'int'
FAIL: c-c++-common/ubsan/object-size-8.c   -O2 -flto -fuse-linker-plugin -fno-fat-lto-objects  output pattern test, is c-c++-common/ubsan/object-size-8.c:12:10: runtime error: load of address 0x00a9f00c with insufficient space for an object of type 'int'
FAIL: c-c++-common/ubsan/object-size-9.c   -O2  output pattern test, is c-c++-common/ubsan/object-size-9.c:21:10: runtime error: load of address 0xbeb81a08 with insufficient space for an object of type 'char'
FAIL: c-c++-common/ubsan/object-size-9.c   -O2 -flto -fno-use-linker-plugin -flto-partition=none  output pattern test, is c-c++-common/ubsan/object-size-9.c:21:10: runtime error: load of address 0xbefc5a08 with insufficient space for an object of type 'char'
FAIL: c-c++-common/ubsan/object-size-9.c   -O2 -flto -fuse-linker-plugin -fno-fat-lto-objects  output pattern test, is c-c++-common/ubsan/object-size-9.c:21:10: runtime error: load of address 0xbee3fa08 with insufficient space for an object of type 'char'
FAIL: gcc.dg/ubsan/object-size-9.c   -O2  output pattern test, is gcc.dg/ubsan/object-size-9.c:11:13: runtime error: load of address 0x00020a4a with insufficient space for an object of type 'char'
FAIL: gcc.dg/ubsan/object-size-9.c   -O2 -flto -fno-use-linker-plugin -flto-partition=none  output pattern test, is gcc.dg/ubsan/object-size-9.c:11:13: runtime error: load of address 0x00020a4a with insufficient space for an object of type 'char'
FAIL: gcc.dg/ubsan/object-size-9.c   -O2 -flto -fuse-linker-plugin -fno-fat-lto-objects  output pattern test, is gcc.dg/ubsan/object-size-9.c:11:13: runtime error: load of address 0x00020a0a with insufficient space for an object of type 'char'
FAIL: gcc.target/arm/pr42172-1.c scan-assembler-times ldr 1
FAIL: gcc.target/arm/pr42575.c scan-assembler-not mov
FAIL: gcc.target/arm/pr45701-1.c scan-assembler push\\t{r3
FAIL: gcc.target/arm/pr45701-2.c scan-assembler push\\t{r3
FAIL: gcc.target/arm/scd42-1.c scan-assembler movs[ \\t].*17
FAIL: gcc.target/arm/thumb-bitfld1.c (test for excess errors)
FAIL: gcc.target/arm/thumb-ltu.c (test for excess errors)
FAIL: gcc.target/arm/thumb-ltu.c scan-assembler-not uxtb

		=== gcc Summary ===

# of expected passes		90212
# of unexpected failures	44
# of expected failures		104
# of unresolved testcases	2
# of unsupported tests		4166
/scratch/gcc/nightly-2014-11-25-mainline/arm-none-linux-gnueabi/obj/test-mainline-0-arm-none-linux-gnueabi/host-i686-pc-linux-gnu/fsf-mainline/bin/arm-none-linux-gnueabi-gcc  version 5.0.0 20141125 (experimental) (GCC) 


		=== Summary adjusted for local xfails ===

# of unexpected failures        44
# of expected passes            90212
# of expected failures          104
# of unresolved testcases       2
# of unsupported tests          4166
Host   is i686-pc-linux-gnu

		=== gfortran tests ===


Running target qemu-wheezy
FAIL: gfortran.dg/select_type_4.f90   -O2  execution test
FAIL: gfortran.dg/select_type_4.f90   -O3 -fomit-frame-pointer  execution test
FAIL: gfortran.dg/select_type_4.f90   -O3 -fomit-frame-pointer -funroll-loops  execution test
FAIL: gfortran.dg/select_type_4.f90   -O3 -fomit-frame-pointer -funroll-all-loops -finline-functions  execution test
FAIL: gfortran.dg/select_type_4.f90   -O3 -g  execution test
WARNING: program timed out.
FAIL: gfortran.dg/graphite/pr42393.f90   -O  (test for excess errors)
FAIL: gfortran.dg/ieee/ieee_1.F90   -O0  execution test
FAIL: gfortran.dg/ieee/ieee_1.F90   -O1  execution test
FAIL: gfortran.dg/ieee/ieee_1.F90   -O2  execution test
FAIL: gfortran.dg/ieee/ieee_1.F90   -O3 -fomit-frame-pointer  execution test
FAIL: gfortran.dg/ieee/ieee_1.F90   -O3 -fomit-frame-pointer -funroll-loops  execution test
FAIL: gfortran.dg/ieee/ieee_1.F90   -O3 -fomit-frame-pointer -funroll-all-loops -finline-functions  execution test
FAIL: gfortran.dg/ieee/ieee_1.F90   -O3 -g  execution test
FAIL: gfortran.dg/ieee/ieee_1.F90   -Os  execution test
FAIL: gfortran.dg/ieee/ieee_2.f90   -O0  execution test
FAIL: gfortran.dg/ieee/ieee_2.f90   -O1  execution test
FAIL: gfortran.dg/ieee/ieee_2.f90   -O2  execution test
FAIL: gfortran.dg/ieee/ieee_2.f90   -O3 -fomit-frame-pointer  execution test
FAIL: gfortran.dg/ieee/ieee_2.f90   -O3 -fomit-frame-pointer -funroll-loops  execution test
FAIL: gfortran.dg/ieee/ieee_2.f90   -O3 -fomit-frame-pointer -funroll-all-loops -finline-functions  execution test
FAIL: gfortran.dg/ieee/ieee_2.f90   -O3 -g  execution test
FAIL: gfortran.dg/ieee/ieee_2.f90   -Os  execution test
FAIL: gfortran.dg/ieee/ieee_6.f90   -O0  execution test
FAIL: gfortran.dg/ieee/ieee_6.f90   -O1  execution test
FAIL: gfortran.dg/ieee/ieee_6.f90   -O2  execution test
FAIL: gfortran.dg/ieee/ieee_6.f90   -O3 -fomit-frame-pointer  execution test
FAIL: gfortran.dg/ieee/ieee_6.f90   -O3 -fomit-frame-pointer -funroll-loops  execution test
FAIL: gfortran.dg/ieee/ieee_6.f90   -O3 -fomit-frame-pointer -funroll-all-loops -finline-functions  execution test
FAIL: gfortran.dg/ieee/ieee_6.f90   -O3 -g  execution test
FAIL: gfortran.dg/ieee/ieee_6.f90   -Os  execution test
FAIL: gfortran.dg/ieee/rounding_1.f90   -O0  execution test
FAIL: gfortran.dg/ieee/rounding_1.f90   -O1  execution test
FAIL: gfortran.dg/ieee/rounding_1.f90   -O2  execution test
FAIL: gfortran.dg/ieee/rounding_1.f90   -O3 -fomit-frame-pointer  execution test
FAIL: gfortran.dg/ieee/rounding_1.f90   -O3 -fomit-frame-pointer -funroll-loops  execution test
FAIL: gfortran.dg/ieee/rounding_1.f90   -O3 -fomit-frame-pointer -funroll-all-loops -finline-functions  execution test
FAIL: gfortran.dg/ieee/rounding_1.f90   -O3 -g  execution test
FAIL: gfortran.dg/ieee/rounding_1.f90   -Os  execution test

		=== gfortran Summary ===

# of expected passes		45516
# of unexpected failures	38
# of expected failures		60
# of unsupported tests		406
/scratch/gcc/nightly-2014-11-25-mainline/arm-none-linux-gnueabi/obj/test-mainline-0-arm-none-linux-gnueabi/host-i686-pc-linux-gnu/fsf-mainline/bin/arm-none-linux-gnueabi-gfortran  version 5.0.0 20141125 (experimental) (GCC) 


		=== Summary adjusted for local xfails ===

# of unexpected failures        38
# of expected passes            45516
# of expected failures          60
# of unsupported tests          406
Host   is i686-pc-linux-gnu

		=== libatomic tests ===


Running target qemu-wheezy

		=== libatomic Summary ===

# of expected passes		44
# of unsupported tests		5

		=== Summary adjusted for local xfails ===

# of expected passes            44
# of unsupported tests          5
Host   is i686-pc-linux-gnu

		=== libgomp tests ===


Running target qemu-wheezy
WARNING: program timed out.
FAIL: libgomp.fortran/strassen.f90   -O  execution test
FAIL: libgomp.graphite/force-parallel-7.c execution test

		=== libgomp Summary ===

# of expected passes		3615
# of unexpected failures	2
# of unsupported tests		183

		=== Summary adjusted for local xfails ===

# of unexpected failures        2
# of expected passes            3615
# of unsupported tests          183
Host   is i686-pc-linux-gnu

		=== libitm tests ===


Running target qemu-wheezy

		=== libitm Summary ===

# of expected passes		26
# of expected failures		3
# of unsupported tests		1

		=== Summary adjusted for local xfails ===

# of expected passes            26
# of expected failures          3
# of unsupported tests          1
Host   is i686-pc-linux-gnu

		=== libstdc++ tests ===


Running target qemu-wheezy
FAIL: 22_locale/messages/members/char/1.cc execution test
FAIL: 22_locale/messages/members/char/2.cc execution test
FAIL: 22_locale/messages/members/char/wrapped_locale.cc execution test
FAIL: 22_locale/messages_byname/named_equivalence.cc execution test

		=== libstdc++ Summary ===

# of expected passes		9746
# of unexpected failures	4
# of expected failures		68
# of unsupported tests		368

		=== Summary adjusted for local xfails ===

# of unexpected failures        4
# of expected passes            9746
# of expected failures          68
# of unsupported tests          368
Host   is i686-pc-linux-gnu

		=== g++ tests ===


Running target qemu-wheezy-thumb/-mthumb
FAIL: c-c++-common/asan/heap-overflow-1.c   -O1  output pattern test, is =================================================================
FAIL: c-c++-common/asan/null-deref-1.c   -O2  output pattern test, is ASAN:SIGSEGV
FAIL: c-c++-common/asan/null-deref-1.c   -O3 -fomit-frame-pointer  output pattern test, is ASAN:SIGSEGV
FAIL: c-c++-common/asan/null-deref-1.c   -O3 -g  output pattern test, is ASAN:SIGSEGV
FAIL: c-c++-common/asan/null-deref-1.c   -Os  output pattern test, is ASAN:SIGSEGV
FAIL: c-c++-common/asan/null-deref-1.c   -O2 -flto -fno-use-linker-plugin -flto-partition=none  output pattern test, is ASAN:SIGSEGV
FAIL: c-c++-common/asan/null-deref-1.c   -O2 -flto -fuse-linker-plugin -fno-fat-lto-objects  output pattern test, is ASAN:SIGSEGV
FAIL: c-c++-common/asan/sanity-check-pure-c-1.c   -O0  output pattern test, is =================================================================
FAIL: c-c++-common/asan/sanity-check-pure-c-1.c   -O1  output pattern test, is =================================================================
FAIL: c-c++-common/asan/strncpy-overflow-1.c   -O1  output pattern test, is =================================================================
FAIL: c-c++-common/asan/use-after-free-1.c   -O0  output pattern test, is =================================================================
FAIL: c-c++-common/asan/use-after-free-1.c   -O1  output pattern test, is =================================================================
FAIL: g++.dg/ipa/devirt-42.C  -std=gnu++11  scan-ipa-dump-times inline "First type is base of second" 3
FAIL: g++.dg/ipa/devirt-42.C  -std=gnu++14  scan-ipa-dump-times inline "First type is base of second" 3
FAIL: g++.dg/ipa/pr60640-3.C  -std=gnu++98 execution test
FAIL: g++.dg/ipa/pr60640-3.C  -std=gnu++11 execution test
FAIL: g++.dg/ipa/pr60640-3.C  -std=gnu++14 execution test
FAIL: g++.dg/ipa/pr60640-4.C  -std=gnu++98 execution test
FAIL: g++.dg/ipa/pr60640-4.C  -std=gnu++11 execution test
FAIL: g++.dg/ipa/pr60640-4.C  -std=gnu++14 execution test
FAIL: g++.dg/ipa/pr61160-2.C  -std=gnu++98 execution test
FAIL: g++.dg/ipa/pr61160-2.C  -std=gnu++11 execution test
FAIL: g++.dg/ipa/pr61160-2.C  -std=gnu++14 execution test
FAIL: g++.dg/ipa/pr61160-3.C  -std=gnu++98 execution test
FAIL: g++.dg/ipa/pr61160-3.C  -std=gnu++11 execution test
FAIL: g++.dg/ipa/pr61160-3.C  -std=gnu++14 execution test
FAIL: g++.dg/torture/covariant-1.C   -O2 -flto -fno-use-linker-plugin -flto-partition=none  execution test
FAIL: g++.dg/torture/covariant-1.C   -O2 -flto -fuse-linker-plugin -fno-fat-lto-objects  execution test
FAIL: g++.dg/torture/pr45699.C   -O2 -flto -fuse-linker-plugin -fno-fat-lto-objects  execution test
FAIL: g++.dg/torture/pr46287.C   -O2 -flto -fuse-linker-plugin -fno-fat-lto-objects  execution test
FAIL: c-c++-common/ubsan/object-size-1.c   -O2  output pattern test, is c-c++-common/ubsan/object-size-1.c:16:15: runtime error: load of address 0x008cb01c with insufficient space for an object of type 'char'
FAIL: c-c++-common/ubsan/object-size-1.c   -O2 -flto -fno-use-linker-plugin -flto-partition=none  output pattern test, is c-c++-common/ubsan/object-size-1.c:16:15: runtime error: load of address 0x0030601c with insufficient space for an object of type 'char'
FAIL: c-c++-common/ubsan/object-size-1.c   -O2 -flto -fuse-linker-plugin -fno-fat-lto-objects  output pattern test, is c-c++-common/ubsan/object-size-1.c:16:15: runtime error: load of address 0x0025901c with insufficient space for an object of type 'char'
FAIL: c-c++-common/ubsan/object-size-10.c   -O2  output pattern test, is c-c++-common/ubsan/object-size-10.c:19:19: runtime error: index 128 out of bounds for type 'char [128]'
FAIL: c-c++-common/ubsan/object-size-10.c   -O2 -flto -fno-use-linker-plugin -flto-partition=none  output pattern test, is c-c++-common/ubsan/object-size-10.c:19:19: runtime error: index 128 out of bounds for type 'char [128]'
FAIL: c-c++-common/ubsan/object-size-10.c   -O2 -flto -fuse-linker-plugin -fno-fat-lto-objects  output pattern test, is c-c++-common/ubsan/object-size-10.c:19:19: runtime error: index 128 out of bounds for type 'char [128]'
FAIL: c-c++-common/ubsan/object-size-4.c   -O2  output pattern test, is c-c++-common/ubsan/object-size-4.c:16:13: runtime error: load of address 0x0163f010 with insufficient space for an object of type 'int'
FAIL: c-c++-common/ubsan/object-size-4.c   -O2 -flto -fno-use-linker-plugin -flto-partition=none  output pattern test, is c-c++-common/ubsan/object-size-4.c:16:13: runtime error: load of address 0x01ea4010 with insufficient space for an object of type 'int'
FAIL: c-c++-common/ubsan/object-size-4.c   -O2 -flto -fuse-linker-plugin -fno-fat-lto-objects  output pattern test, is c-c++-common/ubsan/object-size-4.c:16:13: runtime error: load of address 0x00e2b010 with insufficient space for an object of type 'int'
FAIL: c-c++-common/ubsan/object-size-5.c   -O2  output pattern test, is c-c++-common/ubsan/object-size-5.c:18:12: runtime error: load of address 0x01f2e01c with insufficient space for an object of type 'char'
FAIL: c-c++-common/ubsan/object-size-5.c   -O2 -flto -fno-use-linker-plugin -flto-partition=none  output pattern test, is c-c++-common/ubsan/object-size-5.c:18:12: runtime error: load of address 0x0120c01c with insufficient space for an object of type 'char'
FAIL: c-c++-common/ubsan/object-size-5.c   -O2 -flto -fuse-linker-plugin -fno-fat-lto-objects  output pattern test, is c-c++-common/ubsan/object-size-5.c:18:12: runtime error: load of address 0x005a801c with insufficient space for an object of type 'char'
FAIL: c-c++-common/ubsan/object-size-7.c   -O2  output pattern test, is c-c++-common/ubsan/object-size-7.c:15:11: runtime error: load of address 0xbeff5a08 with insufficient space for an object of type 'const struct S'
FAIL: c-c++-common/ubsan/object-size-7.c   -O2 -flto -fno-use-linker-plugin -flto-partition=none  output pattern test, is c-c++-common/ubsan/object-size-7.c:15:11: runtime error: load of address 0xbe805a08 with insufficient space for an object of type 'const struct S'
FAIL: c-c++-common/ubsan/object-size-7.c   -O2 -flto -fuse-linker-plugin -fno-fat-lto-objects  output pattern test, is c-c++-common/ubsan/object-size-7.c:15:11: runtime error: load of address 0xbee48a08 with insufficient space for an object of type 'const struct S'
FAIL: c-c++-common/ubsan/object-size-8.c   -O2  output pattern test, is c-c++-common/ubsan/object-size-8.c:12:13: runtime error: load of address 0x00d5e00c with insufficient space for an object of type 'int'
FAIL: c-c++-common/ubsan/object-size-8.c   -O2 -flto -fno-use-linker-plugin -flto-partition=none  output pattern test, is c-c++-common/ubsan/object-size-8.c:12:13: runtime error: load of address 0x00dce00c with insufficient space for an object of type 'int'
FAIL: c-c++-common/ubsan/object-size-8.c   -O2 -flto -fuse-linker-plugin -fno-fat-lto-objects  output pattern test, is c-c++-common/ubsan/object-size-8.c:12:13: runtime error: load of address 0x00dc900c with insufficient space for an object of type 'int'
FAIL: c-c++-common/ubsan/object-size-9.c   -O2  output pattern test, is c-c++-common/ubsan/object-size-9.c:21:11: runtime error: load of address 0xbed7b9f8 with insufficient space for an object of type 'char'
FAIL: c-c++-common/ubsan/object-size-9.c   -O2 -flto -fno-use-linker-plugin -flto-partition=none  output pattern test, is c-c++-common/ubsan/object-size-9.c:21:11: runtime error: load of address 0xbeac8a00 with insufficient space for an object of type 'char'
FAIL: c-c++-common/ubsan/object-size-9.c   -O2 -flto -fuse-linker-plugin -fno-fat-lto-objects  output pattern test, is c-c++-common/ubsan/object-size-9.c:21:11: runtime error: load of address 0xbe9cd9f8 with insufficient space for an object of type 'char'
FAIL: g++.dg/ubsan/null-1.C   -O0  output pattern test, is g++.dg/ubsan/null-1.C:12:13: runtime error: reference binding to null pointer of type 'int'
FAIL: g++.dg/ubsan/null-1.C   -O1  output pattern test, is g++.dg/ubsan/null-1.C:12:13: runtime error: reference binding to null pointer of type 'int'
FAIL: g++.dg/ubsan/null-1.C   -O2  output pattern test, is g++.dg/ubsan/null-1.C:12:13: runtime error: reference binding to null pointer of type 'int'
FAIL: g++.dg/ubsan/null-1.C   -O3 -fomit-frame-pointer  output pattern test, is g++.dg/ubsan/null-1.C:12:13: runtime error: reference binding to null pointer of type 'int'
FAIL: g++.dg/ubsan/null-1.C   -O3 -g  output pattern test, is g++.dg/ubsan/null-1.C:12:13: runtime error: reference binding to null pointer of type 'int'
FAIL: g++.dg/ubsan/null-1.C   -Os  output pattern test, is g++.dg/ubsan/null-1.C:12:13: runtime error: reference binding to null pointer of type 'int'
FAIL: g++.dg/ubsan/null-1.C   -O2 -flto -fno-use-linker-plugin -flto-partition=none  output pattern test, is g++.dg/ubsan/null-1.C:12:13: runtime error: reference binding to null pointer of type 'int'
FAIL: g++.dg/ubsan/null-1.C   -O2 -flto -fuse-linker-plugin -fno-fat-lto-objects  output pattern test, is g++.dg/ubsan/null-1.C:12:13: runtime error: reference binding to null pointer of type 'int'
FAIL: g++.dg/ubsan/null-3.C   -O0  output pattern test, is g++.dg/ubsan/null-3.C:9:14: runtime error: reference binding to null pointer of type 'int'
FAIL: g++.dg/ubsan/null-3.C   -O1  output pattern test, is g++.dg/ubsan/null-3.C:9:14: runtime error: reference binding to null pointer of type 'int'
FAIL: g++.dg/ubsan/null-3.C   -O2  output pattern test, is g++.dg/ubsan/null-3.C:9:14: runtime error: reference binding to null pointer of type 'int'
FAIL: g++.dg/ubsan/null-3.C   -O3 -fomit-frame-pointer  output pattern test, is g++.dg/ubsan/null-3.C:9:14: runtime error: reference binding to null pointer of type 'int'
FAIL: g++.dg/ubsan/null-3.C   -O3 -g  output pattern test, is g++.dg/ubsan/null-3.C:9:14: runtime error: reference binding to null pointer of type 'int'
FAIL: g++.dg/ubsan/null-3.C   -Os  output pattern test, is g++.dg/ubsan/null-3.C:9:14: runtime error: reference binding to null pointer of type 'int'
FAIL: g++.dg/ubsan/null-3.C   -O2 -flto -fno-use-linker-plugin -flto-partition=none  output pattern test, is g++.dg/ubsan/null-3.C:9:14: runtime error: reference binding to null pointer of type 'int'
FAIL: g++.dg/ubsan/null-3.C   -O2 -flto -fuse-linker-plugin -fno-fat-lto-objects  output pattern test, is g++.dg/ubsan/null-3.C:9:14: runtime error: reference binding to null pointer of type 'int'
FAIL: g++.dg/ubsan/null-4.C   -O0  output pattern test, is g++.dg/ubsan/null-4.C:11:14: runtime error: reference binding to null pointer of type 'int'
FAIL: g++.dg/ubsan/null-4.C   -O1  output pattern test, is g++.dg/ubsan/null-4.C:11:14: runtime error: reference binding to null pointer of type 'int'
FAIL: g++.dg/ubsan/null-4.C   -O2  output pattern test, is g++.dg/ubsan/null-4.C:11:14: runtime error: reference binding to null pointer of type 'int'
FAIL: g++.dg/ubsan/null-4.C   -O3 -fomit-frame-pointer  output pattern test, is g++.dg/ubsan/null-4.C:11:14: runtime error: reference binding to null pointer of type 'int'
FAIL: g++.dg/ubsan/null-4.C   -O3 -g  output pattern test, is g++.dg/ubsan/null-4.C:11:14: runtime error: reference binding to null pointer of type 'int'
FAIL: g++.dg/ubsan/null-4.C   -Os  output pattern test, is g++.dg/ubsan/null-4.C:11:14: runtime error: reference binding to null pointer of type 'int'
FAIL: g++.dg/ubsan/null-4.C   -O2 -flto -fno-use-linker-plugin -flto-partition=none  output pattern test, is g++.dg/ubsan/null-4.C:11:14: runtime error: reference binding to null pointer of type 'int'

		=== g++ Summary ===

# of expected passes		82876
# of unexpected failures	74
# of expected failures		245
# of unsupported tests		3829
/scratch/gcc/nightly-2014-11-25-mainline/arm-none-linux-gnueabi/obj/test-mainline-0-arm-none-linux-gnueabi/host-i686-pc-linux-gnu/fsf-mainline/bin/arm-none-linux-gnueabi-g++  version 5.0.0 20141125 (experimental) (GCC) 


		=== Summary adjusted for local xfails ===

# of unexpected failures        74
# of expected passes            82876
# of expected failures          245
# of unsupported tests          3829
Host   is i686-pc-linux-gnu

		=== gcc tests ===


Running target qemu-wheezy-thumb/-mthumb
FAIL: c-c++-common/asan/heap-overflow-1.c   -O1  output pattern test, is =================================================================
FAIL: c-c++-common/asan/null-deref-1.c   -O2  output pattern test, is ASAN:SIGSEGV
FAIL: c-c++-common/asan/null-deref-1.c   -O3 -fomit-frame-pointer  output pattern test, is ASAN:SIGSEGV
FAIL: c-c++-common/asan/null-deref-1.c   -O3 -g  output pattern test, is ASAN:SIGSEGV
FAIL: c-c++-common/asan/null-deref-1.c   -Os  output pattern test, is ASAN:SIGSEGV
FAIL: c-c++-common/asan/null-deref-1.c   -O2 -flto -fno-use-linker-plugin -flto-partition=none  output pattern test, is ASAN:SIGSEGV
FAIL: c-c++-common/asan/null-deref-1.c   -O2 -flto -fuse-linker-plugin -fno-fat-lto-objects  output pattern test, is ASAN:SIGSEGV
FAIL: c-c++-common/asan/sanity-check-pure-c-1.c   -O0  output pattern test, is =================================================================
FAIL: c-c++-common/asan/sanity-check-pure-c-1.c   -O1  output pattern test, is =================================================================
FAIL: c-c++-common/asan/strncpy-overflow-1.c   -O1  output pattern test, is =================================================================
FAIL: c-c++-common/asan/use-after-free-1.c   -O0  output pattern test, is =================================================================
FAIL: c-c++-common/asan/use-after-free-1.c   -O1  output pattern test, is =================================================================
FAIL: gcc.dg/atomic/stdatomic-compare-exchange-4.c   -O0  execution test
FAIL: gcc.dg/atomic/stdatomic-compare-exchange-4.c   -O1  execution test
FAIL: gcc.dg/atomic/stdatomic-compare-exchange-4.c   -O2  execution test
FAIL: gcc.dg/atomic/stdatomic-compare-exchange-4.c   -O3 -fomit-frame-pointer  execution test
FAIL: gcc.dg/atomic/stdatomic-compare-exchange-4.c   -O3 -g  execution test
FAIL: gcc.dg/atomic/stdatomic-compare-exchange-4.c   -Os  execution test
FAIL: gcc.dg/atomic/stdatomic-compare-exchange-4.c   -O2 -flto -fno-use-linker-plugin -flto-partition=none  execution test
FAIL: gcc.dg/atomic/stdatomic-compare-exchange-4.c   -O2 -flto -fuse-linker-plugin -fno-fat-lto-objects  execution test
FAIL: gcc.dg/builtin-arith-overflow-1.c execution test
XPASS: gcc.dg/sibcall-3.c execution test
XPASS: gcc.dg/sibcall-4.c execution test
FAIL: gcc.dg/undefined-loop-2.c  (test for warnings, line 18)
UNRESOLVED: gcc.dg/graphite/isl-codegen-loop-dumping.c scan-tree-dump-times graphite "ISL AST generated by ISL: \\nfor \\\\(int c1 = 0; c1 < n - 1; c1 \\\\+= 1\\\\)\\n  for \\\\(int c3 = 0; c3 < n; c3 \\\\+= 1\\\\)\\n    S_4\\\\(c1, c3\\\\);" 1
FAIL: gcc.dg/torture/tls/tls-reload-1.c   -O1  -pie -fpie  execution test
FAIL: gcc.dg/torture/tls/tls-reload-1.c   -O2  -pie -fpie  execution test
FAIL: gcc.dg/torture/tls/tls-reload-1.c   -O3 -fomit-frame-pointer  -pie -fpie  execution test
FAIL: gcc.dg/torture/tls/tls-reload-1.c   -O3 -g  -pie -fpie  execution test
FAIL: gcc.dg/torture/tls/tls-reload-1.c   -Os  -pie -fpie  execution test
FAIL: gcc.dg/torture/tls/tls-reload-1.c   -O1  -pie -fPIE  execution test
FAIL: gcc.dg/torture/tls/tls-reload-1.c   -O2  -pie -fPIE  execution test
FAIL: gcc.dg/torture/tls/tls-reload-1.c   -O3 -fomit-frame-pointer  -pie -fPIE  execution test
FAIL: gcc.dg/torture/tls/tls-reload-1.c   -O3 -g  -pie -fPIE  execution test
FAIL: gcc.dg/torture/tls/tls-reload-1.c   -Os  -pie -fPIE  execution test
UNRESOLVED: gcc.dg/tree-prof/peel-1.c scan-rtl-dump loop2_unroll "Considering simply peeling loop"
FAIL: gcc.dg/tree-ssa/sra-12.c scan-tree-dump-times release_ssa "l;" 0
FAIL: gcc.dg/tree-ssa/ssa-dom-cse-2.c scan-tree-dump optimized "return 28;"
FAIL: c-c++-common/ubsan/object-size-1.c   -O2  output pattern test, is c-c++-common/ubsan/object-size-1.c:16:7: runtime error: load of address 0x0054001c with insufficient space for an object of type 'char'
FAIL: c-c++-common/ubsan/object-size-1.c   -O2 -flto -fno-use-linker-plugin -flto-partition=none  output pattern test, is c-c++-common/ubsan/object-size-1.c:16:7: runtime error: load of address 0x01e7701c with insufficient space for an object of type 'char'
FAIL: c-c++-common/ubsan/object-size-1.c   -O2 -flto -fuse-linker-plugin -fno-fat-lto-objects  output pattern test, is c-c++-common/ubsan/object-size-1.c:16:7: runtime error: load of address 0x0034501c with insufficient space for an object of type 'char'
FAIL: c-c++-common/ubsan/object-size-10.c   -O2  output pattern test, is c-c++-common/ubsan/object-size-10.c:19:11: runtime error: index 128 out of bounds for type 'char [128]'
FAIL: c-c++-common/ubsan/object-size-10.c   -O2 -flto -fno-use-linker-plugin -flto-partition=none  output pattern test, is c-c++-common/ubsan/object-size-10.c:19:11: runtime error: index 128 out of bounds for type 'char [128]'
FAIL: c-c++-common/ubsan/object-size-10.c   -O2 -flto -fuse-linker-plugin -fno-fat-lto-objects  output pattern test, is c-c++-common/ubsan/object-size-10.c:19:11: runtime error: index 128 out of bounds for type 'char [128]'
FAIL: c-c++-common/ubsan/object-size-4.c   -O2  output pattern test, is c-c++-common/ubsan/object-size-4.c:16:11: runtime error: load of address 0x0020a010 with insufficient space for an object of type 'int'
FAIL: c-c++-common/ubsan/object-size-4.c   -O2 -flto -fno-use-linker-plugin -flto-partition=none  output pattern test, is c-c++-common/ubsan/object-size-4.c:16:11: runtime error: load of address 0x00d66010 with insufficient space for an object of type 'int'
FAIL: c-c++-common/ubsan/object-size-4.c   -O2 -flto -fuse-linker-plugin -fno-fat-lto-objects  output pattern test, is c-c++-common/ubsan/object-size-4.c:16:11: runtime error: load of address 0x003bc010 with insufficient space for an object of type 'int'
FAIL: c-c++-common/ubsan/object-size-5.c   -O2  output pattern test, is c-c++-common/ubsan/object-size-5.c:18:10: runtime error: load of address 0x0195b01c with insufficient space for an object of type 'char'
FAIL: c-c++-common/ubsan/object-size-5.c   -O2 -flto -fno-use-linker-plugin -flto-partition=none  output pattern test, is c-c++-common/ubsan/object-size-5.c:18:10: runtime error: load of address 0x0054101c with insufficient space for an object of type 'char'
FAIL: c-c++-common/ubsan/object-size-5.c   -O2 -flto -fuse-linker-plugin -fno-fat-lto-objects  output pattern test, is c-c++-common/ubsan/object-size-5.c:18:10: runtime error: load of address 0x01cd601c with insufficient space for an object of type 'char'
FAIL: c-c++-common/ubsan/object-size-7.c   -O2  output pattern test, is c-c++-common/ubsan/object-size-7.c:15:5: runtime error: load of address 0xbe880a08 with insufficient space for an object of type 'struct S'
FAIL: c-c++-common/ubsan/object-size-7.c   -O2 -flto -fno-use-linker-plugin -flto-partition=none  output pattern test, is c-c++-common/ubsan/object-size-7.c:15:5: runtime error: load of address 0xbeebca08 with insufficient space for an object of type 'struct S'
FAIL: c-c++-common/ubsan/object-size-7.c   -O2 -flto -fuse-linker-plugin -fno-fat-lto-objects  output pattern test, is c-c++-common/ubsan/object-size-7.c:15:5: runtime error: load of address 0xbeadda08 with insufficient space for an object of type 'struct S'
FAIL: c-c++-common/ubsan/object-size-8.c   -O2  output pattern test, is c-c++-common/ubsan/object-size-8.c:12:10: runtime error: load of address 0x0027f00c with insufficient space for an object of type 'int'
FAIL: c-c++-common/ubsan/object-size-8.c   -O2 -flto -fno-use-linker-plugin -flto-partition=none  output pattern test, is c-c++-common/ubsan/object-size-8.c:12:10: runtime error: load of address 0x0009d00c with insufficient space for an object of type 'int'
FAIL: c-c++-common/ubsan/object-size-8.c   -O2 -flto -fuse-linker-plugin -fno-fat-lto-objects  output pattern test, is c-c++-common/ubsan/object-size-8.c:12:10: runtime error: load of address 0x010f300c with insufficient space for an object of type 'int'
FAIL: c-c++-common/ubsan/object-size-9.c   -O2  output pattern test, is c-c++-common/ubsan/object-size-9.c:21:10: runtime error: load of address 0xbe87ba08 with insufficient space for an object of type 'char'
FAIL: c-c++-common/ubsan/object-size-9.c   -O2 -flto -fno-use-linker-plugin -flto-partition=none  output pattern test, is c-c++-common/ubsan/object-size-9.c:21:10: runtime error: load of address 0xbef98a08 with insufficient space for an object of type 'char'
FAIL: c-c++-common/ubsan/object-size-9.c   -O2 -flto -fuse-linker-plugin -fno-fat-lto-objects  output pattern test, is c-c++-common/ubsan/object-size-9.c:21:10: runtime error: load of address 0xbeb77a08 with insufficient space for an object of type 'char'
FAIL: gcc.dg/ubsan/object-size-9.c   -O2  output pattern test, is gcc.dg/ubsan/object-size-9.c:11:13: runtime error: load of address 0x00020a2a with insufficient space for an object of type 'char'
FAIL: gcc.dg/ubsan/object-size-9.c   -O2 -flto -fno-use-linker-plugin -flto-partition=none  output pattern test, is gcc.dg/ubsan/object-size-9.c:11:13: runtime error: load of address 0x00020a2a with insufficient space for an object of type 'char'
FAIL: gcc.dg/ubsan/object-size-9.c   -O2 -flto -fuse-linker-plugin -fno-fat-lto-objects  output pattern test, is gcc.dg/ubsan/object-size-9.c:11:13: runtime error: load of address 0x00020a02 with insufficient space for an object of type 'char'
FAIL: gcc.target/arm/pr42172-1.c scan-assembler-times ldr 1
FAIL: gcc.target/arm/pr45701-1.c scan-assembler push\\t{r3
FAIL: gcc.target/arm/pr45701-2.c scan-assembler push\\t{r3
FAIL: gcc.target/arm/thumb-bitfld1.c (test for excess errors)
FAIL: gcc.target/arm/thumb-ltu.c (test for excess errors)
FAIL: gcc.target/arm/thumb-ltu.c scan-assembler-not uxtb
FAIL: gcc.target/arm/thumb1-far-jump-2.c (test for excess errors)

		=== gcc Summary ===

# of expected passes		89571
# of unexpected failures	65
# of unexpected successes	2
# of expected failures		104
# of unresolved testcases	2
# of unsupported tests		4292
/scratch/gcc/nightly-2014-11-25-mainline/arm-none-linux-gnueabi/obj/test-mainline-0-arm-none-linux-gnueabi/host-i686-pc-linux-gnu/fsf-mainline/bin/arm-none-linux-gnueabi-gcc  version 5.0.0 20141125 (experimental) (GCC) 


		=== Summary adjusted for local xfails ===

# of unexpected failures        65
# of expected passes            89571
# of unexpected successes       2
# of expected failures          104
# of unresolved testcases       2
# of unsupported tests          4292
Host   is i686-pc-linux-gnu

		=== gfortran tests ===


Running target qemu-wheezy-thumb/-mthumb
FAIL: gfortran.dg/transpose_2.f90   -Os  output pattern test, is Fortran runtime error: Integer overflow when calculating the amount of memory to allocate
FAIL: gfortran.dg/typebound_operator_9.f03   -Os  execution test
WARNING: program timed out.
FAIL: gfortran.dg/graphite/pr42393.f90   -O  (test for excess errors)
FAIL: gfortran.dg/ieee/ieee_1.F90   -O0  execution test
FAIL: gfortran.dg/ieee/ieee_1.F90   -O1  execution test
FAIL: gfortran.dg/ieee/ieee_1.F90   -O2  execution test
FAIL: gfortran.dg/ieee/ieee_1.F90   -O3 -fomit-frame-pointer  execution test
FAIL: gfortran.dg/ieee/ieee_1.F90   -O3 -fomit-frame-pointer -funroll-loops  execution test
FAIL: gfortran.dg/ieee/ieee_1.F90   -O3 -fomit-frame-pointer -funroll-all-loops -finline-functions  execution test
FAIL: gfortran.dg/ieee/ieee_1.F90   -O3 -g  execution test
FAIL: gfortran.dg/ieee/ieee_1.F90   -Os  execution test
FAIL: gfortran.dg/ieee/ieee_2.f90   -O0  execution test
FAIL: gfortran.dg/ieee/ieee_2.f90   -O1  execution test
FAIL: gfortran.dg/ieee/ieee_2.f90   -O2  execution test
FAIL: gfortran.dg/ieee/ieee_2.f90   -O3 -fomit-frame-pointer  execution test
FAIL: gfortran.dg/ieee/ieee_2.f90   -O3 -fomit-frame-pointer -funroll-loops  execution test
FAIL: gfortran.dg/ieee/ieee_2.f90   -O3 -fomit-frame-pointer -funroll-all-loops -finline-functions  execution test
FAIL: gfortran.dg/ieee/ieee_2.f90   -O3 -g  execution test
FAIL: gfortran.dg/ieee/ieee_2.f90   -Os  execution test
FAIL: gfortran.dg/ieee/ieee_6.f90   -O0  execution test
FAIL: gfortran.dg/ieee/ieee_6.f90   -O1  execution test
FAIL: gfortran.dg/ieee/ieee_6.f90   -O2  execution test
FAIL: gfortran.dg/ieee/ieee_6.f90   -O3 -fomit-frame-pointer  execution test
FAIL: gfortran.dg/ieee/ieee_6.f90   -O3 -fomit-frame-pointer -funroll-loops  execution test
FAIL: gfortran.dg/ieee/ieee_6.f90   -O3 -fomit-frame-pointer -funroll-all-loops -finline-functions  execution test
FAIL: gfortran.dg/ieee/ieee_6.f90   -O3 -g  execution test
FAIL: gfortran.dg/ieee/ieee_6.f90   -Os  execution test
FAIL: gfortran.dg/ieee/rounding_1.f90   -O0  execution test
FAIL: gfortran.dg/ieee/rounding_1.f90   -O1  execution test
FAIL: gfortran.dg/ieee/rounding_1.f90   -O2  execution test
FAIL: gfortran.dg/ieee/rounding_1.f90   -O3 -fomit-frame-pointer  execution test
FAIL: gfortran.dg/ieee/rounding_1.f90   -O3 -fomit-frame-pointer -funroll-loops  execution test
FAIL: gfortran.dg/ieee/rounding_1.f90   -O3 -fomit-frame-pointer -funroll-all-loops -finline-functions  execution test
FAIL: gfortran.dg/ieee/rounding_1.f90   -O3 -g  execution test
FAIL: gfortran.dg/ieee/rounding_1.f90   -Os  execution test

		=== gfortran Summary ===

# of expected passes		45519
# of unexpected failures	35
# of expected failures		60
# of unsupported tests		406
/scratch/gcc/nightly-2014-11-25-mainline/arm-none-linux-gnueabi/obj/test-mainline-0-arm-none-linux-gnueabi/host-i686-pc-linux-gnu/fsf-mainline/bin/arm-none-linux-gnueabi-gfortran  version 5.0.0 20141125 (experimental) (GCC) 


		=== Summary adjusted for local xfails ===

# of unexpected failures        35
# of expected passes            45519
# of expected failures          60
# of unsupported tests          406
Host   is i686-pc-linux-gnu

		=== libatomic tests ===


Running target qemu-wheezy-thumb/-mthumb

		=== libatomic Summary ===

# of expected passes		44
# of unsupported tests		5

		=== Summary adjusted for local xfails ===

# of expected passes            44
# of unsupported tests          5
Host   is i686-pc-linux-gnu

		=== libgomp tests ===


Running target qemu-wheezy-thumb/-mthumb
WARNING: program timed out.
FAIL: libgomp.fortran/strassen.f90   -O  execution test
FAIL: libgomp.graphite/force-parallel-7.c execution test

		=== libgomp Summary ===

# of expected passes		3615
# of unexpected failures	2
# of unsupported tests		183

		=== Summary adjusted for local xfails ===

# of unexpected failures        2
# of expected passes            3615
# of unsupported tests          183
Host   is i686-pc-linux-gnu

		=== libitm tests ===


Running target qemu-wheezy-thumb/-mthumb

		=== libitm Summary ===

# of expected passes		26
# of expected failures		3
# of unsupported tests		1

		=== Summary adjusted for local xfails ===

# of expected passes            26
# of expected failures          3
# of unsupported tests          1
Host   is i686-pc-linux-gnu

		=== libstdc++ tests ===


Running target qemu-wheezy-thumb/-mthumb
FAIL: 22_locale/messages/members/char/1.cc execution test
FAIL: 22_locale/messages/members/char/2.cc execution test
FAIL: 22_locale/messages/members/char/wrapped_locale.cc execution test
FAIL: 22_locale/messages_byname/named_equivalence.cc execution test

		=== libstdc++ Summary ===

# of expected passes		9746
# of unexpected failures	4
# of expected failures		68
# of unsupported tests		368

		=== Summary adjusted for local xfails ===

# of unexpected failures        4
# of expected passes            9746
# of expected failures          68
# of unsupported tests          368

Compiler version: 5.0.0 20141125 (experimental) (GCC) 
Platform: arm-none-linux-gnueabi
configure flags: --build=i686-pc-linux-gnu --host=i686-pc-linux-gnu --target=arm-none-linux-gnueabi --enable-threads --disable-libmudflap --disable-libssp --disable-libstdcxx-pch --with-gnu-as --with-gnu-ld --enable-languages=c,c++,fortran --enable-shared --enable-lto --enable-symvers=gnu --enable-__cxa_atexit --with-glibc-version=2.21 --disable-nls --prefix=/scratch/gcc/nightly-2014-11-25-mainline/arm-none-linux-gnueabi/install --with-sysroot=/scratch/gcc/nightly-2014-11-25-mainline/arm-none-linux-gnueabi/install/arm-none-linux-gnueabi/libc --with-gmp=/scratch/gcc/nightly-2014-11-25-mainline/arm-none-linux-gnueabi/obj/pkg-mainline-0-arm-none-linux-gnueabi/fsf-mainline-0-arm-none-linux-gnueabi.extras/host-libs-i686-pc-linux-gnu/usr --with-mpfr=/scratch/gcc/nightly-2014-11-25-mainline/arm-none-linux-gnueabi/obj/pkg-mainline-0-arm-none-linux-gnueabi/fsf-mainline-0-arm-none-linux-gnueabi.extras/host-libs-i686-pc-linux-gnu/usr --with-mpc=/scratch/gcc/nightly-2014-11-25-mainline/a
 rm-none-linux-gnueabi/obj/pkg-mainline-0-arm-none-linux-gnueabi/fsf-mainline-0-arm-none-linux-gnueabi.extras/host-libs-i686-pc-linux-gnu/usr --with-host-libstdcxx='-static-libgcc -Wl,-Bstatic,-lstdc++,-Bdynamic -lm' --with-isl=/scratch/gcc/nightly-2014-11-25-mainline/arm-none-linux-gnueabi/obj/pkg-mainline-0-arm-none-linux-gnueabi/fsf-mainline-0-arm-none-linux-gnueabi.extras/host-libs-i686-pc-linux-gnu/usr --with-cloog=/scratch/gcc/nightly-2014-11-25-mainline/arm-none-linux-gnueabi/obj/pkg-mainline-0-arm-none-linux-gnueabi/fsf-mainline-0-arm-none-linux-gnueabi.extras/host-libs-i686-pc-linux-gnu/usr --enable-libgomp --enable-libitm --enable-libatomic --disable-libssp --enable-poison-system-directories --with-build-time-tools=/scratch/gcc/nightly-2014-11-25-mainline/arm-none-linux-gnueabi/install/arm-none-linux-gnueabi/bin --with-build-time-tools=/scratch/gcc/nightly-2014-11-25-mainline/arm-none-linux-gnueabi/install/arm-none-linux-gnueabi/bin SED=sed


Index Nav: [Date Index] [Subject Index] [Author Index] [Thread Index]
Message Nav: [Date Prev] [Date Next] [Thread Prev] [Thread Next]