This is the mail archive of the gcc-testresults@gcc.gnu.org mailing list for the GCC project.


Index Nav: [Date Index] [Subject Index] [Author Index] [Thread Index]
Message Nav: [Date Prev] [Date Next] [Thread Prev] [Thread Next]
Other format: [Raw text]

Results for 5.0.0 20141124 (experimental) [trunk revision 217995] (GCC) testsuite on sh4-unknown-linux-gnu


Remote host: linux 2.6.30 sh4
GNU C Library version 2.7.90

LAST_UPDATED: Mon Nov 24 00:33:49 UTC 2014 (revision 217995)

Target is sh4-unknown-linux-gnu
Host   is i686-pc-linux-gnu

		=== g++ tests ===


Running target unix
WARNING: Assuming target board is the local machine (which is probably wrong).
FAIL: c-c++-common/torture/builtin-arith-overflow-14.c   -O0  execution test
FAIL: c-c++-common/torture/builtin-arith-overflow-14.c   -O2  execution test
FAIL: c-c++-common/torture/builtin-arith-overflow-14.c   -O2 -flto -fno-use-linker-plugin -flto-partition=none  execution test
FAIL: c-c++-common/torture/builtin-arith-overflow-14.c   -O2 -flto -fuse-linker-plugin -fno-fat-lto-objects  execution test

		=== g++ Summary ===

# of expected passes		79201
# of unexpected failures	4
# of expected failures		243
# of unsupported tests		3545
/home/ldroot/dodes/xsh-gcc-orig/gcc/testsuite/g++/../../xg++  version 5.0.0 20141124 (experimental) [trunk revision 217995] (GCC) 

Host   is i686-pc-linux-gnu

		=== gcc tests ===


Running target unix
WARNING: Assuming target board is the local machine (which is probably wrong).
FAIL: gcc.c-torture/compile/pr28865.c   -O0  (test for excess errors)
FAIL: gcc.c-torture/execute/builtin-prefetch-6.c   -O3 -fomit-frame-pointer -funroll-loops  execution test
FAIL: gcc.c-torture/execute/builtin-prefetch-6.c   -O3 -fomit-frame-pointer -funroll-all-loops -finline-functions  execution test
FAIL: gcc.dg/atomic/c11-atomic-exec-4.c   -Os  (internal compiler error)
FAIL: gcc.dg/atomic/c11-atomic-exec-4.c   -Os  (test for excess errors)
UNRESOLVED: gcc.dg/atomic/c11-atomic-exec-4.c   -Os  compilation failed to produce executable
FAIL: gcc.dg/atomic/c11-atomic-exec-5.c   -O0  execution test
FAIL: gcc.dg/atomic/c11-atomic-exec-5.c   -O1  execution test
FAIL: gcc.dg/atomic/c11-atomic-exec-5.c   -O2  execution test
FAIL: gcc.dg/atomic/c11-atomic-exec-5.c   -O3 -fomit-frame-pointer  execution test
FAIL: gcc.dg/atomic/c11-atomic-exec-5.c   -O3 -fomit-frame-pointer -funroll-loops  execution test
FAIL: gcc.dg/atomic/c11-atomic-exec-5.c   -O3 -fomit-frame-pointer -funroll-all-loops -finline-functions  execution test
FAIL: gcc.dg/atomic/c11-atomic-exec-5.c   -O3 -g  execution test
FAIL: gcc.dg/atomic/c11-atomic-exec-5.c   -Os  execution test
FAIL: gcc.dg/atomic/c11-atomic-exec-5.c   -O2 -flto -fno-use-linker-plugin -flto-partition=none  execution test
FAIL: gcc.dg/atomic/c11-atomic-exec-5.c   -O2 -flto -fuse-linker-plugin -fno-fat-lto-objects  execution test
FAIL: gcc.dg/atomic/stdatomic-flag.c   -O1  execution test
FAIL: gcc.dg/atomic/stdatomic-flag.c   -O2  execution test
FAIL: gcc.dg/atomic/stdatomic-flag.c   -O3 -fomit-frame-pointer  execution test
FAIL: gcc.dg/atomic/stdatomic-flag.c   -O3 -g  execution test
FAIL: gcc.dg/atomic/stdatomic-flag.c   -Os  execution test
FAIL: gcc.dg/atomic/stdatomic-flag.c   -O2 -flto -fno-use-linker-plugin -flto-partition=none  execution test
FAIL: gcc.dg/atomic/stdatomic-flag.c   -O2 -flto -fuse-linker-plugin -fno-fat-lto-objects  execution test
FAIL: gcc.dg/undefined-loop-2.c  (test for warnings, line 18)
FAIL: c-c++-common/torture/builtin-arith-overflow-14.c   -O0  execution test
FAIL: c-c++-common/torture/builtin-arith-overflow-14.c   -O2  execution test
FAIL: c-c++-common/torture/builtin-arith-overflow-14.c   -O2 -flto -fno-use-linker-plugin -flto-partition=none  execution test
FAIL: c-c++-common/torture/builtin-arith-overflow-14.c   -O2 -flto -fuse-linker-plugin -fno-fat-lto-objects  execution test
FAIL: gcc.dg/tree-prof/cold_partition_label.c compilation,  -fprofile-use -D_PROFILE_USE (internal compiler error)
UNRESOLVED: gcc.dg/tree-prof/cold_partition_label.c execution,    -fprofile-use -D_PROFILE_USE
UNRESOLVED: gcc.dg/tree-prof/peel-1.c scan-rtl-dump loop2_unroll "Considering simply peeling loop"
FAIL: gcc.dg/tree-prof/va-arg-pack-1.c compilation,  -fprofile-use -D_PROFILE_USE (internal compiler error)
UNRESOLVED: gcc.dg/tree-prof/va-arg-pack-1.c execution,    -fprofile-use -D_PROFILE_USE
XPASS: gcc.dg/tree-ssa/20040204-1.c scan-tree-dump-times optimized "link_error" 0
FAIL: gcc.dg/tree-ssa/sra-12.c scan-tree-dump-times release_ssa "l;" 0
FAIL: gcc.target/sh/attr-isr-nosave_low_regs.c scan-assembler-not [^f]r[0-9][ \\t]*,
FAIL: gcc.target/sh/attr-isr-nosave_low_regs.c scan-assembler-not [^f]r1[,0-3]
FAIL: gcc.target/sh/attr-isr-trapa.c scan-assembler-not r1[,0-3]
FAIL: gcc.target/sh/attr-isr.c scan-assembler-times [^f]r[0-9][ \\t]*, 8
FAIL: gcc.target/sh/pr51244-8.c scan-assembler-not shad|neg
FAIL: gcc.target/sh/pr52933-2.c scan-assembler-not tst
FAIL: gcc.target/sh/pragma-isr-nosave_low_regs.c scan-assembler-not [^f]r[0-9][ \\t]*,
FAIL: gcc.target/sh/pragma-isr-nosave_low_regs.c scan-assembler-not [^f]r1[,0-3]
FAIL: gcc.target/sh/pragma-isr-trapa.c scan-assembler-not r1[,0-3]
FAIL: gcc.target/sh/pragma-isr-trapa2.c scan-assembler-times r[0-7]\\n 3
FAIL: gcc.target/sh/pragma-isr-trapa2.c scan-assembler-not r1[,0-3]
FAIL: gcc.target/sh/pragma-isr-trapa2.c scan-assembler-times [^_]fpscr 3
FAIL: gcc.target/sh/sp-switch.c scan-assembler .long\\t_alt_stack

		=== gcc Summary ===

# of expected passes		84854
# of unexpected failures	43
# of unexpected successes	1
# of expected failures		121
# of unresolved testcases	4
# of unsupported tests		1664
/home/ldroot/dodes/xsh-gcc-orig/gcc/xgcc  version 5.0.0 20141124 (experimental) [trunk revision 217995] (GCC) 

Host   is i686-pc-linux-gnu

		=== gfortran tests ===


Running target unix
WARNING: Assuming target board is the local machine (which is probably wrong).
FAIL: gfortran.dg/allocatable_function_8.f90   -O3 -g  (internal compiler error)
FAIL: gfortran.dg/allocatable_function_8.f90   -O3 -g  (test for excess errors)
UNRESOLVED: gfortran.dg/allocatable_function_8.f90   -O3 -g  compilation failed to produce executable
FAIL: gfortran.dg/assumed_rank_1.f90   -O2  execution test
FAIL: gfortran.dg/assumed_rank_2.f90   -O2  execution test
FAIL: gfortran.dg/assumed_rank_bounds_1.f90   -O2  execution test
FAIL: gfortran.dg/common_14.f90   -O   (test for warnings, line 16)
FAIL: gfortran.dg/common_14.f90   -O   (test for warnings, line 22)
FAIL: gfortran.dg/common_14.f90   -O  (test for excess errors)
FAIL: gfortran.dg/nearest_1.f90   -O0  execution test
FAIL: gfortran.dg/nearest_1.f90   -O1  execution test
FAIL: gfortran.dg/nearest_1.f90   -O2  execution test
FAIL: gfortran.dg/nearest_1.f90   -O3 -fomit-frame-pointer  execution test
FAIL: gfortran.dg/nearest_1.f90   -O3 -fomit-frame-pointer -funroll-loops  execution test
FAIL: gfortran.dg/nearest_1.f90   -O3 -fomit-frame-pointer -funroll-all-loops -finline-functions  execution test
FAIL: gfortran.dg/nearest_1.f90   -O3 -g  execution test
FAIL: gfortran.dg/nearest_1.f90   -Os  execution test
FAIL: gfortran.dg/proc_ptr_comp_13.f90   -O0  execution test
FAIL: gfortran.dg/ieee/ieee_1.F90   -O0  execution test
FAIL: gfortran.dg/ieee/ieee_1.F90   -O1  execution test
FAIL: gfortran.dg/ieee/ieee_1.F90   -O2  execution test
FAIL: gfortran.dg/ieee/ieee_1.F90   -O3 -fomit-frame-pointer  execution test
FAIL: gfortran.dg/ieee/ieee_1.F90   -O3 -fomit-frame-pointer -funroll-loops  execution test
FAIL: gfortran.dg/ieee/ieee_1.F90   -O3 -fomit-frame-pointer -funroll-all-loops -finline-functions  execution test
FAIL: gfortran.dg/ieee/ieee_1.F90   -O3 -g  execution test
FAIL: gfortran.dg/ieee/ieee_1.F90   -Os  execution test
FAIL: gfortran.dg/ieee/ieee_2.f90   -O0  execution test
FAIL: gfortran.dg/ieee/ieee_2.f90   -O1  execution test
FAIL: gfortran.dg/ieee/ieee_2.f90   -O2  execution test
FAIL: gfortran.dg/ieee/ieee_2.f90   -O3 -fomit-frame-pointer  execution test
FAIL: gfortran.dg/ieee/ieee_2.f90   -O3 -fomit-frame-pointer -funroll-loops  execution test
FAIL: gfortran.dg/ieee/ieee_2.f90   -O3 -fomit-frame-pointer -funroll-all-loops -finline-functions  execution test
FAIL: gfortran.dg/ieee/ieee_2.f90   -O3 -g  execution test
FAIL: gfortran.dg/ieee/ieee_2.f90   -Os  execution test
FAIL: gfortran.dg/ieee/ieee_4.f90   -O0  execution test
FAIL: gfortran.dg/ieee/ieee_4.f90   -O1  execution test
FAIL: gfortran.dg/ieee/ieee_4.f90   -O2  execution test
FAIL: gfortran.dg/ieee/ieee_4.f90   -O3 -fomit-frame-pointer  execution test
FAIL: gfortran.dg/ieee/ieee_4.f90   -O3 -fomit-frame-pointer -funroll-loops  execution test
FAIL: gfortran.dg/ieee/ieee_4.f90   -O3 -fomit-frame-pointer -funroll-all-loops -finline-functions  execution test
FAIL: gfortran.dg/ieee/ieee_4.f90   -O3 -g  execution test
FAIL: gfortran.dg/ieee/ieee_4.f90   -Os  execution test
FAIL: gfortran.dg/ieee/ieee_6.f90   -O0  execution test
FAIL: gfortran.dg/ieee/ieee_6.f90   -O1  execution test
FAIL: gfortran.dg/ieee/ieee_6.f90   -O2  execution test
FAIL: gfortran.dg/ieee/ieee_6.f90   -O3 -fomit-frame-pointer  execution test
FAIL: gfortran.dg/ieee/ieee_6.f90   -O3 -fomit-frame-pointer -funroll-loops  execution test
FAIL: gfortran.dg/ieee/ieee_6.f90   -O3 -fomit-frame-pointer -funroll-all-loops -finline-functions  execution test
FAIL: gfortran.dg/ieee/ieee_6.f90   -O3 -g  execution test
FAIL: gfortran.dg/ieee/ieee_6.f90   -Os  execution test
FAIL: gfortran.dg/ieee/intrinsics_1.f90   -O0  execution test
FAIL: gfortran.dg/ieee/intrinsics_1.f90   -O1  execution test
FAIL: gfortran.dg/ieee/intrinsics_1.f90   -O2  execution test
FAIL: gfortran.dg/ieee/intrinsics_1.f90   -O3 -fomit-frame-pointer  execution test
FAIL: gfortran.dg/ieee/intrinsics_1.f90   -O3 -fomit-frame-pointer -funroll-loops  execution test
FAIL: gfortran.dg/ieee/intrinsics_1.f90   -O3 -fomit-frame-pointer -funroll-all-loops -finline-functions  execution test
FAIL: gfortran.dg/ieee/intrinsics_1.f90   -O3 -g  execution test
FAIL: gfortran.dg/ieee/intrinsics_1.f90   -Os  execution test
FAIL: gfortran.dg/ieee/intrinsics_2.F90   -O0  execution test
FAIL: gfortran.dg/ieee/intrinsics_2.F90   -O1  execution test
FAIL: gfortran.dg/ieee/intrinsics_2.F90   -O2  execution test
FAIL: gfortran.dg/ieee/intrinsics_2.F90   -O3 -fomit-frame-pointer  execution test
FAIL: gfortran.dg/ieee/intrinsics_2.F90   -O3 -fomit-frame-pointer -funroll-loops  execution test
FAIL: gfortran.dg/ieee/intrinsics_2.F90   -O3 -fomit-frame-pointer -funroll-all-loops -finline-functions  execution test
FAIL: gfortran.dg/ieee/intrinsics_2.F90   -O3 -g  execution test
FAIL: gfortran.dg/ieee/intrinsics_2.F90   -Os  execution test
FAIL: gfortran.dg/ieee/rounding_1.f90   -O0  execution test
FAIL: gfortran.dg/ieee/rounding_1.f90   -O1  execution test
FAIL: gfortran.dg/ieee/rounding_1.f90   -O2  execution test
FAIL: gfortran.dg/ieee/rounding_1.f90   -O3 -fomit-frame-pointer  execution test
FAIL: gfortran.dg/ieee/rounding_1.f90   -O3 -fomit-frame-pointer -funroll-loops  execution test
FAIL: gfortran.dg/ieee/rounding_1.f90   -O3 -fomit-frame-pointer -funroll-all-loops -finline-functions  execution test
FAIL: gfortran.dg/ieee/rounding_1.f90   -O3 -g  execution test
FAIL: gfortran.dg/ieee/rounding_1.f90   -Os  execution test

		=== gfortran Summary ===

# of expected passes		45376
# of unexpected failures	73
# of expected failures		43
# of unresolved testcases	1
# of unsupported tests		404
/home/ldroot/dodes/xsh-gcc-orig/gcc/testsuite/gfortran/../../gfortran  version 5.0.0 20141124 (experimental) [trunk revision 217995] (GCC) 

Host   is i686-pc-linux-gnu

		=== objc tests ===


Running target unix
WARNING: Assuming target board is the local machine (which is probably wrong).

		=== objc Summary ===

# of expected passes		3010
# of unsupported tests		74
/home/ldroot/dodes/xsh-gcc-orig/gcc/xgcc  version 5.0.0 20141124 (experimental) [trunk revision 217995] (GCC) 

Host   is sh4-unknown-linux-gnu

		=== boehm-gc tests ===


Running target unix
WARNING: Assuming target board is the local machine (which is probably wrong).

		=== boehm-gc Summary ===

# of expected passes		12
# of unsupported tests		1
Host   is sh4-unknown-linux-gnu

		=== libatomic tests ===


Running target unix
WARNING: Assuming target board is the local machine (which is probably wrong).

		=== libatomic Summary ===

# of expected passes		44
# of unsupported tests		5
Host   is sh4-unknown-linux-gnu

		=== libffi tests ===


Running target unix
WARNING: Assuming target board is the local machine (which is probably wrong).

		=== libffi Summary ===

# of expected passes		1819
# of unsupported tests		55
Host   is sh4-unknown-linux-gnu

		=== libgomp tests ===


Running target unix
WARNING: Assuming target board is the local machine (which is probably wrong).

		=== libgomp Summary ===

# of expected passes		3596
# of unsupported tests		116
Host   is sh4-unknown-linux-gnu

		=== libitm tests ===


Running target unix
WARNING: Assuming target board is the local machine (which is probably wrong).

		=== libitm Summary ===

# of expected passes		26
# of expected failures		3
# of unsupported tests		1
Host   is sh4-unknown-linux-gnu

		=== libjava tests ===


Running target unix
WARNING: Assuming target board is the local machine (which is probably wrong).

		=== libjava Summary ===

# of expected passes		2413
# of expected failures		4
# of untested testcases		4
Host   is sh4-unknown-linux-gnu

		=== libstdc++ tests ===


Running target unix
WARNING: Assuming target board is the local machine (which is probably wrong).

		=== libstdc++ Summary ===

# of expected passes		9078
# of expected failures		68
# of unsupported tests		665

Compiler version: 5.0.0 20141124 (experimental) [trunk revision 217995] (GCC) 
Platform: sh4-unknown-linux-gnu
configure flags: --target=sh4-unknown-linux-gnu --enable-build-with-cxx --enable-lto --enable-shared --enable-threads=posix --enable-clocale=gnu --enable-libitm --enable-libgcj --with-ld=/usr/local/bin/sh4-unknown-linux-gnu-ld --with-as=/usr/local/bin/sh4-unknown-linux-gnu-as --with-sysroot=/exp/ldroot --with-mpfr=/opt3/i686-pc-linux-gnu --with-mpc=/opt3/i686-pc-linux-gnu --with-libelf=/opt3/i686-pc-linux-gnu --with-ppl=no target_alias=sh4-unknown-linux-gnu --enable-languages=c,c++,fortran,java,lto,objc


Index Nav: [Date Index] [Subject Index] [Author Index] [Thread Index]
Message Nav: [Date Prev] [Date Next] [Thread Prev] [Thread Next]