This is the mail archive of the gcc-testresults@gcc.gnu.org mailing list for the GCC project.


Index Nav: [Date Index] [Subject Index] [Author Index] [Thread Index]
Message Nav: [Date Prev] [Date Next] [Thread Prev] [Thread Next]
Other format: [Raw text]

Results for 5.0.0 20141123 (experimental) (GCC) testsuite on spu-unknown-elf


GCC Version:      5.0.0, SVN revision: 217991
Newlib Version:   2014-11-23 23:05 UTC
Binutils Version: commit 15ee0bbdde66989674d6cf904dd9dedfb372e9ba


build host info: 
$ uname -s -r -m -p -i -o
Linux 2.6.18-398.el5 ppc64 ppc64 ppc64 GNU/Linux

$ gcc -v
Using built-in specs.
Target: ppc64-redhat-linux
Configured with: ../configure --prefix=/usr --mandir=/usr/share/man --infodir=/usr/share/info --enable-shared --enable-threads=posix --enable-checking=release --with-system-zlib --enable-__cxa_atexit --disable-libunwind-exceptions --enable-libgcj-multifile --enable-languages=c,c++,objc,obj-c++,java,fortran --enable-java-awt=gtk --disable-dssi --disable-plugin --with-java-home=/usr/lib/jvm/java-1.4.2-gcj-1.4.2.0/jre --enable-secureplt --with-long-double-128 --host=ppc64-redhat-linux --build=ppc64-redhat-linux --target=ppc64-redhat-linux --with-cpu=default32
Thread model: posix
gcc version 4.1.2 20080704 (Red Hat 4.1.2-55)

$ ld -v
GNU ld version 2.17.50.0.6-26.el5 20061020



############################################################
# GCC test suite results                                   #
############################################################
Target is spu-unknown-elf

		=== g++ tests ===


Running target cell-native
FAIL: g++.dg/bprob/g++-bprob-1.C execution: file g++-bprob-1.gcda does not exist,  -g  -fprofile-arcs
UNRESOLVED: g++.dg/bprob/g++-bprob-1.C compilation,  -g  -fbranch-probabilities
UNRESOLVED: g++.dg/bprob/g++-bprob-1.C execution,    -g  -fbranch-probabilities
FAIL: g++.dg/bprob/g++-bprob-1.C execution: file g++-bprob-1.gcda does not exist,  -O0  -fprofile-arcs
UNRESOLVED: g++.dg/bprob/g++-bprob-1.C compilation,  -O0  -fbranch-probabilities
UNRESOLVED: g++.dg/bprob/g++-bprob-1.C execution,    -O0  -fbranch-probabilities
FAIL: g++.dg/bprob/g++-bprob-1.C execution: file g++-bprob-1.gcda does not exist,  -O1  -fprofile-arcs
UNRESOLVED: g++.dg/bprob/g++-bprob-1.C compilation,  -O1  -fbranch-probabilities
UNRESOLVED: g++.dg/bprob/g++-bprob-1.C execution,    -O1  -fbranch-probabilities
FAIL: g++.dg/bprob/g++-bprob-1.C execution: file g++-bprob-1.gcda does not exist,  -O2  -fprofile-arcs
UNRESOLVED: g++.dg/bprob/g++-bprob-1.C compilation,  -O2  -fbranch-probabilities
UNRESOLVED: g++.dg/bprob/g++-bprob-1.C execution,    -O2  -fbranch-probabilities
FAIL: g++.dg/bprob/g++-bprob-1.C execution: file g++-bprob-1.gcda does not exist,  -O3  -fprofile-arcs
UNRESOLVED: g++.dg/bprob/g++-bprob-1.C compilation,  -O3  -fbranch-probabilities
UNRESOLVED: g++.dg/bprob/g++-bprob-1.C execution,    -O3  -fbranch-probabilities
FAIL: g++.dg/bprob/g++-bprob-1.C execution: file g++-bprob-1.gcda does not exist,  -O3 -g  -fprofile-arcs
UNRESOLVED: g++.dg/bprob/g++-bprob-1.C compilation,  -O3 -g  -fbranch-probabilities
UNRESOLVED: g++.dg/bprob/g++-bprob-1.C execution,    -O3 -g  -fbranch-probabilities
FAIL: g++.dg/bprob/g++-bprob-1.C execution: file g++-bprob-1.gcda does not exist,  -Os  -fprofile-arcs
UNRESOLVED: g++.dg/bprob/g++-bprob-1.C compilation,  -Os  -fbranch-probabilities
UNRESOLVED: g++.dg/bprob/g++-bprob-1.C execution,    -Os  -fbranch-probabilities
FAIL: g++.dg/bprob/g++-bprob-2.C execution: file g++-bprob-2.gcda does not exist,  -g  -fprofile-arcs
UNRESOLVED: g++.dg/bprob/g++-bprob-2.C compilation,  -g  -fbranch-probabilities
UNRESOLVED: g++.dg/bprob/g++-bprob-2.C execution,    -g  -fbranch-probabilities
FAIL: g++.dg/bprob/g++-bprob-2.C execution: file g++-bprob-2.gcda does not exist,  -O0  -fprofile-arcs
UNRESOLVED: g++.dg/bprob/g++-bprob-2.C compilation,  -O0  -fbranch-probabilities
UNRESOLVED: g++.dg/bprob/g++-bprob-2.C execution,    -O0  -fbranch-probabilities
FAIL: g++.dg/bprob/g++-bprob-2.C execution: file g++-bprob-2.gcda does not exist,  -O1  -fprofile-arcs
UNRESOLVED: g++.dg/bprob/g++-bprob-2.C compilation,  -O1  -fbranch-probabilities
UNRESOLVED: g++.dg/bprob/g++-bprob-2.C execution,    -O1  -fbranch-probabilities
FAIL: g++.dg/bprob/g++-bprob-2.C execution: file g++-bprob-2.gcda does not exist,  -O2  -fprofile-arcs
UNRESOLVED: g++.dg/bprob/g++-bprob-2.C compilation,  -O2  -fbranch-probabilities
UNRESOLVED: g++.dg/bprob/g++-bprob-2.C execution,    -O2  -fbranch-probabilities
FAIL: g++.dg/bprob/g++-bprob-2.C execution: file g++-bprob-2.gcda does not exist,  -O3  -fprofile-arcs
UNRESOLVED: g++.dg/bprob/g++-bprob-2.C compilation,  -O3  -fbranch-probabilities
UNRESOLVED: g++.dg/bprob/g++-bprob-2.C execution,    -O3  -fbranch-probabilities
FAIL: g++.dg/bprob/g++-bprob-2.C execution: file g++-bprob-2.gcda does not exist,  -O3 -g  -fprofile-arcs
UNRESOLVED: g++.dg/bprob/g++-bprob-2.C compilation,  -O3 -g  -fbranch-probabilities
UNRESOLVED: g++.dg/bprob/g++-bprob-2.C execution,    -O3 -g  -fbranch-probabilities
FAIL: g++.dg/bprob/g++-bprob-2.C execution: file g++-bprob-2.gcda does not exist,  -Os  -fprofile-arcs
UNRESOLVED: g++.dg/bprob/g++-bprob-2.C compilation,  -Os  -fbranch-probabilities
UNRESOLVED: g++.dg/bprob/g++-bprob-2.C execution,    -Os  -fbranch-probabilities
FAIL: c-c++-common/pr60156.c  -std=gnu++98  (test for warnings, line 6)
FAIL: c-c++-common/pr60156.c  -std=gnu++11  (test for warnings, line 6)
FAIL: c-c++-common/pr60156.c  -std=gnu++14  (test for warnings, line 6)
FAIL: g++.dg/abi/scoped1.C  -std=gnu++11 execution test
FAIL: g++.dg/abi/scoped1.C  -std=gnu++14 execution test
FAIL: g++.dg/cpp1y/vla-initlist1.C  -std=c++14 execution test
FAIL: g++.dg/other/pr55650.C  -std=gnu++98 (test for excess errors)
FAIL: g++.dg/other/pr55650.C  -std=gnu++11 (test for excess errors)
FAIL: g++.dg/other/pr55650.C  -std=gnu++14 (test for excess errors)
FAIL: g++.dg/pr49718.C  -std=gnu++98  scan-assembler-times __cyg_profile_func_enter 1
FAIL: g++.dg/pr49718.C  -std=gnu++11  scan-assembler-times __cyg_profile_func_enter 1
FAIL: g++.dg/pr49718.C  -std=gnu++14  scan-assembler-times __cyg_profile_func_enter 1
UNRESOLVED: g++.dg/lto/20091022-2 cp_lto_20091022-2_0.o-cp_lto_20091022-2_0.o execute -O3 -flto -Winline
UNRESOLVED: g++.dg/lto/20091219 cp_lto_20091219_0.o-cp_lto_20091219_0.o execute -O3 -flto
FAIL: g++.dg/torture/pr31081-1.C   -O1  (internal compiler error)
FAIL: g++.dg/torture/pr31081-1.C   -O1  (test for excess errors)
FAIL: g++.dg/torture/pr31081-1.C   -O2  (internal compiler error)
FAIL: g++.dg/torture/pr31081-1.C   -O2  (test for excess errors)
FAIL: g++.dg/torture/pr31081-1.C   -O3 -fomit-frame-pointer  (internal compiler error)
FAIL: g++.dg/torture/pr31081-1.C   -O3 -fomit-frame-pointer  (test for excess errors)
FAIL: g++.dg/torture/pr31081-1.C   -O3 -fomit-frame-pointer -funroll-loops  (internal compiler error)
FAIL: g++.dg/torture/pr31081-1.C   -O3 -fomit-frame-pointer -funroll-loops  (test for excess errors)
FAIL: g++.dg/torture/pr31081-1.C   -O3 -fomit-frame-pointer -funroll-all-loops -finline-functions  (internal compiler error)
FAIL: g++.dg/torture/pr31081-1.C   -O3 -fomit-frame-pointer -funroll-all-loops -finline-functions  (test for excess errors)
FAIL: g++.dg/torture/pr31081-1.C   -O3 -g  (internal compiler error)
FAIL: g++.dg/torture/pr31081-1.C   -O3 -g  (test for excess errors)
FAIL: g++.dg/torture/pr31081-1.C   -Os  (internal compiler error)
FAIL: g++.dg/torture/pr31081-1.C   -Os  (test for excess errors)
FAIL: g++.dg/torture/pr31081-1.C   -O2 -flto -fno-use-linker-plugin -flto-partition=none  (internal compiler error)
FAIL: g++.dg/torture/pr31081-1.C   -O2 -flto -fno-use-linker-plugin -flto-partition=none  (test for excess errors)
FAIL: g++.dg/tree-prof/indir-call-prof-2.C compilation,  -fprofile-generate -D_PROFILE_GENERATE
UNRESOLVED: g++.dg/tree-prof/indir-call-prof-2.C execution,    -fprofile-generate -D_PROFILE_GENERATE
UNRESOLVED: g++.dg/tree-prof/indir-call-prof-2.C compilation,  -fprofile-use -D_PROFILE_USE
UNRESOLVED: g++.dg/tree-prof/indir-call-prof-2.C execution,    -fprofile-use -D_PROFILE_USE
FAIL: g++.dg/tree-prof/indir-call-prof.C compilation,  -fprofile-generate -D_PROFILE_GENERATE
UNRESOLVED: g++.dg/tree-prof/indir-call-prof.C execution,    -fprofile-generate -D_PROFILE_GENERATE
UNRESOLVED: g++.dg/tree-prof/indir-call-prof.C compilation,  -fprofile-use -D_PROFILE_USE
UNRESOLVED: g++.dg/tree-prof/indir-call-prof.C execution,    -fprofile-use -D_PROFILE_USE
FAIL: g++.dg/tree-prof/inline_mismatch_args.C compilation,  -fprofile-generate -D_PROFILE_GENERATE
UNRESOLVED: g++.dg/tree-prof/inline_mismatch_args.C execution,    -fprofile-generate -D_PROFILE_GENERATE
UNRESOLVED: g++.dg/tree-prof/inline_mismatch_args.C compilation,  -fprofile-use -D_PROFILE_USE
UNRESOLVED: g++.dg/tree-prof/inline_mismatch_args.C execution,    -fprofile-use -D_PROFILE_USE
FAIL: g++.dg/tree-prof/morefunc.C compilation,  -fprofile-generate -D_PROFILE_GENERATE
UNRESOLVED: g++.dg/tree-prof/morefunc.C execution,    -fprofile-generate -D_PROFILE_GENERATE
UNRESOLVED: g++.dg/tree-prof/morefunc.C compilation,  -fprofile-use -D_PROFILE_USE
UNRESOLVED: g++.dg/tree-prof/morefunc.C execution,    -fprofile-use -D_PROFILE_USE
FAIL: g++.dg/tree-prof/pr35545.C compilation,  -fprofile-generate -D_PROFILE_GENERATE
UNRESOLVED: g++.dg/tree-prof/pr35545.C execution,    -fprofile-generate -D_PROFILE_GENERATE
UNRESOLVED: g++.dg/tree-prof/pr35545.C compilation,  -fprofile-use -D_PROFILE_USE
UNRESOLVED: g++.dg/tree-prof/pr35545.C execution,    -fprofile-use -D_PROFILE_USE
FAIL: g++.dg/tree-prof/pr51719.C compilation,  -fprofile-generate -D_PROFILE_GENERATE
UNRESOLVED: g++.dg/tree-prof/pr51719.C execution,    -fprofile-generate -D_PROFILE_GENERATE
UNRESOLVED: g++.dg/tree-prof/pr51719.C compilation,  -fprofile-use -D_PROFILE_USE
UNRESOLVED: g++.dg/tree-prof/pr51719.C execution,    -fprofile-use -D_PROFILE_USE
FAIL: g++.dg/tree-prof/pr53460.C compilation,  -fprofile-generate -D_PROFILE_GENERATE
UNRESOLVED: g++.dg/tree-prof/pr53460.C execution,    -fprofile-generate -D_PROFILE_GENERATE
UNRESOLVED: g++.dg/tree-prof/pr53460.C compilation,  -fprofile-use -D_PROFILE_USE
UNRESOLVED: g++.dg/tree-prof/pr53460.C execution,    -fprofile-use -D_PROFILE_USE
FAIL: g++.dg/tree-prof/pr59255.C compilation,  -fprofile-generate -D_PROFILE_GENERATE
UNRESOLVED: g++.dg/tree-prof/pr59255.C execution,    -fprofile-generate -D_PROFILE_GENERATE
UNRESOLVED: g++.dg/tree-prof/pr59255.C compilation,  -fprofile-use -D_PROFILE_USE
UNRESOLVED: g++.dg/tree-prof/pr59255.C execution,    -fprofile-use -D_PROFILE_USE
FAIL: g++.dg/tree-prof/reorder.C compilation,  -fprofile-generate -D_PROFILE_GENERATE
UNRESOLVED: g++.dg/tree-prof/reorder.C execution,    -fprofile-generate -D_PROFILE_GENERATE
UNRESOLVED: g++.dg/tree-prof/reorder.C compilation,  -fprofile-use -D_PROFILE_USE
UNRESOLVED: g++.dg/tree-prof/reorder.C execution,    -fprofile-use -D_PROFILE_USE
FAIL: g++.dg/vect/pr36648.cc  -std=c++98  scan-tree-dump-times vect "vectorized 1 loops" 1
FAIL: g++.dg/vect/pr36648.cc  -std=c++98  scan-tree-dump-times vect "vectorizing stmts using SLP" 1
FAIL: g++.dg/vect/pr36648.cc  -std=c++11  scan-tree-dump-times vect "vectorized 1 loops" 1
FAIL: g++.dg/vect/pr36648.cc  -std=c++11  scan-tree-dump-times vect "vectorizing stmts using SLP" 1
FAIL: g++.dg/vect/pr36648.cc  -std=c++14  scan-tree-dump-times vect "vectorized 1 loops" 1
FAIL: g++.dg/vect/pr36648.cc  -std=c++14  scan-tree-dump-times vect "vectorizing stmts using SLP" 1
FAIL: g++.old-deja/g++.mike/for3.C  -std=gnu++98  (test for warnings, line 5)
FAIL: g++.old-deja/g++.mike/for3.C  -std=gnu++11  (test for warnings, line 5)
FAIL: g++.old-deja/g++.mike/for3.C  -std=gnu++14  (test for warnings, line 5)

		=== g++ Summary ===

# of expected passes		76823
# of unexpected failures	60
# of expected failures		237
# of unresolved testcases	57
# of unsupported tests		3756
/home/uweigand/dailybuild/spu-tc-2014-11-23/gcc-build/gcc/testsuite/g++/../../xg++  version 5.0.0 20141123 (experimental) (GCC) 

		=== gcc tests ===


Running target cell-native
FAIL: gcc.c-torture/compile/pr61848.c   -O2 -flto -flto-partition=none   scan-assembler mysection
FAIL: gcc.c-torture/compile/pr61848.c   -O2 -flto   scan-assembler mysection
FAIL: c-c++-common/pr60156.c  -Wc++-compat   (test for warnings, line 6)
FAIL: gcc.dg/20141029-1.c scan-rtl-dump-times final "mem/v(/.)*:HI" 4
FAIL: gcc.dg/builtin-arith-overflow-1.c execution test
FAIL: gcc.dg/builtins-1.c inf (test for warnings, line 147)
FAIL: gcc.dg/builtins-1.c (test for excess errors)
FAIL: gcc.dg/c11-complex-1.c execution test
FAIL: gcc.dg/c11-true_min-1.c execution test
FAIL: gcc.dg/pr23623.c scan-rtl-dump-times final "mem/v(/.)*:SI" 12
FAIL: gcc.dg/pr47793.c (test for excess errors)
WARNING: gcc.dg/pr47793.c compilation failed to produce executable
UNRESOLVED: gcc.dg/pr47793.c scan-file .
FAIL: gcc.dg/pr61077.c return (test for warnings, line 6)
FAIL: gcc.dg/pr61077.c parameter (test for warnings, line 6)
FAIL: gcc.dg/pr61077.c parameter (test for warnings, line 6)
FAIL: gcc.dg/profile-generate-3.c (test for excess errors)
FAIL: gcc.dg/sms-7.c scan-rtl-dump-times sms "SMS succeeded" 1
FAIL: gcc.dg/store-motion-fgcse-sm.c scan-rtl-dump store_motion "STORE_MOTION of f, .* basic blocks, 1 insns deleted, 1 insns created"
FAIL: gcc.dg/undefined-loop-2.c  (test for warnings, line 18)
FAIL: gcc.dg/lto/pr54709 c_lto_pr54709_0.o-c_lto_pr54709_1.o link,  -fPIC -fvisibility=hidden -flto 
UNRESOLVED: gcc.dg/lto/pr54709 c_lto_pr54709_0.o-c_lto_pr54709_1.o execute  -fPIC -fvisibility=hidden -flto 
FAIL: gcc.dg/lto/pr61526 c_lto_pr61526_0.o-c_lto_pr61526_1.o link,  -fPIC -flto -flto-partition=1to1 
UNRESOLVED: gcc.dg/lto/pr61526 c_lto_pr61526_0.o-c_lto_pr61526_1.o execute  -fPIC -flto -flto-partition=1to1 
FAIL: gcc.dg/tls/alias-1.c (internal compiler error)
FAIL: gcc.dg/tls/alias-1.c (test for excess errors)
FAIL: gcc.dg/torture/builtin-attr-1.c   -O0  INF unsupported (test for warnings, line 342)
FAIL: gcc.dg/torture/builtin-attr-1.c   -O0  (test for excess errors)
FAIL: gcc.dg/torture/builtin-attr-1.c   -O1  INF unsupported (test for warnings, line 342)
FAIL: gcc.dg/torture/builtin-attr-1.c   -O1  (test for excess errors)
FAIL: gcc.dg/torture/builtin-attr-1.c   -O2  INF unsupported (test for warnings, line 342)
FAIL: gcc.dg/torture/builtin-attr-1.c   -O2  (test for excess errors)
FAIL: gcc.dg/torture/builtin-attr-1.c   -O3 -fomit-frame-pointer  INF unsupported (test for warnings, line 342)
FAIL: gcc.dg/torture/builtin-attr-1.c   -O3 -fomit-frame-pointer  (test for excess errors)
FAIL: gcc.dg/torture/builtin-attr-1.c   -O3 -g  INF unsupported (test for warnings, line 342)
FAIL: gcc.dg/torture/builtin-attr-1.c   -O3 -g  (test for excess errors)
FAIL: gcc.dg/torture/builtin-attr-1.c   -Os  INF unsupported (test for warnings, line 342)
FAIL: gcc.dg/torture/builtin-attr-1.c   -Os  (test for excess errors)
FAIL: gcc.dg/torture/builtin-attr-1.c   -O2 -flto -fno-use-linker-plugin -flto-partition=none  INF unsupported (test for warnings, line 342)
FAIL: gcc.dg/torture/builtin-attr-1.c   -O2 -flto -fno-use-linker-plugin -flto-partition=none  (test for excess errors)
FAIL: gcc.dg/torture/builtin-attr-1.c   -O2 -flto -fuse-linker-plugin -fno-fat-lto-objects  INF unsupported (test for warnings, line 342)
FAIL: gcc.dg/torture/builtin-attr-1.c   -O2 -flto -fuse-linker-plugin -fno-fat-lto-objects  (test for excess errors)
FAIL: gcc.dg/torture/c99-contract-1.c   -O0  execution test
FAIL: gcc.dg/torture/c99-contract-1.c   -O1  execution test
FAIL: gcc.dg/torture/c99-contract-1.c   -O2  execution test
FAIL: gcc.dg/torture/c99-contract-1.c   -O3 -fomit-frame-pointer  execution test
FAIL: gcc.dg/torture/c99-contract-1.c   -O3 -g  execution test
FAIL: gcc.dg/torture/c99-contract-1.c   -Os  execution test
FAIL: gcc.dg/torture/c99-contract-1.c   -O2 -flto -fno-use-linker-plugin -flto-partition=none  execution test
FAIL: gcc.dg/torture/c99-contract-1.c   -O2 -flto -fuse-linker-plugin -fno-fat-lto-objects  execution test
FAIL: gcc.dg/torture/pr56443.c   -O0  execution test
FAIL: gcc.dg/torture/pr56443.c   -Os  execution test
FAIL: gcc.dg/tree-prof/20041218-1.c compilation,  -fprofile-generate -D_PROFILE_GENERATE
UNRESOLVED: gcc.dg/tree-prof/20041218-1.c execution,    -fprofile-generate -D_PROFILE_GENERATE
UNRESOLVED: gcc.dg/tree-prof/20041218-1.c compilation,  -fprofile-use -D_PROFILE_USE
UNRESOLVED: gcc.dg/tree-prof/20041218-1.c execution,    -fprofile-use -D_PROFILE_USE
FAIL: gcc.dg/tree-prof/20050826-2.c compilation,  -fprofile-generate -D_PROFILE_GENERATE
UNRESOLVED: gcc.dg/tree-prof/20050826-2.c execution,    -fprofile-generate -D_PROFILE_GENERATE
UNRESOLVED: gcc.dg/tree-prof/20050826-2.c compilation,  -fprofile-use -D_PROFILE_USE
UNRESOLVED: gcc.dg/tree-prof/20050826-2.c execution,    -fprofile-use -D_PROFILE_USE
FAIL: gcc.dg/tree-prof/bb-reorg.c compilation,  -fprofile-generate -D_PROFILE_GENERATE
UNRESOLVED: gcc.dg/tree-prof/bb-reorg.c execution,    -fprofile-generate -D_PROFILE_GENERATE
UNRESOLVED: gcc.dg/tree-prof/bb-reorg.c compilation,  -fprofile-use -D_PROFILE_USE
UNRESOLVED: gcc.dg/tree-prof/bb-reorg.c execution,    -fprofile-use -D_PROFILE_USE
FAIL: gcc.dg/tree-prof/cmpsf-1.c compilation,  -fprofile-generate -D_PROFILE_GENERATE
UNRESOLVED: gcc.dg/tree-prof/cmpsf-1.c execution,    -fprofile-generate -D_PROFILE_GENERATE
UNRESOLVED: gcc.dg/tree-prof/cmpsf-1.c compilation,  -fprofile-use -D_PROFILE_USE
UNRESOLVED: gcc.dg/tree-prof/cmpsf-1.c execution,    -fprofile-use -D_PROFILE_USE
FAIL: gcc.dg/tree-prof/cold_partition_label.c compilation,  -fprofile-generate -D_PROFILE_GENERATE
UNRESOLVED: gcc.dg/tree-prof/cold_partition_label.c execution,    -fprofile-generate -D_PROFILE_GENERATE
UNRESOLVED: gcc.dg/tree-prof/cold_partition_label.c compilation,  -fprofile-use -D_PROFILE_USE
UNRESOLVED: gcc.dg/tree-prof/cold_partition_label.c execution,    -fprofile-use -D_PROFILE_USE
FAIL: gcc.dg/tree-prof/comp-goto-1.c compilation,  -fprofile-generate -D_PROFILE_GENERATE
UNRESOLVED: gcc.dg/tree-prof/comp-goto-1.c execution,    -fprofile-generate -D_PROFILE_GENERATE
UNRESOLVED: gcc.dg/tree-prof/comp-goto-1.c compilation,  -fprofile-use -D_PROFILE_USE
UNRESOLVED: gcc.dg/tree-prof/comp-goto-1.c execution,    -fprofile-use -D_PROFILE_USE
FAIL: gcc.dg/tree-prof/crossmodule-indircall-1.c compilation,  -fprofile-generate -D_PROFILE_GENERATE
UNRESOLVED: gcc.dg/tree-prof/crossmodule-indircall-1.c execution,    -fprofile-generate -D_PROFILE_GENERATE
UNRESOLVED: gcc.dg/tree-prof/crossmodule-indircall-1.c compilation,  -fprofile-use -D_PROFILE_USE
UNRESOLVED: gcc.dg/tree-prof/crossmodule-indircall-1.c execution,    -fprofile-use -D_PROFILE_USE
FAIL: gcc.dg/tree-prof/crossmodule-indircall-1a.c compilation,  -fprofile-generate -D_PROFILE_GENERATE
UNRESOLVED: gcc.dg/tree-prof/crossmodule-indircall-1a.c execution,    -fprofile-generate -D_PROFILE_GENERATE
UNRESOLVED: gcc.dg/tree-prof/crossmodule-indircall-1a.c compilation,  -fprofile-use -D_PROFILE_USE
UNRESOLVED: gcc.dg/tree-prof/crossmodule-indircall-1a.c execution,    -fprofile-use -D_PROFILE_USE
FAIL: gcc.dg/tree-prof/ic-misattribution-1.c compilation,  -fprofile-generate -D_PROFILE_GENERATE
UNRESOLVED: gcc.dg/tree-prof/ic-misattribution-1.c execution,    -fprofile-generate -D_PROFILE_GENERATE
UNRESOLVED: gcc.dg/tree-prof/ic-misattribution-1.c compilation,  -fprofile-use -D_PROFILE_USE
UNRESOLVED: gcc.dg/tree-prof/ic-misattribution-1.c execution,    -fprofile-use -D_PROFILE_USE
FAIL: gcc.dg/tree-prof/ic-misattribution-1a.c compilation,  -fprofile-generate -D_PROFILE_GENERATE
UNRESOLVED: gcc.dg/tree-prof/ic-misattribution-1a.c execution,    -fprofile-generate -D_PROFILE_GENERATE
UNRESOLVED: gcc.dg/tree-prof/ic-misattribution-1a.c compilation,  -fprofile-use -D_PROFILE_USE
UNRESOLVED: gcc.dg/tree-prof/ic-misattribution-1a.c execution,    -fprofile-use -D_PROFILE_USE
FAIL: gcc.dg/tree-prof/indir-call-prof.c compilation,  -fprofile-generate -D_PROFILE_GENERATE
UNRESOLVED: gcc.dg/tree-prof/indir-call-prof.c execution,    -fprofile-generate -D_PROFILE_GENERATE
UNRESOLVED: gcc.dg/tree-prof/indir-call-prof.c compilation,  -fprofile-use -D_PROFILE_USE
UNRESOLVED: gcc.dg/tree-prof/indir-call-prof.c execution,    -fprofile-use -D_PROFILE_USE
FAIL: gcc.dg/tree-prof/inliner-1.c compilation,  -fprofile-generate -D_PROFILE_GENERATE
UNRESOLVED: gcc.dg/tree-prof/inliner-1.c execution,    -fprofile-generate -D_PROFILE_GENERATE
UNRESOLVED: gcc.dg/tree-prof/inliner-1.c compilation,  -fprofile-use -D_PROFILE_USE
UNRESOLVED: gcc.dg/tree-prof/inliner-1.c execution,    -fprofile-use -D_PROFILE_USE
FAIL: gcc.dg/tree-prof/merge_block.c compilation,  -fprofile-generate -D_PROFILE_GENERATE
UNRESOLVED: gcc.dg/tree-prof/merge_block.c execution,    -fprofile-generate -D_PROFILE_GENERATE
UNRESOLVED: gcc.dg/tree-prof/merge_block.c compilation,  -fprofile-use -D_PROFILE_USE
UNRESOLVED: gcc.dg/tree-prof/merge_block.c execution,    -fprofile-use -D_PROFILE_USE
FAIL: gcc.dg/tree-prof/peel-1.c compilation,  -fprofile-generate -D_PROFILE_GENERATE
UNRESOLVED: gcc.dg/tree-prof/peel-1.c execution,    -fprofile-generate -D_PROFILE_GENERATE
UNRESOLVED: gcc.dg/tree-prof/peel-1.c compilation,  -fprofile-use -D_PROFILE_USE
UNRESOLVED: gcc.dg/tree-prof/peel-1.c execution,    -fprofile-use -D_PROFILE_USE
FAIL: gcc.dg/tree-prof/pr34999.c compilation,  -fprofile-generate -D_PROFILE_GENERATE
UNRESOLVED: gcc.dg/tree-prof/pr34999.c execution,    -fprofile-generate -D_PROFILE_GENERATE
UNRESOLVED: gcc.dg/tree-prof/pr34999.c compilation,  -fprofile-use -D_PROFILE_USE
UNRESOLVED: gcc.dg/tree-prof/pr34999.c execution,    -fprofile-use -D_PROFILE_USE
FAIL: gcc.dg/tree-prof/pr44777.c compilation,  -fprofile-generate -D_PROFILE_GENERATE
UNRESOLVED: gcc.dg/tree-prof/pr44777.c execution,    -fprofile-generate -D_PROFILE_GENERATE
UNRESOLVED: gcc.dg/tree-prof/pr44777.c compilation,  -fprofile-use -D_PROFILE_USE
UNRESOLVED: gcc.dg/tree-prof/pr44777.c execution,    -fprofile-use -D_PROFILE_USE
FAIL: gcc.dg/tree-prof/pr45354.c compilation,  -fprofile-generate -D_PROFILE_GENERATE
UNRESOLVED: gcc.dg/tree-prof/pr45354.c execution,    -fprofile-generate -D_PROFILE_GENERATE
UNRESOLVED: gcc.dg/tree-prof/pr45354.c compilation,  -fprofile-use -D_PROFILE_USE
UNRESOLVED: gcc.dg/tree-prof/pr45354.c execution,    -fprofile-use -D_PROFILE_USE
FAIL: gcc.dg/tree-prof/pr47187.c compilation,  -fprofile-generate -D_PROFILE_GENERATE
UNRESOLVED: gcc.dg/tree-prof/pr47187.c execution,    -fprofile-generate -D_PROFILE_GENERATE
UNRESOLVED: gcc.dg/tree-prof/pr47187.c compilation,  -fprofile-use -D_PROFILE_USE
UNRESOLVED: gcc.dg/tree-prof/pr47187.c execution,    -fprofile-use -D_PROFILE_USE
FAIL: gcc.dg/tree-prof/pr49299-1.c compilation,  -fprofile-generate -D_PROFILE_GENERATE
UNRESOLVED: gcc.dg/tree-prof/pr49299-1.c execution,    -fprofile-generate -D_PROFILE_GENERATE
UNRESOLVED: gcc.dg/tree-prof/pr49299-1.c compilation,  -fprofile-use -D_PROFILE_USE
UNRESOLVED: gcc.dg/tree-prof/pr49299-1.c execution,    -fprofile-use -D_PROFILE_USE
FAIL: gcc.dg/tree-prof/pr49299-2.c compilation,  -fprofile-generate -D_PROFILE_GENERATE
UNRESOLVED: gcc.dg/tree-prof/pr49299-2.c execution,    -fprofile-generate -D_PROFILE_GENERATE
UNRESOLVED: gcc.dg/tree-prof/pr49299-2.c compilation,  -fprofile-use -D_PROFILE_USE
UNRESOLVED: gcc.dg/tree-prof/pr49299-2.c execution,    -fprofile-use -D_PROFILE_USE
FAIL: gcc.dg/tree-prof/pr50907.c compilation,  -fprofile-generate -D_PROFILE_GENERATE
UNRESOLVED: gcc.dg/tree-prof/pr50907.c execution,    -fprofile-generate -D_PROFILE_GENERATE
UNRESOLVED: gcc.dg/tree-prof/pr50907.c compilation,  -fprofile-use -D_PROFILE_USE
UNRESOLVED: gcc.dg/tree-prof/pr50907.c execution,    -fprofile-use -D_PROFILE_USE
FAIL: gcc.dg/tree-prof/pr52027.c compilation,  -fprofile-generate -D_PROFILE_GENERATE
UNRESOLVED: gcc.dg/tree-prof/pr52027.c execution,    -fprofile-generate -D_PROFILE_GENERATE
UNRESOLVED: gcc.dg/tree-prof/pr52027.c compilation,  -fprofile-use -D_PROFILE_USE
UNRESOLVED: gcc.dg/tree-prof/pr52027.c execution,    -fprofile-use -D_PROFILE_USE
FAIL: gcc.dg/tree-prof/pr52150.c compilation,  -fprofile-generate -D_PROFILE_GENERATE
UNRESOLVED: gcc.dg/tree-prof/pr52150.c execution,    -fprofile-generate -D_PROFILE_GENERATE
UNRESOLVED: gcc.dg/tree-prof/pr52150.c compilation,  -fprofile-use -D_PROFILE_USE
UNRESOLVED: gcc.dg/tree-prof/pr52150.c execution,    -fprofile-use -D_PROFILE_USE
FAIL: gcc.dg/tree-prof/pr59003.c compilation,  -fprofile-generate -D_PROFILE_GENERATE
UNRESOLVED: gcc.dg/tree-prof/pr59003.c execution,    -fprofile-generate -D_PROFILE_GENERATE
UNRESOLVED: gcc.dg/tree-prof/pr59003.c compilation,  -fprofile-use -D_PROFILE_USE
UNRESOLVED: gcc.dg/tree-prof/pr59003.c execution,    -fprofile-use -D_PROFILE_USE
FAIL: gcc.dg/tree-prof/prof-robust-1.c compilation,  -fprofile-generate -D_PROFILE_GENERATE
UNRESOLVED: gcc.dg/tree-prof/prof-robust-1.c execution,    -fprofile-generate -D_PROFILE_GENERATE
UNRESOLVED: gcc.dg/tree-prof/prof-robust-1.c compilation,  -fprofile-use -D_PROFILE_USE
UNRESOLVED: gcc.dg/tree-prof/prof-robust-1.c execution,    -fprofile-use -D_PROFILE_USE
FAIL: gcc.dg/tree-prof/stringop-1.c compilation,  -fprofile-generate -D_PROFILE_GENERATE
UNRESOLVED: gcc.dg/tree-prof/stringop-1.c execution,    -fprofile-generate -D_PROFILE_GENERATE
UNRESOLVED: gcc.dg/tree-prof/stringop-1.c compilation,  -fprofile-use -D_PROFILE_USE
UNRESOLVED: gcc.dg/tree-prof/stringop-1.c execution,    -fprofile-use -D_PROFILE_USE
FAIL: gcc.dg/tree-prof/stringop-2.c compilation,  -fprofile-generate -D_PROFILE_GENERATE
UNRESOLVED: gcc.dg/tree-prof/stringop-2.c execution,    -fprofile-generate -D_PROFILE_GENERATE
UNRESOLVED: gcc.dg/tree-prof/stringop-2.c compilation,  -fprofile-use -D_PROFILE_USE
UNRESOLVED: gcc.dg/tree-prof/stringop-2.c execution,    -fprofile-use -D_PROFILE_USE
FAIL: gcc.dg/tree-prof/switch-case-1.c compilation,  -fprofile-generate -D_PROFILE_GENERATE
UNRESOLVED: gcc.dg/tree-prof/switch-case-1.c execution,    -fprofile-generate -D_PROFILE_GENERATE
UNRESOLVED: gcc.dg/tree-prof/switch-case-1.c compilation,  -fprofile-use -D_PROFILE_USE
UNRESOLVED: gcc.dg/tree-prof/switch-case-1.c execution,    -fprofile-use -D_PROFILE_USE
FAIL: gcc.dg/tree-prof/switch-case-2.c compilation,  -fprofile-generate -D_PROFILE_GENERATE
UNRESOLVED: gcc.dg/tree-prof/switch-case-2.c execution,    -fprofile-generate -D_PROFILE_GENERATE
UNRESOLVED: gcc.dg/tree-prof/switch-case-2.c compilation,  -fprofile-use -D_PROFILE_USE
UNRESOLVED: gcc.dg/tree-prof/switch-case-2.c execution,    -fprofile-use -D_PROFILE_USE
FAIL: gcc.dg/tree-prof/time-profiler-1.c compilation,  -fprofile-generate -D_PROFILE_GENERATE
UNRESOLVED: gcc.dg/tree-prof/time-profiler-1.c execution,    -fprofile-generate -D_PROFILE_GENERATE
UNRESOLVED: gcc.dg/tree-prof/time-profiler-1.c compilation,  -fprofile-use -D_PROFILE_USE
UNRESOLVED: gcc.dg/tree-prof/time-profiler-1.c execution,    -fprofile-use -D_PROFILE_USE
FAIL: gcc.dg/tree-prof/time-profiler-2.c compilation,  -fprofile-generate -D_PROFILE_GENERATE
UNRESOLVED: gcc.dg/tree-prof/time-profiler-2.c execution,    -fprofile-generate -D_PROFILE_GENERATE
UNRESOLVED: gcc.dg/tree-prof/time-profiler-2.c compilation,  -fprofile-use -D_PROFILE_USE
UNRESOLVED: gcc.dg/tree-prof/time-profiler-2.c execution,    -fprofile-use -D_PROFILE_USE
FAIL: gcc.dg/tree-prof/tracer-1.c compilation,  -fprofile-generate -D_PROFILE_GENERATE
UNRESOLVED: gcc.dg/tree-prof/tracer-1.c execution,    -fprofile-generate -D_PROFILE_GENERATE
UNRESOLVED: gcc.dg/tree-prof/tracer-1.c compilation,  -fprofile-use -D_PROFILE_USE
UNRESOLVED: gcc.dg/tree-prof/tracer-1.c execution,    -fprofile-use -D_PROFILE_USE
FAIL: gcc.dg/tree-prof/unroll-1.c compilation,  -fprofile-generate -D_PROFILE_GENERATE
UNRESOLVED: gcc.dg/tree-prof/unroll-1.c execution,    -fprofile-generate -D_PROFILE_GENERATE
UNRESOLVED: gcc.dg/tree-prof/unroll-1.c compilation,  -fprofile-use -D_PROFILE_USE
UNRESOLVED: gcc.dg/tree-prof/unroll-1.c execution,    -fprofile-use -D_PROFILE_USE
FAIL: gcc.dg/tree-prof/update-cunroll-2.c compilation,  -fprofile-generate -D_PROFILE_GENERATE
UNRESOLVED: gcc.dg/tree-prof/update-cunroll-2.c execution,    -fprofile-generate -D_PROFILE_GENERATE
UNRESOLVED: gcc.dg/tree-prof/update-cunroll-2.c compilation,  -fprofile-use -D_PROFILE_USE
UNRESOLVED: gcc.dg/tree-prof/update-cunroll-2.c execution,    -fprofile-use -D_PROFILE_USE
FAIL: gcc.dg/tree-prof/update-loopch.c compilation,  -fprofile-generate -D_PROFILE_GENERATE
UNRESOLVED: gcc.dg/tree-prof/update-loopch.c execution,    -fprofile-generate -D_PROFILE_GENERATE
UNRESOLVED: gcc.dg/tree-prof/update-loopch.c compilation,  -fprofile-use -D_PROFILE_USE
UNRESOLVED: gcc.dg/tree-prof/update-loopch.c execution,    -fprofile-use -D_PROFILE_USE
FAIL: gcc.dg/tree-prof/update-tailcall.c compilation,  -fprofile-generate -D_PROFILE_GENERATE
UNRESOLVED: gcc.dg/tree-prof/update-tailcall.c execution,    -fprofile-generate -D_PROFILE_GENERATE
UNRESOLVED: gcc.dg/tree-prof/update-tailcall.c compilation,  -fprofile-use -D_PROFILE_USE
UNRESOLVED: gcc.dg/tree-prof/update-tailcall.c execution,    -fprofile-use -D_PROFILE_USE
FAIL: gcc.dg/tree-prof/va-arg-pack-1.c compilation,  -fprofile-generate -D_PROFILE_GENERATE
UNRESOLVED: gcc.dg/tree-prof/va-arg-pack-1.c execution,    -fprofile-generate -D_PROFILE_GENERATE
UNRESOLVED: gcc.dg/tree-prof/va-arg-pack-1.c compilation,  -fprofile-use -D_PROFILE_USE
UNRESOLVED: gcc.dg/tree-prof/va-arg-pack-1.c execution,    -fprofile-use -D_PROFILE_USE
FAIL: gcc.dg/tree-prof/val-prof-1.c compilation,  -fprofile-generate -D_PROFILE_GENERATE
UNRESOLVED: gcc.dg/tree-prof/val-prof-1.c execution,    -fprofile-generate -D_PROFILE_GENERATE
UNRESOLVED: gcc.dg/tree-prof/val-prof-1.c compilation,  -fprofile-use -D_PROFILE_USE
UNRESOLVED: gcc.dg/tree-prof/val-prof-1.c execution,    -fprofile-use -D_PROFILE_USE
FAIL: gcc.dg/tree-prof/val-prof-2.c compilation,  -fprofile-generate -D_PROFILE_GENERATE
UNRESOLVED: gcc.dg/tree-prof/val-prof-2.c execution,    -fprofile-generate -D_PROFILE_GENERATE
UNRESOLVED: gcc.dg/tree-prof/val-prof-2.c compilation,  -fprofile-use -D_PROFILE_USE
UNRESOLVED: gcc.dg/tree-prof/val-prof-2.c execution,    -fprofile-use -D_PROFILE_USE
FAIL: gcc.dg/tree-prof/val-prof-3.c compilation,  -fprofile-generate -D_PROFILE_GENERATE
UNRESOLVED: gcc.dg/tree-prof/val-prof-3.c execution,    -fprofile-generate -D_PROFILE_GENERATE
UNRESOLVED: gcc.dg/tree-prof/val-prof-3.c compilation,  -fprofile-use -D_PROFILE_USE
UNRESOLVED: gcc.dg/tree-prof/val-prof-3.c execution,    -fprofile-use -D_PROFILE_USE
FAIL: gcc.dg/tree-prof/val-prof-4.c compilation,  -fprofile-generate -D_PROFILE_GENERATE
UNRESOLVED: gcc.dg/tree-prof/val-prof-4.c execution,    -fprofile-generate -D_PROFILE_GENERATE
UNRESOLVED: gcc.dg/tree-prof/val-prof-4.c compilation,  -fprofile-use -D_PROFILE_USE
UNRESOLVED: gcc.dg/tree-prof/val-prof-4.c execution,    -fprofile-use -D_PROFILE_USE
FAIL: gcc.dg/tree-prof/val-prof-5.c compilation,  -fprofile-generate -D_PROFILE_GENERATE
UNRESOLVED: gcc.dg/tree-prof/val-prof-5.c execution,    -fprofile-generate -D_PROFILE_GENERATE
UNRESOLVED: gcc.dg/tree-prof/val-prof-5.c compilation,  -fprofile-use -D_PROFILE_USE
UNRESOLVED: gcc.dg/tree-prof/val-prof-5.c execution,    -fprofile-use -D_PROFILE_USE
FAIL: gcc.dg/tree-prof/val-prof-6.c compilation,  -fprofile-generate -D_PROFILE_GENERATE
UNRESOLVED: gcc.dg/tree-prof/val-prof-6.c execution,    -fprofile-generate -D_PROFILE_GENERATE
UNRESOLVED: gcc.dg/tree-prof/val-prof-6.c compilation,  -fprofile-use -D_PROFILE_USE
UNRESOLVED: gcc.dg/tree-prof/val-prof-6.c execution,    -fprofile-use -D_PROFILE_USE
FAIL: gcc.dg/tree-prof/wcoverage-mismatch.c compilation,  -fprofile-generate -D_PROFILE_GENERATE
UNRESOLVED: gcc.dg/tree-prof/wcoverage-mismatch.c execution,    -fprofile-generate -D_PROFILE_GENERATE
UNRESOLVED: gcc.dg/tree-prof/wcoverage-mismatch.c compilation,  -fprofile-use -D_PROFILE_USE
UNRESOLVED: gcc.dg/tree-prof/wcoverage-mismatch.c execution,    -fprofile-use -D_PROFILE_USE
FAIL: gcc.dg/tree-ssa/cunroll-5.c scan-tree-dump cunroll "loop with 6 iterations completely unrolled"
FAIL: gcc.dg/tree-ssa/cunroll-5.c scan-tree-dump cunroll "Exit condition of peeled iterations was eliminated."
FAIL: gcc.dg/tree-ssa/cunroll-5.c scan-tree-dump cunroll "Last iteration exit edge was proved true."
FAIL: gcc.dg/tree-ssa/pr59597.c scan-tree-dump vrp1 "Cancelling"
FAIL: gcc.dg/tree-ssa/slsr-13.c scan-tree-dump-times optimized " \\\\* 4" 2
FAIL: gcc.dg/tree-ssa/slsr-13.c scan-tree-dump-times optimized " \\\\* 5" 0
FAIL: gcc.dg/vect/costmodel/spu/costmodel-vect-31a.c scan-tree-dump-times vect "vectorization not profitable" 1
FAIL: gcc.dg/vect/costmodel/spu/costmodel-vect-33.c scan-tree-dump-times vect "vectorization not profitable" 1
FAIL: gcc.dg/vect/bb-slp-32.c -flto -ffat-lto-objects  scan-tree-dump slp2 "vectorization is not profitable"
FAIL: gcc.dg/vect/bb-slp-32.c scan-tree-dump slp2 "vectorization is not profitable"
FAIL: gcc.dg/vect/no-vfa-vect-depend-2.c scan-tree-dump-times vect "vectorized 1 loops" 1
FAIL: gcc.dg/vect/no-vfa-vect-depend-3.c scan-tree-dump-times vect "vectorized 1 loops" 4
FAIL: gcc.dg/vect/pr61680.c -flto -ffat-lto-objects execution test
FAIL: gcc.dg/vect/pr61680.c execution test
FAIL: gcc.dg/vect/slp-10.c -flto -ffat-lto-objects  scan-tree-dump-times vect "vectorized 2 loops" 1
FAIL: gcc.dg/vect/slp-10.c -flto -ffat-lto-objects  scan-tree-dump-times vect "vectorizing stmts using SLP" 2
FAIL: gcc.dg/vect/slp-10.c scan-tree-dump-times vect "vectorized 2 loops" 1
FAIL: gcc.dg/vect/slp-10.c scan-tree-dump-times vect "vectorizing stmts using SLP" 2
FAIL: gcc.dg/vect/slp-11c.c scan-tree-dump-times vect "vectorized 0 loops" 1
FAIL: gcc.dg/vect/slp-11c.c -flto -ffat-lto-objects  scan-tree-dump-times vect "vectorized 0 loops" 1
FAIL: gcc.dg/vect/slp-33.c -flto -ffat-lto-objects  scan-tree-dump-times vect "vectorized 2 loops" 1
FAIL: gcc.dg/vect/slp-33.c -flto -ffat-lto-objects  scan-tree-dump-times vect "vectorizing stmts using SLP" 2
FAIL: gcc.dg/vect/slp-33.c scan-tree-dump-times vect "vectorized 2 loops" 1
FAIL: gcc.dg/vect/slp-33.c scan-tree-dump-times vect "vectorizing stmts using SLP" 2
FAIL: gcc.dg/vect/vect-31.c scan-tree-dump-times vect "vectorized 4 loops" 1
FAIL: gcc.dg/vect/vect-31.c -flto -ffat-lto-objects  scan-tree-dump-times vect "vectorized 4 loops" 1
FAIL: gcc.misc-tests/bprob-1.c execution: file bprob-1.gcda does not exist,  -O2  -fprofile-arcs
UNRESOLVED: gcc.misc-tests/bprob-1.c compilation,  -O2  -fbranch-probabilities
UNRESOLVED: gcc.misc-tests/bprob-1.c execution,    -O2  -fbranch-probabilities
FAIL: gcc.misc-tests/bprob-1.c execution: file bprob-1.gcda does not exist,  -O3   -fprofile-arcs
UNRESOLVED: gcc.misc-tests/bprob-1.c compilation,  -O3   -fbranch-probabilities
UNRESOLVED: gcc.misc-tests/bprob-1.c execution,    -O3   -fbranch-probabilities
FAIL: gcc.misc-tests/bprob-2.c execution: file bprob-2.gcda does not exist,  -O2  -fprofile-arcs
UNRESOLVED: gcc.misc-tests/bprob-2.c compilation,  -O2  -fbranch-probabilities
UNRESOLVED: gcc.misc-tests/bprob-2.c execution,    -O2  -fbranch-probabilities
FAIL: gcc.misc-tests/bprob-2.c execution: file bprob-2.gcda does not exist,  -O3   -fprofile-arcs
UNRESOLVED: gcc.misc-tests/bprob-2.c compilation,  -O3   -fbranch-probabilities
UNRESOLVED: gcc.misc-tests/bprob-2.c execution,    -O3   -fbranch-probabilities

		=== gcc Summary ===

# of expected passes		86316
# of unexpected failures	122
# of expected failures		236
# of unresolved testcases	143
# of unsupported tests		1941
/home/uweigand/dailybuild/spu-tc-2014-11-23/gcc-build/gcc/xgcc  version 5.0.0 20141123 (experimental) (GCC) 

		=== gfortran tests ===


Running target cell-native
FAIL: gfortran.dg/coarray/alloc_comp_1.f90 -fcoarray=lib  -O2  -lcaf_single (test for excess errors)
WARNING: gfortran.dg/coarray/alloc_comp_1.f90 -fcoarray=lib  -O2  -lcaf_single compilation failed to produce executable
FAIL: gfortran.dg/coarray/allocate_errgmsg.f90 -fcoarray=lib  -O2  -lcaf_single (test for excess errors)
WARNING: gfortran.dg/coarray/allocate_errgmsg.f90 -fcoarray=lib  -O2  -lcaf_single compilation failed to produce executable
FAIL: gfortran.dg/coarray/atomic_1.f90 -fcoarray=lib  -O2  -lcaf_single (test for excess errors)
WARNING: gfortran.dg/coarray/atomic_1.f90 -fcoarray=lib  -O2  -lcaf_single compilation failed to produce executable
FAIL: gfortran.dg/coarray/atomic_2.f90 -fcoarray=single  -O2  (test for excess errors)
WARNING: gfortran.dg/coarray/atomic_2.f90 -fcoarray=single  -O2  compilation failed to produce executable
FAIL: gfortran.dg/coarray/atomic_2.f90 -fcoarray=lib  -O2  -lcaf_single (test for excess errors)
WARNING: gfortran.dg/coarray/atomic_2.f90 -fcoarray=lib  -O2  -lcaf_single compilation failed to produce executable
FAIL: gfortran.dg/coarray/codimension.f90 -fcoarray=lib  -O2  -lcaf_single (test for excess errors)
WARNING: gfortran.dg/coarray/codimension.f90 -fcoarray=lib  -O2  -lcaf_single compilation failed to produce executable
FAIL: gfortran.dg/coarray/coindexed_1.f90 -fcoarray=lib  -O2  -lcaf_single (test for excess errors)
WARNING: gfortran.dg/coarray/coindexed_1.f90 -fcoarray=lib  -O2  -lcaf_single compilation failed to produce executable
FAIL: gfortran.dg/coarray/coindexed_3.f90 -fcoarray=lib  -O2  -lcaf_single (test for excess errors)
WARNING: gfortran.dg/coarray/coindexed_3.f90 -fcoarray=lib  -O2  -lcaf_single compilation failed to produce executable
FAIL: gfortran.dg/coarray/collectives_1.f90 -fcoarray=lib  -O2  -lcaf_single (test for excess errors)
WARNING: gfortran.dg/coarray/collectives_1.f90 -fcoarray=lib  -O2  -lcaf_single compilation failed to produce executable
FAIL: gfortran.dg/coarray/collectives_2.f90 -fcoarray=lib  -O2  -lcaf_single (test for excess errors)
WARNING: gfortran.dg/coarray/collectives_2.f90 -fcoarray=lib  -O2  -lcaf_single compilation failed to produce executable
FAIL: gfortran.dg/coarray/collectives_3.f90 -fcoarray=lib  -O2  -lcaf_single (test for excess errors)
WARNING: gfortran.dg/coarray/collectives_3.f90 -fcoarray=lib  -O2  -lcaf_single compilation failed to produce executable
FAIL: gfortran.dg/coarray/cosubscript_1.f90 -fcoarray=lib  -O2  -lcaf_single (test for excess errors)
WARNING: gfortran.dg/coarray/cosubscript_1.f90 -fcoarray=lib  -O2  -lcaf_single compilation failed to produce executable
FAIL: gfortran.dg/coarray/dummy_1.f90 -fcoarray=lib  -O2  -lcaf_single (test for excess errors)
WARNING: gfortran.dg/coarray/dummy_1.f90 -fcoarray=lib  -O2  -lcaf_single compilation failed to produce executable
FAIL: gfortran.dg/coarray/get_array.f90 -fcoarray=lib  -O2  -lcaf_single (test for excess errors)
WARNING: gfortran.dg/coarray/get_array.f90 -fcoarray=lib  -O2  -lcaf_single compilation failed to produce executable
FAIL: gfortran.dg/coarray/image_index_1.f90 -fcoarray=lib  -O2  -lcaf_single (test for excess errors)
WARNING: gfortran.dg/coarray/image_index_1.f90 -fcoarray=lib  -O2  -lcaf_single compilation failed to produce executable
FAIL: gfortran.dg/coarray/image_index_2.f90 -fcoarray=lib  -O2  -lcaf_single (test for excess errors)
WARNING: gfortran.dg/coarray/image_index_2.f90 -fcoarray=lib  -O2  -lcaf_single compilation failed to produce executable
FAIL: gfortran.dg/coarray/image_index_3.f90 -fcoarray=lib  -O2  -lcaf_single (test for excess errors)
WARNING: gfortran.dg/coarray/image_index_3.f90 -fcoarray=lib  -O2  -lcaf_single compilation failed to produce executable
FAIL: gfortran.dg/coarray/lib_realloc_1.f90 -fcoarray=lib  -O2  -lcaf_single (test for excess errors)
WARNING: gfortran.dg/coarray/lib_realloc_1.f90 -fcoarray=lib  -O2  -lcaf_single compilation failed to produce executable
FAIL: gfortran.dg/coarray/lock_1.f90 -fcoarray=lib  -O2  -lcaf_single (test for excess errors)
WARNING: gfortran.dg/coarray/lock_1.f90 -fcoarray=lib  -O2  -lcaf_single compilation failed to produce executable
FAIL: gfortran.dg/coarray/move_alloc_1.f90 -fcoarray=lib  -O2  -lcaf_single (test for excess errors)
WARNING: gfortran.dg/coarray/move_alloc_1.f90 -fcoarray=lib  -O2  -lcaf_single compilation failed to produce executable
FAIL: gfortran.dg/coarray/poly_run_1.f90 -fcoarray=lib  -O2  -lcaf_single (test for excess errors)
WARNING: gfortran.dg/coarray/poly_run_1.f90 -fcoarray=lib  -O2  -lcaf_single compilation failed to produce executable
FAIL: gfortran.dg/coarray/poly_run_2.f90 -fcoarray=lib  -O2  -lcaf_single (test for excess errors)
WARNING: gfortran.dg/coarray/poly_run_2.f90 -fcoarray=lib  -O2  -lcaf_single compilation failed to produce executable
FAIL: gfortran.dg/coarray/poly_run_3.f90 -fcoarray=lib  -O2  -lcaf_single (test for excess errors)
WARNING: gfortran.dg/coarray/poly_run_3.f90 -fcoarray=lib  -O2  -lcaf_single compilation failed to produce executable
FAIL: gfortran.dg/coarray/registering_1.f90 -fcoarray=lib  -O2  -lcaf_single (test for excess errors)
WARNING: gfortran.dg/coarray/registering_1.f90 -fcoarray=lib  -O2  -lcaf_single compilation failed to produce executable
FAIL: gfortran.dg/coarray/scalar_alloc_1.f90 -fcoarray=lib  -O2  -lcaf_single (test for excess errors)
WARNING: gfortran.dg/coarray/scalar_alloc_1.f90 -fcoarray=lib  -O2  -lcaf_single compilation failed to produce executable
FAIL: gfortran.dg/coarray/scalar_alloc_2.f90 -fcoarray=lib  -O2  -lcaf_single (test for excess errors)
WARNING: gfortran.dg/coarray/scalar_alloc_2.f90 -fcoarray=lib  -O2  -lcaf_single compilation failed to produce executable
FAIL: gfortran.dg/coarray/send_array.f90 -fcoarray=lib  -O2  -lcaf_single (test for excess errors)
WARNING: gfortran.dg/coarray/send_array.f90 -fcoarray=lib  -O2  -lcaf_single compilation failed to produce executable
FAIL: gfortran.dg/coarray/sendget_array.f90 -fcoarray=lib  -O2  -lcaf_single (test for excess errors)
WARNING: gfortran.dg/coarray/sendget_array.f90 -fcoarray=lib  -O2  -lcaf_single compilation failed to produce executable
FAIL: gfortran.dg/coarray/subobject_1.f90 -fcoarray=lib  -O2  -lcaf_single (test for excess errors)
WARNING: gfortran.dg/coarray/subobject_1.f90 -fcoarray=lib  -O2  -lcaf_single compilation failed to produce executable
FAIL: gfortran.dg/coarray/sync_1.f90 -fcoarray=lib  -O2  -lcaf_single (test for excess errors)
WARNING: gfortran.dg/coarray/sync_1.f90 -fcoarray=lib  -O2  -lcaf_single compilation failed to produce executable
FAIL: gfortran.dg/coarray/sync_3.f90 -fcoarray=lib  -O2  -lcaf_single (test for excess errors)
WARNING: gfortran.dg/coarray/sync_3.f90 -fcoarray=lib  -O2  -lcaf_single compilation failed to produce executable
FAIL: gfortran.dg/coarray/this_image_1.f90 -fcoarray=lib  -O2  -lcaf_single (test for excess errors)
WARNING: gfortran.dg/coarray/this_image_1.f90 -fcoarray=lib  -O2  -lcaf_single compilation failed to produce executable
FAIL: gfortran.dg/coarray/this_image_2.f90 -fcoarray=lib  -O2  -lcaf_single (test for excess errors)
WARNING: gfortran.dg/coarray/this_image_2.f90 -fcoarray=lib  -O2  -lcaf_single compilation failed to produce executable
FAIL: gfortran.dg/array_constructor_45.f90   -O0  execution test
FAIL: gfortran.dg/bind_c_array_params_2.f90   -O   scan-assembler-times [ \\t][\$,_0-9]*myBindC 1
FAIL: gfortran.dg/char_result_13.f90   -O3 -fomit-frame-pointer  execution test
FAIL: gfortran.dg/char_result_13.f90   -O3 -fomit-frame-pointer -funroll-all-loops -finline-functions  execution test
FAIL: gfortran.dg/char_result_13.f90   -O3 -g  execution test
FAIL: gfortran.dg/coarray_lib_comm_1.f90   -O0  (test for excess errors)
WARNING: gfortran.dg/coarray_lib_comm_1.f90   -O0  compilation failed to produce executable
FAIL: gfortran.dg/coarray_lib_comm_1.f90   -O1  (test for excess errors)
WARNING: gfortran.dg/coarray_lib_comm_1.f90   -O1  compilation failed to produce executable
FAIL: gfortran.dg/coarray_lib_comm_1.f90   -O2  (test for excess errors)
WARNING: gfortran.dg/coarray_lib_comm_1.f90   -O2  compilation failed to produce executable
FAIL: gfortran.dg/coarray_lib_comm_1.f90   -O3 -fomit-frame-pointer  (test for excess errors)
WARNING: gfortran.dg/coarray_lib_comm_1.f90   -O3 -fomit-frame-pointer  compilation failed to produce executable
FAIL: gfortran.dg/coarray_lib_comm_1.f90   -O3 -fomit-frame-pointer -funroll-loops  (test for excess errors)
WARNING: gfortran.dg/coarray_lib_comm_1.f90   -O3 -fomit-frame-pointer -funroll-loops  compilation failed to produce executable
FAIL: gfortran.dg/coarray_lib_comm_1.f90   -O3 -fomit-frame-pointer -funroll-all-loops -finline-functions  (test for excess errors)
WARNING: gfortran.dg/coarray_lib_comm_1.f90   -O3 -fomit-frame-pointer -funroll-all-loops -finline-functions  compilation failed to produce executable
FAIL: gfortran.dg/coarray_lib_comm_1.f90   -O3 -g  (test for excess errors)
WARNING: gfortran.dg/coarray_lib_comm_1.f90   -O3 -g  compilation failed to produce executable
FAIL: gfortran.dg/coarray_lib_comm_1.f90   -Os  (test for excess errors)
WARNING: gfortran.dg/coarray_lib_comm_1.f90   -Os  compilation failed to produce executable
XPASS: gfortran.dg/default_format_denormal_1.f90   -O0  execution test
XPASS: gfortran.dg/default_format_denormal_1.f90   -O1  execution test
XPASS: gfortran.dg/default_format_denormal_1.f90   -O2  execution test
XPASS: gfortran.dg/default_format_denormal_1.f90   -O3 -fomit-frame-pointer  execution test
XPASS: gfortran.dg/default_format_denormal_1.f90   -O3 -fomit-frame-pointer -funroll-loops  execution test
XPASS: gfortran.dg/default_format_denormal_1.f90   -O3 -fomit-frame-pointer -funroll-all-loops -finline-functions  execution test
XPASS: gfortran.dg/default_format_denormal_1.f90   -O3 -g  execution test
XPASS: gfortran.dg/default_format_denormal_1.f90   -Os  execution test
FAIL: gfortran.dg/minlocval_3.f90   -O1  execution test
FAIL: gfortran.dg/minlocval_3.f90   -O2  execution test
FAIL: gfortran.dg/minlocval_3.f90   -O3 -fomit-frame-pointer  execution test
FAIL: gfortran.dg/minlocval_3.f90   -O3 -fomit-frame-pointer -funroll-loops  execution test
FAIL: gfortran.dg/minlocval_3.f90   -O3 -fomit-frame-pointer -funroll-all-loops -finline-functions  execution test
FAIL: gfortran.dg/minlocval_3.f90   -O3 -g  execution test
FAIL: gfortran.dg/minlocval_3.f90   -Os  execution test
FAIL: gfortran.dg/sms-2.f90   -O3 -fomit-frame-pointer -funroll-loops  (test for excess errors)
WARNING: gfortran.dg/sms-2.f90   -O3 -fomit-frame-pointer -funroll-loops  compilation failed to produce executable
FAIL: gfortran.dg/sms-2.f90   -O3 -fomit-frame-pointer -funroll-all-loops -finline-functions  (test for excess errors)
WARNING: gfortran.dg/sms-2.f90   -O3 -fomit-frame-pointer -funroll-all-loops -finline-functions  compilation failed to produce executable
WARNING: program timed out.
WARNING: program timed out.
FAIL: gfortran.dg/vect/fast-math-rnflow-trs2a2.f90   -O   scan-tree-dump-times vect "vectorized 1 loops" 1
FAIL: gfortran.dg/vect/vect-8.f90   -O   scan-tree-dump-times vect "vectorized 19 loops" 1

		=== gfortran Summary ===

# of expected passes		44600
# of unexpected failures	57
# of unexpected successes	8
# of expected failures		104
# of unsupported tests		578
/home/uweigand/dailybuild/spu-tc-2014-11-23/gcc-build/gcc/testsuite/gfortran/../../gfortran  version 5.0.0 20141123 (experimental) (GCC) 


Compiler version: 5.0.0 20141123 (experimental) (GCC) 
Platform: spu-unknown-elf
configure flags: --target=spu --disable-nls --disable-libsanitizer --enable-languages=c,c++,fortran --with-headers --enable-version-specific-runtime-libs --with-gmp=/home/uweigand/dailybuild/prereqs/install --with-mpfr=/home/uweigand/dailybuild/prereqs/install --with-mpc=/home/uweigand/dailybuild/prereqs/install --prefix=/home/uweigand/dailybuild/spu-tc-2014-11-23/spu-toolchain

############################################################
# Binutils test suite results                              #
############################################################
Target is spu-unknown-elf
Host   is powerpc64-unknown-linux-gnu

		=== binutils tests ===


Running target unix
WARNING: Assuming target board is the local machine (which is probably wrong).
FAIL: simple objcopy of executable

		=== binutils Summary ===

# of expected passes		86
# of unexpected failures	1
# of unsupported tests		6
Host   is powerpc64-unknown-linux-gnu

		=== gas tests ===


Running target unix
WARNING: Assuming target board is the local machine (which is probably wrong).

		=== gas Summary ===

# of expected passes		133
Host   is powerpc64-unknown-linux-gnu

		=== ld tests ===


Running target unix
WARNING: Assuming target board is the local machine (which is probably wrong).
FAIL: --gc-sections with --defsym

		=== ld Summary ===

# of expected passes		245
# of unexpected failures	1
# of expected failures		5
# of untested testcases		1
# of unsupported tests		15

Platform: spu-unknown-elf
configure flags: --disable-gdb --disable-libdecnumber --disable-readline --disable-sim --target=spu --prefix=/home/uweigand/dailybuild/spu-tc-2014-11-23/spu-toolchain

############################################################
# GDB test suite results                                   #
############################################################
Target is spu-unknown-elf
Host   is powerpc64-unknown-linux-gnu

		=== gdb tests ===


Running target cell-native
FAIL: gdb.base/async.exp: next& (timeout)
FAIL: gdb.base/async.exp: step& #1 (timeout)
FAIL: gdb.base/async.exp: step& #2 (timeout)
FAIL: gdb.base/async.exp: stepi& (timeout)
FAIL: gdb.base/async.exp: get next insn
FAIL: gdb.base/async.exp: nexti& (timeout)
FAIL: gdb.base/async.exp: finish& (timeout)
FAIL: gdb.base/async.exp: jump& (timeout)
FAIL: gdb.base/async.exp: until& (timeout)
FAIL: gdb.base/async.exp: set exec-done-display off
FAIL: gdb.base/attach-wait-input.exp: editing on: attach and print (timeout)
FAIL: gdb.base/attach-wait-input.exp: editing off: attach and print (timeout)
FAIL: gdb.base/auto-connect-native-target.exp: kill: start
FAIL: gdb.base/auto-connect-native-target.exp: detach: start
FAIL: gdb.base/auto-connect-native-target.exp: run to exit: start
FAIL: gdb.base/auto-connect-native-target.exp: run to exit: c (the program is no longer running)
FAIL: gdb.base/auto-connect-native-target.exp: disconnect: start
FAIL: gdb.base/bg-execution-repeat.exp: c&: c&
FAIL: gdb.base/bg-execution-repeat.exp: c&: breakpoint hit 1 (timeout)
FAIL: gdb.base/bg-execution-repeat.exp: c&: repeat bg command
FAIL: gdb.base/bg-execution-repeat.exp: c&: breakpoint hit 2 (timeout)
FAIL: gdb.base/bg-execution-repeat.exp: c 1&: c 1&
FAIL: gdb.base/bg-execution-repeat.exp: c 1&: breakpoint hit 1 (timeout)
FAIL: gdb.base/bg-execution-repeat.exp: c 1&: repeat bg command
FAIL: gdb.base/bg-execution-repeat.exp: c 1&: breakpoint hit 2 (timeout)
FAIL: gdb.base/code_elim.exp: single psymtabs: test eliminated var my_global_symbol
FAIL: gdb.base/code_elim.exp: single psymtabs: test eliminated var my_static_symbol
FAIL: gdb.base/code_elim.exp: single psymtabs: test eliminated var my_global_func
FAIL: gdb.base/code_elim.exp: single symtabs: test eliminated var my_global_symbol
FAIL: gdb.base/code_elim.exp: single symtabs: test eliminated var my_static_symbol
FAIL: gdb.base/code_elim.exp: single symtabs: test eliminated var my_global_func
FAIL: gdb.base/code_elim.exp: order1: my_global_symbol has null address
FAIL: gdb.base/code_elim.exp: order1: my_static_symbol has null address
FAIL: gdb.base/dprintf-non-stop.exp: Can't run to main
FAIL: gdb.base/nostdlib.exp: continue to marker (the program exited)
FAIL: gdb.base/paginate-after-ctrl-c-running.exp: ctrlc target running: got prompt
FAIL: gdb.base/paginate-bg-execution.exp: paginate: continue&
FAIL: gdb.base/paginate-bg-execution.exp: paginate: pagination handled, breakpoint hit (timeout)
FAIL: gdb.base/paginate-bg-execution.exp: cancel with ctrl-c: continue&
FAIL: gdb.base/paginate-bg-execution.exp: cancel with ctrl-c: continue& paginates (timeout)
FAIL: gdb.base/paginate-bg-execution.exp: cancel with quit: continue&
FAIL: gdb.base/paginate-bg-execution.exp: cancel with quit: continue& paginates (timeout)
ERROR: Window too small.
UNRESOLVED: gdb.base/paginate-bg-execution.exp: cancel with quit: cancel pagination
ERROR: Window too small.
UNRESOLVED: gdb.base/paginate-bg-execution.exp: cancel with quit: GDB accepts further input
ERROR: Window too small.
UNRESOLVED: gdb.base/paginate-bg-execution.exp: cancel with quit: set height unlimited
FAIL: gdb.base/sss-bp-on-user-bp-2.exp: continue to breakpoint: run past setup (the program exited)
FAIL: gdb.base/sss-bp-on-user-bp-2.exp: stepi_del_break (the program is no longer running)
FAIL: gdb.base/sss-bp-on-user-bp-2.exp: si& finished (timeout)
FAIL: gdb.base/store.exp: continue to add_charest
FAIL: gdb.base/store.exp: continue to add_short
FAIL: gdb.base/store.exp: continue to add_int
FAIL: gdb.base/store.exp: continue to add_long
FAIL: gdb.base/store.exp: continue to add_float
FAIL: gdb.base/store.exp: continue to add_double
FAIL: gdb.base/store.exp: continue to add_doublest
FAIL: gdb.base/testenv.exp: Test with one TEST_GDB var
FAIL: gdb.base/testenv.exp: Test with two TEST_GDB var
FAIL: gdb.base/testenv.exp: Test with one TEST_GDB var, after unset
FAIL: gdb.base/testenv.exp: Test with TEST_GDB_GLOBAL
FAIL: gdb.base/vla-datatypes.exp: print float_vla
FAIL: gdb.base/watchpoint-reuse-slot.exp: always-inserted off: watch x watch: : width 1, iter 0: base + 0: watch *(buf.byte + 0 + 0)@1
FAIL: gdb.base/watchpoint-reuse-slot.exp: always-inserted off: watch x watch: : width 1, iter 0: base + 1: watch *(buf.byte + 0 + 1)@1
FAIL: gdb.base/watchpoint-reuse-slot.exp: always-inserted off: watch x watch: : width 1, iter 1: base + 0: watch *(buf.byte + 1 + 0)@1
FAIL: gdb.base/watchpoint-reuse-slot.exp: always-inserted off: watch x watch: : width 1, iter 1: base + 1: watch *(buf.byte + 1 + 1)@1
FAIL: gdb.base/watchpoint-reuse-slot.exp: always-inserted off: watch x watch: : width 1, iter 2: base + 0: watch *(buf.byte + 2 + 0)@1
FAIL: gdb.base/watchpoint-reuse-slot.exp: always-inserted off: watch x watch: : width 1, iter 2: base + 1: watch *(buf.byte + 2 + 1)@1
FAIL: gdb.base/watchpoint-reuse-slot.exp: always-inserted off: watch x watch: : width 1, iter 3: base + 0: watch *(buf.byte + 3 + 0)@1
FAIL: gdb.base/watchpoint-reuse-slot.exp: always-inserted off: watch x watch: : width 1, iter 3: base + 1: watch *(buf.byte + 3 + 1)@1
FAIL: gdb.base/watchpoint-reuse-slot.exp: always-inserted off: watch x watch: : width 2, iter 0: base + 0: watch *(buf.byte + 0 + 0)@2
FAIL: gdb.base/watchpoint-reuse-slot.exp: always-inserted off: watch x watch: : width 2, iter 0: base + 1: watch *(buf.byte + 0 + 1)@2
FAIL: gdb.base/watchpoint-reuse-slot.exp: always-inserted off: watch x watch: : width 2, iter 1: base + 0: watch *(buf.byte + 1 + 0)@2
FAIL: gdb.base/watchpoint-reuse-slot.exp: always-inserted off: watch x watch: : width 2, iter 1: base + 1: watch *(buf.byte + 1 + 1)@2
FAIL: gdb.base/watchpoint-reuse-slot.exp: always-inserted off: watch x watch: : width 2, iter 2: base + 0: watch *(buf.byte + 2 + 0)@2
FAIL: gdb.base/watchpoint-reuse-slot.exp: always-inserted off: watch x watch: : width 2, iter 2: base + 1: watch *(buf.byte + 2 + 1)@2
FAIL: gdb.base/watchpoint-reuse-slot.exp: always-inserted off: watch x watch: : width 2, iter 3: base + 0: watch *(buf.byte + 3 + 0)@2
FAIL: gdb.base/watchpoint-reuse-slot.exp: always-inserted off: watch x watch: : width 2, iter 3: base + 1: watch *(buf.byte + 3 + 1)@2
FAIL: gdb.base/watchpoint-reuse-slot.exp: always-inserted off: watch x watch: : width 3, iter 0: base + 0: watch *(buf.byte + 0 + 0)@3
FAIL: gdb.base/watchpoint-reuse-slot.exp: always-inserted off: watch x watch: : width 3, iter 0: base + 1: watch *(buf.byte + 0 + 1)@3
FAIL: gdb.base/watchpoint-reuse-slot.exp: always-inserted off: watch x watch: : width 3, iter 1: base + 0: watch *(buf.byte + 1 + 0)@3
FAIL: gdb.base/watchpoint-reuse-slot.exp: always-inserted off: watch x watch: : width 3, iter 1: base + 1: watch *(buf.byte + 1 + 1)@3
FAIL: gdb.base/watchpoint-reuse-slot.exp: always-inserted off: watch x watch: : width 3, iter 2: base + 0: watch *(buf.byte + 2 + 0)@3
FAIL: gdb.base/watchpoint-reuse-slot.exp: always-inserted off: watch x watch: : width 3, iter 2: base + 1: watch *(buf.byte + 2 + 1)@3
FAIL: gdb.base/watchpoint-reuse-slot.exp: always-inserted off: watch x watch: : width 3, iter 3: base + 0: watch *(buf.byte + 3 + 0)@3
FAIL: gdb.base/watchpoint-reuse-slot.exp: always-inserted off: watch x watch: : width 3, iter 3: base + 1: watch *(buf.byte + 3 + 1)@3
FAIL: gdb.base/watchpoint-reuse-slot.exp: always-inserted on: watch x watch: : width 1, iter 0: base + 0: watch *(buf.byte + 0 + 0)@1
FAIL: gdb.base/watchpoint-reuse-slot.exp: always-inserted on: watch x watch: : width 1, iter 0: base + 1: watch *(buf.byte + 0 + 1)@1
FAIL: gdb.base/watchpoint-reuse-slot.exp: always-inserted on: watch x watch: : width 1, iter 1: base + 0: watch *(buf.byte + 1 + 0)@1
FAIL: gdb.base/watchpoint-reuse-slot.exp: always-inserted on: watch x watch: : width 1, iter 1: base + 1: watch *(buf.byte + 1 + 1)@1
FAIL: gdb.base/watchpoint-reuse-slot.exp: always-inserted on: watch x watch: : width 1, iter 2: base + 0: watch *(buf.byte + 2 + 0)@1
FAIL: gdb.base/watchpoint-reuse-slot.exp: always-inserted on: watch x watch: : width 1, iter 2: base + 1: watch *(buf.byte + 2 + 1)@1
FAIL: gdb.base/watchpoint-reuse-slot.exp: always-inserted on: watch x watch: : width 1, iter 3: base + 0: watch *(buf.byte + 3 + 0)@1
FAIL: gdb.base/watchpoint-reuse-slot.exp: always-inserted on: watch x watch: : width 1, iter 3: base + 1: watch *(buf.byte + 3 + 1)@1
FAIL: gdb.base/watchpoint-reuse-slot.exp: always-inserted on: watch x watch: : width 2, iter 0: base + 0: watch *(buf.byte + 0 + 0)@2
FAIL: gdb.base/watchpoint-reuse-slot.exp: always-inserted on: watch x watch: : width 2, iter 0: base + 1: watch *(buf.byte + 0 + 1)@2
FAIL: gdb.base/watchpoint-reuse-slot.exp: always-inserted on: watch x watch: : width 2, iter 1: base + 0: watch *(buf.byte + 1 + 0)@2
FAIL: gdb.base/watchpoint-reuse-slot.exp: always-inserted on: watch x watch: : width 2, iter 1: base + 1: watch *(buf.byte + 1 + 1)@2
FAIL: gdb.base/watchpoint-reuse-slot.exp: always-inserted on: watch x watch: : width 2, iter 2: base + 0: watch *(buf.byte + 2 + 0)@2
FAIL: gdb.base/watchpoint-reuse-slot.exp: always-inserted on: watch x watch: : width 2, iter 2: base + 1: watch *(buf.byte + 2 + 1)@2
FAIL: gdb.base/watchpoint-reuse-slot.exp: always-inserted on: watch x watch: : width 2, iter 3: base + 0: watch *(buf.byte + 3 + 0)@2
FAIL: gdb.base/watchpoint-reuse-slot.exp: always-inserted on: watch x watch: : width 2, iter 3: base + 1: watch *(buf.byte + 3 + 1)@2
FAIL: gdb.base/watchpoint-reuse-slot.exp: always-inserted on: watch x watch: : width 3, iter 0: base + 0: watch *(buf.byte + 0 + 0)@3
FAIL: gdb.base/watchpoint-reuse-slot.exp: always-inserted on: watch x watch: : width 3, iter 0: base + 1: watch *(buf.byte + 0 + 1)@3
FAIL: gdb.base/watchpoint-reuse-slot.exp: always-inserted on: watch x watch: : width 3, iter 1: base + 0: watch *(buf.byte + 1 + 0)@3
FAIL: gdb.base/watchpoint-reuse-slot.exp: always-inserted on: watch x watch: : width 3, iter 1: base + 1: watch *(buf.byte + 1 + 1)@3
FAIL: gdb.base/watchpoint-reuse-slot.exp: always-inserted on: watch x watch: : width 3, iter 2: base + 0: watch *(buf.byte + 2 + 0)@3
FAIL: gdb.base/watchpoint-reuse-slot.exp: always-inserted on: watch x watch: : width 3, iter 2: base + 1: watch *(buf.byte + 2 + 1)@3
FAIL: gdb.base/watchpoint-reuse-slot.exp: always-inserted on: watch x watch: : width 3, iter 3: base + 0: watch *(buf.byte + 3 + 0)@3
FAIL: gdb.base/watchpoint-reuse-slot.exp: always-inserted on: watch x watch: : width 3, iter 3: base + 1: watch *(buf.byte + 3 + 1)@3
FAIL: gdb.base/watchpoint-stops-at-right-insn.exp: always-inserted off: set hardware watchpoint on global variable
FAIL: gdb.base/watchpoint-stops-at-right-insn.exp: always-inserted off: hardware watchpoint triggers
FAIL: gdb.base/watchpoint-stops-at-right-insn.exp: always-inserted on: set hardware watchpoint on global variable
FAIL: gdb.base/watchpoint-stops-at-right-insn.exp: always-inserted on: hardware watchpoint triggers
FAIL: gdb.base/watchpoint.exp: watch foo2
FAIL: gdb.base/watchpoint.exp: continue with watch foo2
FAIL: gdb.base/watchpoint.exp: watch foo4
FAIL: gdb.base/watchpoint.exp: continue with watch foo4
FAIL: gdb.cp/inherit.exp: print g_vD
FAIL: gdb.cp/inherit.exp: print g_vE
FAIL: gdb.cp/virtbase.exp: print *this
FAIL: gdb.cp/virtbase.exp: print *(D *) e
FAIL: gdb.cp/vla-cxx.exp: continue to breakpoint: vlas_filled (the program exited)
FAIL: gdb.cp/vla-cxx.exp: print vla
FAIL: gdb.cp/vla-cxx.exp: print vlaref
FAIL: gdb.cp/vla-cxx.exp: print vlaref2
FAIL: gdb.cp/vla-cxx.exp: print c
FAIL: gdb.dwarf2/dw2-dir-file-name.exp: compdir_missing__ldir_missing__file_basename: continue to breakpoint: compdir_missing__ldir_missing__file_basename
FAIL: gdb.dwarf2/dw2-dir-file-name.exp: compdir_missing__ldir_missing__file_basename: absolute
FAIL: gdb.dwarf2/dw2-dir-file-name.exp: compdir_missing__ldir_missing__file_basename: basename
FAIL: gdb.dwarf2/dw2-dir-file-name.exp: compdir_missing__ldir_missing__file_basename: relative
FAIL: gdb.dwarf2/dw2-dir-file-name.exp: compdir_missing__ldir_missing__file_relative: continue to breakpoint: compdir_missing__ldir_missing__file_relative
FAIL: gdb.dwarf2/dw2-dir-file-name.exp: compdir_missing__ldir_missing__file_relative: absolute
FAIL: gdb.dwarf2/dw2-dir-file-name.exp: compdir_missing__ldir_missing__file_relative: basename
FAIL: gdb.dwarf2/dw2-dir-file-name.exp: compdir_missing__ldir_missing__file_relative: relative
FAIL: gdb.dwarf2/dw2-dir-file-name.exp: compdir_missing__ldir_missing__file_absolute: continue to breakpoint: compdir_missing__ldir_missing__file_absolute
FAIL: gdb.dwarf2/dw2-dir-file-name.exp: compdir_missing__ldir_missing__file_absolute: absolute
FAIL: gdb.dwarf2/dw2-dir-file-name.exp: compdir_missing__ldir_missing__file_absolute: basename
FAIL: gdb.dwarf2/dw2-dir-file-name.exp: compdir_missing__ldir_missing__file_absolute: relative
FAIL: gdb.dwarf2/dw2-dir-file-name.exp: compdir_missing__ldir_relative_file_basename: continue to breakpoint: compdir_missing__ldir_relative_file_basename
FAIL: gdb.dwarf2/dw2-dir-file-name.exp: compdir_missing__ldir_relative_file_basename: absolute
FAIL: gdb.dwarf2/dw2-dir-file-name.exp: compdir_missing__ldir_relative_file_basename: basename
FAIL: gdb.dwarf2/dw2-dir-file-name.exp: compdir_missing__ldir_relative_file_basename: relative
FAIL: gdb.dwarf2/dw2-dir-file-name.exp: compdir_missing__ldir_relative_file_relative: continue to breakpoint: compdir_missing__ldir_relative_file_relative
FAIL: gdb.dwarf2/dw2-dir-file-name.exp: compdir_missing__ldir_relative_file_relative: absolute
FAIL: gdb.dwarf2/dw2-dir-file-name.exp: compdir_missing__ldir_relative_file_relative: basename
FAIL: gdb.dwarf2/dw2-dir-file-name.exp: compdir_missing__ldir_relative_file_relative: relative
FAIL: gdb.dwarf2/dw2-dir-file-name.exp: compdir_missing__ldir_relative_file_absolute: continue to breakpoint: compdir_missing__ldir_relative_file_absolute
FAIL: gdb.dwarf2/dw2-dir-file-name.exp: compdir_missing__ldir_relative_file_absolute: absolute
FAIL: gdb.dwarf2/dw2-dir-file-name.exp: compdir_missing__ldir_relative_file_absolute: basename
FAIL: gdb.dwarf2/dw2-dir-file-name.exp: compdir_missing__ldir_relative_file_absolute: relative
FAIL: gdb.dwarf2/dw2-dir-file-name.exp: compdir_missing__ldir_absolute_file_basename: continue to breakpoint: compdir_missing__ldir_absolute_file_basename
FAIL: gdb.dwarf2/dw2-dir-file-name.exp: compdir_missing__ldir_absolute_file_basename: absolute
FAIL: gdb.dwarf2/dw2-dir-file-name.exp: compdir_missing__ldir_absolute_file_basename: basename
FAIL: gdb.dwarf2/dw2-dir-file-name.exp: compdir_missing__ldir_absolute_file_basename: relative
FAIL: gdb.dwarf2/dw2-dir-file-name.exp: compdir_missing__ldir_absolute_file_relative: continue to breakpoint: compdir_missing__ldir_absolute_file_relative
FAIL: gdb.dwarf2/dw2-dir-file-name.exp: compdir_missing__ldir_absolute_file_relative: absolute
FAIL: gdb.dwarf2/dw2-dir-file-name.exp: compdir_missing__ldir_absolute_file_relative: basename
FAIL: gdb.dwarf2/dw2-dir-file-name.exp: compdir_missing__ldir_absolute_file_relative: relative
FAIL: gdb.dwarf2/dw2-dir-file-name.exp: compdir_missing__ldir_absolute_file_absolute_same: continue to breakpoint: compdir_missing__ldir_absolute_file_absolute_same
FAIL: gdb.dwarf2/dw2-dir-file-name.exp: compdir_missing__ldir_absolute_file_absolute_same: absolute
FAIL: gdb.dwarf2/dw2-dir-file-name.exp: compdir_missing__ldir_absolute_file_absolute_same: basename
FAIL: gdb.dwarf2/dw2-dir-file-name.exp: compdir_missing__ldir_absolute_file_absolute_same: relative
FAIL: gdb.dwarf2/dw2-dir-file-name.exp: compdir_missing__ldir_absolute_file_absolute_different: continue to breakpoint: compdir_missing__ldir_absolute_file_absolute_different
FAIL: gdb.dwarf2/dw2-dir-file-name.exp: compdir_missing__ldir_absolute_file_absolute_different: absolute
FAIL: gdb.dwarf2/dw2-dir-file-name.exp: compdir_missing__ldir_absolute_file_absolute_different: basename
FAIL: gdb.dwarf2/dw2-dir-file-name.exp: compdir_missing__ldir_absolute_file_absolute_different: relative
FAIL: gdb.dwarf2/dw2-dir-file-name.exp: compdir_relative_ldir_missing__file_basename: continue to breakpoint: compdir_relative_ldir_missing__file_basename
FAIL: gdb.dwarf2/dw2-dir-file-name.exp: compdir_relative_ldir_missing__file_basename: absolute
FAIL: gdb.dwarf2/dw2-dir-file-name.exp: compdir_relative_ldir_missing__file_basename: basename
FAIL: gdb.dwarf2/dw2-dir-file-name.exp: compdir_relative_ldir_missing__file_basename: relative
FAIL: gdb.dwarf2/dw2-dir-file-name.exp: compdir_relative_ldir_missing__file_relative: continue to breakpoint: compdir_relative_ldir_missing__file_relative
FAIL: gdb.dwarf2/dw2-dir-file-name.exp: compdir_relative_ldir_missing__file_relative: absolute
FAIL: gdb.dwarf2/dw2-dir-file-name.exp: compdir_relative_ldir_missing__file_relative: basename
FAIL: gdb.dwarf2/dw2-dir-file-name.exp: compdir_relative_ldir_missing__file_relative: relative
FAIL: gdb.dwarf2/dw2-dir-file-name.exp: compdir_relative_ldir_missing__file_absolute: continue to breakpoint: compdir_relative_ldir_missing__file_absolute
FAIL: gdb.dwarf2/dw2-dir-file-name.exp: compdir_relative_ldir_missing__file_absolute: absolute
FAIL: gdb.dwarf2/dw2-dir-file-name.exp: compdir_relative_ldir_missing__file_absolute: basename
FAIL: gdb.dwarf2/dw2-dir-file-name.exp: compdir_relative_ldir_missing__file_absolute: relative
FAIL: gdb.dwarf2/dw2-dir-file-name.exp: compdir_relative_ldir_relative_file_basename: continue to breakpoint: compdir_relative_ldir_relative_file_basename
FAIL: gdb.dwarf2/dw2-dir-file-name.exp: compdir_relative_ldir_relative_file_basename: absolute
FAIL: gdb.dwarf2/dw2-dir-file-name.exp: compdir_relative_ldir_relative_file_basename: basename
FAIL: gdb.dwarf2/dw2-dir-file-name.exp: compdir_relative_ldir_relative_file_basename: relative
FAIL: gdb.dwarf2/dw2-dir-file-name.exp: compdir_relative_ldir_relative_file_relative: continue to breakpoint: compdir_relative_ldir_relative_file_relative
FAIL: gdb.dwarf2/dw2-dir-file-name.exp: compdir_relative_ldir_relative_file_relative: absolute
FAIL: gdb.dwarf2/dw2-dir-file-name.exp: compdir_relative_ldir_relative_file_relative: basename
FAIL: gdb.dwarf2/dw2-dir-file-name.exp: compdir_relative_ldir_relative_file_relative: relative
FAIL: gdb.dwarf2/dw2-dir-file-name.exp: compdir_relative_ldir_relative_file_absolute: continue to breakpoint: compdir_relative_ldir_relative_file_absolute
FAIL: gdb.dwarf2/dw2-dir-file-name.exp: compdir_relative_ldir_relative_file_absolute: absolute
FAIL: gdb.dwarf2/dw2-dir-file-name.exp: compdir_relative_ldir_relative_file_absolute: basename
FAIL: gdb.dwarf2/dw2-dir-file-name.exp: compdir_relative_ldir_relative_file_absolute: relative
FAIL: gdb.dwarf2/dw2-dir-file-name.exp: compdir_relative_ldir_absolute_file_basename: continue to breakpoint: compdir_relative_ldir_absolute_file_basename
FAIL: gdb.dwarf2/dw2-dir-file-name.exp: compdir_relative_ldir_absolute_file_basename: absolute
FAIL: gdb.dwarf2/dw2-dir-file-name.exp: compdir_relative_ldir_absolute_file_basename: basename
FAIL: gdb.dwarf2/dw2-dir-file-name.exp: compdir_relative_ldir_absolute_file_basename: relative
FAIL: gdb.dwarf2/dw2-dir-file-name.exp: compdir_relative_ldir_absolute_file_relative: continue to breakpoint: compdir_relative_ldir_absolute_file_relative
FAIL: gdb.dwarf2/dw2-dir-file-name.exp: compdir_relative_ldir_absolute_file_relative: absolute
FAIL: gdb.dwarf2/dw2-dir-file-name.exp: compdir_relative_ldir_absolute_file_relative: basename
FAIL: gdb.dwarf2/dw2-dir-file-name.exp: compdir_relative_ldir_absolute_file_relative: relative
FAIL: gdb.dwarf2/dw2-dir-file-name.exp: compdir_relative_ldir_absolute_file_absolute_same: continue to breakpoint: compdir_relative_ldir_absolute_file_absolute_same
FAIL: gdb.dwarf2/dw2-dir-file-name.exp: compdir_relative_ldir_absolute_file_absolute_same: absolute
FAIL: gdb.dwarf2/dw2-dir-file-name.exp: compdir_relative_ldir_absolute_file_absolute_same: basename
FAIL: gdb.dwarf2/dw2-dir-file-name.exp: compdir_relative_ldir_absolute_file_absolute_same: relative
FAIL: gdb.dwarf2/dw2-dir-file-name.exp: compdir_relative_ldir_absolute_file_absolute_different: continue to breakpoint: compdir_relative_ldir_absolute_file_absolute_different
FAIL: gdb.dwarf2/dw2-dir-file-name.exp: compdir_relative_ldir_absolute_file_absolute_different: absolute
FAIL: gdb.dwarf2/dw2-dir-file-name.exp: compdir_relative_ldir_absolute_file_absolute_different: basename
FAIL: gdb.dwarf2/dw2-dir-file-name.exp: compdir_relative_ldir_absolute_file_absolute_different: relative
FAIL: gdb.dwarf2/dw2-dir-file-name.exp: compdir_absolute_ldir_missing__file_basename: continue to breakpoint: compdir_absolute_ldir_missing__file_basename
FAIL: gdb.dwarf2/dw2-dir-file-name.exp: compdir_absolute_ldir_missing__file_basename: absolute
FAIL: gdb.dwarf2/dw2-dir-file-name.exp: compdir_absolute_ldir_missing__file_basename: basename
FAIL: gdb.dwarf2/dw2-dir-file-name.exp: compdir_absolute_ldir_missing__file_basename: relative
FAIL: gdb.dwarf2/dw2-dir-file-name.exp: compdir_absolute_ldir_missing__file_relative: continue to breakpoint: compdir_absolute_ldir_missing__file_relative
FAIL: gdb.dwarf2/dw2-dir-file-name.exp: compdir_absolute_ldir_missing__file_relative: absolute
FAIL: gdb.dwarf2/dw2-dir-file-name.exp: compdir_absolute_ldir_missing__file_relative: basename
FAIL: gdb.dwarf2/dw2-dir-file-name.exp: compdir_absolute_ldir_missing__file_relative: relative
FAIL: gdb.dwarf2/dw2-dir-file-name.exp: compdir_absolute_ldir_missing__file_absolute_same: continue to breakpoint: compdir_absolute_ldir_missing__file_absolute_same
FAIL: gdb.dwarf2/dw2-dir-file-name.exp: compdir_absolute_ldir_missing__file_absolute_same: absolute
FAIL: gdb.dwarf2/dw2-dir-file-name.exp: compdir_absolute_ldir_missing__file_absolute_same: basename
FAIL: gdb.dwarf2/dw2-dir-file-name.exp: compdir_absolute_ldir_missing__file_absolute_same: relative
FAIL: gdb.dwarf2/dw2-dir-file-name.exp: compdir_absolute_ldir_missing__file_absolute_different: continue to breakpoint: compdir_absolute_ldir_missing__file_absolute_different
FAIL: gdb.dwarf2/dw2-dir-file-name.exp: compdir_absolute_ldir_missing__file_absolute_different: absolute
FAIL: gdb.dwarf2/dw2-dir-file-name.exp: compdir_absolute_ldir_missing__file_absolute_different: basename
FAIL: gdb.dwarf2/dw2-dir-file-name.exp: compdir_absolute_ldir_missing__file_absolute_different: relative
FAIL: gdb.dwarf2/dw2-dir-file-name.exp: compdir_absolute_ldir_relative_file_basename: continue to breakpoint: compdir_absolute_ldir_relative_file_basename
FAIL: gdb.dwarf2/dw2-dir-file-name.exp: compdir_absolute_ldir_relative_file_basename: absolute
FAIL: gdb.dwarf2/dw2-dir-file-name.exp: compdir_absolute_ldir_relative_file_basename: basename
FAIL: gdb.dwarf2/dw2-dir-file-name.exp: compdir_absolute_ldir_relative_file_basename: relative
FAIL: gdb.dwarf2/dw2-dir-file-name.exp: compdir_absolute_ldir_relative_file_relative: continue to breakpoint: compdir_absolute_ldir_relative_file_relative
FAIL: gdb.dwarf2/dw2-dir-file-name.exp: compdir_absolute_ldir_relative_file_relative: absolute
FAIL: gdb.dwarf2/dw2-dir-file-name.exp: compdir_absolute_ldir_relative_file_relative: basename
FAIL: gdb.dwarf2/dw2-dir-file-name.exp: compdir_absolute_ldir_relative_file_relative: relative
FAIL: gdb.dwarf2/dw2-dir-file-name.exp: compdir_absolute_ldir_relative_file_absolute_same: continue to breakpoint: compdir_absolute_ldir_relative_file_absolute_same
FAIL: gdb.dwarf2/dw2-dir-file-name.exp: compdir_absolute_ldir_relative_file_absolute_same: absolute
FAIL: gdb.dwarf2/dw2-dir-file-name.exp: compdir_absolute_ldir_relative_file_absolute_same: basename
FAIL: gdb.dwarf2/dw2-dir-file-name.exp: compdir_absolute_ldir_relative_file_absolute_same: relative
FAIL: gdb.dwarf2/dw2-dir-file-name.exp: compdir_absolute_ldir_relative_file_absolute_different: continue to breakpoint: compdir_absolute_ldir_relative_file_absolute_different
FAIL: gdb.dwarf2/dw2-dir-file-name.exp: compdir_absolute_ldir_relative_file_absolute_different: absolute
FAIL: gdb.dwarf2/dw2-dir-file-name.exp: compdir_absolute_ldir_relative_file_absolute_different: basename
FAIL: gdb.dwarf2/dw2-dir-file-name.exp: compdir_absolute_ldir_relative_file_absolute_different: relative
FAIL: gdb.dwarf2/dw2-dir-file-name.exp: compdir_absolute_ldir_absolute_file_basename_same: continue to breakpoint: compdir_absolute_ldir_absolute_file_basename_same
FAIL: gdb.dwarf2/dw2-dir-file-name.exp: compdir_absolute_ldir_absolute_file_basename_same: absolute
FAIL: gdb.dwarf2/dw2-dir-file-name.exp: compdir_absolute_ldir_absolute_file_basename_same: basename
FAIL: gdb.dwarf2/dw2-dir-file-name.exp: compdir_absolute_ldir_absolute_file_basename_same: relative
FAIL: gdb.dwarf2/dw2-dir-file-name.exp: compdir_absolute_ldir_absolute_file_relative_different: continue to breakpoint: compdir_absolute_ldir_absolute_file_relative_different
FAIL: gdb.dwarf2/dw2-dir-file-name.exp: compdir_absolute_ldir_absolute_file_relative_different: absolute
FAIL: gdb.dwarf2/dw2-dir-file-name.exp: compdir_absolute_ldir_absolute_file_relative_different: basename
FAIL: gdb.dwarf2/dw2-dir-file-name.exp: compdir_absolute_ldir_absolute_file_relative_different: relative
FAIL: gdb.dwarf2/dw2-dir-file-name.exp: compdir_absolute_ldir_absolute_file_absolute_same: continue to breakpoint: compdir_absolute_ldir_absolute_file_absolute_same
FAIL: gdb.dwarf2/dw2-dir-file-name.exp: compdir_absolute_ldir_absolute_file_absolute_same: absolute
FAIL: gdb.dwarf2/dw2-dir-file-name.exp: compdir_absolute_ldir_absolute_file_absolute_same: basename
FAIL: gdb.dwarf2/dw2-dir-file-name.exp: compdir_absolute_ldir_absolute_file_absolute_same: relative
FAIL: gdb.dwarf2/dw2-dir-file-name.exp: compdir_absolute_ldir_absolute_file_absolute_different: continue to breakpoint: compdir_absolute_ldir_absolute_file_absolute_different
FAIL: gdb.dwarf2/dw2-dir-file-name.exp: compdir_absolute_ldir_absolute_file_absolute_different: absolute
FAIL: gdb.dwarf2/dw2-dir-file-name.exp: compdir_absolute_ldir_absolute_file_absolute_different: basename
FAIL: gdb.dwarf2/dw2-dir-file-name.exp: compdir_absolute_ldir_absolute_file_absolute_different: relative
FAIL: gdb.dwarf2/dw2-var-zero-addr.exp: print &var
FAIL: gdb.dwarf2/dw2-var-zero-addr.exp: readnow: print &var
FAIL: gdb.dwarf2/implptrpiece.exp: print/d p[-1]
FAIL: gdb.mi/gdb2549.exp: register values x
FAIL: gdb.mi/gdb2549.exp: register values f
FAIL: gdb.mi/gdb2549.exp: register values d
FAIL: gdb.mi/gdb2549.exp: register values o
FAIL: gdb.mi/gdb2549.exp: register values t
FAIL: gdb.mi/mi-cmd-param-changed.exp: cmd param: "set scheduler-locking on"
FAIL: gdb.mi/mi-cmd-param-changed.exp: cmd param: "set scheduler-locking off"
FAIL: gdb.mi/mi-cmd-param-changed.exp: cmd param: "set scheduler-locking step"
FAIL: gdb.mi/mi-cmd-param-changed.exp: cmd param: interpreter-exec "set scheduler-locking on"
FAIL: gdb.mi/mi-cmd-param-changed.exp: cmd param: interpreter-exec "set scheduler-locking off"
FAIL: gdb.mi/mi-cmd-param-changed.exp: cmd param: interpreter-exec "set scheduler-locking step"
FAIL: gdb.mi/mi-cmd-param-changed.exp: cmd param: "set scheduler-locking on" no event (requested by MI)
FAIL: gdb.mi/mi-cmd-param-changed.exp: cmd param: "set scheduler-locking step" no event (requested by MI interp)
FAIL: gdb.mi/mi-cmd-param-changed.exp: cmd param: "set scheduler-locking stepr" no event
XPASS: gdb.mi/mi-watch.exp: sw: watchpoint trigger
FAIL: gdb.multi/dummy-frame-restore.exp: Can't run to f2
FAIL: gdb.opt/inline-cmds.exp: finish from func1
FAIL: gdb.python/py-framefilter-mi.exp: Load python file
FAIL: gdb.python/py-framefilter-mi.exp: filtered stack listing
FAIL: gdb.python/py-framefilter-mi.exp: filtered stack list 0 3
FAIL: gdb.python/py-framefilter-mi.exp: filtered stack list 22 24
FAIL: gdb.python/py-framefilter-mi.exp: stack-list-arguments 0
FAIL: gdb.python/py-framefilter-mi.exp: stack-list-arguments 0 22 27
FAIL: gdb.python/py-framefilter-mi.exp: stack-list-arguments 1
FAIL: gdb.python/py-framefilter-mi.exp: stack-list-arguments 1 22 27
FAIL: gdb.python/py-framefilter-mi.exp: stack-list-arguments 2
FAIL: gdb.python/py-framefilter-mi.exp: stack-list-arguments 2 22 27
FAIL: gdb.python/py-framefilter.exp: Load python file
FAIL: gdb.python/py-framefilter.exp: bt full with filters
FAIL: gdb.python/py-framefilter.exp: info frame filter before setting priority
FAIL: gdb.python/py-framefilter.exp: show frame-filter priority global Elider before setting
FAIL: gdb.python/py-framefilter.exp: set frame-filter priotiy global Elider 1000
FAIL: gdb.python/py-framefilter.exp: show frame-filter priority global Elider after setting
FAIL: gdb.python/py-framefilter.exp: info frame filter after setting priority
FAIL: gdb.python/py-framefilter.exp: info frame filter before disable frame filter
FAIL: gdb.python/py-framefilter.exp: disable frame-filter global Elider
FAIL: gdb.python/py-framefilter.exp: info frame filter after disable frame filter
FAIL: gdb.python/py-framefilter.exp: enable frame-filter global Elider
FAIL: gdb.python/py-framefilter.exp: info frame filter after reenabling frame filter
FAIL: gdb.python/py-framefilter.exp: bt with frame filters
FAIL: gdb.python/py-framefilter.exp: disable frame-filter global Reverse
FAIL: gdb.python/py-framefilter.exp: enable frame-filter global Error
FAIL: gdb.python/py-framefilter.exp: bt 1 with Error filter
FAIL: gdb.python/py-framefilter.exp: Load python file for no debuginfo tests
FAIL: gdb.python/py-framefilter.exp: disable frame-filter global Reverse for no debuginfo
FAIL: gdb.python/py-sync-interp.exp: attach and where (timeout)
FAIL: gdb.python/py-value-cc.exp: u's second field via field
FAIL: gdb.python/python.exp: Test decode_line func1 line number
FAIL: gdb.server/ext-attach.exp: attach to remote program 1
FAIL: gdb.server/ext-attach.exp: detach
FAIL: gdb.server/ext-attach.exp: attach to remote program 2
FAIL: gdb.server/no-thread-db.exp: libthread-db is now unresolvable
FAIL: gdb.server/no-thread-db.exp: print foo
ERROR: tcl error sourcing /home/uweigand/dailybuild/spu-tc-2014-11-23/binutils-gdb-head/binutils-gdb/gdb/testsuite/gdb.server/wrapper.exp.
ERROR: Timeout waiting for gdbserver response.
FAIL: gdb.trace/entry-values.exp: disassemble bar
FAIL: gdb.trace/entry-values.exp: Find the call or branch instruction offset in bar

		=== gdb Summary ===

# of expected passes		17362
# of unexpected failures	307
# of unexpected successes	1
# of expected failures		31
# of known failures		46
# of unresolved testcases	3
# of untested testcases		87
# of unsupported tests		262
/home/uweigand/dailybuild/spu-tc-2014-11-23/gdb-build/gdb/testsuite/../../gdb/gdb version  7.8.50.20141123-cvs -nw -nx -data-directory /home/uweigand/dailybuild/spu-tc-2014-11-23/gdb-build/gdb/testsuite/../data-directory 


Platform: spu-unknown-elf
configure flags: --disable-binutils --disable-gas --disable-ld --disable-gprof --target=spu --with-expat --disable-nls --disable-install-libbfd --prefix=/home/uweigand/dailybuild/spu-tc-2014-11-23/spu-toolchain

############################################################
# PPU-GDB test suite results (gdb.cell only)               #
############################################################
Native configuration is powerpc64-unknown-linux-gnu

		=== gdb tests ===


Running target unix/-m32
FAIL: gdb.cell/solib-symbol.exp: info symbol foo in break-spu
FAIL: gdb.cell/fork.exp: run until watchpoint hit (GDB internal error)
FAIL: gdb.cell/fork.exp: run until breakpoint hit (GDB internal error)
FAIL: gdb.cell/fork.exp: continue until exit (GDB internal error)

		=== gdb Summary for unix/-m32 ===

# of expected passes		5
# of unexpected failures	3

Running target unix/-m64
FAIL: gdb.cell/bt.exp: backtrace
FAIL: gdb.cell/bt.exp: backtrace in thread 2
FAIL: gdb.cell/bt.exp: backtrace in thread 3
FAIL: gdb.cell/bt.exp: backtrace in thread 4
FAIL: gdb.cell/bt.exp: backtrace in thread 5
FAIL: gdb.cell/bt.exp: backtrace in thread 6
FAIL: gdb.cell/solib-symbol.exp: info symbol foo in break-spu
FAIL: gdb.cell/fork.exp: run until watchpoint hit (GDB internal error)
FAIL: gdb.cell/fork.exp: run until breakpoint hit (GDB internal error)
FAIL: gdb.cell/fork.exp: continue until exit (GDB internal error)

		=== gdb Summary for unix/-m64 ===

# of expected passes		5
# of unexpected failures	3

		=== gdb Summary ===

# of expected passes		2112
# of unexpected failures	14
# of expected failures		18
/home/uweigand/dailybuild/spu-tc-2014-11-23/ppu-gdb-build/gdb/testsuite/../../gdb/gdb version  7.8.50.20141123-cvs -nw -nx -data-directory /home/uweigand/dailybuild/spu-tc-2014-11-23/ppu-gdb-build/gdb/testsuite/../data-directory 


Platform: powerpc64-unknown-linux-gnu
configure flags: --disable-binutils --disable-gas --disable-ld --disable-gprof --enable-targets=spu --with-expat --disable-nls --disable-install-libbfd --prefix=/home/uweigand/dailybuild/spu-tc-2014-11-23/spu-toolchain


Index Nav: [Date Index] [Subject Index] [Author Index] [Thread Index]
Message Nav: [Date Prev] [Date Next] [Thread Prev] [Thread Next]