This is the mail archive of the gcc-testresults@gcc.gnu.org mailing list for the GCC project.


Index Nav: [Date Index] [Subject Index] [Author Index] [Thread Index]
Message Nav: [Date Prev] [Date Next] [Thread Prev] [Thread Next]
Other format: [Raw text]

Results for 5.0.0 20141123 (experimental) (GCC) (build config: lto; languages: all; trunk revision 217982) testsuite on x86_64-unknown-linux-gnu


LAST_UPDATED: Sun Nov 23 14:23:12 UTC 2014 (revision 217982)

Native configuration is x86_64-unknown-linux-gnu

		=== gcc tests ===


Running target unix
FAIL: gcc.dg/undefined-loop-2.c  (test for warnings, line 18)
XPASS: gcc.dg/guality/example.c   -O0  execution test
XPASS: gcc.dg/guality/example.c   -O1  execution test
XPASS: gcc.dg/guality/example.c   -O2  execution test
XPASS: gcc.dg/guality/example.c   -O2 -flto -fno-use-linker-plugin -flto-partition=none  execution test
XPASS: gcc.dg/guality/guality.c   -O0  execution test
XPASS: gcc.dg/guality/guality.c   -O1  execution test
XPASS: gcc.dg/guality/guality.c   -O2  execution test
XPASS: gcc.dg/guality/guality.c   -O2 -flto -fno-use-linker-plugin -flto-partition=none  execution test
XPASS: gcc.dg/guality/guality.c   -O2 -flto -fuse-linker-plugin -fno-fat-lto-objects  execution test
XPASS: gcc.dg/guality/guality.c   -O3 -fomit-frame-pointer  execution test
XPASS: gcc.dg/guality/guality.c   -O3 -g  execution test
XPASS: gcc.dg/guality/guality.c   -Os  execution test
XPASS: gcc.dg/guality/inline-params.c   -O2  execution test
XPASS: gcc.dg/guality/inline-params.c   -O2 -flto -fno-use-linker-plugin -flto-partition=none  execution test
XPASS: gcc.dg/guality/inline-params.c   -O3 -fomit-frame-pointer  execution test
XPASS: gcc.dg/guality/inline-params.c   -O3 -g  execution test
XPASS: gcc.dg/guality/inline-params.c   -Os  execution test
XPASS: gcc.dg/guality/pr41353-1.c   -O0  line 28 j == 28 + 37
XPASS: gcc.dg/guality/pr41447-1.c   -O0  execution test
XPASS: gcc.dg/guality/pr41447-1.c   -O1  execution test
XPASS: gcc.dg/guality/pr41447-1.c   -O2  execution test
XPASS: gcc.dg/guality/pr41447-1.c   -O2 -flto -fno-use-linker-plugin -flto-partition=none  execution test
XPASS: gcc.dg/guality/pr41447-1.c   -O2 -flto -fuse-linker-plugin -fno-fat-lto-objects  execution test
XPASS: gcc.dg/guality/pr41447-1.c   -O3 -fomit-frame-pointer  execution test
XPASS: gcc.dg/guality/pr41447-1.c   -O3 -g  execution test
XPASS: gcc.dg/guality/pr41447-1.c   -Os  execution test
XPASS: gcc.dg/guality/pr41616-1.c   -O0  execution test
XPASS: gcc.dg/guality/pr41616-1.c   -O1  execution test
XPASS: gcc.dg/guality/pr41616-1.c   -O2  execution test
XPASS: gcc.dg/guality/pr41616-1.c   -O2 -flto -fno-use-linker-plugin -flto-partition=none  execution test
XPASS: gcc.dg/guality/pr41616-1.c   -O3 -fomit-frame-pointer  execution test
XPASS: gcc.dg/guality/pr41616-1.c   -O3 -g  execution test
XPASS: gcc.dg/guality/pr41616-1.c   -Os  execution test
FAIL: gcc.dg/guality/pr43051-1.c   -O2  line 35 v == 1
FAIL: gcc.dg/guality/pr43051-1.c   -O2  line 36 e == &a[1]
FAIL: gcc.dg/guality/pr43051-1.c   -O2  line 39 c == &a[0]
FAIL: gcc.dg/guality/pr43051-1.c   -O2  line 40 v == 1
FAIL: gcc.dg/guality/pr43051-1.c   -O2  line 41 e == &a[1]
FAIL: gcc.dg/guality/pr43051-1.c   -O2 -flto -fno-use-linker-plugin -flto-partition=none  line 35 v == 1
FAIL: gcc.dg/guality/pr43051-1.c   -O2 -flto -fno-use-linker-plugin -flto-partition=none  line 36 e == &a[1]
FAIL: gcc.dg/guality/pr43051-1.c   -O2 -flto -fno-use-linker-plugin -flto-partition=none  line 39 c == &a[0]
FAIL: gcc.dg/guality/pr43051-1.c   -O2 -flto -fno-use-linker-plugin -flto-partition=none  line 40 v == 1
FAIL: gcc.dg/guality/pr43051-1.c   -O2 -flto -fno-use-linker-plugin -flto-partition=none  line 41 e == &a[1]
FAIL: gcc.dg/guality/pr43051-1.c   -O2 -flto -fuse-linker-plugin -fno-fat-lto-objects  line 35 v == 1
FAIL: gcc.dg/guality/pr43051-1.c   -O2 -flto -fuse-linker-plugin -fno-fat-lto-objects  line 36 e == &a[1]
FAIL: gcc.dg/guality/pr43051-1.c   -O2 -flto -fuse-linker-plugin -fno-fat-lto-objects  line 39 c == &a[0]
FAIL: gcc.dg/guality/pr43051-1.c   -O2 -flto -fuse-linker-plugin -fno-fat-lto-objects  line 40 v == 1
FAIL: gcc.dg/guality/pr43051-1.c   -O2 -flto -fuse-linker-plugin -fno-fat-lto-objects  line 41 e == &a[1]
FAIL: gcc.dg/guality/pr43051-1.c   -O3 -fomit-frame-pointer  line 35 v == 1
FAIL: gcc.dg/guality/pr43051-1.c   -O3 -fomit-frame-pointer  line 36 e == &a[1]
FAIL: gcc.dg/guality/pr43051-1.c   -O3 -fomit-frame-pointer  line 39 c == &a[0]
FAIL: gcc.dg/guality/pr43051-1.c   -O3 -fomit-frame-pointer  line 40 v == 1
FAIL: gcc.dg/guality/pr43051-1.c   -O3 -fomit-frame-pointer  line 41 e == &a[1]
FAIL: gcc.dg/guality/pr43051-1.c   -O3 -fomit-frame-pointer -funroll-all-loops -finline-functions  line 35 v == 1
FAIL: gcc.dg/guality/pr43051-1.c   -O3 -fomit-frame-pointer -funroll-all-loops -finline-functions  line 36 e == &a[1]
FAIL: gcc.dg/guality/pr43051-1.c   -O3 -fomit-frame-pointer -funroll-all-loops -finline-functions  line 39 c == &a[0]
FAIL: gcc.dg/guality/pr43051-1.c   -O3 -fomit-frame-pointer -funroll-all-loops -finline-functions  line 40 v == 1
FAIL: gcc.dg/guality/pr43051-1.c   -O3 -fomit-frame-pointer -funroll-all-loops -finline-functions  line 41 e == &a[1]
FAIL: gcc.dg/guality/pr43051-1.c   -O3 -fomit-frame-pointer -funroll-loops  line 35 v == 1
FAIL: gcc.dg/guality/pr43051-1.c   -O3 -fomit-frame-pointer -funroll-loops  line 36 e == &a[1]
FAIL: gcc.dg/guality/pr43051-1.c   -O3 -fomit-frame-pointer -funroll-loops  line 39 c == &a[0]
FAIL: gcc.dg/guality/pr43051-1.c   -O3 -fomit-frame-pointer -funroll-loops  line 40 v == 1
FAIL: gcc.dg/guality/pr43051-1.c   -O3 -fomit-frame-pointer -funroll-loops  line 41 e == &a[1]
FAIL: gcc.dg/guality/pr43051-1.c   -O3 -g  line 35 v == 1
FAIL: gcc.dg/guality/pr43051-1.c   -O3 -g  line 36 e == &a[1]
FAIL: gcc.dg/guality/pr43051-1.c   -O3 -g  line 39 c == &a[0]
FAIL: gcc.dg/guality/pr43051-1.c   -O3 -g  line 40 v == 1
FAIL: gcc.dg/guality/pr43051-1.c   -O3 -g  line 41 e == &a[1]
FAIL: gcc.dg/guality/pr43051-1.c   -Os  line 35 v == 1
FAIL: gcc.dg/guality/pr43051-1.c   -Os  line 36 e == &a[1]
FAIL: gcc.dg/guality/pr43051-1.c   -Os  line 39 c == &a[0]
FAIL: gcc.dg/guality/pr43051-1.c   -Os  line 40 v == 1
FAIL: gcc.dg/guality/pr43051-1.c   -Os  line 41 e == &a[1]
FAIL: gcc.dg/guality/pr43177.c   -O2  line 15 l == 10
FAIL: gcc.dg/guality/pr43177.c   -O2  line 15 x == 7
FAIL: gcc.dg/guality/pr43177.c   -O2  line 24 l == 10
FAIL: gcc.dg/guality/pr43177.c   -O2  line 24 x == 7
FAIL: gcc.dg/guality/pr43177.c   -O2 -flto -fno-use-linker-plugin -flto-partition=none  line 15 l == 10
FAIL: gcc.dg/guality/pr43177.c   -O2 -flto -fno-use-linker-plugin -flto-partition=none  line 15 x == 7
FAIL: gcc.dg/guality/pr43177.c   -O2 -flto -fno-use-linker-plugin -flto-partition=none  line 24 l == 10
FAIL: gcc.dg/guality/pr43177.c   -O2 -flto -fno-use-linker-plugin -flto-partition=none  line 24 x == 7
FAIL: gcc.dg/guality/pr43177.c   -O2 -flto -fuse-linker-plugin -fno-fat-lto-objects  line 15 l == 10
FAIL: gcc.dg/guality/pr43177.c   -O2 -flto -fuse-linker-plugin -fno-fat-lto-objects  line 15 x == 7
FAIL: gcc.dg/guality/pr43177.c   -O2 -flto -fuse-linker-plugin -fno-fat-lto-objects  line 24 l == 10
FAIL: gcc.dg/guality/pr43177.c   -O2 -flto -fuse-linker-plugin -fno-fat-lto-objects  line 24 x == 7
FAIL: gcc.dg/guality/pr43177.c   -O3 -fomit-frame-pointer  line 15 l == 10
FAIL: gcc.dg/guality/pr43177.c   -O3 -fomit-frame-pointer  line 15 x == 7
FAIL: gcc.dg/guality/pr43177.c   -O3 -fomit-frame-pointer  line 24 l == 10
FAIL: gcc.dg/guality/pr43177.c   -O3 -fomit-frame-pointer  line 24 x == 7
FAIL: gcc.dg/guality/pr43177.c   -O3 -g  line 15 l == 10
FAIL: gcc.dg/guality/pr43177.c   -O3 -g  line 15 x == 7
FAIL: gcc.dg/guality/pr43177.c   -O3 -g  line 24 l == 10
FAIL: gcc.dg/guality/pr43177.c   -O3 -g  line 24 x == 7
FAIL: gcc.dg/guality/pr43177.c   -Os  line 15 l == 10
FAIL: gcc.dg/guality/pr43177.c   -Os  line 15 x == 7
FAIL: gcc.dg/guality/pr43177.c   -Os  line 24 l == 10
FAIL: gcc.dg/guality/pr43177.c   -Os  line 24 x == 7
FAIL: gcc.dg/guality/pr45003-2.c   -O2 -flto -fuse-linker-plugin -fno-fat-lto-objects  line 10 a == 0x8078
FAIL: gcc.dg/guality/pr45882.c   -O2 -flto -fuse-linker-plugin -fno-fat-lto-objects  line 16 d == 112
FAIL: gcc.dg/guality/pr45882.c   -O2 -flto -fuse-linker-plugin -fno-fat-lto-objects  line 16 e == 142
FAIL: gcc.dg/guality/pr54200.c   -Os  line 20 z == 3
FAIL: gcc.dg/guality/pr54519-1.c   -O2 -flto -fno-use-linker-plugin -flto-partition=none  line 20 y == 25
FAIL: gcc.dg/guality/pr54519-1.c   -O2 -flto -fno-use-linker-plugin -flto-partition=none  line 20 z == 6
FAIL: gcc.dg/guality/pr54519-1.c   -O2 -flto -fno-use-linker-plugin -flto-partition=none  line 23 y == 117
FAIL: gcc.dg/guality/pr54519-1.c   -O2 -flto -fno-use-linker-plugin -flto-partition=none  line 23 z == 8
FAIL: gcc.dg/guality/pr54519-2.c   -O2 -flto -fno-use-linker-plugin -flto-partition=none  line 17 y == 25
FAIL: gcc.dg/guality/pr54519-2.c   -O2 -flto -fuse-linker-plugin -fno-fat-lto-objects  line 17 y == 25
FAIL: gcc.dg/guality/pr54519-3.c   -O2 -flto -fno-use-linker-plugin -flto-partition=none  line 20 y == 25
FAIL: gcc.dg/guality/pr54519-3.c   -O2 -flto -fno-use-linker-plugin -flto-partition=none  line 20 z == 6
FAIL: gcc.dg/guality/pr54519-3.c   -O2 -flto -fno-use-linker-plugin -flto-partition=none  line 23 y == 117
FAIL: gcc.dg/guality/pr54519-3.c   -O2 -flto -fno-use-linker-plugin -flto-partition=none  line 23 z == 8
FAIL: gcc.dg/guality/pr54519-3.c   -O2 -flto -fuse-linker-plugin -fno-fat-lto-objects  line 20 x == 36
FAIL: gcc.dg/guality/pr54519-3.c   -O2 -flto -fuse-linker-plugin -fno-fat-lto-objects  line 20 y == 25
FAIL: gcc.dg/guality/pr54519-3.c   -O2 -flto -fuse-linker-plugin -fno-fat-lto-objects  line 20 z == 6
FAIL: gcc.dg/guality/pr54519-3.c   -O2 -flto -fuse-linker-plugin -fno-fat-lto-objects  line 23 x == 98
FAIL: gcc.dg/guality/pr54519-3.c   -O2 -flto -fuse-linker-plugin -fno-fat-lto-objects  line 23 y == 117
FAIL: gcc.dg/guality/pr54519-3.c   -O2 -flto -fuse-linker-plugin -fno-fat-lto-objects  line 23 z == 8
FAIL: gcc.dg/guality/pr54519-4.c   -O2 -flto -fno-use-linker-plugin -flto-partition=none  line 17 y == 25
FAIL: gcc.dg/guality/pr54519-4.c   -O2 -flto -fuse-linker-plugin -fno-fat-lto-objects  line 17 x == 6
FAIL: gcc.dg/guality/pr54519-4.c   -O2 -flto -fuse-linker-plugin -fno-fat-lto-objects  line 17 y == 25
FAIL: gcc.dg/guality/pr54519-5.c   -O2 -flto -fno-use-linker-plugin -flto-partition=none  line 17 y == 25
FAIL: gcc.dg/guality/pr54519-5.c   -O2 -flto -fuse-linker-plugin -fno-fat-lto-objects  line 17 y == 25
FAIL: gcc.dg/guality/sra-1.c   -O2  line 43 a.i == 4
FAIL: gcc.dg/guality/sra-1.c   -O2  line 43 a.j == 14
FAIL: gcc.dg/guality/sra-1.c   -O2 -flto -fno-use-linker-plugin -flto-partition=none  line 21 a.i == 4
FAIL: gcc.dg/guality/sra-1.c   -O2 -flto -fno-use-linker-plugin -flto-partition=none  line 21 a.j == 14
FAIL: gcc.dg/guality/sra-1.c   -O2 -flto -fno-use-linker-plugin -flto-partition=none  line 43 a.i == 4
FAIL: gcc.dg/guality/sra-1.c   -O2 -flto -fno-use-linker-plugin -flto-partition=none  line 43 a.j == 14
FAIL: gcc.dg/guality/sra-1.c   -O2 -flto -fuse-linker-plugin -fno-fat-lto-objects  line 21 a.i == 4
FAIL: gcc.dg/guality/sra-1.c   -O2 -flto -fuse-linker-plugin -fno-fat-lto-objects  line 43 a.i == 4
FAIL: gcc.dg/guality/sra-1.c   -O3 -fomit-frame-pointer  line 43 a.i == 4
FAIL: gcc.dg/guality/sra-1.c   -O3 -fomit-frame-pointer  line 43 a.j == 14
FAIL: gcc.dg/guality/sra-1.c   -O3 -g  line 43 a.i == 4
FAIL: gcc.dg/guality/sra-1.c   -O3 -g  line 43 a.j == 14
FAIL: gcc.dg/guality/sra-1.c   -Os  line 43 a.i == 4
FAIL: gcc.dg/guality/sra-1.c   -Os  line 43 a.j == 14
FAIL: gcc.dg/guality/vla-1.c   -O0  line 17 sizeof (a) == 6
FAIL: gcc.dg/guality/vla-1.c   -O0  line 24 sizeof (a) == 17 * sizeof (short)
FAIL: gcc.dg/guality/vla-1.c   -O1  line 17 sizeof (a) == 6
FAIL: gcc.dg/guality/vla-1.c   -O1  line 24 sizeof (a) == 17 * sizeof (short)
FAIL: gcc.dg/guality/vla-1.c   -O2  line 17 sizeof (a) == 6
FAIL: gcc.dg/guality/vla-1.c   -O2  line 24 sizeof (a) == 17 * sizeof (short)
FAIL: gcc.dg/guality/vla-1.c   -O2 -flto -fno-use-linker-plugin -flto-partition=none  line 17 sizeof (a) == 6
FAIL: gcc.dg/guality/vla-1.c   -O2 -flto -fno-use-linker-plugin -flto-partition=none  line 24 sizeof (a) == 17 * sizeof (short)
FAIL: gcc.dg/guality/vla-1.c   -O2 -flto -fuse-linker-plugin -fno-fat-lto-objects  line 17 sizeof (a) == 6
FAIL: gcc.dg/guality/vla-1.c   -O2 -flto -fuse-linker-plugin -fno-fat-lto-objects  line 24 sizeof (a) == 17 * sizeof (short)
FAIL: gcc.dg/guality/vla-1.c   -O3 -fomit-frame-pointer  line 17 sizeof (a) == 6
FAIL: gcc.dg/guality/vla-1.c   -O3 -fomit-frame-pointer  line 24 sizeof (a) == 17 * sizeof (short)
FAIL: gcc.dg/guality/vla-1.c   -O3 -g  line 17 sizeof (a) == 6
FAIL: gcc.dg/guality/vla-1.c   -O3 -g  line 24 sizeof (a) == 17 * sizeof (short)
FAIL: gcc.dg/guality/vla-1.c   -Os  line 17 sizeof (a) == 6
FAIL: gcc.dg/guality/vla-1.c   -Os  line 24 sizeof (a) == 17 * sizeof (short)
FAIL: gcc.dg/guality/vla-2.c   -O0  line 16 sizeof (a) == 5 * sizeof (int)
FAIL: gcc.dg/guality/vla-2.c   -O0  line 25 sizeof (a) == 6 * sizeof (int)
FAIL: gcc.dg/guality/vla-2.c   -O1  line 16 sizeof (a) == 5 * sizeof (int)
FAIL: gcc.dg/guality/vla-2.c   -O1  line 25 sizeof (a) == 6 * sizeof (int)
FAIL: gcc.dg/guality/vla-2.c   -O2  line 16 sizeof (a) == 5 * sizeof (int)
FAIL: gcc.dg/guality/vla-2.c   -O2  line 25 sizeof (a) == 6 * sizeof (int)
FAIL: gcc.dg/guality/vla-2.c   -O2 -flto -fno-use-linker-plugin -flto-partition=none  line 16 sizeof (a) == 5 * sizeof (int)
FAIL: gcc.dg/guality/vla-2.c   -O2 -flto -fno-use-linker-plugin -flto-partition=none  line 25 sizeof (a) == 6 * sizeof (int)
FAIL: gcc.dg/guality/vla-2.c   -O2 -flto -fuse-linker-plugin -fno-fat-lto-objects  line 16 sizeof (a) == 5 * sizeof (int)
FAIL: gcc.dg/guality/vla-2.c   -O2 -flto -fuse-linker-plugin -fno-fat-lto-objects  line 25 sizeof (a) == 6 * sizeof (int)
FAIL: gcc.dg/guality/vla-2.c   -O3 -fomit-frame-pointer  line 16 sizeof (a) == 5 * sizeof (int)
FAIL: gcc.dg/guality/vla-2.c   -O3 -fomit-frame-pointer  line 25 sizeof (a) == 6 * sizeof (int)
FAIL: gcc.dg/guality/vla-2.c   -O3 -g  line 16 sizeof (a) == 5 * sizeof (int)
FAIL: gcc.dg/guality/vla-2.c   -O3 -g  line 25 sizeof (a) == 6 * sizeof (int)
FAIL: gcc.dg/guality/vla-2.c   -Os  line 16 sizeof (a) == 5 * sizeof (int)
FAIL: gcc.dg/guality/vla-2.c   -Os  line 25 sizeof (a) == 6 * sizeof (int)
FAIL: ./common-1.h   -O0  (internal compiler error)
FAIL: ./common-1.h   -O0  (test for excess errors)
FAIL: ./common-1.h   -O1  (internal compiler error)
FAIL: ./common-1.h   -O1  (test for excess errors)
FAIL: ./common-1.h   -O2  (internal compiler error)
FAIL: ./common-1.h   -O2  (test for excess errors)
FAIL: ./common-1.h   -O3 -fomit-frame-pointer  (internal compiler error)
FAIL: ./common-1.h   -O3 -fomit-frame-pointer  (test for excess errors)
FAIL: ./common-1.h   -O3 -g  (internal compiler error)
FAIL: ./common-1.h   -O3 -g  (test for excess errors)
FAIL: ./common-1.h   -Os  (internal compiler error)
FAIL: ./common-1.h   -Os  (test for excess errors)
FAIL: ./common-1.h  -O0 -g (internal compiler error)
FAIL: ./common-1.h  -O0 -g (test for excess errors)
FAIL: ./counter-1.h   -O0  (internal compiler error)
FAIL: ./counter-1.h   -O0  (test for excess errors)
FAIL: ./counter-1.h   -O1  (internal compiler error)
FAIL: ./counter-1.h   -O1  (test for excess errors)
FAIL: ./counter-1.h   -O2  (internal compiler error)
FAIL: ./counter-1.h   -O2  (test for excess errors)
FAIL: ./counter-1.h   -O3 -fomit-frame-pointer  (internal compiler error)
FAIL: ./counter-1.h   -O3 -fomit-frame-pointer  (test for excess errors)
FAIL: ./counter-1.h   -O3 -g  (internal compiler error)
FAIL: ./counter-1.h   -O3 -g  (test for excess errors)
FAIL: ./counter-1.h   -Os  (internal compiler error)
FAIL: ./counter-1.h   -Os  (test for excess errors)
FAIL: ./counter-1.h  -O0 -g (internal compiler error)
FAIL: ./counter-1.h  -O0 -g (test for excess errors)
FAIL: ./counter-2.h   -O0  (internal compiler error)
FAIL: ./counter-2.h   -O0  (test for excess errors)
FAIL: ./counter-2.h   -O1  (internal compiler error)
FAIL: ./counter-2.h   -O1  (test for excess errors)
FAIL: ./counter-2.h   -O2  (internal compiler error)
FAIL: ./counter-2.h   -O2  (test for excess errors)
FAIL: ./counter-2.h   -O3 -fomit-frame-pointer  (internal compiler error)
FAIL: ./counter-2.h   -O3 -fomit-frame-pointer  (test for excess errors)
FAIL: ./counter-2.h   -O3 -g  (internal compiler error)
FAIL: ./counter-2.h   -O3 -g  (test for excess errors)
FAIL: ./counter-2.h   -Os  (internal compiler error)
FAIL: ./counter-2.h   -Os  (test for excess errors)
FAIL: ./counter-2.h  -O0 -g (internal compiler error)
FAIL: ./counter-2.h  -O0 -g (test for excess errors)
FAIL: ./counter-3.h   -O0  (internal compiler error)
FAIL: ./counter-3.h   -O0  (test for excess errors)
FAIL: ./counter-3.h   -O1  (internal compiler error)
FAIL: ./counter-3.h   -O1  (test for excess errors)
FAIL: ./counter-3.h   -O2  (internal compiler error)
FAIL: ./counter-3.h   -O2  (test for excess errors)
FAIL: ./counter-3.h   -O3 -fomit-frame-pointer  (internal compiler error)
FAIL: ./counter-3.h   -O3 -fomit-frame-pointer  (test for excess errors)
FAIL: ./counter-3.h   -O3 -g  (internal compiler error)
FAIL: ./counter-3.h   -O3 -g  (test for excess errors)
FAIL: ./counter-3.h   -Os  (internal compiler error)
FAIL: ./counter-3.h   -Os  (test for excess errors)
FAIL: ./counter-3.h  -O0 -g (internal compiler error)
FAIL: ./counter-3.h  -O0 -g (test for excess errors)
FAIL: ./cpp-1.h   -O0  (internal compiler error)
FAIL: ./cpp-1.h   -O0  (test for excess errors)
FAIL: ./cpp-1.h   -O1  (internal compiler error)
FAIL: ./cpp-1.h   -O1  (test for excess errors)
FAIL: ./cpp-1.h   -O2  (internal compiler error)
FAIL: ./cpp-1.h   -O2  (test for excess errors)
FAIL: ./cpp-1.h   -O3 -fomit-frame-pointer  (internal compiler error)
FAIL: ./cpp-1.h   -O3 -fomit-frame-pointer  (test for excess errors)
FAIL: ./cpp-1.h   -O3 -g  (internal compiler error)
FAIL: ./cpp-1.h   -O3 -g  (test for excess errors)
FAIL: ./cpp-1.h   -Os  (internal compiler error)
FAIL: ./cpp-1.h   -Os  (test for excess errors)
FAIL: ./cpp-1.h  -O0 -g (internal compiler error)
FAIL: ./cpp-1.h  -O0 -g (test for excess errors)
FAIL: ./cpp-2.h   -O0  (internal compiler error)
FAIL: ./cpp-2.h   -O0  (test for excess errors)
FAIL: ./cpp-2.h   -O1  (internal compiler error)
FAIL: ./cpp-2.h   -O1  (test for excess errors)
FAIL: ./cpp-2.h   -O2  (internal compiler error)
FAIL: ./cpp-2.h   -O2  (test for excess errors)
FAIL: ./cpp-2.h   -O3 -fomit-frame-pointer  (internal compiler error)
FAIL: ./cpp-2.h   -O3 -fomit-frame-pointer  (test for excess errors)
FAIL: ./cpp-2.h   -O3 -g  (internal compiler error)
FAIL: ./cpp-2.h   -O3 -g  (test for excess errors)
FAIL: ./cpp-2.h   -Os  (internal compiler error)
FAIL: ./cpp-2.h   -Os  (test for excess errors)
FAIL: ./cpp-2.h  -O0 -g (internal compiler error)
FAIL: ./cpp-2.h  -O0 -g (test for excess errors)
FAIL: ./cpp-3.h   -O0  (internal compiler error)
FAIL: ./cpp-3.h   -O0  (test for excess errors)
FAIL: ./cpp-3.h   -O1  (internal compiler error)
FAIL: ./cpp-3.h   -O1  (test for excess errors)
FAIL: ./cpp-3.h   -O2  (internal compiler error)
FAIL: ./cpp-3.h   -O2  (test for excess errors)
FAIL: ./cpp-3.h   -O3 -fomit-frame-pointer  (internal compiler error)
FAIL: ./cpp-3.h   -O3 -fomit-frame-pointer  (test for excess errors)
FAIL: ./cpp-3.h   -O3 -g  (internal compiler error)
FAIL: ./cpp-3.h   -O3 -g  (test for excess errors)
FAIL: ./cpp-3.h   -Os  (internal compiler error)
FAIL: ./cpp-3.h   -Os  (test for excess errors)
FAIL: ./cpp-3.h  -O0 -g (internal compiler error)
FAIL: ./cpp-3.h  -O0 -g (test for excess errors)
FAIL: ./decl-1.h   -O0  (internal compiler error)
FAIL: ./decl-1.h   -O0  (test for excess errors)
FAIL: ./decl-1.h   -O1  (internal compiler error)
FAIL: ./decl-1.h   -O1  (test for excess errors)
FAIL: ./decl-1.h   -O2  (internal compiler error)
FAIL: ./decl-1.h   -O2  (test for excess errors)
FAIL: ./decl-1.h   -O3 -fomit-frame-pointer  (internal compiler error)
FAIL: ./decl-1.h   -O3 -fomit-frame-pointer  (test for excess errors)
FAIL: ./decl-1.h   -O3 -g  (internal compiler error)
FAIL: ./decl-1.h   -O3 -g  (test for excess errors)
FAIL: ./decl-1.h   -Os  (internal compiler error)
FAIL: ./decl-1.h   -Os  (test for excess errors)
FAIL: ./decl-1.h  -O0 -g (internal compiler error)
FAIL: ./decl-1.h  -O0 -g (test for excess errors)
FAIL: ./decl-2.h   -O0  (internal compiler error)
FAIL: ./decl-2.h   -O0  (test for excess errors)
FAIL: ./decl-2.h   -O1  (internal compiler error)
FAIL: ./decl-2.h   -O1  (test for excess errors)
FAIL: ./decl-2.h   -O2  (internal compiler error)
FAIL: ./decl-2.h   -O2  (test for excess errors)
FAIL: ./decl-2.h   -O3 -fomit-frame-pointer  (internal compiler error)
FAIL: ./decl-2.h   -O3 -fomit-frame-pointer  (test for excess errors)
FAIL: ./decl-2.h   -O3 -g  (internal compiler error)
FAIL: ./decl-2.h   -O3 -g  (test for excess errors)
FAIL: ./decl-2.h   -Os  (internal compiler error)
FAIL: ./decl-2.h   -Os  (test for excess errors)
FAIL: ./decl-2.h  -O0 -g (internal compiler error)
FAIL: ./decl-2.h  -O0 -g (test for excess errors)
FAIL: ./decl-3.h   -O0  (internal compiler error)
FAIL: ./decl-3.h   -O0  (test for excess errors)
FAIL: ./decl-3.h   -O1  (internal compiler error)
FAIL: ./decl-3.h   -O1  (test for excess errors)
FAIL: ./decl-3.h   -O2  (internal compiler error)
FAIL: ./decl-3.h   -O2  (test for excess errors)
FAIL: ./decl-3.h   -O3 -fomit-frame-pointer  (internal compiler error)
FAIL: ./decl-3.h   -O3 -fomit-frame-pointer  (test for excess errors)
FAIL: ./decl-3.h   -O3 -g  (internal compiler error)
FAIL: ./decl-3.h   -O3 -g  (test for excess errors)
FAIL: ./decl-3.h   -Os  (internal compiler error)
FAIL: ./decl-3.h   -Os  (test for excess errors)
FAIL: ./decl-3.h  -O0 -g (internal compiler error)
FAIL: ./decl-3.h  -O0 -g (test for excess errors)
FAIL: ./decl-4.h   -O0  (internal compiler error)
FAIL: ./decl-4.h   -O0  (test for excess errors)
FAIL: ./decl-4.h   -O1  (internal compiler error)
FAIL: ./decl-4.h   -O1  (test for excess errors)
FAIL: ./decl-4.h   -O2  (internal compiler error)
FAIL: ./decl-4.h   -O2  (test for excess errors)
FAIL: ./decl-4.h   -O3 -fomit-frame-pointer  (internal compiler error)
FAIL: ./decl-4.h   -O3 -fomit-frame-pointer  (test for excess errors)
FAIL: ./decl-4.h   -O3 -g  (internal compiler error)
FAIL: ./decl-4.h   -O3 -g  (test for excess errors)
FAIL: ./decl-4.h   -Os  (internal compiler error)
FAIL: ./decl-4.h   -Os  (test for excess errors)
FAIL: ./decl-4.h  -O0 -g (internal compiler error)
FAIL: ./decl-4.h  -O0 -g (test for excess errors)
FAIL: ./decl-5.h   -O0  (internal compiler error)
FAIL: ./decl-5.h   -O0  (test for excess errors)
FAIL: ./decl-5.h   -O1  (internal compiler error)
FAIL: ./decl-5.h   -O1  (test for excess errors)
FAIL: ./decl-5.h   -O2  (internal compiler error)
FAIL: ./decl-5.h   -O2  (test for excess errors)
FAIL: ./decl-5.h   -O3 -fomit-frame-pointer  (internal compiler error)
FAIL: ./decl-5.h   -O3 -fomit-frame-pointer  (test for excess errors)
FAIL: ./decl-5.h   -O3 -g  (internal compiler error)
FAIL: ./decl-5.h   -O3 -g  (test for excess errors)
FAIL: ./decl-5.h   -Os  (internal compiler error)
FAIL: ./decl-5.h   -Os  (test for excess errors)
FAIL: ./decl-5.h  -O0 -g (internal compiler error)
FAIL: ./decl-5.h  -O0 -g (test for excess errors)
FAIL: ./empty.h   -O0  (internal compiler error)
FAIL: ./empty.h   -O0  (test for excess errors)
FAIL: ./empty.h   -O1  (internal compiler error)
FAIL: ./empty.h   -O1  (test for excess errors)
FAIL: ./empty.h   -O2  (internal compiler error)
FAIL: ./empty.h   -O2  (test for excess errors)
FAIL: ./empty.h   -O3 -fomit-frame-pointer  (internal compiler error)
FAIL: ./empty.h   -O3 -fomit-frame-pointer  (test for excess errors)
FAIL: ./empty.h   -O3 -g  (internal compiler error)
FAIL: ./empty.h   -O3 -g  (test for excess errors)
FAIL: ./empty.h   -Os  (internal compiler error)
FAIL: ./empty.h   -Os  (test for excess errors)
FAIL: ./empty.h  -O0 -g (internal compiler error)
FAIL: ./empty.h  -O0 -g (test for excess errors)
FAIL: ./except-1.h   -O0  (internal compiler error)
FAIL: ./except-1.h   -O0  (test for excess errors)
FAIL: ./except-1.h   -O1  (internal compiler error)
FAIL: ./except-1.h   -O1  (test for excess errors)
FAIL: ./except-1.h   -O2  (internal compiler error)
FAIL: ./except-1.h   -O2  (test for excess errors)
FAIL: ./except-1.h   -O3 -fomit-frame-pointer  (internal compiler error)
FAIL: ./except-1.h   -O3 -fomit-frame-pointer  (test for excess errors)
FAIL: ./except-1.h   -O3 -g  (internal compiler error)
FAIL: ./except-1.h   -O3 -g  (test for excess errors)
FAIL: ./except-1.h   -Os  (internal compiler error)
FAIL: ./except-1.h   -Os  (test for excess errors)
FAIL: ./except-1.h  -O0 -g (internal compiler error)
FAIL: ./except-1.h  -O0 -g (test for excess errors)
FAIL: ./global-1.h   -O0  (internal compiler error)
FAIL: ./global-1.h   -O0  (test for excess errors)
FAIL: ./global-1.h   -O1  (internal compiler error)
FAIL: ./global-1.h   -O1  (test for excess errors)
FAIL: ./global-1.h   -O2  (internal compiler error)
FAIL: ./global-1.h   -O2  (test for excess errors)
FAIL: ./global-1.h   -O3 -fomit-frame-pointer  (internal compiler error)
FAIL: ./global-1.h   -O3 -fomit-frame-pointer  (test for excess errors)
FAIL: ./global-1.h   -O3 -g  (internal compiler error)
FAIL: ./global-1.h   -O3 -g  (test for excess errors)
FAIL: ./global-1.h   -Os  (internal compiler error)
FAIL: ./global-1.h   -Os  (test for excess errors)
FAIL: ./global-1.h  -O0 -g (internal compiler error)
FAIL: ./global-1.h  -O0 -g (test for excess errors)
FAIL: ./ident-1.h   -O0  (internal compiler error)
FAIL: ./ident-1.h   -O0  (test for excess errors)
FAIL: ./ident-1.h   -O1  (internal compiler error)
FAIL: ./ident-1.h   -O1  (test for excess errors)
FAIL: ./ident-1.h   -O2  (internal compiler error)
FAIL: ./ident-1.h   -O2  (test for excess errors)
FAIL: ./ident-1.h   -O3 -fomit-frame-pointer  (internal compiler error)
FAIL: ./ident-1.h   -O3 -fomit-frame-pointer  (test for excess errors)
FAIL: ./ident-1.h   -O3 -g  (internal compiler error)
FAIL: ./ident-1.h   -O3 -g  (test for excess errors)
FAIL: ./ident-1.h   -Os  (internal compiler error)
FAIL: ./ident-1.h   -Os  (test for excess errors)
FAIL: ./ident-1.h  -O0 -g (internal compiler error)
FAIL: ./ident-1.h  -O0 -g (test for excess errors)
FAIL: ./import-1.h   -O0  (internal compiler error)
FAIL: ./import-1.h   -O0  (test for excess errors)
FAIL: ./import-1.h   -O1  (internal compiler error)
FAIL: ./import-1.h   -O1  (test for excess errors)
FAIL: ./import-1.h   -O2  (internal compiler error)
FAIL: ./import-1.h   -O2  (test for excess errors)
FAIL: ./import-1.h   -O3 -fomit-frame-pointer  (internal compiler error)
FAIL: ./import-1.h   -O3 -fomit-frame-pointer  (test for excess errors)
FAIL: ./import-1.h   -O3 -g  (internal compiler error)
FAIL: ./import-1.h   -O3 -g  (test for excess errors)
FAIL: ./import-1.h   -Os  (internal compiler error)
FAIL: ./import-1.h   -Os  (test for excess errors)
FAIL: ./import-1.h  -O0 -g (internal compiler error)
FAIL: ./import-1.h  -O0 -g (test for excess errors)
FAIL: ./import-2.h   -O0  (internal compiler error)
FAIL: ./import-2.h   -O0  (test for excess errors)
FAIL: ./import-2.h   -O1  (internal compiler error)
FAIL: ./import-2.h   -O1  (test for excess errors)
FAIL: ./import-2.h   -O2  (internal compiler error)
FAIL: ./import-2.h   -O2  (test for excess errors)
FAIL: ./import-2.h   -O3 -fomit-frame-pointer  (internal compiler error)
FAIL: ./import-2.h   -O3 -fomit-frame-pointer  (test for excess errors)
FAIL: ./import-2.h   -O3 -g  (internal compiler error)
FAIL: ./import-2.h   -O3 -g  (test for excess errors)
FAIL: ./import-2.h   -Os  (internal compiler error)
FAIL: ./import-2.h   -Os  (test for excess errors)
FAIL: ./import-2.h  -O0 -g (internal compiler error)
FAIL: ./import-2.h  -O0 -g (test for excess errors)
FAIL: ./inline-1.h   -O0  (internal compiler error)
FAIL: ./inline-1.h   -O0  (test for excess errors)
FAIL: ./inline-1.h   -O1  (internal compiler error)
FAIL: ./inline-1.h   -O1  (test for excess errors)
FAIL: ./inline-1.h   -O2  (internal compiler error)
FAIL: ./inline-1.h   -O2  (test for excess errors)
FAIL: ./inline-1.h   -O3 -fomit-frame-pointer  (internal compiler error)
FAIL: ./inline-1.h   -O3 -fomit-frame-pointer  (test for excess errors)
FAIL: ./inline-1.h   -O3 -g  (internal compiler error)
FAIL: ./inline-1.h   -O3 -g  (test for excess errors)
FAIL: ./inline-1.h   -Os  (internal compiler error)
FAIL: ./inline-1.h   -Os  (test for excess errors)
FAIL: ./inline-1.h  -O0 -g (internal compiler error)
FAIL: ./inline-1.h  -O0 -g (test for excess errors)
FAIL: ./inline-2.h   -O0  (internal compiler error)
FAIL: ./inline-2.h   -O0  (test for excess errors)
FAIL: ./inline-2.h   -O1  (internal compiler error)
FAIL: ./inline-2.h   -O1  (test for excess errors)
FAIL: ./inline-2.h   -O2  (internal compiler error)
FAIL: ./inline-2.h   -O2  (test for excess errors)
FAIL: ./inline-2.h   -O3 -fomit-frame-pointer  (internal compiler error)
FAIL: ./inline-2.h   -O3 -fomit-frame-pointer  (test for excess errors)
FAIL: ./inline-2.h   -O3 -g  (internal compiler error)
FAIL: ./inline-2.h   -O3 -g  (test for excess errors)
FAIL: ./inline-2.h   -Os  (internal compiler error)
FAIL: ./inline-2.h   -Os  (test for excess errors)
FAIL: ./inline-2.h  -O0 -g (internal compiler error)
FAIL: ./inline-2.h  -O0 -g (test for excess errors)
FAIL: ./inline-3.h   -O0  (internal compiler error)
FAIL: ./inline-3.h   -O0  (test for excess errors)
FAIL: ./inline-3.h   -O1  (internal compiler error)
FAIL: ./inline-3.h   -O1  (test for excess errors)
FAIL: ./inline-3.h   -O2  (internal compiler error)
FAIL: ./inline-3.h   -O2  (test for excess errors)
FAIL: ./inline-3.h   -O3 -fomit-frame-pointer  (internal compiler error)
FAIL: ./inline-3.h   -O3 -fomit-frame-pointer  (test for excess errors)
FAIL: ./inline-3.h   -O3 -g  (internal compiler error)
FAIL: ./inline-3.h   -O3 -g  (test for excess errors)
FAIL: ./inline-3.h   -Os  (internal compiler error)
FAIL: ./inline-3.h   -Os  (test for excess errors)
FAIL: ./inline-3.h  -O0 -g (internal compiler error)
FAIL: ./inline-3.h  -O0 -g (test for excess errors)
FAIL: ./inline-4.h   -O0  (internal compiler error)
FAIL: ./inline-4.h   -O0  (test for excess errors)
FAIL: ./inline-4.h   -O1  (internal compiler error)
FAIL: ./inline-4.h   -O1  (test for excess errors)
FAIL: ./inline-4.h   -O2  (internal compiler error)
FAIL: ./inline-4.h   -O2  (test for excess errors)
FAIL: ./inline-4.h   -O3 -fomit-frame-pointer  (internal compiler error)
FAIL: ./inline-4.h   -O3 -fomit-frame-pointer  (test for excess errors)
FAIL: ./inline-4.h   -O3 -g  (internal compiler error)
FAIL: ./inline-4.h   -O3 -g  (test for excess errors)
FAIL: ./inline-4.h   -Os  (internal compiler error)
FAIL: ./inline-4.h   -Os  (test for excess errors)
FAIL: ./inline-4.h  -O0 -g (internal compiler error)
FAIL: ./inline-4.h  -O0 -g (test for excess errors)
FAIL: ./largefile.h   -O0  (internal compiler error)
FAIL: ./largefile.h   -O0  (test for excess errors)
FAIL: ./largefile.h   -O1  (internal compiler error)
FAIL: ./largefile.h   -O1  (test for excess errors)
FAIL: ./largefile.h   -O2  (internal compiler error)
FAIL: ./largefile.h   -O2  (test for excess errors)
FAIL: ./largefile.h   -O3 -fomit-frame-pointer  (internal compiler error)
FAIL: ./largefile.h   -O3 -fomit-frame-pointer  (test for excess errors)
FAIL: ./largefile.h   -O3 -g  (internal compiler error)
FAIL: ./largefile.h   -O3 -g  (test for excess errors)
FAIL: ./largefile.h   -Os  (internal compiler error)
FAIL: ./largefile.h   -Os  (test for excess errors)
FAIL: ./largefile.h  -O0 -g (internal compiler error)
FAIL: ./largefile.h  -O0 -g (test for excess errors)
FAIL: ./macro-1.h   -O0  (internal compiler error)
FAIL: ./macro-1.h   -O0  (test for excess errors)
FAIL: ./macro-1.h   -O1  (internal compiler error)
FAIL: ./macro-1.h   -O1  (test for excess errors)
FAIL: ./macro-1.h   -O2  (internal compiler error)
FAIL: ./macro-1.h   -O2  (test for excess errors)
FAIL: ./macro-1.h   -O3 -fomit-frame-pointer  (internal compiler error)
FAIL: ./macro-1.h   -O3 -fomit-frame-pointer  (test for excess errors)
FAIL: ./macro-1.h   -O3 -g  (internal compiler error)
FAIL: ./macro-1.h   -O3 -g  (test for excess errors)
FAIL: ./macro-1.h   -Os  (internal compiler error)
FAIL: ./macro-1.h   -Os  (test for excess errors)
FAIL: ./macro-1.h  -O0 -g (internal compiler error)
FAIL: ./macro-1.h  -O0 -g (test for excess errors)
FAIL: ./macro-2.h   -O0  (internal compiler error)
FAIL: ./macro-2.h   -O0  (test for excess errors)
FAIL: ./macro-2.h   -O1  (internal compiler error)
FAIL: ./macro-2.h   -O1  (test for excess errors)
FAIL: ./macro-2.h   -O2  (internal compiler error)
FAIL: ./macro-2.h   -O2  (test for excess errors)
FAIL: ./macro-2.h   -O3 -fomit-frame-pointer  (internal compiler error)
FAIL: ./macro-2.h   -O3 -fomit-frame-pointer  (test for excess errors)
FAIL: ./macro-2.h   -O3 -g  (internal compiler error)
FAIL: ./macro-2.h   -O3 -g  (test for excess errors)
FAIL: ./macro-2.h   -Os  (internal compiler error)
FAIL: ./macro-2.h   -Os  (test for excess errors)
FAIL: ./macro-2.h  -O0 -g (internal compiler error)
FAIL: ./macro-2.h  -O0 -g (test for excess errors)
FAIL: ./macro-3.h   -O0  (internal compiler error)
FAIL: ./macro-3.h   -O0  (test for excess errors)
FAIL: ./macro-3.h   -O1  (internal compiler error)
FAIL: ./macro-3.h   -O1  (test for excess errors)
FAIL: ./macro-3.h   -O2  (internal compiler error)
FAIL: ./macro-3.h   -O2  (test for excess errors)
FAIL: ./macro-3.h   -O3 -fomit-frame-pointer  (internal compiler error)
FAIL: ./macro-3.h   -O3 -fomit-frame-pointer  (test for excess errors)
FAIL: ./macro-3.h   -O3 -g  (internal compiler error)
FAIL: ./macro-3.h   -O3 -g  (test for excess errors)
FAIL: ./macro-3.h   -Os  (internal compiler error)
FAIL: ./macro-3.h   -Os  (test for excess errors)
FAIL: ./macro-3.h  -O0 -g (internal compiler error)
FAIL: ./macro-3.h  -O0 -g (test for excess errors)
FAIL: ./macro-4.h   -O0  (internal compiler error)
FAIL: ./macro-4.h   -O0  (test for excess errors)
FAIL: ./macro-4.h   -O1  (internal compiler error)
FAIL: ./macro-4.h   -O1  (test for excess errors)
FAIL: ./macro-4.h   -O2  (internal compiler error)
FAIL: ./macro-4.h   -O2  (test for excess errors)
FAIL: ./macro-4.h   -O3 -fomit-frame-pointer  (internal compiler error)
FAIL: ./macro-4.h   -O3 -fomit-frame-pointer  (test for excess errors)
FAIL: ./macro-4.h   -O3 -g  (internal compiler error)
FAIL: ./macro-4.h   -O3 -g  (test for excess errors)
FAIL: ./macro-4.h   -Os  (internal compiler error)
FAIL: ./macro-4.h   -Os  (test for excess errors)
FAIL: ./macro-4.h  -O0 -g (internal compiler error)
FAIL: ./macro-4.h  -O0 -g (test for excess errors)
FAIL: ./pushpop-1.h   -O0  (internal compiler error)
FAIL: ./pushpop-1.h   -O0  (test for excess errors)
FAIL: ./pushpop-1.h   -O1  (internal compiler error)
FAIL: ./pushpop-1.h   -O1  (test for excess errors)
FAIL: ./pushpop-1.h   -O2  (internal compiler error)
FAIL: ./pushpop-1.h   -O2  (test for excess errors)
FAIL: ./pushpop-1.h   -O3 -fomit-frame-pointer  (internal compiler error)
FAIL: ./pushpop-1.h   -O3 -fomit-frame-pointer  (test for excess errors)
FAIL: ./pushpop-1.h   -O3 -g  (internal compiler error)
FAIL: ./pushpop-1.h   -O3 -g  (test for excess errors)
FAIL: ./pushpop-1.h   -Os  (internal compiler error)
FAIL: ./pushpop-1.h   -Os  (test for excess errors)
FAIL: ./pushpop-1.h  -O0 -g (internal compiler error)
FAIL: ./pushpop-1.h  -O0 -g (test for excess errors)
FAIL: ./save-temps-1.h   -O0  (internal compiler error)
FAIL: ./save-temps-1.h   -O0  (test for excess errors)
FAIL: ./save-temps-1.h   -O1  (internal compiler error)
FAIL: ./save-temps-1.h   -O1  (test for excess errors)
FAIL: ./save-temps-1.h   -O2  (internal compiler error)
FAIL: ./save-temps-1.h   -O2  (test for excess errors)
FAIL: ./save-temps-1.h   -O3 -fomit-frame-pointer  (internal compiler error)
FAIL: ./save-temps-1.h   -O3 -fomit-frame-pointer  (test for excess errors)
FAIL: ./save-temps-1.h   -O3 -g  (internal compiler error)
FAIL: ./save-temps-1.h   -O3 -g  (test for excess errors)
FAIL: ./save-temps-1.h   -Os  (internal compiler error)
FAIL: ./save-temps-1.h   -Os  (test for excess errors)
FAIL: ./save-temps-1.h  -O0 -g (internal compiler error)
FAIL: ./save-temps-1.h  -O0 -g (test for excess errors)
FAIL: ./static-1.h   -O0  (internal compiler error)
FAIL: ./static-1.h   -O0  (test for excess errors)
FAIL: ./static-1.h   -O1  (internal compiler error)
FAIL: ./static-1.h   -O1  (test for excess errors)
FAIL: ./static-1.h   -O2  (internal compiler error)
FAIL: ./static-1.h   -O2  (test for excess errors)
FAIL: ./static-1.h   -O3 -fomit-frame-pointer  (internal compiler error)
FAIL: ./static-1.h   -O3 -fomit-frame-pointer  (test for excess errors)
FAIL: ./static-1.h   -O3 -g  (internal compiler error)
FAIL: ./static-1.h   -O3 -g  (test for excess errors)
FAIL: ./static-1.h   -Os  (internal compiler error)
FAIL: ./static-1.h   -Os  (test for excess errors)
FAIL: ./static-1.h  -O0 -g (internal compiler error)
FAIL: ./static-1.h  -O0 -g (test for excess errors)
FAIL: ./static-2.h   -O0  (internal compiler error)
FAIL: ./static-2.h   -O0  (test for excess errors)
FAIL: ./static-2.h   -O1  (internal compiler error)
FAIL: ./static-2.h   -O1  (test for excess errors)
FAIL: ./static-2.h   -O2  (internal compiler error)
FAIL: ./static-2.h   -O2  (test for excess errors)
FAIL: ./static-2.h   -O3 -fomit-frame-pointer  (internal compiler error)
FAIL: ./static-2.h   -O3 -fomit-frame-pointer  (test for excess errors)
FAIL: ./static-2.h   -O3 -g  (internal compiler error)
FAIL: ./static-2.h   -O3 -g  (test for excess errors)
FAIL: ./static-2.h   -Os  (internal compiler error)
FAIL: ./static-2.h   -Os  (test for excess errors)
FAIL: ./static-2.h  -O0 -g (internal compiler error)
FAIL: ./static-2.h  -O0 -g (test for excess errors)
FAIL: ./static-3.h   -O0  (internal compiler error)
FAIL: ./static-3.h   -O0  (test for excess errors)
FAIL: ./static-3.h   -O1  (internal compiler error)
FAIL: ./static-3.h   -O1  (test for excess errors)
FAIL: ./static-3.h   -O2  (internal compiler error)
FAIL: ./static-3.h   -O2  (test for excess errors)
FAIL: ./static-3.h   -O3 -fomit-frame-pointer  (internal compiler error)
FAIL: ./static-3.h   -O3 -fomit-frame-pointer  (test for excess errors)
FAIL: ./static-3.h   -O3 -g  (internal compiler error)
FAIL: ./static-3.h   -O3 -g  (test for excess errors)
FAIL: ./static-3.h   -Os  (internal compiler error)
FAIL: ./static-3.h   -Os  (test for excess errors)
FAIL: ./static-3.h  -O0 -g (internal compiler error)
FAIL: ./static-3.h  -O0 -g (test for excess errors)
FAIL: ./struct-1.h   -O0  (internal compiler error)
FAIL: ./struct-1.h   -O0  (test for excess errors)
FAIL: ./struct-1.h   -O1  (internal compiler error)
FAIL: ./struct-1.h   -O1  (test for excess errors)
FAIL: ./struct-1.h   -O2  (internal compiler error)
FAIL: ./struct-1.h   -O2  (test for excess errors)
FAIL: ./struct-1.h   -O3 -fomit-frame-pointer  (internal compiler error)
FAIL: ./struct-1.h   -O3 -fomit-frame-pointer  (test for excess errors)
FAIL: ./struct-1.h   -O3 -g  (internal compiler error)
FAIL: ./struct-1.h   -O3 -g  (test for excess errors)
FAIL: ./struct-1.h   -Os  (internal compiler error)
FAIL: ./struct-1.h   -Os  (test for excess errors)
FAIL: ./struct-1.h  -O0 -g (internal compiler error)
FAIL: ./struct-1.h  -O0 -g (test for excess errors)
FAIL: ./system-1.h   -O0  (internal compiler error)
FAIL: ./system-1.h   -O0  (test for excess errors)
FAIL: ./system-1.h   -O1  (internal compiler error)
FAIL: ./system-1.h   -O1  (test for excess errors)
FAIL: ./system-1.h   -O2  (internal compiler error)
FAIL: ./system-1.h   -O2  (test for excess errors)
FAIL: ./system-1.h   -O3 -fomit-frame-pointer  (internal compiler error)
FAIL: ./system-1.h   -O3 -fomit-frame-pointer  (test for excess errors)
FAIL: ./system-1.h   -O3 -g  (internal compiler error)
FAIL: ./system-1.h   -O3 -g  (test for excess errors)
FAIL: ./system-1.h   -Os  (internal compiler error)
FAIL: ./system-1.h   -Os  (test for excess errors)
FAIL: ./system-1.h  -O0 -g (internal compiler error)
FAIL: ./system-1.h  -O0 -g (test for excess errors)
FAIL: ./valid-1.h   -O0  (internal compiler error)
FAIL: ./valid-1.h   -O0  (test for excess errors)
FAIL: ./valid-1.h   -O1  (internal compiler error)
FAIL: ./valid-1.h   -O1  (test for excess errors)
FAIL: ./valid-1.h   -O2  (internal compiler error)
FAIL: ./valid-1.h   -O2  (test for excess errors)
FAIL: ./valid-1.h   -O3 -fomit-frame-pointer  (internal compiler error)
FAIL: ./valid-1.h   -O3 -fomit-frame-pointer  (test for excess errors)
FAIL: ./valid-1.h   -O3 -g  (internal compiler error)
FAIL: ./valid-1.h   -O3 -g  (test for excess errors)
FAIL: ./valid-1.h   -Os  (internal compiler error)
FAIL: ./valid-1.h   -Os  (test for excess errors)
FAIL: ./valid-1.h  -O0 -g (internal compiler error)
FAIL: ./valid-1.h  -O0 -g (test for excess errors)
FAIL: ./valid-1b.h   -O0  (internal compiler error)
FAIL: ./valid-1b.h   -O0  (test for excess errors)
FAIL: ./valid-1b.h   -O1  (internal compiler error)
FAIL: ./valid-1b.h   -O1  (test for excess errors)
FAIL: ./valid-1b.h   -O2  (internal compiler error)
FAIL: ./valid-1b.h   -O2  (test for excess errors)
FAIL: ./valid-1b.h   -O3 -fomit-frame-pointer  (internal compiler error)
FAIL: ./valid-1b.h   -O3 -fomit-frame-pointer  (test for excess errors)
FAIL: ./valid-1b.h   -O3 -g  (internal compiler error)
FAIL: ./valid-1b.h   -O3 -g  (test for excess errors)
FAIL: ./valid-1b.h   -Os  (internal compiler error)
FAIL: ./valid-1b.h   -Os  (test for excess errors)
FAIL: ./valid-1b.h  -O0 -g (internal compiler error)
FAIL: ./valid-1b.h  -O0 -g (test for excess errors)
FAIL: ./valid-2.h   -O0  (internal compiler error)
FAIL: ./valid-2.h   -O0  (test for excess errors)
FAIL: ./valid-2.h   -O1  (internal compiler error)
FAIL: ./valid-2.h   -O1  (test for excess errors)
FAIL: ./valid-2.h   -O2  (internal compiler error)
FAIL: ./valid-2.h   -O2  (test for excess errors)
FAIL: ./valid-2.h   -O3 -fomit-frame-pointer  (internal compiler error)
FAIL: ./valid-2.h   -O3 -fomit-frame-pointer  (test for excess errors)
FAIL: ./valid-2.h   -O3 -g  (internal compiler error)
FAIL: ./valid-2.h   -O3 -g  (test for excess errors)
FAIL: ./valid-2.h   -Os  (internal compiler error)
FAIL: ./valid-2.h   -Os  (test for excess errors)
FAIL: ./valid-2.h  -O0 -g (internal compiler error)
FAIL: ./valid-2.h  -O0 -g (test for excess errors)
FAIL: ./valid-4.h   -O0  (internal compiler error)
FAIL: ./valid-4.h   -O0  (test for excess errors)
FAIL: ./valid-4.h   -O1  (internal compiler error)
FAIL: ./valid-4.h   -O1  (test for excess errors)
FAIL: ./valid-4.h   -O2  (internal compiler error)
FAIL: ./valid-4.h   -O2  (test for excess errors)
FAIL: ./valid-4.h   -O3 -fomit-frame-pointer  (internal compiler error)
FAIL: ./valid-4.h   -O3 -fomit-frame-pointer  (test for excess errors)
FAIL: ./valid-4.h   -O3 -g  (internal compiler error)
FAIL: ./valid-4.h   -O3 -g  (test for excess errors)
FAIL: ./valid-4.h   -Os  (internal compiler error)
FAIL: ./valid-4.h   -Os  (test for excess errors)
FAIL: ./valid-4.h  -O0 -g (internal compiler error)
FAIL: ./valid-4.h  -O0 -g (test for excess errors)
FAIL: ./valid-5.h   -O0  (internal compiler error)
FAIL: ./valid-5.h   -O0  (test for excess errors)
FAIL: ./valid-5.h   -O1  (internal compiler error)
FAIL: ./valid-5.h   -O1  (test for excess errors)
FAIL: ./valid-5.h   -O2  (internal compiler error)
FAIL: ./valid-5.h   -O2  (test for excess errors)
FAIL: ./valid-5.h   -O3 -fomit-frame-pointer  (internal compiler error)
FAIL: ./valid-5.h   -O3 -fomit-frame-pointer  (test for excess errors)
FAIL: ./valid-5.h   -O3 -g  (internal compiler error)
FAIL: ./valid-5.h   -O3 -g  (test for excess errors)
FAIL: ./valid-5.h   -Os  (internal compiler error)
FAIL: ./valid-5.h   -Os  (test for excess errors)
FAIL: ./valid-5.h  -O0 -g (internal compiler error)
FAIL: ./valid-5.h  -O0 -g (test for excess errors)
FAIL: ./valid-6.h   -O0  (internal compiler error)
FAIL: ./valid-6.h   -O0  (test for excess errors)
FAIL: ./valid-6.h   -O1  (internal compiler error)
FAIL: ./valid-6.h   -O1  (test for excess errors)
FAIL: ./valid-6.h   -O2  (internal compiler error)
FAIL: ./valid-6.h   -O2  (test for excess errors)
FAIL: ./valid-6.h   -O3 -fomit-frame-pointer  (internal compiler error)
FAIL: ./valid-6.h   -O3 -fomit-frame-pointer  (test for excess errors)
FAIL: ./valid-6.h   -O3 -g  (internal compiler error)
FAIL: ./valid-6.h   -O3 -g  (test for excess errors)
FAIL: ./valid-6.h   -Os  (internal compiler error)
FAIL: ./valid-6.h   -Os  (test for excess errors)
FAIL: ./valid-6.h  -O0 -g (internal compiler error)
FAIL: ./valid-6.h  -O0 -g (test for excess errors)
FAIL: ./warn-1.h   -O0  (internal compiler error)
FAIL: ./warn-1.h   -O0  (test for excess errors)
FAIL: ./warn-1.h   -O1  (internal compiler error)
FAIL: ./warn-1.h   -O1  (test for excess errors)
FAIL: ./warn-1.h   -O2  (internal compiler error)
FAIL: ./warn-1.h   -O2  (test for excess errors)
FAIL: ./warn-1.h   -O3 -fomit-frame-pointer  (internal compiler error)
FAIL: ./warn-1.h   -O3 -fomit-frame-pointer  (test for excess errors)
FAIL: ./warn-1.h   -O3 -g  (internal compiler error)
FAIL: ./warn-1.h   -O3 -g  (test for excess errors)
FAIL: ./warn-1.h   -Os  (internal compiler error)
FAIL: ./warn-1.h   -Os  (test for excess errors)
FAIL: ./warn-1.h  -O0 -g (internal compiler error)
FAIL: ./warn-1.h  -O0 -g (test for excess errors)
FAIL: gcc.dg/pch/common-1.c  -O0 
FAIL: gcc.dg/pch/common-1.c  -O0  assembly comparison
FAIL: gcc.dg/pch/common-1.c  -O1 
FAIL: gcc.dg/pch/common-1.c  -O1  assembly comparison
FAIL: gcc.dg/pch/common-1.c  -O2 
FAIL: gcc.dg/pch/common-1.c  -O2  assembly comparison
FAIL: gcc.dg/pch/common-1.c  -O3 -fomit-frame-pointer 
FAIL: gcc.dg/pch/common-1.c  -O3 -fomit-frame-pointer  assembly comparison
FAIL: gcc.dg/pch/common-1.c  -O3 -g 
FAIL: gcc.dg/pch/common-1.c  -O3 -g  assembly comparison
FAIL: gcc.dg/pch/common-1.c  -Os 
FAIL: gcc.dg/pch/common-1.c  -Os  assembly comparison
FAIL: gcc.dg/pch/common-1.c -O0 -g
FAIL: gcc.dg/pch/common-1.c -O0 -g assembly comparison
FAIL: gcc.dg/pch/counter-1.c  -O0 
FAIL: gcc.dg/pch/counter-1.c  -O0  assembly comparison
FAIL: gcc.dg/pch/counter-1.c  -O1 
FAIL: gcc.dg/pch/counter-1.c  -O1  assembly comparison
FAIL: gcc.dg/pch/counter-1.c  -O2 
FAIL: gcc.dg/pch/counter-1.c  -O2  assembly comparison
FAIL: gcc.dg/pch/counter-1.c  -O3 -fomit-frame-pointer 
FAIL: gcc.dg/pch/counter-1.c  -O3 -fomit-frame-pointer  assembly comparison
FAIL: gcc.dg/pch/counter-1.c  -O3 -g 
FAIL: gcc.dg/pch/counter-1.c  -O3 -g  assembly comparison
FAIL: gcc.dg/pch/counter-1.c  -Os 
FAIL: gcc.dg/pch/counter-1.c  -Os  assembly comparison
FAIL: gcc.dg/pch/counter-1.c -O0 -g
FAIL: gcc.dg/pch/counter-1.c -O0 -g assembly comparison
FAIL: gcc.dg/pch/counter-2.c  -O0 
FAIL: gcc.dg/pch/counter-2.c  -O1 
FAIL: gcc.dg/pch/counter-2.c  -O2 
FAIL: gcc.dg/pch/counter-2.c  -O3 -fomit-frame-pointer 
FAIL: gcc.dg/pch/counter-2.c  -O3 -g 
FAIL: gcc.dg/pch/counter-2.c  -Os 
FAIL: gcc.dg/pch/counter-2.c -O0 -g
FAIL: gcc.dg/pch/counter-3.c  -O0 
FAIL: gcc.dg/pch/counter-3.c  -O0  assembly comparison
FAIL: gcc.dg/pch/counter-3.c  -O1 
FAIL: gcc.dg/pch/counter-3.c  -O1  assembly comparison
FAIL: gcc.dg/pch/counter-3.c  -O2 
FAIL: gcc.dg/pch/counter-3.c  -O2  assembly comparison
FAIL: gcc.dg/pch/counter-3.c  -O3 -fomit-frame-pointer 
FAIL: gcc.dg/pch/counter-3.c  -O3 -fomit-frame-pointer  assembly comparison
FAIL: gcc.dg/pch/counter-3.c  -O3 -g 
FAIL: gcc.dg/pch/counter-3.c  -O3 -g  assembly comparison
FAIL: gcc.dg/pch/counter-3.c  -Os 
FAIL: gcc.dg/pch/counter-3.c  -Os  assembly comparison
FAIL: gcc.dg/pch/counter-3.c -O0 -g
FAIL: gcc.dg/pch/counter-3.c -O0 -g assembly comparison
FAIL: gcc.dg/pch/cpp-1.c  -O0 
FAIL: gcc.dg/pch/cpp-1.c  -O0  assembly comparison
FAIL: gcc.dg/pch/cpp-1.c  -O1 
FAIL: gcc.dg/pch/cpp-1.c  -O1  assembly comparison
FAIL: gcc.dg/pch/cpp-1.c  -O2 
FAIL: gcc.dg/pch/cpp-1.c  -O2  assembly comparison
FAIL: gcc.dg/pch/cpp-1.c  -O3 -fomit-frame-pointer 
FAIL: gcc.dg/pch/cpp-1.c  -O3 -fomit-frame-pointer  assembly comparison
FAIL: gcc.dg/pch/cpp-1.c  -O3 -g 
FAIL: gcc.dg/pch/cpp-1.c  -O3 -g  assembly comparison
FAIL: gcc.dg/pch/cpp-1.c  -Os 
FAIL: gcc.dg/pch/cpp-1.c  -Os  assembly comparison
FAIL: gcc.dg/pch/cpp-1.c -O0 -g
FAIL: gcc.dg/pch/cpp-1.c -O0 -g assembly comparison
FAIL: gcc.dg/pch/cpp-2.c  -O0 
FAIL: gcc.dg/pch/cpp-2.c  -O0  assembly comparison
FAIL: gcc.dg/pch/cpp-2.c  -O1 
FAIL: gcc.dg/pch/cpp-2.c  -O1  assembly comparison
FAIL: gcc.dg/pch/cpp-2.c  -O2 
FAIL: gcc.dg/pch/cpp-2.c  -O2  assembly comparison
FAIL: gcc.dg/pch/cpp-2.c  -O3 -fomit-frame-pointer 
FAIL: gcc.dg/pch/cpp-2.c  -O3 -fomit-frame-pointer  assembly comparison
FAIL: gcc.dg/pch/cpp-2.c  -O3 -g 
FAIL: gcc.dg/pch/cpp-2.c  -O3 -g  assembly comparison
FAIL: gcc.dg/pch/cpp-2.c  -Os 
FAIL: gcc.dg/pch/cpp-2.c  -Os  assembly comparison
FAIL: gcc.dg/pch/cpp-2.c -O0 -g
FAIL: gcc.dg/pch/cpp-2.c -O0 -g assembly comparison
FAIL: gcc.dg/pch/cpp-3.c  -O0 
FAIL: gcc.dg/pch/cpp-3.c  -O0  assembly comparison
FAIL: gcc.dg/pch/cpp-3.c  -O1 
FAIL: gcc.dg/pch/cpp-3.c  -O1  assembly comparison
FAIL: gcc.dg/pch/cpp-3.c  -O2 
FAIL: gcc.dg/pch/cpp-3.c  -O2  assembly comparison
FAIL: gcc.dg/pch/cpp-3.c  -O3 -fomit-frame-pointer 
FAIL: gcc.dg/pch/cpp-3.c  -O3 -fomit-frame-pointer  assembly comparison
FAIL: gcc.dg/pch/cpp-3.c  -O3 -g 
FAIL: gcc.dg/pch/cpp-3.c  -O3 -g  assembly comparison
FAIL: gcc.dg/pch/cpp-3.c  -Os 
FAIL: gcc.dg/pch/cpp-3.c  -Os  assembly comparison
FAIL: gcc.dg/pch/cpp-3.c -O0 -g
FAIL: gcc.dg/pch/cpp-3.c -O0 -g assembly comparison
FAIL: gcc.dg/pch/decl-1.c  -O0 
FAIL: gcc.dg/pch/decl-1.c  -O0  assembly comparison
FAIL: gcc.dg/pch/decl-1.c  -O1 
FAIL: gcc.dg/pch/decl-1.c  -O1  assembly comparison
FAIL: gcc.dg/pch/decl-1.c  -O2 
FAIL: gcc.dg/pch/decl-1.c  -O2  assembly comparison
FAIL: gcc.dg/pch/decl-1.c  -O3 -fomit-frame-pointer 
FAIL: gcc.dg/pch/decl-1.c  -O3 -fomit-frame-pointer  assembly comparison
FAIL: gcc.dg/pch/decl-1.c  -O3 -g 
FAIL: gcc.dg/pch/decl-1.c  -O3 -g  assembly comparison
FAIL: gcc.dg/pch/decl-1.c  -Os 
FAIL: gcc.dg/pch/decl-1.c  -Os  assembly comparison
FAIL: gcc.dg/pch/decl-1.c -O0 -g
FAIL: gcc.dg/pch/decl-1.c -O0 -g assembly comparison
FAIL: gcc.dg/pch/decl-2.c  -O0 
FAIL: gcc.dg/pch/decl-2.c  -O0  assembly comparison
FAIL: gcc.dg/pch/decl-2.c  -O1 
FAIL: gcc.dg/pch/decl-2.c  -O1  assembly comparison
FAIL: gcc.dg/pch/decl-2.c  -O2 
FAIL: gcc.dg/pch/decl-2.c  -O2  assembly comparison
FAIL: gcc.dg/pch/decl-2.c  -O3 -fomit-frame-pointer 
FAIL: gcc.dg/pch/decl-2.c  -O3 -fomit-frame-pointer  assembly comparison
FAIL: gcc.dg/pch/decl-2.c  -O3 -g 
FAIL: gcc.dg/pch/decl-2.c  -O3 -g  assembly comparison
FAIL: gcc.dg/pch/decl-2.c  -Os 
FAIL: gcc.dg/pch/decl-2.c  -Os  assembly comparison
FAIL: gcc.dg/pch/decl-2.c -O0 -g
FAIL: gcc.dg/pch/decl-2.c -O0 -g assembly comparison
FAIL: gcc.dg/pch/decl-3.c  -O0 
FAIL: gcc.dg/pch/decl-3.c  -O0  assembly comparison
FAIL: gcc.dg/pch/decl-3.c  -O1 
FAIL: gcc.dg/pch/decl-3.c  -O1  assembly comparison
FAIL: gcc.dg/pch/decl-3.c  -O2 
FAIL: gcc.dg/pch/decl-3.c  -O2  assembly comparison
FAIL: gcc.dg/pch/decl-3.c  -O3 -fomit-frame-pointer 
FAIL: gcc.dg/pch/decl-3.c  -O3 -fomit-frame-pointer  assembly comparison
FAIL: gcc.dg/pch/decl-3.c  -O3 -g 
FAIL: gcc.dg/pch/decl-3.c  -O3 -g  assembly comparison
FAIL: gcc.dg/pch/decl-3.c  -Os 
FAIL: gcc.dg/pch/decl-3.c  -Os  assembly comparison
FAIL: gcc.dg/pch/decl-3.c -O0 -g
FAIL: gcc.dg/pch/decl-3.c -O0 -g assembly comparison
FAIL: gcc.dg/pch/decl-4.c  -O0 
FAIL: gcc.dg/pch/decl-4.c  -O0  assembly comparison
FAIL: gcc.dg/pch/decl-4.c  -O1 
FAIL: gcc.dg/pch/decl-4.c  -O1  assembly comparison
FAIL: gcc.dg/pch/decl-4.c  -O2 
FAIL: gcc.dg/pch/decl-4.c  -O2  assembly comparison
FAIL: gcc.dg/pch/decl-4.c  -O3 -fomit-frame-pointer 
FAIL: gcc.dg/pch/decl-4.c  -O3 -fomit-frame-pointer  assembly comparison
FAIL: gcc.dg/pch/decl-4.c  -O3 -g 
FAIL: gcc.dg/pch/decl-4.c  -O3 -g  assembly comparison
FAIL: gcc.dg/pch/decl-4.c  -Os 
FAIL: gcc.dg/pch/decl-4.c  -Os  assembly comparison
FAIL: gcc.dg/pch/decl-4.c -O0 -g
FAIL: gcc.dg/pch/decl-4.c -O0 -g assembly comparison
FAIL: gcc.dg/pch/decl-5.c  -O0 
FAIL: gcc.dg/pch/decl-5.c  -O0  assembly comparison
FAIL: gcc.dg/pch/decl-5.c  -O1 
FAIL: gcc.dg/pch/decl-5.c  -O1  assembly comparison
FAIL: gcc.dg/pch/decl-5.c  -O2 
FAIL: gcc.dg/pch/decl-5.c  -O2  assembly comparison
FAIL: gcc.dg/pch/decl-5.c  -O3 -fomit-frame-pointer 
FAIL: gcc.dg/pch/decl-5.c  -O3 -fomit-frame-pointer  assembly comparison
FAIL: gcc.dg/pch/decl-5.c  -O3 -g 
FAIL: gcc.dg/pch/decl-5.c  -O3 -g  assembly comparison
FAIL: gcc.dg/pch/decl-5.c  -Os 
FAIL: gcc.dg/pch/decl-5.c  -Os  assembly comparison
FAIL: gcc.dg/pch/decl-5.c -O0 -g
FAIL: gcc.dg/pch/decl-5.c -O0 -g assembly comparison
FAIL: gcc.dg/pch/empty.c  -O0 
FAIL: gcc.dg/pch/empty.c  -O0  assembly comparison
FAIL: gcc.dg/pch/empty.c  -O1 
FAIL: gcc.dg/pch/empty.c  -O1  assembly comparison
FAIL: gcc.dg/pch/empty.c  -O2 
FAIL: gcc.dg/pch/empty.c  -O2  assembly comparison
FAIL: gcc.dg/pch/empty.c  -O3 -fomit-frame-pointer 
FAIL: gcc.dg/pch/empty.c  -O3 -fomit-frame-pointer  assembly comparison
FAIL: gcc.dg/pch/empty.c  -O3 -g 
FAIL: gcc.dg/pch/empty.c  -O3 -g  assembly comparison
FAIL: gcc.dg/pch/empty.c  -Os 
FAIL: gcc.dg/pch/empty.c  -Os  assembly comparison
FAIL: gcc.dg/pch/empty.c -O0 -g
FAIL: gcc.dg/pch/empty.c -O0 -g assembly comparison
FAIL: gcc.dg/pch/except-1.c  -O0 
FAIL: gcc.dg/pch/except-1.c  -O0  assembly comparison
FAIL: gcc.dg/pch/except-1.c  -O1 
FAIL: gcc.dg/pch/except-1.c  -O1  assembly comparison
FAIL: gcc.dg/pch/except-1.c  -O2 
FAIL: gcc.dg/pch/except-1.c  -O2  assembly comparison
FAIL: gcc.dg/pch/except-1.c  -O3 -fomit-frame-pointer 
FAIL: gcc.dg/pch/except-1.c  -O3 -fomit-frame-pointer  assembly comparison
FAIL: gcc.dg/pch/except-1.c  -O3 -g 
FAIL: gcc.dg/pch/except-1.c  -O3 -g  assembly comparison
FAIL: gcc.dg/pch/except-1.c  -Os 
FAIL: gcc.dg/pch/except-1.c  -Os  assembly comparison
FAIL: gcc.dg/pch/except-1.c -O0 -g
FAIL: gcc.dg/pch/except-1.c -O0 -g assembly comparison
FAIL: gcc.dg/pch/global-1.c  -O0 
FAIL: gcc.dg/pch/global-1.c  -O0  assembly comparison
FAIL: gcc.dg/pch/global-1.c  -O1 
FAIL: gcc.dg/pch/global-1.c  -O1  assembly comparison
FAIL: gcc.dg/pch/global-1.c  -O2 
FAIL: gcc.dg/pch/global-1.c  -O2  assembly comparison
FAIL: gcc.dg/pch/global-1.c  -O3 -fomit-frame-pointer 
FAIL: gcc.dg/pch/global-1.c  -O3 -fomit-frame-pointer  assembly comparison
FAIL: gcc.dg/pch/global-1.c  -O3 -g 
FAIL: gcc.dg/pch/global-1.c  -O3 -g  assembly comparison
FAIL: gcc.dg/pch/global-1.c  -Os 
FAIL: gcc.dg/pch/global-1.c  -Os  assembly comparison
FAIL: gcc.dg/pch/global-1.c -O0 -g
FAIL: gcc.dg/pch/global-1.c -O0 -g assembly comparison
FAIL: gcc.dg/pch/ident-1.c  -O0 
FAIL: gcc.dg/pch/ident-1.c  -O0  assembly comparison
FAIL: gcc.dg/pch/ident-1.c  -O1 
FAIL: gcc.dg/pch/ident-1.c  -O1  assembly comparison
FAIL: gcc.dg/pch/ident-1.c  -O2 
FAIL: gcc.dg/pch/ident-1.c  -O2  assembly comparison
FAIL: gcc.dg/pch/ident-1.c  -O3 -fomit-frame-pointer 
FAIL: gcc.dg/pch/ident-1.c  -O3 -fomit-frame-pointer  assembly comparison
FAIL: gcc.dg/pch/ident-1.c  -O3 -g 
FAIL: gcc.dg/pch/ident-1.c  -O3 -g  assembly comparison
FAIL: gcc.dg/pch/ident-1.c  -Os 
FAIL: gcc.dg/pch/ident-1.c  -Os  assembly comparison
FAIL: gcc.dg/pch/ident-1.c -O0 -g
FAIL: gcc.dg/pch/ident-1.c -O0 -g assembly comparison
FAIL: gcc.dg/pch/import-1.c  -O0 
FAIL: gcc.dg/pch/import-1.c  -O0  assembly comparison
FAIL: gcc.dg/pch/import-1.c  -O1 
FAIL: gcc.dg/pch/import-1.c  -O1  assembly comparison
FAIL: gcc.dg/pch/import-1.c  -O2 
FAIL: gcc.dg/pch/import-1.c  -O2  assembly comparison
FAIL: gcc.dg/pch/import-1.c  -O3 -fomit-frame-pointer 
FAIL: gcc.dg/pch/import-1.c  -O3 -fomit-frame-pointer  assembly comparison
FAIL: gcc.dg/pch/import-1.c  -O3 -g 
FAIL: gcc.dg/pch/import-1.c  -O3 -g  assembly comparison
FAIL: gcc.dg/pch/import-1.c  -Os 
FAIL: gcc.dg/pch/import-1.c  -Os  assembly comparison
FAIL: gcc.dg/pch/import-1.c -O0 -g
FAIL: gcc.dg/pch/import-1.c -O0 -g assembly comparison
FAIL: gcc.dg/pch/import-2.c  -O0 
FAIL: gcc.dg/pch/import-2.c  -O0  assembly comparison
FAIL: gcc.dg/pch/import-2.c  -O1 
FAIL: gcc.dg/pch/import-2.c  -O1  assembly comparison
FAIL: gcc.dg/pch/import-2.c  -O2 
FAIL: gcc.dg/pch/import-2.c  -O2  assembly comparison
FAIL: gcc.dg/pch/import-2.c  -O3 -fomit-frame-pointer 
FAIL: gcc.dg/pch/import-2.c  -O3 -fomit-frame-pointer  assembly comparison
FAIL: gcc.dg/pch/import-2.c  -O3 -g 
FAIL: gcc.dg/pch/import-2.c  -O3 -g  assembly comparison
FAIL: gcc.dg/pch/import-2.c  -Os 
FAIL: gcc.dg/pch/import-2.c  -Os  assembly comparison
FAIL: gcc.dg/pch/import-2.c -O0 -g
FAIL: gcc.dg/pch/import-2.c -O0 -g assembly comparison
FAIL: gcc.dg/pch/inline-1.c  -O0 
FAIL: gcc.dg/pch/inline-1.c  -O0  assembly comparison
FAIL: gcc.dg/pch/inline-1.c  -O1 
FAIL: gcc.dg/pch/inline-1.c  -O1  assembly comparison
FAIL: gcc.dg/pch/inline-1.c  -O2 
FAIL: gcc.dg/pch/inline-1.c  -O2  assembly comparison
FAIL: gcc.dg/pch/inline-1.c  -O3 -fomit-frame-pointer 
FAIL: gcc.dg/pch/inline-1.c  -O3 -fomit-frame-pointer  assembly comparison
FAIL: gcc.dg/pch/inline-1.c  -O3 -g 
FAIL: gcc.dg/pch/inline-1.c  -O3 -g  assembly comparison
FAIL: gcc.dg/pch/inline-1.c  -Os 
FAIL: gcc.dg/pch/inline-1.c  -Os  assembly comparison
FAIL: gcc.dg/pch/inline-1.c -O0 -g
FAIL: gcc.dg/pch/inline-1.c -O0 -g assembly comparison
FAIL: gcc.dg/pch/inline-2.c  -O0 
FAIL: gcc.dg/pch/inline-2.c  -O0  assembly comparison
FAIL: gcc.dg/pch/inline-2.c  -O1 
FAIL: gcc.dg/pch/inline-2.c  -O1  assembly comparison
FAIL: gcc.dg/pch/inline-2.c  -O2 
FAIL: gcc.dg/pch/inline-2.c  -O2  assembly comparison
FAIL: gcc.dg/pch/inline-2.c  -O3 -fomit-frame-pointer 
FAIL: gcc.dg/pch/inline-2.c  -O3 -fomit-frame-pointer  assembly comparison
FAIL: gcc.dg/pch/inline-2.c  -O3 -g 
FAIL: gcc.dg/pch/inline-2.c  -O3 -g  assembly comparison
FAIL: gcc.dg/pch/inline-2.c  -Os 
FAIL: gcc.dg/pch/inline-2.c  -Os  assembly comparison
FAIL: gcc.dg/pch/inline-2.c -O0 -g
FAIL: gcc.dg/pch/inline-2.c -O0 -g assembly comparison
FAIL: gcc.dg/pch/inline-3.c  -O0 
FAIL: gcc.dg/pch/inline-3.c  -O0  assembly comparison
FAIL: gcc.dg/pch/inline-3.c  -O1 
FAIL: gcc.dg/pch/inline-3.c  -O1  assembly comparison
FAIL: gcc.dg/pch/inline-3.c  -O2 
FAIL: gcc.dg/pch/inline-3.c  -O2  assembly comparison
FAIL: gcc.dg/pch/inline-3.c  -O3 -fomit-frame-pointer 
FAIL: gcc.dg/pch/inline-3.c  -O3 -fomit-frame-pointer  assembly comparison
FAIL: gcc.dg/pch/inline-3.c  -O3 -g 
FAIL: gcc.dg/pch/inline-3.c  -O3 -g  assembly comparison
FAIL: gcc.dg/pch/inline-3.c  -Os 
FAIL: gcc.dg/pch/inline-3.c  -Os  assembly comparison
FAIL: gcc.dg/pch/inline-3.c -O0 -g
FAIL: gcc.dg/pch/inline-3.c -O0 -g assembly comparison
FAIL: gcc.dg/pch/inline-4.c  -O0 
FAIL: gcc.dg/pch/inline-4.c  -O0  assembly comparison
FAIL: gcc.dg/pch/inline-4.c  -O1 
FAIL: gcc.dg/pch/inline-4.c  -O1  assembly comparison
FAIL: gcc.dg/pch/inline-4.c  -O2 
FAIL: gcc.dg/pch/inline-4.c  -O2  assembly comparison
FAIL: gcc.dg/pch/inline-4.c  -O3 -fomit-frame-pointer 
FAIL: gcc.dg/pch/inline-4.c  -O3 -fomit-frame-pointer  assembly comparison
FAIL: gcc.dg/pch/inline-4.c  -O3 -g 
FAIL: gcc.dg/pch/inline-4.c  -O3 -g  assembly comparison
FAIL: gcc.dg/pch/inline-4.c  -Os 
FAIL: gcc.dg/pch/inline-4.c  -Os  assembly comparison
FAIL: gcc.dg/pch/inline-4.c -O0 -g
FAIL: gcc.dg/pch/inline-4.c -O0 -g assembly comparison
FAIL: gcc.dg/pch/largefile.c  -O0 
FAIL: gcc.dg/pch/largefile.c  -O0  assembly comparison
FAIL: gcc.dg/pch/largefile.c  -O1 
FAIL: gcc.dg/pch/largefile.c  -O1  assembly comparison
FAIL: gcc.dg/pch/largefile.c  -O2 
FAIL: gcc.dg/pch/largefile.c  -O2  assembly comparison
FAIL: gcc.dg/pch/largefile.c  -O3 -fomit-frame-pointer 
FAIL: gcc.dg/pch/largefile.c  -O3 -fomit-frame-pointer  assembly comparison
FAIL: gcc.dg/pch/largefile.c  -O3 -g 
FAIL: gcc.dg/pch/largefile.c  -O3 -g  assembly comparison
FAIL: gcc.dg/pch/largefile.c  -Os 
FAIL: gcc.dg/pch/largefile.c  -Os  assembly comparison
FAIL: gcc.dg/pch/largefile.c -O0 -g
FAIL: gcc.dg/pch/largefile.c -O0 -g assembly comparison
FAIL: gcc.dg/pch/macro-1.c  -O0 
FAIL: gcc.dg/pch/macro-1.c  -O0  assembly comparison
FAIL: gcc.dg/pch/macro-1.c  -O1 
FAIL: gcc.dg/pch/macro-1.c  -O1  assembly comparison
FAIL: gcc.dg/pch/macro-1.c  -O2 
FAIL: gcc.dg/pch/macro-1.c  -O2  assembly comparison
FAIL: gcc.dg/pch/macro-1.c  -O3 -fomit-frame-pointer 
FAIL: gcc.dg/pch/macro-1.c  -O3 -fomit-frame-pointer  assembly comparison
FAIL: gcc.dg/pch/macro-1.c  -O3 -g 
FAIL: gcc.dg/pch/macro-1.c  -O3 -g  assembly comparison
FAIL: gcc.dg/pch/macro-1.c  -Os 
FAIL: gcc.dg/pch/macro-1.c  -Os  assembly comparison
FAIL: gcc.dg/pch/macro-1.c -O0 -g
FAIL: gcc.dg/pch/macro-1.c -O0 -g assembly comparison
FAIL: gcc.dg/pch/macro-2.c  -O0 
FAIL: gcc.dg/pch/macro-2.c  -O0  assembly comparison
FAIL: gcc.dg/pch/macro-2.c  -O1 
FAIL: gcc.dg/pch/macro-2.c  -O1  assembly comparison
FAIL: gcc.dg/pch/macro-2.c  -O2 
FAIL: gcc.dg/pch/macro-2.c  -O2  assembly comparison
FAIL: gcc.dg/pch/macro-2.c  -O3 -fomit-frame-pointer 
FAIL: gcc.dg/pch/macro-2.c  -O3 -fomit-frame-pointer  assembly comparison
FAIL: gcc.dg/pch/macro-2.c  -O3 -g 
FAIL: gcc.dg/pch/macro-2.c  -O3 -g  assembly comparison
FAIL: gcc.dg/pch/macro-2.c  -Os 
FAIL: gcc.dg/pch/macro-2.c  -Os  assembly comparison
FAIL: gcc.dg/pch/macro-2.c -O0 -g
FAIL: gcc.dg/pch/macro-2.c -O0 -g assembly comparison
FAIL: gcc.dg/pch/macro-3.c  -O0 
FAIL: gcc.dg/pch/macro-3.c  -O0  assembly comparison
FAIL: gcc.dg/pch/macro-3.c  -O1 
FAIL: gcc.dg/pch/macro-3.c  -O1  assembly comparison
FAIL: gcc.dg/pch/macro-3.c  -O2 
FAIL: gcc.dg/pch/macro-3.c  -O2  assembly comparison
FAIL: gcc.dg/pch/macro-3.c  -O3 -fomit-frame-pointer 
FAIL: gcc.dg/pch/macro-3.c  -O3 -fomit-frame-pointer  assembly comparison
FAIL: gcc.dg/pch/macro-3.c  -O3 -g 
FAIL: gcc.dg/pch/macro-3.c  -O3 -g  assembly comparison
FAIL: gcc.dg/pch/macro-3.c  -Os 
FAIL: gcc.dg/pch/macro-3.c  -Os  assembly comparison
FAIL: gcc.dg/pch/macro-3.c -O0 -g
FAIL: gcc.dg/pch/macro-3.c -O0 -g assembly comparison
FAIL: gcc.dg/pch/macro-4.c  -O0 
FAIL: gcc.dg/pch/macro-4.c  -O0  assembly comparison
FAIL: gcc.dg/pch/macro-4.c  -O1 
FAIL: gcc.dg/pch/macro-4.c  -O1  assembly comparison
FAIL: gcc.dg/pch/macro-4.c  -O2 
FAIL: gcc.dg/pch/macro-4.c  -O2  assembly comparison
FAIL: gcc.dg/pch/macro-4.c  -O3 -fomit-frame-pointer 
FAIL: gcc.dg/pch/macro-4.c  -O3 -fomit-frame-pointer  assembly comparison
FAIL: gcc.dg/pch/macro-4.c  -O3 -g 
FAIL: gcc.dg/pch/macro-4.c  -O3 -g  assembly comparison
FAIL: gcc.dg/pch/macro-4.c  -Os 
FAIL: gcc.dg/pch/macro-4.c  -Os  assembly comparison
FAIL: gcc.dg/pch/macro-4.c -O0 -g
FAIL: gcc.dg/pch/macro-4.c -O0 -g assembly comparison
FAIL: gcc.dg/pch/pushpop-1.c  -O0 
FAIL: gcc.dg/pch/pushpop-1.c  -O0  assembly comparison
FAIL: gcc.dg/pch/pushpop-1.c  -O1 
FAIL: gcc.dg/pch/pushpop-1.c  -O1  assembly comparison
FAIL: gcc.dg/pch/pushpop-1.c  -O2 
FAIL: gcc.dg/pch/pushpop-1.c  -O2  assembly comparison
FAIL: gcc.dg/pch/pushpop-1.c  -O3 -fomit-frame-pointer 
FAIL: gcc.dg/pch/pushpop-1.c  -O3 -fomit-frame-pointer  assembly comparison
FAIL: gcc.dg/pch/pushpop-1.c  -O3 -g 
FAIL: gcc.dg/pch/pushpop-1.c  -O3 -g  assembly comparison
FAIL: gcc.dg/pch/pushpop-1.c  -Os 
FAIL: gcc.dg/pch/pushpop-1.c  -Os  assembly comparison
FAIL: gcc.dg/pch/pushpop-1.c -O0 -g
FAIL: gcc.dg/pch/pushpop-1.c -O0 -g assembly comparison
FAIL: gcc.dg/pch/save-temps-1.c  -O0 
FAIL: gcc.dg/pch/save-temps-1.c  -O0  assembly comparison
FAIL: gcc.dg/pch/save-temps-1.c  -O1 
FAIL: gcc.dg/pch/save-temps-1.c  -O1  assembly comparison
FAIL: gcc.dg/pch/save-temps-1.c  -O2 
FAIL: gcc.dg/pch/save-temps-1.c  -O2  assembly comparison
FAIL: gcc.dg/pch/save-temps-1.c  -O3 -fomit-frame-pointer 
FAIL: gcc.dg/pch/save-temps-1.c  -O3 -fomit-frame-pointer  assembly comparison
FAIL: gcc.dg/pch/save-temps-1.c  -O3 -g 
FAIL: gcc.dg/pch/save-temps-1.c  -O3 -g  assembly comparison
FAIL: gcc.dg/pch/save-temps-1.c  -Os 
FAIL: gcc.dg/pch/save-temps-1.c  -Os  assembly comparison
FAIL: gcc.dg/pch/save-temps-1.c -O0 -g
FAIL: gcc.dg/pch/save-temps-1.c -O0 -g assembly comparison
FAIL: gcc.dg/pch/static-1.c  -O0 
FAIL: gcc.dg/pch/static-1.c  -O0  assembly comparison
FAIL: gcc.dg/pch/static-1.c  -O1 
FAIL: gcc.dg/pch/static-1.c  -O1  assembly comparison
FAIL: gcc.dg/pch/static-1.c  -O2 
FAIL: gcc.dg/pch/static-1.c  -O2  assembly comparison
FAIL: gcc.dg/pch/static-1.c  -O3 -fomit-frame-pointer 
FAIL: gcc.dg/pch/static-1.c  -O3 -fomit-frame-pointer  assembly comparison
FAIL: gcc.dg/pch/static-1.c  -O3 -g 
FAIL: gcc.dg/pch/static-1.c  -O3 -g  assembly comparison
FAIL: gcc.dg/pch/static-1.c  -Os 
FAIL: gcc.dg/pch/static-1.c  -Os  assembly comparison
FAIL: gcc.dg/pch/static-1.c -O0 -g
FAIL: gcc.dg/pch/static-1.c -O0 -g assembly comparison
FAIL: gcc.dg/pch/static-2.c  -O0 
FAIL: gcc.dg/pch/static-2.c  -O0  assembly comparison
FAIL: gcc.dg/pch/static-2.c  -O1 
FAIL: gcc.dg/pch/static-2.c  -O1  assembly comparison
FAIL: gcc.dg/pch/static-2.c  -O2 
FAIL: gcc.dg/pch/static-2.c  -O2  assembly comparison
FAIL: gcc.dg/pch/static-2.c  -O3 -fomit-frame-pointer 
FAIL: gcc.dg/pch/static-2.c  -O3 -fomit-frame-pointer  assembly comparison
FAIL: gcc.dg/pch/static-2.c  -O3 -g 
FAIL: gcc.dg/pch/static-2.c  -O3 -g  assembly comparison
FAIL: gcc.dg/pch/static-2.c  -Os 
FAIL: gcc.dg/pch/static-2.c  -Os  assembly comparison
FAIL: gcc.dg/pch/static-2.c -O0 -g
FAIL: gcc.dg/pch/static-2.c -O0 -g assembly comparison
FAIL: gcc.dg/pch/static-3.c  -O0 
FAIL: gcc.dg/pch/static-3.c  -O0  assembly comparison
FAIL: gcc.dg/pch/static-3.c  -O1 
FAIL: gcc.dg/pch/static-3.c  -O1  assembly comparison
FAIL: gcc.dg/pch/static-3.c  -O2 
FAIL: gcc.dg/pch/static-3.c  -O2  assembly comparison
FAIL: gcc.dg/pch/static-3.c  -O3 -fomit-frame-pointer 
FAIL: gcc.dg/pch/static-3.c  -O3 -fomit-frame-pointer  assembly comparison
FAIL: gcc.dg/pch/static-3.c  -O3 -g 
FAIL: gcc.dg/pch/static-3.c  -O3 -g  assembly comparison
FAIL: gcc.dg/pch/static-3.c  -Os 
FAIL: gcc.dg/pch/static-3.c  -Os  assembly comparison
FAIL: gcc.dg/pch/static-3.c -O0 -g
FAIL: gcc.dg/pch/static-3.c -O0 -g assembly comparison
FAIL: gcc.dg/pch/struct-1.c  -O0 
FAIL: gcc.dg/pch/struct-1.c  -O0  assembly comparison
FAIL: gcc.dg/pch/struct-1.c  -O1 
FAIL: gcc.dg/pch/struct-1.c  -O1  assembly comparison
FAIL: gcc.dg/pch/struct-1.c  -O2 
FAIL: gcc.dg/pch/struct-1.c  -O2  assembly comparison
FAIL: gcc.dg/pch/struct-1.c  -O3 -fomit-frame-pointer 
FAIL: gcc.dg/pch/struct-1.c  -O3 -fomit-frame-pointer  assembly comparison
FAIL: gcc.dg/pch/struct-1.c  -O3 -g 
FAIL: gcc.dg/pch/struct-1.c  -O3 -g  assembly comparison
FAIL: gcc.dg/pch/struct-1.c  -Os 
FAIL: gcc.dg/pch/struct-1.c  -Os  assembly comparison
FAIL: gcc.dg/pch/struct-1.c -O0 -g
FAIL: gcc.dg/pch/struct-1.c -O0 -g assembly comparison
FAIL: gcc.dg/pch/system-1.c  -O0 
FAIL: gcc.dg/pch/system-1.c  -O0  assembly comparison
FAIL: gcc.dg/pch/system-1.c  -O1 
FAIL: gcc.dg/pch/system-1.c  -O1  assembly comparison
FAIL: gcc.dg/pch/system-1.c  -O2 
FAIL: gcc.dg/pch/system-1.c  -O2  assembly comparison
FAIL: gcc.dg/pch/system-1.c  -O3 -fomit-frame-pointer 
FAIL: gcc.dg/pch/system-1.c  -O3 -fomit-frame-pointer  assembly comparison
FAIL: gcc.dg/pch/system-1.c  -O3 -g 
FAIL: gcc.dg/pch/system-1.c  -O3 -g  assembly comparison
FAIL: gcc.dg/pch/system-1.c  -Os 
FAIL: gcc.dg/pch/system-1.c  -Os  assembly comparison
FAIL: gcc.dg/pch/system-1.c -O0 -g
FAIL: gcc.dg/pch/system-1.c -O0 -g assembly comparison
FAIL: gcc.dg/pch/valid-1.c  -O0 
FAIL: gcc.dg/pch/valid-1.c  -O1 
FAIL: gcc.dg/pch/valid-1.c  -O2 
FAIL: gcc.dg/pch/valid-1.c  -O3 -fomit-frame-pointer 
FAIL: gcc.dg/pch/valid-1.c  -O3 -g 
FAIL: gcc.dg/pch/valid-1.c  -Os 
FAIL: gcc.dg/pch/valid-1.c -O0 -g
FAIL: gcc.dg/pch/valid-1b.c  -O0 
FAIL: gcc.dg/pch/valid-1b.c  -O0  assembly comparison
FAIL: gcc.dg/pch/valid-1b.c  -O1 
FAIL: gcc.dg/pch/valid-1b.c  -O1  assembly comparison
FAIL: gcc.dg/pch/valid-1b.c  -O2 
FAIL: gcc.dg/pch/valid-1b.c  -O2  assembly comparison
FAIL: gcc.dg/pch/valid-1b.c  -O3 -fomit-frame-pointer 
FAIL: gcc.dg/pch/valid-1b.c  -O3 -fomit-frame-pointer  assembly comparison
FAIL: gcc.dg/pch/valid-1b.c  -O3 -g 
FAIL: gcc.dg/pch/valid-1b.c  -O3 -g  assembly comparison
FAIL: gcc.dg/pch/valid-1b.c  -Os 
FAIL: gcc.dg/pch/valid-1b.c  -Os  assembly comparison
FAIL: gcc.dg/pch/valid-1b.c -O0 -g
FAIL: gcc.dg/pch/valid-1b.c -O0 -g assembly comparison
FAIL: gcc.dg/pch/valid-2.c  -O0 
FAIL: gcc.dg/pch/valid-2.c  -O1 
FAIL: gcc.dg/pch/valid-2.c  -O2 
FAIL: gcc.dg/pch/valid-2.c  -O3 -fomit-frame-pointer 
FAIL: gcc.dg/pch/valid-2.c  -O3 -g 
FAIL: gcc.dg/pch/valid-2.c  -Os 
FAIL: gcc.dg/pch/valid-2.c -O0 -g
FAIL: gcc.dg/pch/valid-4.c  -O0 
FAIL: gcc.dg/pch/valid-4.c  -O0  assembly comparison
FAIL: gcc.dg/pch/valid-4.c  -O1 
FAIL: gcc.dg/pch/valid-4.c  -O1  assembly comparison
FAIL: gcc.dg/pch/valid-4.c  -O2 
FAIL: gcc.dg/pch/valid-4.c  -O2  assembly comparison
FAIL: gcc.dg/pch/valid-4.c  -O3 -fomit-frame-pointer 
FAIL: gcc.dg/pch/valid-4.c  -O3 -fomit-frame-pointer  assembly comparison
FAIL: gcc.dg/pch/valid-4.c  -O3 -g 
FAIL: gcc.dg/pch/valid-4.c  -O3 -g  assembly comparison
FAIL: gcc.dg/pch/valid-4.c  -Os 
FAIL: gcc.dg/pch/valid-4.c  -Os  assembly comparison
FAIL: gcc.dg/pch/valid-4.c -O0 -g
FAIL: gcc.dg/pch/valid-4.c -O0 -g assembly comparison
FAIL: gcc.dg/pch/valid-5.c  -O0 
FAIL: gcc.dg/pch/valid-5.c  -O0  assembly comparison
FAIL: gcc.dg/pch/valid-5.c  -O1 
FAIL: gcc.dg/pch/valid-5.c  -O1  assembly comparison
FAIL: gcc.dg/pch/valid-5.c  -O2 
FAIL: gcc.dg/pch/valid-5.c  -O2  assembly comparison
FAIL: gcc.dg/pch/valid-5.c  -O3 -fomit-frame-pointer 
FAIL: gcc.dg/pch/valid-5.c  -O3 -fomit-frame-pointer  assembly comparison
FAIL: gcc.dg/pch/valid-5.c  -O3 -g 
FAIL: gcc.dg/pch/valid-5.c  -O3 -g  assembly comparison
FAIL: gcc.dg/pch/valid-5.c  -Os 
FAIL: gcc.dg/pch/valid-5.c  -Os  assembly comparison
FAIL: gcc.dg/pch/valid-5.c -O0 -g
FAIL: gcc.dg/pch/valid-5.c -O0 -g assembly comparison
FAIL: gcc.dg/pch/valid-6.c  -O0 
FAIL: gcc.dg/pch/valid-6.c  -O0  assembly comparison
FAIL: gcc.dg/pch/valid-6.c  -O1 
FAIL: gcc.dg/pch/valid-6.c  -O1  assembly comparison
FAIL: gcc.dg/pch/valid-6.c  -O2 
FAIL: gcc.dg/pch/valid-6.c  -O2  assembly comparison
FAIL: gcc.dg/pch/valid-6.c  -O3 -fomit-frame-pointer 
FAIL: gcc.dg/pch/valid-6.c  -O3 -fomit-frame-pointer  assembly comparison
FAIL: gcc.dg/pch/valid-6.c  -O3 -g 
FAIL: gcc.dg/pch/valid-6.c  -O3 -g  assembly comparison
FAIL: gcc.dg/pch/valid-6.c  -Os 
FAIL: gcc.dg/pch/valid-6.c  -Os  assembly comparison
FAIL: gcc.dg/pch/valid-6.c -O0 -g
FAIL: gcc.dg/pch/valid-6.c -O0 -g assembly comparison
FAIL: gcc.dg/pch/warn-1.c  -O0 
FAIL: gcc.dg/pch/warn-1.c  -O1 
FAIL: gcc.dg/pch/warn-1.c  -O2 
FAIL: gcc.dg/pch/warn-1.c  -O3 -fomit-frame-pointer 
FAIL: gcc.dg/pch/warn-1.c  -O3 -g 
FAIL: gcc.dg/pch/warn-1.c  -Os 
FAIL: gcc.dg/pch/warn-1.c -O0 -g
UNRESOLVED: gcc.dg/tree-prof/peel-1.c scan-rtl-dump loop2_unroll "Considering simply peeling loop"
FAIL: gcc.dg/tree-ssa/cunroll-10.c scan-tree-dump-times cunroll "Forced statement unreachable" 2
FAIL: gcc.dg/vect/bb-slp-pattern-1.c -flto -ffat-lto-objects  scan-tree-dump-times slp2 "pattern recognized" 8
FAIL: gcc.dg/vect/bb-slp-pattern-1.c -flto -ffat-lto-objects  scan-tree-dump-times slp2 "vect_recog_widen_mult_pattern: detected" 8
FAIL: gcc.dg/vect/bb-slp-pattern-1.c scan-tree-dump-times slp2 "pattern recognized" 8
FAIL: gcc.dg/vect/bb-slp-pattern-1.c scan-tree-dump-times slp2 "vect_recog_widen_mult_pattern: detected" 8
FAIL: gcc.dg/vect/no-section-anchors-vect-31.c scan-tree-dump-times vect "Alignment of access forced using peeling" 2
FAIL: gcc.dg/vect/no-section-anchors-vect-31.c scan-tree-dump-times vect "Vectorizing an unaligned access" 0
FAIL: gcc.dg/vect/no-tree-sra-bb-slp-pr50730.c scan-tree-dump-times slp2 "not vectorized: more than one data ref in stmt" 0
FAIL: gcc.dg/vect/slp-perm-9.c -flto -ffat-lto-objects  scan-tree-dump-times vect "vectorized 1 loops" 2
FAIL: gcc.dg/vect/slp-perm-9.c scan-tree-dump-times vect "vectorized 1 loops" 2
FAIL: gcc.dg/vect/vect-92.c -flto -ffat-lto-objects  scan-tree-dump-times vect "Alignment of access forced using peeling" 3
FAIL: gcc.dg/vect/vect-92.c -flto -ffat-lto-objects  scan-tree-dump-times vect "Vectorizing an unaligned access" 0
FAIL: gcc.dg/vect/vect-92.c scan-tree-dump-times vect "Alignment of access forced using peeling" 3
FAIL: gcc.dg/vect/vect-92.c scan-tree-dump-times vect "Vectorizing an unaligned access" 0
FAIL: gcc.dg/vect/vect-93.c -flto -ffat-lto-objects  scan-tree-dump-times vect "Vectorizing an unaligned access" 1
FAIL: gcc.dg/vect/vect-93.c scan-tree-dump-times vect "Vectorizing an unaligned access" 1
FAIL: gcc.dg/vect/vect-cselim-2.c -flto -ffat-lto-objects  scan-tree-dump-times vect "vectorized 1 loops" 0
FAIL: gcc.dg/vect/vect-cselim-2.c scan-tree-dump-times vect "vectorized 1 loops" 0

		=== gcc Summary ===

# of expected passes		114081
# of unexpected failures	1274
# of unexpected successes	33
# of expected failures		278
# of unresolved testcases	1
# of unsupported tests		1808
/scratch/toon/bd28690/gcc/xgcc  version 5.0.0 20141123 (experimental) (GCC) 

		=== gfortran tests ===


Running target unix
FAIL: gfortran.dg/vect/fast-math-mgrid-resid.f   -O   scan-tree-dump-times pcom "Executing predictive commoning without unrolling" 1
FAIL: gfortran.dg/vect/fast-math-mgrid-resid.f   -O   scan-tree-dump-times pcom "Predictive commoning failed: no suitable chains" 0

		=== gfortran Summary ===

# of expected passes		46765
# of unexpected failures	2
# of expected failures		43
# of unsupported tests		72
/scratch/toon/bd28690/gcc/testsuite/gfortran/../../gfortran  version 5.0.0 20141123 (experimental) (GCC) 

		=== g++ tests ===


Running target unix
FAIL: g++.dg/guality/pr55665.C   -O2  line 23 p == 40
FAIL: g++.dg/guality/pr55665.C   -O3 -fomit-frame-pointer  line 23 p == 40
FAIL: g++.dg/guality/pr55665.C   -O3 -g  line 23 p == 40
FAIL: ./array-1.H  -O2 (internal compiler error)
FAIL: ./array-1.H  -O2 (test for excess errors)
FAIL: ./array-1.H  -O2 -g (internal compiler error)
FAIL: ./array-1.H  -O2 -g (test for excess errors)
FAIL: ./array-1.H  -g (internal compiler error)
FAIL: ./array-1.H  -g (test for excess errors)
FAIL: ./empty.H  -O2 (internal compiler error)
FAIL: ./empty.H  -O2 (test for excess errors)
FAIL: ./empty.H  -O2 -g (internal compiler error)
FAIL: ./empty.H  -O2 -g (test for excess errors)
FAIL: ./empty.H  -g (internal compiler error)
FAIL: ./empty.H  -g (test for excess errors)
FAIL: ./externc-1.H  -O2 (internal compiler error)
FAIL: ./externc-1.H  -O2 (test for excess errors)
FAIL: ./externc-1.H  -O2 -g (internal compiler error)
FAIL: ./externc-1.H  -O2 -g (test for excess errors)
FAIL: ./externc-1.H  -g (internal compiler error)
FAIL: ./externc-1.H  -g (test for excess errors)
FAIL: ./local-1.H  -O2 (internal compiler error)
FAIL: ./local-1.H  -O2 (test for excess errors)
FAIL: ./local-1.H  -O2 -g (internal compiler error)
FAIL: ./local-1.H  -O2 -g (test for excess errors)
FAIL: ./local-1.H  -g (internal compiler error)
FAIL: ./local-1.H  -g (test for excess errors)
FAIL: ./pch.H  -O2 (internal compiler error)
FAIL: ./pch.H  -O2 (test for excess errors)
FAIL: ./pch.H  -O2 -g (internal compiler error)
FAIL: ./pch.H  -O2 -g (test for excess errors)
FAIL: ./pch.H  -g (internal compiler error)
FAIL: ./pch.H  -g (test for excess errors)
FAIL: ./static-1.H  -O2 (internal compiler error)
FAIL: ./static-1.H  -O2 (test for excess errors)
FAIL: ./static-1.H  -O2 -g (internal compiler error)
FAIL: ./static-1.H  -O2 -g (test for excess errors)
FAIL: ./static-1.H  -g (internal compiler error)
FAIL: ./static-1.H  -g (test for excess errors)
FAIL: ./system-1.H  -O2 (internal compiler error)
FAIL: ./system-1.H  -O2 (test for excess errors)
FAIL: ./system-1.H  -O2 -g (internal compiler error)
FAIL: ./system-1.H  -O2 -g (test for excess errors)
FAIL: ./system-1.H  -g (internal compiler error)
FAIL: ./system-1.H  -g (test for excess errors)
FAIL: ./system-2.H  -O2 (internal compiler error)
FAIL: ./system-2.H  -O2 (test for excess errors)
FAIL: ./system-2.H  -O2 -g (internal compiler error)
FAIL: ./system-2.H  -O2 -g (test for excess errors)
FAIL: ./system-2.H  -g (internal compiler error)
FAIL: ./system-2.H  -g (test for excess errors)
FAIL: ./template-1.H  -O2 (internal compiler error)
FAIL: ./template-1.H  -O2 (test for excess errors)
FAIL: ./template-1.H  -O2 -g (internal compiler error)
FAIL: ./template-1.H  -O2 -g (test for excess errors)
FAIL: ./template-1.H  -g (internal compiler error)
FAIL: ./template-1.H  -g (test for excess errors)
FAIL: ./uninst.H  -O2 (internal compiler error)
FAIL: ./uninst.H  -O2 (test for excess errors)
FAIL: ./uninst.H  -O2 -g (internal compiler error)
FAIL: ./uninst.H  -O2 -g (test for excess errors)
FAIL: ./uninst.H  -g (internal compiler error)
FAIL: ./uninst.H  -g (test for excess errors)
FAIL: ./wchar-1.H  -O2 (internal compiler error)
FAIL: ./wchar-1.H  -O2 (test for excess errors)
FAIL: ./wchar-1.H  -O2 -g (internal compiler error)
FAIL: ./wchar-1.H  -O2 -g (test for excess errors)
FAIL: ./wchar-1.H  -g (internal compiler error)
FAIL: ./wchar-1.H  -g (test for excess errors)
FAIL: g++.dg/pch/array-1.C -O2
FAIL: g++.dg/pch/array-1.C -O2 -g
FAIL: g++.dg/pch/array-1.C -O2 -g assembly comparison
FAIL: g++.dg/pch/array-1.C -O2 assembly comparison
FAIL: g++.dg/pch/array-1.C -g
FAIL: g++.dg/pch/array-1.C -g assembly comparison
FAIL: g++.dg/pch/empty.C -O2
FAIL: g++.dg/pch/empty.C -O2 -g
FAIL: g++.dg/pch/empty.C -O2 -g assembly comparison
FAIL: g++.dg/pch/empty.C -O2 assembly comparison
FAIL: g++.dg/pch/empty.C -g
FAIL: g++.dg/pch/empty.C -g assembly comparison
FAIL: g++.dg/pch/externc-1.C -O2
FAIL: g++.dg/pch/externc-1.C -O2 -g
FAIL: g++.dg/pch/externc-1.C -O2 -g assembly comparison
FAIL: g++.dg/pch/externc-1.C -O2 assembly comparison
FAIL: g++.dg/pch/externc-1.C -g
FAIL: g++.dg/pch/externc-1.C -g assembly comparison
FAIL: g++.dg/pch/local-1.C -O2
FAIL: g++.dg/pch/local-1.C -O2 -g
FAIL: g++.dg/pch/local-1.C -O2 -g assembly comparison
FAIL: g++.dg/pch/local-1.C -O2 assembly comparison
FAIL: g++.dg/pch/local-1.C -g
FAIL: g++.dg/pch/local-1.C -g assembly comparison
FAIL: g++.dg/pch/pch.C -O2
FAIL: g++.dg/pch/pch.C -O2 -g
FAIL: g++.dg/pch/pch.C -O2 -g assembly comparison
FAIL: g++.dg/pch/pch.C -O2 assembly comparison
FAIL: g++.dg/pch/pch.C -g
FAIL: g++.dg/pch/pch.C -g assembly comparison
FAIL: g++.dg/pch/static-1.C -O2
FAIL: g++.dg/pch/static-1.C -O2 -g
FAIL: g++.dg/pch/static-1.C -O2 -g assembly comparison
FAIL: g++.dg/pch/static-1.C -O2 assembly comparison
FAIL: g++.dg/pch/static-1.C -g
FAIL: g++.dg/pch/static-1.C -g assembly comparison
FAIL: g++.dg/pch/system-1.C -O2
FAIL: g++.dg/pch/system-1.C -O2 -g
FAIL: g++.dg/pch/system-1.C -O2 -g assembly comparison
FAIL: g++.dg/pch/system-1.C -O2 assembly comparison
FAIL: g++.dg/pch/system-1.C -g
FAIL: g++.dg/pch/system-1.C -g assembly comparison
FAIL: g++.dg/pch/system-2.C -O2
FAIL: g++.dg/pch/system-2.C -O2 -g
FAIL: g++.dg/pch/system-2.C -O2 -g assembly comparison
FAIL: g++.dg/pch/system-2.C -O2 assembly comparison
FAIL: g++.dg/pch/system-2.C -g
FAIL: g++.dg/pch/system-2.C -g assembly comparison
FAIL: g++.dg/pch/template-1.C -O2
FAIL: g++.dg/pch/template-1.C -O2 -g
FAIL: g++.dg/pch/template-1.C -O2 -g assembly comparison
FAIL: g++.dg/pch/template-1.C -O2 assembly comparison
FAIL: g++.dg/pch/template-1.C -g
FAIL: g++.dg/pch/template-1.C -g assembly comparison
FAIL: g++.dg/pch/uninst.C -O2
FAIL: g++.dg/pch/uninst.C -O2 -g
FAIL: g++.dg/pch/uninst.C -O2 -g assembly comparison
FAIL: g++.dg/pch/uninst.C -O2 assembly comparison
FAIL: g++.dg/pch/uninst.C -g
FAIL: g++.dg/pch/uninst.C -g assembly comparison
FAIL: g++.dg/pch/wchar-1.C -O2
FAIL: g++.dg/pch/wchar-1.C -O2 -g
FAIL: g++.dg/pch/wchar-1.C -O2 -g assembly comparison
FAIL: g++.dg/pch/wchar-1.C -O2 assembly comparison
FAIL: g++.dg/pch/wchar-1.C -g
FAIL: g++.dg/pch/wchar-1.C -g assembly comparison
XPASS: g++.dg/tls/thread_local-order2.C  -std=c++11 execution test
XPASS: g++.dg/tls/thread_local-order2.C  -std=c++14 execution test
FAIL: g++.dg/vect/slp-pr56812.cc  -std=c++11  scan-tree-dump-times slp1 "basic block vectorized" 1
FAIL: g++.dg/vect/slp-pr56812.cc  -std=c++14  scan-tree-dump-times slp1 "basic block vectorized" 1
FAIL: g++.dg/vect/slp-pr56812.cc  -std=c++98  scan-tree-dump-times slp1 "basic block vectorized" 1

		=== g++ Summary ===

# of expected passes		90477
# of unexpected failures	138
# of unexpected successes	2
# of expected failures		244
# of unsupported tests		3458
/scratch/toon/bd28690/gcc/testsuite/g++/../../xg++  version 5.0.0 20141123 (experimental) (GCC) 

		=== objc tests ===


Running target unix
FAIL: ./interface-1.h -fgnu-runtime  -O0  (internal compiler error)
FAIL: ./interface-1.h -fgnu-runtime  -O0  (test for excess errors)
FAIL: ./interface-1.h -fgnu-runtime  -O1  (internal compiler error)
FAIL: ./interface-1.h -fgnu-runtime  -O1  (test for excess errors)
FAIL: ./interface-1.h -fgnu-runtime  -O2  (internal compiler error)
FAIL: ./interface-1.h -fgnu-runtime  -O2  (test for excess errors)
FAIL: ./interface-1.h -fgnu-runtime  -O3 -fomit-frame-pointer  (internal compiler error)
FAIL: ./interface-1.h -fgnu-runtime  -O3 -fomit-frame-pointer  (test for excess errors)
FAIL: ./interface-1.h -fgnu-runtime  -O3 -g  (internal compiler error)
FAIL: ./interface-1.h -fgnu-runtime  -O3 -g  (test for excess errors)
FAIL: ./interface-1.h -fgnu-runtime  -Os  (internal compiler error)
FAIL: ./interface-1.h -fgnu-runtime  -Os  (test for excess errors)
FAIL: ./interface-1.h -fgnu-runtime -O0 -g (internal compiler error)
FAIL: ./interface-1.h -fgnu-runtime -O0 -g (test for excess errors)
FAIL: objc.dg/pch/interface-1.m  -O0 
FAIL: objc.dg/pch/interface-1.m  -O0  assembly comparison
FAIL: objc.dg/pch/interface-1.m  -O1 
FAIL: objc.dg/pch/interface-1.m  -O1  assembly comparison
FAIL: objc.dg/pch/interface-1.m  -O2 
FAIL: objc.dg/pch/interface-1.m  -O2  assembly comparison
FAIL: objc.dg/pch/interface-1.m  -O3 -fomit-frame-pointer 
FAIL: objc.dg/pch/interface-1.m  -O3 -fomit-frame-pointer  assembly comparison
FAIL: objc.dg/pch/interface-1.m  -O3 -g 
FAIL: objc.dg/pch/interface-1.m  -O3 -g  assembly comparison
FAIL: objc.dg/pch/interface-1.m  -Os 
FAIL: objc.dg/pch/interface-1.m  -Os  assembly comparison
FAIL: objc.dg/pch/interface-1.m -O0 -g
FAIL: objc.dg/pch/interface-1.m -O0 -g assembly comparison

		=== objc Summary ===

# of expected passes		2976
# of unexpected failures	28
# of expected failures		6
# of unsupported tests		74
/scratch/toon/bd28690/gcc/xgcc  version 5.0.0 20141123 (experimental) (GCC) 

		=== boehm-gc tests ===


Running target unix

		=== boehm-gc Summary ===

# of expected passes		12
# of unsupported tests		1
		=== libatomic tests ===


Running target unix

		=== libatomic Summary ===

# of expected passes		54
		=== libffi tests ===


Running target unix

		=== libffi Summary ===

# of expected passes		1819
# of unsupported tests		55
		=== libgomp tests ===


Running target unix

		=== libgomp Summary ===

# of expected passes		3662
# of unsupported tests		83
		=== libitm tests ===


Running target unix

		=== libitm Summary ===

# of expected passes		26
# of expected failures		3
# of unsupported tests		1
		=== libjava tests ===


Running target unix

		=== libjava Summary ===

# of expected passes		2582
# of expected failures		4
		=== libstdc++ tests ===


Running target unix
FAIL: libstdc++-abi/abi_check

		=== libstdc++ Summary ===

# of expected passes		9585
# of unexpected failures	1
# of expected failures		68
# of unsupported tests		546

Compiler version: 5.0.0 20141123 (experimental) (GCC) 
Platform: x86_64-unknown-linux-gnu
configure flags: --prefix=/home/toon/compilers/install --with-gnu-as --with-gnu-ld --enable-languages=all --disable-multilib --disable-nls --with-arch=core-avx2 --with-tune=core-avx2 --with-build-config=bootstrap-lto


Index Nav: [Date Index] [Subject Index] [Author Index] [Thread Index]
Message Nav: [Date Prev] [Date Next] [Thread Prev] [Thread Next]