This is the mail archive of the gcc-testresults@gcc.gnu.org mailing list for the GCC project.


Index Nav: [Date Index] [Subject Index] [Author Index] [Thread Index]
Message Nav: [Date Prev] [Date Next] [Thread Prev] [Thread Next]
Other format: [Raw text]

Results for 4.9.3 20141121 (prerelease) [gcc-4_9-branch revision 217906] (GCC) testsuite on sparc-sun-solaris2.9


LAST_UPDATED: Fri Nov 21 12:26:37 UTC 2014 (revision 217906)

		=== acats tests ===

		=== acats Summary ===
# of expected passes		2320
# of unexpected failures	0
Native configuration is sparc-sun-solaris2.9

		=== g++ tests ===


Running target unix
WARNING: program timed out.

		=== g++ Summary for unix ===

# of expected passes		79320
# of expected failures		448
# of unsupported tests		3250

Running target unix/-m64

		=== g++ Summary for unix/-m64 ===

# of expected passes		81170
# of expected failures		448
# of unsupported tests		3238

		=== g++ Summary ===

# of expected passes		160490
# of expected failures		896
# of unsupported tests		6488
/var/gcc/regression/gcc-4.9-branch/9-gcc-gas/build/gcc/testsuite/g++/../../xg++  version 4.9.3 20141121 (prerelease) [gcc-4_9-branch revision 217906] (GCC) 

		=== gcc tests ===


Running target unix
WARNING: program timed out.
FAIL: gcc.dg/atomic/c11-atomic-exec-2.c  -O3 -g  (test for excess errors)
WARNING: gcc.dg/atomic/c11-atomic-exec-2.c  -O3 -g  compilation failed to produce executable
WARNING: program timed out.
FAIL: gcc.dg/atomic/c11-atomic-exec-2.c  -O2 -flto -flto-partition=none  (test for excess errors)
WARNING: program timed out.
FAIL: gcc.dg/atomic/c11-atomic-exec-2.c  -O2 -flto  (test for excess errors)
WARNING: program timed out.
FAIL: gcc.dg/atomic/c11-atomic-exec-3.c  -O3 -g  (test for excess errors)
WARNING: gcc.dg/atomic/c11-atomic-exec-3.c  -O3 -g  compilation failed to produce executable
FAIL: gcc.dg/simulate-thread/atomic-other-int.c  -O0 -g  thread simulation test
FAIL: gcc.dg/simulate-thread/atomic-other-int.c  -O2 -g  thread simulation test
FAIL: gcc.dg/simulate-thread/atomic-other-int.c  -O3 -g  thread simulation test
FAIL: gcc.dg/simulate-thread/speculative-store-4.c  -O0 -g  thread simulation test
FAIL: gcc.dg/simulate-thread/speculative-store-4.c  -O2 -g  thread simulation test
FAIL: gcc.dg/simulate-thread/speculative-store-4.c  -O3 -g  thread simulation test
FAIL: gcc.dg/simulate-thread/speculative-store.c  -O0 -g  thread simulation test

		=== gcc Summary for unix ===

# of expected passes		88079
# of unexpected failures	11
# of expected failures		325
# of unsupported tests		1867

Running target unix/-m64
WARNING: program timed out.
FAIL: gcc.dg/atomic/c11-atomic-exec-3.c  -O3 -g  (test for excess errors)
WARNING: gcc.dg/atomic/c11-atomic-exec-3.c  -O3 -g  compilation failed to produce executable
WARNING: program timed out.

		=== gcc Summary for unix/-m64 ===

# of expected passes		88842
# of unexpected failures	1
# of expected failures		314
# of unsupported tests		1819

		=== gcc Summary ===

# of expected passes		176921
# of unexpected failures	12
# of expected failures		639
# of unsupported tests		3686
/var/gcc/regression/gcc-4.9-branch/9-gcc-gas/build/gcc/xgcc  version 4.9.3 20141121 (prerelease) [gcc-4_9-branch revision 217906] (GCC) 

		=== gfortran tests ===


Running target unix
FAIL: gfortran.dg/minlocval_3.f90  -O3 -fomit-frame-pointer -funroll-loops  (test for excess errors)
WARNING: gfortran.dg/minlocval_3.f90  -O3 -fomit-frame-pointer -funroll-loops  compilation failed to produce executable
FAIL: gfortran.dg/minlocval_3.f90  -O3 -fomit-frame-pointer -funroll-all-loops -finline-functions  (test for excess errors)
WARNING: gfortran.dg/minlocval_3.f90  -O3 -fomit-frame-pointer -funroll-all-loops -finline-functions  compilation failed to produce executable
FAIL: gfortran.dg/minlocval_3.f90  -O3 -g  (test for excess errors)
WARNING: gfortran.dg/minlocval_3.f90  -O3 -g  compilation failed to produce executable
WARNING: program timed out.
WARNING: program timed out.
WARNING: program timed out.

		=== gfortran Summary for unix ===

# of expected passes		45259
# of unexpected failures	3
# of expected failures		54
# of unsupported tests		452

Running target unix/-m64

		=== gfortran Summary for unix/-m64 ===

# of expected passes		45544
# of expected failures		54
# of unsupported tests		315

		=== gfortran Summary ===

# of expected passes		90803
# of unexpected failures	3
# of expected failures		108
# of unsupported tests		767
/var/gcc/regression/gcc-4.9-branch/9-gcc-gas/build/gcc/testsuite/gfortran/../../gfortran  version 4.9.3 20141121 (prerelease) [gcc-4_9-branch revision 217906] (GCC) 

		=== gnat tests ===


Running target unix

		=== gnat Summary for unix ===

# of expected passes		1218
# of expected failures		18
# of unsupported tests		13

Running target unix/-m64

		=== gnat Summary for unix/-m64 ===

# of expected passes		1218
# of expected failures		18
# of unsupported tests		13

		=== gnat Summary ===

# of expected passes		2436
# of expected failures		36
# of unsupported tests		26
/var/gcc/regression/gcc-4.9-branch/9-gcc-gas/build/gcc/gnatmake version 4.9.3 20141121 (prerelease) [gcc-4_9-branch revision 217906]

		=== go tests ===


Running target unix
FAIL: go.test/test/fixedbugs/issue4562.go execution,  -O2 -g 
FAIL: go.test/test/recover.go execution,  -O2 -g 

		=== go Summary for unix ===

# of expected passes		7366
# of unexpected failures	2
# of expected failures		1
# of untested testcases		10
# of unsupported tests		3

Running target unix/-m64
FAIL: ./index0-out.go compilation,  -O0 -g -fno-var-tracking-assignments 
FAIL: go.test/test/fixedbugs/issue4348.go  -O  (test for excess errors)
FAIL: go.test/test/fixedbugs/issue4562.go execution,  -O2 -g 
FAIL: go.test/test/recover.go execution,  -O2 -g 
FAIL: go.test/test/switch.go execution,  -O2 -g 
WARNING: program timed out.

		=== go Summary for unix/-m64 ===

# of expected passes		7242
# of unexpected failures	5
# of expected failures		1
# of untested testcases		11
# of unsupported tests		3

		=== go Summary ===

# of expected passes		14608
# of unexpected failures	7
# of expected failures		2
# of untested testcases		21
# of unsupported tests		6
/var/gcc/regression/gcc-4.9-branch/9-gcc-gas/build/gcc/testsuite/go/../../gccgo  version 4.9.3 20141121 (prerelease) [gcc-4_9-branch revision 217906] (GCC) 

		=== obj-c++ tests ===


Running target unix

		=== obj-c++ Summary for unix ===

# of expected passes		1449
# of expected failures		2
# of unsupported tests		86

Running target unix/-m64

		=== obj-c++ Summary for unix/-m64 ===

# of expected passes		1441
# of expected failures		10
# of unsupported tests		86

		=== obj-c++ Summary ===

# of expected passes		2890
# of expected failures		12
# of unsupported tests		172
/var/gcc/regression/gcc-4.9-branch/9-gcc-gas/build/gcc/testsuite/obj-c++/../../xg++  version 4.9.3 20141121 (prerelease) [gcc-4_9-branch revision 217906] (GCC) 

		=== objc tests ===


Running target unix

		=== objc Summary for unix ===

# of expected passes		2994
# of unsupported tests		74

Running target unix/-m64

		=== objc Summary for unix/-m64 ===

# of expected passes		2994
# of unsupported tests		74

		=== objc Summary ===

# of expected passes		5988
# of unsupported tests		148
/var/gcc/regression/gcc-4.9-branch/9-gcc-gas/build/gcc/xgcc  version 4.9.3 20141121 (prerelease) [gcc-4_9-branch revision 217906] (GCC) 

		=== boehm-gc tests ===


Running target unix

		=== boehm-gc Summary for unix ===

# of expected passes		12
# of unsupported tests		1

Running target unix/-m64

		=== boehm-gc Summary for unix/-m64 ===

# of expected passes		12
# of unsupported tests		1

		=== boehm-gc Summary ===

# of expected passes		24
# of unsupported tests		2
		=== libatomic tests ===


Running target unix

		=== libatomic Summary for unix ===

# of expected passes		44
# of unsupported tests		5

Running target unix/-m64

		=== libatomic Summary for unix/-m64 ===

# of expected passes		54

		=== libatomic Summary ===

# of expected passes		98
# of unsupported tests		5
		=== libffi tests ===


Running target unix

		=== libffi Summary for unix ===

# of expected passes		1819
# of unsupported tests		55

Running target unix/-m64

		=== libffi Summary for unix/-m64 ===

# of expected passes		1819
# of unsupported tests		55

		=== libffi Summary ===

# of expected passes		3638
# of unsupported tests		110
		=== libgo tests ===


Running target unix
FAIL: net
FAIL: runtime
FAIL: crypto/tls
FAIL: runtime/pprof
FAIL: text/template
FAIL: testing/quick

		=== libgo Summary for unix ===

# of expected passes		116
# of unexpected failures	6

Running target unix/-m64
FAIL: net
FAIL: compress/gzip
FAIL: image/png
FAIL: log/syslog
FAIL: net/http
FAIL: runtime/pprof
FAIL: text/template
FAIL: testing/quick

		=== libgo Summary for unix/-m64 ===

# of expected passes		114
# of unexpected failures	8

		=== libgo Summary ===

# of expected passes		230
# of unexpected failures	14
		=== libgomp tests ===


Running target unix

		=== libgomp Summary for unix ===

# of expected passes		3241
# of unsupported tests		38

Running target unix/-m64

		=== libgomp Summary for unix/-m64 ===

# of expected passes		3241
# of unsupported tests		38

		=== libgomp Summary ===

# of expected passes		6482
# of unsupported tests		76
		=== libitm tests ===


Running target unix

		=== libitm Summary for unix ===

# of expected passes		26
# of expected failures		3
# of unsupported tests		1

Running target unix/-m64

		=== libitm Summary for unix/-m64 ===

# of expected passes		26
# of expected failures		3
# of unsupported tests		1

		=== libitm Summary ===

# of expected passes		52
# of expected failures		6
# of unsupported tests		2
		=== libjava tests ===


Running target unix

		=== libjava Summary for unix ===

# of expected passes		2582
# of expected failures		4

Running target unix/-m64

		=== libjava Summary for unix/-m64 ===

# of expected passes		2582
# of expected failures		4

		=== libjava Summary ===

# of expected passes		5164
# of expected failures		8
		=== libstdc++ tests ===


Running target unix
FAIL: experimental/feat-cxx14.cc (test for excess errors)

		=== libstdc++ Summary for unix ===

# of expected passes		8304
# of unexpected failures	1
# of expected failures		43
# of unsupported tests		945

Running target unix/-m64
FAIL: experimental/feat-cxx14.cc (test for excess errors)

		=== libstdc++ Summary for unix/-m64 ===

# of expected passes		8304
# of unexpected failures	1
# of expected failures		43
# of unsupported tests		945

		=== libstdc++ Summary ===

# of expected passes		16608
# of unexpected failures	2
# of expected failures		86
# of unsupported tests		1890

Compiler version: 4.9.3 20141121 (prerelease) [gcc-4_9-branch revision 217906] (GCC) 
Platform: sparc-sun-solaris2.9
configure flags: --prefix=/vol/gcc --target=sparc-sun-solaris2.9 --enable-obsolete --enable-objc-gc --with-as=/vol/gcc/bin/gas-2.24 --with-gnu-as --with-gmp-include=/vol/gcc/include --with-gmp-lib=/vol/gcc/lib --with-mpfr-include=/vol/gcc/include --with-mpfr-lib=/vol/gcc/lib --with-mpc-include=/vol/gcc/include --with-mpc-lib=/vol/gcc/lib --enable-languages=all,ada,obj-c++,go --with-isl-include=/vol/gcc/include --with-isl-lib=/vol/gcc/lib --with-cloog-include=/vol/gcc/include --with-cloog-lib=/vol/gcc/lib --enable-cloog-backend=isl
BOOT_CFLAGS=-g -O2


Index Nav: [Date Index] [Subject Index] [Author Index] [Thread Index]
Message Nav: [Date Prev] [Date Next] [Thread Prev] [Thread Next]