This is the mail archive of the gcc-testresults@gcc.gnu.org mailing list for the GCC project.


Index Nav: [Date Index] [Subject Index] [Author Index] [Thread Index]
Message Nav: [Date Prev] [Date Next] [Thread Prev] [Thread Next]
Other format: [Raw text]

Results for 5.0.0 20141121 (experimental) [trunk revision 217915] (GCC) testsuite on sparc-sun-solaris2.11


LAST_UPDATED: Fri Nov 21 12:25:06 UTC 2014 (revision 217915)

		=== acats tests ===

		=== acats Summary ===
# of expected passes		2320
# of unexpected failures	0
Native configuration is sparc-sun-solaris2.11

		=== g++ tests ===


Running target unix
FAIL: g++.dg/ipa/pr63587-2.C  -std=gnu++11 (internal compiler error)
FAIL: g++.dg/ipa/pr63587-2.C  -std=gnu++11 (test for excess errors)
FAIL: g++.dg/ipa/pr63587-2.C  -std=gnu++14 (internal compiler error)
FAIL: g++.dg/ipa/pr63587-2.C  -std=gnu++14 (test for excess errors)
FAIL: c-c++-common/torture/builtin-arith-overflow-14.c   -O0  execution test
FAIL: c-c++-common/torture/builtin-arith-overflow-14.c   -O2  execution test
FAIL: c-c++-common/torture/builtin-arith-overflow-14.c   -O2 -flto  execution test
FAIL: c-c++-common/torture/builtin-arith-overflow-14.c   -O2 -flto -flto-partition=none  execution test
FAIL: c-c++-common/torture/builtin-arith-overflow-18.c   -O0  execution test
FAIL: c-c++-common/torture/builtin-arith-overflow-18.c   -O2  execution test
FAIL: c-c++-common/torture/builtin-arith-overflow-18.c   -O2 -flto  execution test
FAIL: c-c++-common/torture/builtin-arith-overflow-18.c   -O2 -flto -flto-partition=none  execution test
FAIL: c-c++-common/torture/builtin-arith-overflow-3.c   -O0  execution test
FAIL: c-c++-common/torture/builtin-arith-overflow-3.c   -O2  execution test
FAIL: c-c++-common/torture/builtin-arith-overflow-3.c   -O2 -flto  execution test
FAIL: c-c++-common/torture/builtin-arith-overflow-3.c   -O2 -flto -flto-partition=none  execution test
FAIL: g++.dg/torture/pr46367.C   -O1  (internal compiler error)
FAIL: g++.dg/torture/pr46367.C   -O1  (test for excess errors)
FAIL: g++.dg/torture/pr46367.C   -Os  (internal compiler error)
FAIL: g++.dg/torture/pr46367.C   -Os  (test for excess errors)

		=== g++ Summary for unix ===

# of expected passes		79569
# of unexpected failures	20
# of expected failures		249
# of unsupported tests		3539

Running target unix/-m64
FAIL: c-c++-common/torture/builtin-arith-overflow-1.c   -O0  (internal compiler error)
FAIL: c-c++-common/torture/builtin-arith-overflow-1.c   -O0  (test for excess errors)
WARNING: c-c++-common/torture/builtin-arith-overflow-1.c   -O0  compilation failed to produce executable
FAIL: c-c++-common/torture/builtin-arith-overflow-1.c   -O2  (internal compiler error)
FAIL: c-c++-common/torture/builtin-arith-overflow-1.c   -O2  (test for excess errors)
WARNING: c-c++-common/torture/builtin-arith-overflow-1.c   -O2  compilation failed to produce executable
FAIL: c-c++-common/torture/builtin-arith-overflow-1.c   -O2 -flto  (internal compiler error)
FAIL: c-c++-common/torture/builtin-arith-overflow-1.c   -O2 -flto  (test for excess errors)
WARNING: c-c++-common/torture/builtin-arith-overflow-1.c   -O2 -flto  compilation failed to produce executable
FAIL: c-c++-common/torture/builtin-arith-overflow-1.c   -O2 -flto -flto-partition=none  (internal compiler error)
FAIL: c-c++-common/torture/builtin-arith-overflow-1.c   -O2 -flto -flto-partition=none  (test for excess errors)
WARNING: c-c++-common/torture/builtin-arith-overflow-1.c   -O2 -flto -flto-partition=none  compilation failed to produce executable
FAIL: c-c++-common/torture/builtin-arith-overflow-13.c   -O0  (internal compiler error)
FAIL: c-c++-common/torture/builtin-arith-overflow-13.c   -O0  (test for excess errors)
WARNING: c-c++-common/torture/builtin-arith-overflow-13.c   -O0  compilation failed to produce executable
FAIL: c-c++-common/torture/builtin-arith-overflow-13.c   -O2  (internal compiler error)
FAIL: c-c++-common/torture/builtin-arith-overflow-13.c   -O2  (test for excess errors)
WARNING: c-c++-common/torture/builtin-arith-overflow-13.c   -O2  compilation failed to produce executable
FAIL: c-c++-common/torture/builtin-arith-overflow-13.c   -O2 -flto  (internal compiler error)
FAIL: c-c++-common/torture/builtin-arith-overflow-13.c   -O2 -flto  (test for excess errors)
WARNING: c-c++-common/torture/builtin-arith-overflow-13.c   -O2 -flto  compilation failed to produce executable
FAIL: c-c++-common/torture/builtin-arith-overflow-13.c   -O2 -flto -flto-partition=none  (internal compiler error)
FAIL: c-c++-common/torture/builtin-arith-overflow-13.c   -O2 -flto -flto-partition=none  (test for excess errors)
WARNING: c-c++-common/torture/builtin-arith-overflow-13.c   -O2 -flto -flto-partition=none  compilation failed to produce executable
FAIL: c-c++-common/torture/builtin-arith-overflow-14.c   -O0  (internal compiler error)
FAIL: c-c++-common/torture/builtin-arith-overflow-14.c   -O0  (test for excess errors)
WARNING: c-c++-common/torture/builtin-arith-overflow-14.c   -O0  compilation failed to produce executable
FAIL: c-c++-common/torture/builtin-arith-overflow-14.c   -O2  (internal compiler error)
FAIL: c-c++-common/torture/builtin-arith-overflow-14.c   -O2  (test for excess errors)
WARNING: c-c++-common/torture/builtin-arith-overflow-14.c   -O2  compilation failed to produce executable
FAIL: c-c++-common/torture/builtin-arith-overflow-14.c   -O2 -flto  (internal compiler error)
FAIL: c-c++-common/torture/builtin-arith-overflow-14.c   -O2 -flto  (test for excess errors)
WARNING: c-c++-common/torture/builtin-arith-overflow-14.c   -O2 -flto  compilation failed to produce executable
FAIL: c-c++-common/torture/builtin-arith-overflow-14.c   -O2 -flto -flto-partition=none  (internal compiler error)
FAIL: c-c++-common/torture/builtin-arith-overflow-14.c   -O2 -flto -flto-partition=none  (test for excess errors)
WARNING: c-c++-common/torture/builtin-arith-overflow-14.c   -O2 -flto -flto-partition=none  compilation failed to produce executable
FAIL: c-c++-common/torture/builtin-arith-overflow-17.c   -O0  execution test
FAIL: c-c++-common/torture/builtin-arith-overflow-17.c   -O2  execution test
FAIL: c-c++-common/torture/builtin-arith-overflow-17.c   -O2 -flto  execution test
FAIL: c-c++-common/torture/builtin-arith-overflow-17.c   -O2 -flto -flto-partition=none  execution test
FAIL: c-c++-common/torture/builtin-arith-overflow-18.c   -O0  execution test
FAIL: c-c++-common/torture/builtin-arith-overflow-18.c   -O2  execution test
FAIL: c-c++-common/torture/builtin-arith-overflow-18.c   -O2 -flto  execution test
FAIL: c-c++-common/torture/builtin-arith-overflow-18.c   -O2 -flto -flto-partition=none  execution test
FAIL: c-c++-common/torture/builtin-arith-overflow-2.c   -O0  (internal compiler error)
FAIL: c-c++-common/torture/builtin-arith-overflow-2.c   -O0  (test for excess errors)
WARNING: c-c++-common/torture/builtin-arith-overflow-2.c   -O0  compilation failed to produce executable
FAIL: c-c++-common/torture/builtin-arith-overflow-2.c   -O2  (internal compiler error)
FAIL: c-c++-common/torture/builtin-arith-overflow-2.c   -O2  (test for excess errors)
WARNING: c-c++-common/torture/builtin-arith-overflow-2.c   -O2  compilation failed to produce executable
FAIL: c-c++-common/torture/builtin-arith-overflow-2.c   -O2 -flto  (internal compiler error)
FAIL: c-c++-common/torture/builtin-arith-overflow-2.c   -O2 -flto  (test for excess errors)
WARNING: c-c++-common/torture/builtin-arith-overflow-2.c   -O2 -flto  compilation failed to produce executable
FAIL: c-c++-common/torture/builtin-arith-overflow-2.c   -O2 -flto -flto-partition=none  (internal compiler error)
FAIL: c-c++-common/torture/builtin-arith-overflow-2.c   -O2 -flto -flto-partition=none  (test for excess errors)
WARNING: c-c++-common/torture/builtin-arith-overflow-2.c   -O2 -flto -flto-partition=none  compilation failed to produce executable
FAIL: c-c++-common/torture/builtin-arith-overflow-3.c   -O0  (internal compiler error)
FAIL: c-c++-common/torture/builtin-arith-overflow-3.c   -O0  (test for excess errors)
WARNING: c-c++-common/torture/builtin-arith-overflow-3.c   -O0  compilation failed to produce executable
FAIL: c-c++-common/torture/builtin-arith-overflow-3.c   -O2  (internal compiler error)
FAIL: c-c++-common/torture/builtin-arith-overflow-3.c   -O2  (test for excess errors)
WARNING: c-c++-common/torture/builtin-arith-overflow-3.c   -O2  compilation failed to produce executable
FAIL: c-c++-common/torture/builtin-arith-overflow-3.c   -O2 -flto  (internal compiler error)
FAIL: c-c++-common/torture/builtin-arith-overflow-3.c   -O2 -flto  (test for excess errors)
WARNING: c-c++-common/torture/builtin-arith-overflow-3.c   -O2 -flto  compilation failed to produce executable
FAIL: c-c++-common/torture/builtin-arith-overflow-3.c   -O2 -flto -flto-partition=none  (internal compiler error)
FAIL: c-c++-common/torture/builtin-arith-overflow-3.c   -O2 -flto -flto-partition=none  (test for excess errors)
WARNING: c-c++-common/torture/builtin-arith-overflow-3.c   -O2 -flto -flto-partition=none  compilation failed to produce executable
FAIL: c-c++-common/torture/builtin-arith-overflow-4.c   -O0  (internal compiler error)
FAIL: c-c++-common/torture/builtin-arith-overflow-4.c   -O0  (test for excess errors)
WARNING: c-c++-common/torture/builtin-arith-overflow-4.c   -O0  compilation failed to produce executable
FAIL: c-c++-common/torture/builtin-arith-overflow-4.c   -O2  (internal compiler error)
FAIL: c-c++-common/torture/builtin-arith-overflow-4.c   -O2  (test for excess errors)
WARNING: c-c++-common/torture/builtin-arith-overflow-4.c   -O2  compilation failed to produce executable
FAIL: c-c++-common/torture/builtin-arith-overflow-4.c   -O2 -flto  (internal compiler error)
FAIL: c-c++-common/torture/builtin-arith-overflow-4.c   -O2 -flto  (test for excess errors)
WARNING: c-c++-common/torture/builtin-arith-overflow-4.c   -O2 -flto  compilation failed to produce executable
FAIL: c-c++-common/torture/builtin-arith-overflow-4.c   -O2 -flto -flto-partition=none  (internal compiler error)
FAIL: c-c++-common/torture/builtin-arith-overflow-4.c   -O2 -flto -flto-partition=none  (test for excess errors)
WARNING: c-c++-common/torture/builtin-arith-overflow-4.c   -O2 -flto -flto-partition=none  compilation failed to produce executable
FAIL: c-c++-common/torture/builtin-arith-overflow-5.c   -O0  (internal compiler error)
FAIL: c-c++-common/torture/builtin-arith-overflow-5.c   -O0  (test for excess errors)
WARNING: c-c++-common/torture/builtin-arith-overflow-5.c   -O0  compilation failed to produce executable
FAIL: c-c++-common/torture/builtin-arith-overflow-5.c   -O2  (internal compiler error)
FAIL: c-c++-common/torture/builtin-arith-overflow-5.c   -O2  (test for excess errors)
WARNING: c-c++-common/torture/builtin-arith-overflow-5.c   -O2  compilation failed to produce executable
FAIL: c-c++-common/torture/builtin-arith-overflow-5.c   -O2 -flto  (internal compiler error)
FAIL: c-c++-common/torture/builtin-arith-overflow-5.c   -O2 -flto  (test for excess errors)
WARNING: c-c++-common/torture/builtin-arith-overflow-5.c   -O2 -flto  compilation failed to produce executable
FAIL: c-c++-common/torture/builtin-arith-overflow-5.c   -O2 -flto -flto-partition=none  (internal compiler error)
FAIL: c-c++-common/torture/builtin-arith-overflow-5.c   -O2 -flto -flto-partition=none  (test for excess errors)
WARNING: c-c++-common/torture/builtin-arith-overflow-5.c   -O2 -flto -flto-partition=none  compilation failed to produce executable
FAIL: c-c++-common/torture/builtin-arith-overflow-6.c   -O0  execution test
FAIL: c-c++-common/torture/builtin-arith-overflow-6.c   -O2  execution test
FAIL: c-c++-common/torture/builtin-arith-overflow-6.c   -O2 -flto  execution test
FAIL: c-c++-common/torture/builtin-arith-overflow-6.c   -O2 -flto -flto-partition=none  execution test
FAIL: g++.dg/torture/pr46367.C   -O1  (internal compiler error)
FAIL: g++.dg/torture/pr46367.C   -O1  (test for excess errors)
FAIL: g++.dg/torture/pr46367.C   -Os  (internal compiler error)
FAIL: g++.dg/torture/pr46367.C   -Os  (test for excess errors)

		=== g++ Summary for unix/-m64 ===

# of expected passes		81387
# of unexpected failures	72
# of expected failures		249
# of unsupported tests		3516

		=== g++ Summary ===

# of expected passes		160956
# of unexpected failures	92
# of expected failures		498
# of unsupported tests		7055
/var/gcc/regression/trunk/11-gcc-gas/build/gcc/testsuite/g++/../../xg++  version 5.0.0 20141121 (experimental) [trunk revision 217915] (GCC) 

		=== gcc tests ===


Running target unix
FAIL: gcc.dg/atomic/c11-atomic-exec-3.c   -O3 -g  (test for excess errors)
WARNING: gcc.dg/atomic/c11-atomic-exec-3.c   -O3 -g  compilation failed to produce executable
WARNING: program timed out.
FAIL: gcc.dg/c11-atomic-2.c (test for excess errors)
FAIL: gcc.dg/undefined-loop-2.c  (test for warnings, line 18)
FAIL: gcc.dg/unroll_1.c  (test for warnings, line 24)
WARNING: program timed out.
UNRESOLVED: gcc.dg/graphite/isl-codegen-loop-dumping.c scan-tree-dump-times graphite "ISL AST generated by ISL: \\nfor \\\\(int c1 = 0; c1 < n - 1; c1 \\\\+= 1\\\\)\\n  for \\\\(int c3 = 0; c3 < n; c3 \\\\+= 1\\\\)\\n    S_4\\\\(c1, c3\\\\);" 1
FAIL: gcc.dg/graphite/vect-pr43423.c scan-tree-dump-times vect "vectorized 2 loops" 1
FAIL: gcc.dg/simulate-thread/atomic-other-int.c   -O2 -g  thread simulation test
FAIL: gcc.dg/simulate-thread/atomic-other-int.c   -O3 -g  thread simulation test
FAIL: gcc.dg/simulate-thread/speculative-store-4.c   -O0 -g  thread simulation test
FAIL: gcc.dg/simulate-thread/speculative-store-4.c   -O2 -g  thread simulation test
FAIL: gcc.dg/simulate-thread/speculative-store-4.c   -O3 -g  thread simulation test
FAIL: gcc.dg/simulate-thread/speculative-store.c   -O0 -g  thread simulation test
FAIL: c-c++-common/torture/builtin-arith-overflow-14.c   -O0  execution test
FAIL: c-c++-common/torture/builtin-arith-overflow-14.c   -O2  execution test
FAIL: c-c++-common/torture/builtin-arith-overflow-14.c   -O2 -flto  execution test
FAIL: c-c++-common/torture/builtin-arith-overflow-14.c   -O2 -flto -flto-partition=none  execution test
FAIL: c-c++-common/torture/builtin-arith-overflow-18.c   -O0  execution test
FAIL: c-c++-common/torture/builtin-arith-overflow-18.c   -O2  execution test
FAIL: c-c++-common/torture/builtin-arith-overflow-18.c   -O2 -flto  execution test
FAIL: c-c++-common/torture/builtin-arith-overflow-18.c   -O2 -flto -flto-partition=none  execution test
FAIL: c-c++-common/torture/builtin-arith-overflow-3.c   -O0  execution test
FAIL: c-c++-common/torture/builtin-arith-overflow-3.c   -O2  execution test
FAIL: c-c++-common/torture/builtin-arith-overflow-3.c   -O2 -flto  execution test
FAIL: c-c++-common/torture/builtin-arith-overflow-3.c   -O2 -flto -flto-partition=none  execution test
UNRESOLVED: gcc.dg/tree-prof/peel-1.c scan-rtl-dump loop2_unroll "Considering simply peeling loop"
FAIL: gcc.dg/tree-ssa/ssa-dom-cse-2.c scan-tree-dump optimized "return 28;"
FAIL: gcc.dg/vect/vect-33.c -flto -ffat-lto-objects  scan-tree-dump-times vect "Alignment of access forced using versioning" 1
FAIL: gcc.dg/vect/vect-33.c scan-tree-dump-times vect "Alignment of access forced using versioning" 1

		=== gcc Summary for unix ===

# of expected passes		87581
# of unexpected failures	26
# of expected failures		322
# of unresolved testcases	2
# of unsupported tests		2035

Running target unix/-m64
FAIL: gcc.dg/c11-atomic-2.c (test for excess errors)
FAIL: gcc.dg/undefined-loop-2.c  (test for warnings, line 18)
FAIL: gcc.dg/unroll_1.c  (test for warnings, line 24)
WARNING: program timed out.
UNRESOLVED: gcc.dg/graphite/isl-codegen-loop-dumping.c scan-tree-dump-times graphite "ISL AST generated by ISL: \\nfor \\\\(int c1 = 0; c1 < n - 1; c1 \\\\+= 1\\\\)\\n  for \\\\(int c3 = 0; c3 < n; c3 \\\\+= 1\\\\)\\n    S_4\\\\(c1, c3\\\\);" 1
FAIL: gcc.dg/graphite/vect-pr43423.c scan-tree-dump-times vect "vectorized 2 loops" 1
FAIL: c-c++-common/torture/builtin-arith-overflow-1.c   -O0  (internal compiler error)
FAIL: c-c++-common/torture/builtin-arith-overflow-1.c   -O0  (test for excess errors)
WARNING: c-c++-common/torture/builtin-arith-overflow-1.c   -O0  compilation failed to produce executable
FAIL: c-c++-common/torture/builtin-arith-overflow-1.c   -O2  (internal compiler error)
FAIL: c-c++-common/torture/builtin-arith-overflow-1.c   -O2  (test for excess errors)
WARNING: c-c++-common/torture/builtin-arith-overflow-1.c   -O2  compilation failed to produce executable
FAIL: c-c++-common/torture/builtin-arith-overflow-1.c   -O2 -flto  (internal compiler error)
FAIL: c-c++-common/torture/builtin-arith-overflow-1.c   -O2 -flto  (test for excess errors)
WARNING: c-c++-common/torture/builtin-arith-overflow-1.c   -O2 -flto  compilation failed to produce executable
FAIL: c-c++-common/torture/builtin-arith-overflow-1.c   -O2 -flto -flto-partition=none  (internal compiler error)
FAIL: c-c++-common/torture/builtin-arith-overflow-1.c   -O2 -flto -flto-partition=none  (test for excess errors)
WARNING: c-c++-common/torture/builtin-arith-overflow-1.c   -O2 -flto -flto-partition=none  compilation failed to produce executable
FAIL: c-c++-common/torture/builtin-arith-overflow-13.c   -O0  (internal compiler error)
FAIL: c-c++-common/torture/builtin-arith-overflow-13.c   -O0  (test for excess errors)
WARNING: c-c++-common/torture/builtin-arith-overflow-13.c   -O0  compilation failed to produce executable
FAIL: c-c++-common/torture/builtin-arith-overflow-13.c   -O2  (internal compiler error)
FAIL: c-c++-common/torture/builtin-arith-overflow-13.c   -O2  (test for excess errors)
WARNING: c-c++-common/torture/builtin-arith-overflow-13.c   -O2  compilation failed to produce executable
FAIL: c-c++-common/torture/builtin-arith-overflow-13.c   -O2 -flto  (internal compiler error)
FAIL: c-c++-common/torture/builtin-arith-overflow-13.c   -O2 -flto  (test for excess errors)
WARNING: c-c++-common/torture/builtin-arith-overflow-13.c   -O2 -flto  compilation failed to produce executable
FAIL: c-c++-common/torture/builtin-arith-overflow-13.c   -O2 -flto -flto-partition=none  (internal compiler error)
FAIL: c-c++-common/torture/builtin-arith-overflow-13.c   -O2 -flto -flto-partition=none  (test for excess errors)
WARNING: c-c++-common/torture/builtin-arith-overflow-13.c   -O2 -flto -flto-partition=none  compilation failed to produce executable
FAIL: c-c++-common/torture/builtin-arith-overflow-14.c   -O0  (internal compiler error)
FAIL: c-c++-common/torture/builtin-arith-overflow-14.c   -O0  (test for excess errors)
WARNING: c-c++-common/torture/builtin-arith-overflow-14.c   -O0  compilation failed to produce executable
FAIL: c-c++-common/torture/builtin-arith-overflow-14.c   -O2  (internal compiler error)
FAIL: c-c++-common/torture/builtin-arith-overflow-14.c   -O2  (test for excess errors)
WARNING: c-c++-common/torture/builtin-arith-overflow-14.c   -O2  compilation failed to produce executable
FAIL: c-c++-common/torture/builtin-arith-overflow-14.c   -O2 -flto  (internal compiler error)
FAIL: c-c++-common/torture/builtin-arith-overflow-14.c   -O2 -flto  (test for excess errors)
WARNING: c-c++-common/torture/builtin-arith-overflow-14.c   -O2 -flto  compilation failed to produce executable
FAIL: c-c++-common/torture/builtin-arith-overflow-14.c   -O2 -flto -flto-partition=none  (internal compiler error)
FAIL: c-c++-common/torture/builtin-arith-overflow-14.c   -O2 -flto -flto-partition=none  (test for excess errors)
WARNING: c-c++-common/torture/builtin-arith-overflow-14.c   -O2 -flto -flto-partition=none  compilation failed to produce executable
FAIL: c-c++-common/torture/builtin-arith-overflow-17.c   -O0  execution test
FAIL: c-c++-common/torture/builtin-arith-overflow-17.c   -O2  execution test
FAIL: c-c++-common/torture/builtin-arith-overflow-17.c   -O2 -flto  execution test
FAIL: c-c++-common/torture/builtin-arith-overflow-17.c   -O2 -flto -flto-partition=none  execution test
FAIL: c-c++-common/torture/builtin-arith-overflow-18.c   -O0  execution test
FAIL: c-c++-common/torture/builtin-arith-overflow-18.c   -O2  execution test
FAIL: c-c++-common/torture/builtin-arith-overflow-18.c   -O2 -flto  execution test
FAIL: c-c++-common/torture/builtin-arith-overflow-18.c   -O2 -flto -flto-partition=none  execution test
FAIL: c-c++-common/torture/builtin-arith-overflow-2.c   -O0  (internal compiler error)
FAIL: c-c++-common/torture/builtin-arith-overflow-2.c   -O0  (test for excess errors)
WARNING: c-c++-common/torture/builtin-arith-overflow-2.c   -O0  compilation failed to produce executable
FAIL: c-c++-common/torture/builtin-arith-overflow-2.c   -O2  (internal compiler error)
FAIL: c-c++-common/torture/builtin-arith-overflow-2.c   -O2  (test for excess errors)
WARNING: c-c++-common/torture/builtin-arith-overflow-2.c   -O2  compilation failed to produce executable
FAIL: c-c++-common/torture/builtin-arith-overflow-2.c   -O2 -flto  (internal compiler error)
FAIL: c-c++-common/torture/builtin-arith-overflow-2.c   -O2 -flto  (test for excess errors)
WARNING: c-c++-common/torture/builtin-arith-overflow-2.c   -O2 -flto  compilation failed to produce executable
FAIL: c-c++-common/torture/builtin-arith-overflow-2.c   -O2 -flto -flto-partition=none  (internal compiler error)
FAIL: c-c++-common/torture/builtin-arith-overflow-2.c   -O2 -flto -flto-partition=none  (test for excess errors)
WARNING: c-c++-common/torture/builtin-arith-overflow-2.c   -O2 -flto -flto-partition=none  compilation failed to produce executable
FAIL: c-c++-common/torture/builtin-arith-overflow-3.c   -O0  (internal compiler error)
FAIL: c-c++-common/torture/builtin-arith-overflow-3.c   -O0  (test for excess errors)
WARNING: c-c++-common/torture/builtin-arith-overflow-3.c   -O0  compilation failed to produce executable
FAIL: c-c++-common/torture/builtin-arith-overflow-3.c   -O2  (internal compiler error)
FAIL: c-c++-common/torture/builtin-arith-overflow-3.c   -O2  (test for excess errors)
WARNING: c-c++-common/torture/builtin-arith-overflow-3.c   -O2  compilation failed to produce executable
FAIL: c-c++-common/torture/builtin-arith-overflow-3.c   -O2 -flto  (internal compiler error)
FAIL: c-c++-common/torture/builtin-arith-overflow-3.c   -O2 -flto  (test for excess errors)
WARNING: c-c++-common/torture/builtin-arith-overflow-3.c   -O2 -flto  compilation failed to produce executable
FAIL: c-c++-common/torture/builtin-arith-overflow-3.c   -O2 -flto -flto-partition=none  (internal compiler error)
FAIL: c-c++-common/torture/builtin-arith-overflow-3.c   -O2 -flto -flto-partition=none  (test for excess errors)
WARNING: c-c++-common/torture/builtin-arith-overflow-3.c   -O2 -flto -flto-partition=none  compilation failed to produce executable
FAIL: c-c++-common/torture/builtin-arith-overflow-4.c   -O0  (internal compiler error)
FAIL: c-c++-common/torture/builtin-arith-overflow-4.c   -O0  (test for excess errors)
WARNING: c-c++-common/torture/builtin-arith-overflow-4.c   -O0  compilation failed to produce executable
FAIL: c-c++-common/torture/builtin-arith-overflow-4.c   -O2  (internal compiler error)
FAIL: c-c++-common/torture/builtin-arith-overflow-4.c   -O2  (test for excess errors)
WARNING: c-c++-common/torture/builtin-arith-overflow-4.c   -O2  compilation failed to produce executable
FAIL: c-c++-common/torture/builtin-arith-overflow-4.c   -O2 -flto  (internal compiler error)
FAIL: c-c++-common/torture/builtin-arith-overflow-4.c   -O2 -flto  (test for excess errors)
WARNING: c-c++-common/torture/builtin-arith-overflow-4.c   -O2 -flto  compilation failed to produce executable
FAIL: c-c++-common/torture/builtin-arith-overflow-4.c   -O2 -flto -flto-partition=none  (internal compiler error)
FAIL: c-c++-common/torture/builtin-arith-overflow-4.c   -O2 -flto -flto-partition=none  (test for excess errors)
WARNING: c-c++-common/torture/builtin-arith-overflow-4.c   -O2 -flto -flto-partition=none  compilation failed to produce executable
FAIL: c-c++-common/torture/builtin-arith-overflow-5.c   -O0  (internal compiler error)
FAIL: c-c++-common/torture/builtin-arith-overflow-5.c   -O0  (test for excess errors)
WARNING: c-c++-common/torture/builtin-arith-overflow-5.c   -O0  compilation failed to produce executable
FAIL: c-c++-common/torture/builtin-arith-overflow-5.c   -O2  (internal compiler error)
FAIL: c-c++-common/torture/builtin-arith-overflow-5.c   -O2  (test for excess errors)
WARNING: c-c++-common/torture/builtin-arith-overflow-5.c   -O2  compilation failed to produce executable
FAIL: c-c++-common/torture/builtin-arith-overflow-5.c   -O2 -flto  (internal compiler error)
FAIL: c-c++-common/torture/builtin-arith-overflow-5.c   -O2 -flto  (test for excess errors)
WARNING: c-c++-common/torture/builtin-arith-overflow-5.c   -O2 -flto  compilation failed to produce executable
FAIL: c-c++-common/torture/builtin-arith-overflow-5.c   -O2 -flto -flto-partition=none  (internal compiler error)
FAIL: c-c++-common/torture/builtin-arith-overflow-5.c   -O2 -flto -flto-partition=none  (test for excess errors)
WARNING: c-c++-common/torture/builtin-arith-overflow-5.c   -O2 -flto -flto-partition=none  compilation failed to produce executable
FAIL: c-c++-common/torture/builtin-arith-overflow-6.c   -O0  execution test
FAIL: c-c++-common/torture/builtin-arith-overflow-6.c   -O2  execution test
FAIL: c-c++-common/torture/builtin-arith-overflow-6.c   -O2 -flto  execution test
FAIL: c-c++-common/torture/builtin-arith-overflow-6.c   -O2 -flto -flto-partition=none  execution test
UNRESOLVED: gcc.dg/tree-prof/peel-1.c scan-rtl-dump loop2_unroll "Considering simply peeling loop"
FAIL: gcc.dg/tree-ssa/ivopts-lt-2.c scan-tree-dump-times ivopts "PHI" 1
FAIL: gcc.dg/tree-ssa/ivopts-lt-2.c scan-tree-dump-times ivopts "p_[0-9]* <" 1
FAIL: gcc.dg/tree-ssa/ssa-dom-cse-2.c scan-tree-dump optimized "return 28;"
FAIL: gcc.dg/vect/vect-33.c -flto -ffat-lto-objects  scan-tree-dump-times vect "Alignment of access forced using versioning" 1
FAIL: gcc.dg/vect/vect-33.c scan-tree-dump-times vect "Alignment of access forced using versioning" 1

		=== gcc Summary for unix/-m64 ===

# of expected passes		88328
# of unexpected failures	77
# of expected failures		311
# of unresolved testcases	2
# of unsupported tests		1962

		=== gcc Summary ===

# of expected passes		175909
# of unexpected failures	103
# of expected failures		633
# of unresolved testcases	4
# of unsupported tests		3997
/var/gcc/regression/trunk/11-gcc-gas/build/gcc/xgcc  version 5.0.0 20141121 (experimental) [trunk revision 217915] (GCC) 

		=== gfortran tests ===


Running target unix
FAIL: gfortran.dg/graphite/pr42393.f90   -O  (test for excess errors)
WARNING: program timed out.

		=== gfortran Summary for unix ===

# of expected passes		46459
# of unexpected failures	1
# of expected failures		58
# of unsupported tests		271

Running target unix/-m64
FAIL: gfortran.dg/graphite/pr42393.f90   -O  (internal compiler error)
FAIL: gfortran.dg/graphite/pr42393.f90   -O  (test for excess errors)

		=== gfortran Summary for unix/-m64 ===

# of expected passes		46786
# of unexpected failures	2
# of expected failures		58
# of unsupported tests		110

		=== gfortran Summary ===

# of expected passes		93245
# of unexpected failures	3
# of expected failures		116
# of unsupported tests		381
/var/gcc/regression/trunk/11-gcc-gas/build/gcc/testsuite/gfortran/../../gfortran  version 5.0.0 20141121 (experimental) [trunk revision 217915] (GCC) 

		=== gnat tests ===


Running target unix

		=== gnat Summary for unix ===

# of expected passes		1277
# of expected failures		20
# of unsupported tests		18

Running target unix/-m64

		=== gnat Summary for unix/-m64 ===

# of expected passes		1277
# of expected failures		20
# of unsupported tests		18

		=== gnat Summary ===

# of expected passes		2554
# of expected failures		40
# of unsupported tests		36
/var/gcc/regression/trunk/11-gcc-gas/build/gcc/gnatmake version 5.0.0 20141121 (experimental) [trunk revision 217915]

		=== go tests ===


Running target unix
FAIL: ./index0-out.go compilation,  -O0 -g -fno-var-tracking-assignments 
WARNING: program timed out.

		=== go Summary for unix ===

# of expected passes		7360
# of unexpected failures	1
# of expected failures		1
# of untested testcases		11
# of unsupported tests		3

Running target unix/-m64
FAIL: ./index0-out.go compilation,  -O0 -g -fno-var-tracking-assignments 
FAIL: ./select5-out.go compilation,  -O0 -g -fno-var-tracking-assignments 
FAIL: go.test/test/fixedbugs/issue4348.go   -O  (test for excess errors)
WARNING: program timed out.
WARNING: program timed out.

		=== go Summary for unix/-m64 ===

# of expected passes		7237
# of unexpected failures	3
# of expected failures		1
# of untested testcases		12
# of unsupported tests		3

		=== go Summary ===

# of expected passes		14597
# of unexpected failures	4
# of expected failures		2
# of untested testcases		23
# of unsupported tests		6
		=== obj-c++ tests ===


Running target unix

		=== obj-c++ Summary for unix ===

# of expected passes		1447
# of expected failures		2
# of unsupported tests		86

Running target unix/-m64

		=== obj-c++ Summary for unix/-m64 ===

# of expected passes		1439
# of expected failures		10
# of unsupported tests		86

		=== obj-c++ Summary ===

# of expected passes		2886
# of expected failures		12
# of unsupported tests		172
/var/gcc/regression/trunk/11-gcc-gas/build/gcc/testsuite/obj-c++/../../xg++  version 5.0.0 20141121 (experimental) [trunk revision 217915] (GCC) 

		=== objc tests ===


Running target unix

		=== objc Summary for unix ===

# of expected passes		3010
# of unsupported tests		74

Running target unix/-m64

		=== objc Summary for unix/-m64 ===

# of expected passes		3010
# of unsupported tests		74

		=== objc Summary ===

# of expected passes		6020
# of unsupported tests		148
/var/gcc/regression/trunk/11-gcc-gas/build/gcc/xgcc  version 5.0.0 20141121 (experimental) [trunk revision 217915] (GCC) 

		=== boehm-gc tests ===


Running target unix

		=== boehm-gc Summary for unix ===

# of expected passes		12
# of unsupported tests		1

Running target unix/-m64

		=== boehm-gc Summary for unix/-m64 ===

# of expected passes		12
# of unsupported tests		1

		=== boehm-gc Summary ===

# of expected passes		24
# of unsupported tests		2
		=== libatomic tests ===


Running target unix

		=== libatomic Summary for unix ===

# of expected passes		44
# of unsupported tests		5

Running target unix/-m64

		=== libatomic Summary for unix/-m64 ===

# of expected passes		54

		=== libatomic Summary ===

# of expected passes		98
# of unsupported tests		5
		=== libffi tests ===


Running target unix

		=== libffi Summary for unix ===

# of expected passes		1819
# of unsupported tests		55

Running target unix/-m64

		=== libffi Summary for unix/-m64 ===

# of expected passes		1819
# of unsupported tests		55

		=== libffi Summary ===

# of expected passes		3638
# of unsupported tests		110
		=== libgo tests ===


Running target unix
FAIL: reflect
FAIL: runtime
FAIL: sync
FAIL: encoding/gob
FAIL: text/template
FAIL: testing/quick

		=== libgo Summary for unix ===

# of expected passes		117
# of unexpected failures	6

Running target unix/-m64
FAIL: regexp
FAIL: sync

		=== libgo Summary for unix/-m64 ===

# of expected passes		121
# of unexpected failures	2

		=== libgo Summary ===

# of expected passes		238
# of unexpected failures	8
/var/gcc/regression/trunk/11-gcc-gas/build/./gcc/gccgo version 5.0.0 20141121 (experimental) [trunk revision 217915] (GCC)

		=== libgomp tests ===


Running target unix

		=== libgomp Summary for unix ===

# of expected passes		3655
# of unsupported tests		111

Running target unix/-m64

		=== libgomp Summary for unix/-m64 ===

# of expected passes		3655
# of unsupported tests		111

		=== libgomp Summary ===

# of expected passes		7310
# of unsupported tests		222
		=== libitm tests ===


Running target unix

		=== libitm Summary for unix ===

# of expected passes		26
# of expected failures		3
# of unsupported tests		1

Running target unix/-m64

		=== libitm Summary for unix/-m64 ===

# of expected passes		26
# of expected failures		3
# of unsupported tests		1

		=== libitm Summary ===

# of expected passes		52
# of expected failures		6
# of unsupported tests		2
		=== libjava tests ===


Running target unix

		=== libjava Summary for unix ===

# of expected passes		2582
# of expected failures		4

Running target unix/-m64

		=== libjava Summary for unix/-m64 ===

# of expected passes		2582
# of expected failures		4

		=== libjava Summary ===

# of expected passes		5164
# of expected failures		8
		=== libstdc++ tests ===


Running target unix
FAIL: 21_strings/basic_string/modifiers/replace/wchar_t/4.cc (test for excess errors)
WARNING: 21_strings/basic_string/modifiers/replace/wchar_t/4.cc compilation failed to produce executable
FAIL: 27_io/basic_ostream/inserters_arithmetic/char/hexfloat.cc execution test

		=== libstdc++ Summary for unix ===

# of expected passes		9242
# of unexpected failures	2
# of expected failures		68
# of unsupported tests		637

Running target unix/-m64
FAIL: 27_io/basic_ostream/inserters_arithmetic/char/hexfloat.cc execution test

		=== libstdc++ Summary for unix/-m64 ===

# of expected passes		9244
# of unexpected failures	1
# of expected failures		68
# of unsupported tests		637

		=== libstdc++ Summary ===

# of expected passes		18486
# of unexpected failures	3
# of expected failures		136
# of unsupported tests		1274

Compiler version: 5.0.0 20141121 (experimental) [trunk revision 217915] (GCC) 
Platform: sparc-sun-solaris2.11
configure flags: --prefix=/vol/gcc --target=sparc-sun-solaris2.11 --enable-objc-gc --enable-libmudflap --with-as=/vol/gcc/bin/gas-2.24 --with-gnu-as --with-gmp-include=/vol/gcc/include --with-gmp-lib=/vol/gcc/lib --with-mpfr-include=/vol/gcc/include --with-mpfr-lib=/vol/gcc/lib --with-mpc-include=/vol/gcc/include --with-mpc-lib=/vol/gcc/lib --enable-languages=all,ada,obj-c++,go --with-isl-include=/vol/gcc/include --with-isl-lib=/vol/gcc/lib --with-cloog-include=/vol/gcc/include --with-cloog-lib=/vol/gcc/lib --enable-cloog-backend=isl
BOOT_CFLAGS=-g -O2


Index Nav: [Date Index] [Subject Index] [Author Index] [Thread Index]
Message Nav: [Date Prev] [Date Next] [Thread Prev] [Thread Next]