This is the mail archive of the gcc-testresults@gcc.gnu.org mailing list for the GCC project.


Index Nav: [Date Index] [Subject Index] [Author Index] [Thread Index]
Message Nav: [Date Prev] [Date Next] [Thread Prev] [Thread Next]
Other format: [Raw text]

Results for 4.9.3 20141120 (prerelease) (GCC) testsuite on arm-none-linux-gnueabi


LAST_UPDATED: Thu Nov 20 09:02:38 UTC 2014 (/branches/gcc-4_9-branch revision 217824)

Target is arm-none-linux-gnueabi
Host   is i686-pc-linux-gnu

		=== g++ tests ===


Running target qemu-wheezy

		=== g++ Summary ===

# of expected passes		79390
# of expected failures		444
# of unsupported tests		3152
/scratch/gcc/nightly-2014-11-20-4.9/arm-none-linux-gnueabi/obj/test-4.9-0-arm-none-linux-gnueabi/host-i686-pc-linux-gnu/fsf-4.9/bin/arm-none-linux-gnueabi-g++  version 4.9.3 20141120 (prerelease) (GCC) 


		=== Summary adjusted for local xfails ===

# of expected passes            79390
# of expected failures          444
# of unsupported tests          3152
Host   is i686-pc-linux-gnu

		=== gcc tests ===


Running target qemu-wheezy
FAIL: gcc.dg/uninit-13.c unconditional (test for warnings, line 8)
FAIL: gcc.dg/uninit-13.c (test for excess errors)
FAIL: gcc.dg/tree-ssa/sra-12.c scan-tree-dump-times release_ssa "l;" 0
FAIL: gcc.dg/vect/pr56787.c scan-tree-dump vect "vectorized 1 loops"
FAIL: gcc.dg/vect/vect-109.c scan-tree-dump-times vect "vectorized 1 loops" 2
FAIL: gcc.dg/vect/vect-109.c scan-tree-dump-times vect "Vectorizing an unaligned access" 3
FAIL: gcc.dg/vect/vect-27.c scan-tree-dump-times vect "vectorized 2 loops" 1
FAIL: gcc.dg/vect/vect-27.c scan-tree-dump-times vect "Vectorizing an unaligned access" 1
FAIL: gcc.dg/vect/vect-29.c scan-tree-dump-times vect "Vectorizing an unaligned access" 1
FAIL: gcc.dg/vect/vect-42.c scan-tree-dump-times vect "Vectorizing an unaligned access" 3
FAIL: gcc.dg/vect/vect-44.c scan-tree-dump-times vect "Vectorizing an unaligned access" 2
FAIL: gcc.dg/vect/vect-44.c scan-tree-dump-times vect "Alignment of access forced using peeling" 1
FAIL: gcc.dg/vect/vect-48.c scan-tree-dump-times vect "Vectorizing an unaligned access" 2
FAIL: gcc.dg/vect/vect-50.c scan-tree-dump-times vect "Vectorizing an unaligned access" 2
FAIL: gcc.dg/vect/vect-50.c scan-tree-dump-times vect "Alignment of access forced using peeling" 1
FAIL: gcc.dg/vect/vect-52.c scan-tree-dump-times vect "Vectorizing an unaligned access" 2
FAIL: gcc.dg/vect/vect-56.c scan-tree-dump-times vect "vectorized 1 loops" 1
FAIL: gcc.dg/vect/vect-56.c scan-tree-dump-times vect "Vectorizing an unaligned access" 1
XPASS: gcc.dg/vect/vect-56.c scan-tree-dump-times vect "Alignment of access forced using peeling" 0
FAIL: gcc.dg/vect/vect-56.c scan-tree-dump-times vect "Alignment of access forced using peeling" 1
FAIL: gcc.dg/vect/vect-60.c scan-tree-dump-times vect "vectorized 1 loops" 1
FAIL: gcc.dg/vect/vect-60.c scan-tree-dump-times vect "Vectorizing an unaligned access" 1
XPASS: gcc.dg/vect/vect-60.c scan-tree-dump-times vect "Alignment of access forced using peeling" 0
FAIL: gcc.dg/vect/vect-60.c scan-tree-dump-times vect "Alignment of access forced using peeling" 1
FAIL: gcc.dg/vect/vect-72.c scan-tree-dump-times vect "vectorized 1 loops" 1
FAIL: gcc.dg/vect/vect-72.c scan-tree-dump-times vect "Vectorizing an unaligned access" 1
FAIL: gcc.dg/vect/vect-75-big-array.c scan-tree-dump-times vect "Vectorizing an unaligned access" 1
FAIL: gcc.dg/vect/vect-75.c scan-tree-dump-times vect "Vectorizing an unaligned access" 1
FAIL: gcc.dg/vect/vect-77-alignchecks.c scan-tree-dump-times vect "Vectorizing an unaligned access" 1
FAIL: gcc.dg/vect/vect-77-global.c scan-tree-dump-times vect "Vectorizing an unaligned access" 1
FAIL: gcc.dg/vect/vect-78-alignchecks.c scan-tree-dump-times vect "Vectorizing an unaligned access" 1
FAIL: gcc.dg/vect/vect-78-global.c scan-tree-dump-times vect "Vectorizing an unaligned access" 1
FAIL: gcc.dg/vect/vect-93.c scan-tree-dump-times vect "Vectorizing an unaligned access" 1
XPASS: gcc.dg/vect/vect-95.c scan-tree-dump-times vect "Alignment of access forced using peeling" 0
FAIL: gcc.dg/vect/vect-96.c scan-tree-dump-times vect "Vectorizing an unaligned access" 1
FAIL: gcc.dg/vect/vect-cond-1.c scan-tree-dump-times vect "OUTER LOOP VECTORIZED" 1
FAIL: gcc.dg/vect/vect-cond-3.c scan-tree-dump-times vect "OUTER LOOP VECTORIZED" 1
FAIL: gcc.dg/vect/vect-cond-4.c scan-tree-dump-times vect "OUTER LOOP VECTORIZED" 1
FAIL: gcc.dg/vect/vect-multitypes-1.c scan-tree-dump-times vect "vectorized 1 loops" 2
FAIL: gcc.dg/vect/vect-multitypes-1.c scan-tree-dump-times vect "Alignment of access forced using peeling" 2
FAIL: gcc.dg/vect/vect-multitypes-1.c scan-tree-dump-times vect "Vectorizing an unaligned access" 4
FAIL: gcc.dg/vect/vect-multitypes-3.c scan-tree-dump-times vect "Vectorizing an unaligned access" 3
FAIL: gcc.dg/vect/vect-multitypes-4.c scan-tree-dump-times vect "vectorized 1 loops" 2
FAIL: gcc.dg/vect/vect-multitypes-4.c scan-tree-dump-times vect "Vectorizing an unaligned access" 4
FAIL: gcc.dg/vect/vect-multitypes-6.c scan-tree-dump-times vect "Vectorizing an unaligned access" 6
FAIL: gcc.dg/vect/vect-nest-cycle-1.c scan-tree-dump-times vect "OUTER LOOP VECTORIZED" 1
FAIL: gcc.dg/vect/vect-nest-cycle-2.c scan-tree-dump-times vect "OUTER LOOP VECTORIZED" 1
FAIL: gcc.dg/vect/vect-outer-3a-big-array.c scan-tree-dump-times vect "OUTER LOOP VECTORIZED" 1
FAIL: gcc.dg/vect/vect-outer-3a-big-array.c scan-tree-dump-times vect "step doesn't divide the vector-size" 1
FAIL: gcc.dg/vect/vect-outer-3a.c scan-tree-dump-times vect "OUTER LOOP VECTORIZED" 1
FAIL: gcc.dg/vect/vect-outer-3a.c scan-tree-dump-times vect "step doesn't divide the vector-size" 1
FAIL: gcc.dg/vect/vect-outer-fir-big-array.c scan-tree-dump-times vect "OUTER LOOP VECTORIZED" 2
FAIL: gcc.dg/vect/vect-outer-fir-lb-big-array.c scan-tree-dump-times vect "OUTER LOOP VECTORIZED" 2
FAIL: gcc.dg/vect/vect-outer-fir-lb.c scan-tree-dump-times vect "OUTER LOOP VECTORIZED" 2
FAIL: gcc.dg/vect/vect-outer-fir.c scan-tree-dump-times vect "OUTER LOOP VECTORIZED" 2
FAIL: gcc.dg/vect/vect-peel-3.c scan-tree-dump-times vect "vectorized 1 loops" 1
FAIL: gcc.dg/vect/vect-peel-3.c scan-tree-dump-times vect "Vectorizing an unaligned access" 1
FAIL: gcc.dg/vect/vect-peel-3.c scan-tree-dump-times vect "Alignment of access forced using peeling" 1
FAIL: gcc.dg/vect/vect-peel-4.c scan-tree-dump-times vect "vectorized 1 loops" 1
FAIL: gcc.dg/vect/vect-peel-4.c scan-tree-dump-times vect "Vectorizing an unaligned access" 1
FAIL: gcc.dg/vect/vect-pre-interact.c scan-tree-dump-times vect "vectorized 1 loops" 1
FAIL: gcc.dg/vect/bb-slp-10.c scan-tree-dump-times slp "basic block vectorized" 1
FAIL: gcc.dg/vect/bb-slp-24.c scan-tree-dump-times slp "basic block vectorized" 1
FAIL: gcc.dg/vect/bb-slp-25.c scan-tree-dump-times slp "basic block vectorized" 1
FAIL: gcc.dg/vect/bb-slp-26.c scan-tree-dump-times slp "basic block vectorized" 1
FAIL: gcc.dg/vect/bb-slp-29.c scan-tree-dump-times slp "basic block vectorized" 1
FAIL: gcc.dg/vect/bb-slp-32.c scan-tree-dump slp "vectorization is not profitable"
FAIL: gcc.dg/vect/bb-slp-9.c scan-tree-dump-times slp "basic block vectorized" 1
FAIL: gcc.dg/vect/bb-slp-cond-1.c scan-tree-dump-times slp "basic block vectorized" 1
FAIL: gcc.dg/vect/bb-slp-pattern-2.c scan-tree-dump-times slp "basic block vectorized" 1
FAIL: gcc.dg/vect/pr56787.c -flto -ffat-lto-objects  scan-tree-dump vect "vectorized 1 loops"
FAIL: gcc.dg/vect/vect-109.c -flto -ffat-lto-objects  scan-tree-dump-times vect "vectorized 1 loops" 2
FAIL: gcc.dg/vect/vect-109.c -flto -ffat-lto-objects  scan-tree-dump-times vect "Vectorizing an unaligned access" 3
FAIL: gcc.dg/vect/vect-27.c -flto -ffat-lto-objects  scan-tree-dump-times vect "vectorized 2 loops" 1
FAIL: gcc.dg/vect/vect-27.c -flto -ffat-lto-objects  scan-tree-dump-times vect "Vectorizing an unaligned access" 1
FAIL: gcc.dg/vect/vect-29.c -flto -ffat-lto-objects  scan-tree-dump-times vect "Vectorizing an unaligned access" 1
FAIL: gcc.dg/vect/vect-42.c -flto -ffat-lto-objects  scan-tree-dump-times vect "Vectorizing an unaligned access" 3
FAIL: gcc.dg/vect/vect-44.c -flto -ffat-lto-objects  scan-tree-dump-times vect "Vectorizing an unaligned access" 2
FAIL: gcc.dg/vect/vect-44.c -flto -ffat-lto-objects  scan-tree-dump-times vect "Alignment of access forced using peeling" 1
FAIL: gcc.dg/vect/vect-48.c -flto -ffat-lto-objects  scan-tree-dump-times vect "Vectorizing an unaligned access" 2
FAIL: gcc.dg/vect/vect-50.c -flto -ffat-lto-objects  scan-tree-dump-times vect "Vectorizing an unaligned access" 2
FAIL: gcc.dg/vect/vect-50.c -flto -ffat-lto-objects  scan-tree-dump-times vect "Alignment of access forced using peeling" 1
FAIL: gcc.dg/vect/vect-52.c -flto -ffat-lto-objects  scan-tree-dump-times vect "Vectorizing an unaligned access" 2
FAIL: gcc.dg/vect/vect-56.c -flto -ffat-lto-objects  scan-tree-dump-times vect "vectorized 1 loops" 1
FAIL: gcc.dg/vect/vect-56.c -flto -ffat-lto-objects  scan-tree-dump-times vect "Vectorizing an unaligned access" 1
XPASS: gcc.dg/vect/vect-56.c -flto -ffat-lto-objects  scan-tree-dump-times vect "Alignment of access forced using peeling" 0
FAIL: gcc.dg/vect/vect-56.c -flto -ffat-lto-objects  scan-tree-dump-times vect "Alignment of access forced using peeling" 1
FAIL: gcc.dg/vect/vect-60.c -flto -ffat-lto-objects  scan-tree-dump-times vect "vectorized 1 loops" 1
FAIL: gcc.dg/vect/vect-60.c -flto -ffat-lto-objects  scan-tree-dump-times vect "Vectorizing an unaligned access" 1
XPASS: gcc.dg/vect/vect-60.c -flto -ffat-lto-objects  scan-tree-dump-times vect "Alignment of access forced using peeling" 0
FAIL: gcc.dg/vect/vect-60.c -flto -ffat-lto-objects  scan-tree-dump-times vect "Alignment of access forced using peeling" 1
FAIL: gcc.dg/vect/vect-72.c -flto -ffat-lto-objects  scan-tree-dump-times vect "vectorized 1 loops" 1
FAIL: gcc.dg/vect/vect-72.c -flto -ffat-lto-objects  scan-tree-dump-times vect "Vectorizing an unaligned access" 1
FAIL: gcc.dg/vect/vect-75-big-array.c -flto -ffat-lto-objects  scan-tree-dump-times vect "Vectorizing an unaligned access" 1
FAIL: gcc.dg/vect/vect-75.c -flto -ffat-lto-objects  scan-tree-dump-times vect "Vectorizing an unaligned access" 1
FAIL: gcc.dg/vect/vect-77-alignchecks.c -flto -ffat-lto-objects  scan-tree-dump-times vect "Vectorizing an unaligned access" 1
FAIL: gcc.dg/vect/vect-77-global.c -flto -ffat-lto-objects  scan-tree-dump-times vect "Vectorizing an unaligned access" 1
FAIL: gcc.dg/vect/vect-78-alignchecks.c -flto -ffat-lto-objects  scan-tree-dump-times vect "Vectorizing an unaligned access" 1
FAIL: gcc.dg/vect/vect-78-global.c -flto -ffat-lto-objects  scan-tree-dump-times vect "Vectorizing an unaligned access" 1
FAIL: gcc.dg/vect/vect-93.c -flto -ffat-lto-objects  scan-tree-dump-times vect "Vectorizing an unaligned access" 1
XPASS: gcc.dg/vect/vect-95.c -flto -ffat-lto-objects  scan-tree-dump-times vect "Alignment of access forced using peeling" 0
FAIL: gcc.dg/vect/vect-96.c -flto -ffat-lto-objects  scan-tree-dump-times vect "Vectorizing an unaligned access" 1
FAIL: gcc.dg/vect/vect-cond-1.c -flto -ffat-lto-objects  scan-tree-dump-times vect "OUTER LOOP VECTORIZED" 1
FAIL: gcc.dg/vect/vect-cond-3.c -flto -ffat-lto-objects  scan-tree-dump-times vect "OUTER LOOP VECTORIZED" 1
FAIL: gcc.dg/vect/vect-cond-4.c -flto -ffat-lto-objects  scan-tree-dump-times vect "OUTER LOOP VECTORIZED" 1
FAIL: gcc.dg/vect/vect-multitypes-1.c -flto -ffat-lto-objects  scan-tree-dump-times vect "vectorized 1 loops" 2
FAIL: gcc.dg/vect/vect-multitypes-1.c -flto -ffat-lto-objects  scan-tree-dump-times vect "Alignment of access forced using peeling" 2
FAIL: gcc.dg/vect/vect-multitypes-1.c -flto -ffat-lto-objects  scan-tree-dump-times vect "Vectorizing an unaligned access" 4
FAIL: gcc.dg/vect/vect-multitypes-3.c -flto -ffat-lto-objects  scan-tree-dump-times vect "Vectorizing an unaligned access" 3
FAIL: gcc.dg/vect/vect-multitypes-4.c -flto -ffat-lto-objects  scan-tree-dump-times vect "vectorized 1 loops" 2
FAIL: gcc.dg/vect/vect-multitypes-4.c -flto -ffat-lto-objects  scan-tree-dump-times vect "Vectorizing an unaligned access" 4
FAIL: gcc.dg/vect/vect-multitypes-6.c -flto -ffat-lto-objects  scan-tree-dump-times vect "Vectorizing an unaligned access" 6
FAIL: gcc.dg/vect/vect-nest-cycle-1.c -flto -ffat-lto-objects  scan-tree-dump-times vect "OUTER LOOP VECTORIZED" 1
FAIL: gcc.dg/vect/vect-nest-cycle-2.c -flto -ffat-lto-objects  scan-tree-dump-times vect "OUTER LOOP VECTORIZED" 1
FAIL: gcc.dg/vect/vect-outer-3a-big-array.c -flto -ffat-lto-objects  scan-tree-dump-times vect "OUTER LOOP VECTORIZED" 1
FAIL: gcc.dg/vect/vect-outer-3a-big-array.c -flto -ffat-lto-objects  scan-tree-dump-times vect "step doesn't divide the vector-size" 1
FAIL: gcc.dg/vect/vect-outer-3a.c -flto -ffat-lto-objects  scan-tree-dump-times vect "OUTER LOOP VECTORIZED" 1
FAIL: gcc.dg/vect/vect-outer-3a.c -flto -ffat-lto-objects  scan-tree-dump-times vect "step doesn't divide the vector-size" 1
FAIL: gcc.dg/vect/vect-outer-fir-big-array.c -flto -ffat-lto-objects  scan-tree-dump-times vect "OUTER LOOP VECTORIZED" 2
FAIL: gcc.dg/vect/vect-outer-fir-lb-big-array.c -flto -ffat-lto-objects  scan-tree-dump-times vect "OUTER LOOP VECTORIZED" 2
FAIL: gcc.dg/vect/vect-outer-fir-lb.c -flto -ffat-lto-objects  scan-tree-dump-times vect "OUTER LOOP VECTORIZED" 2
FAIL: gcc.dg/vect/vect-outer-fir.c -flto -ffat-lto-objects  scan-tree-dump-times vect "OUTER LOOP VECTORIZED" 2
FAIL: gcc.dg/vect/vect-peel-3.c -flto -ffat-lto-objects  scan-tree-dump-times vect "vectorized 1 loops" 1
FAIL: gcc.dg/vect/vect-peel-3.c -flto -ffat-lto-objects  scan-tree-dump-times vect "Vectorizing an unaligned access" 1
FAIL: gcc.dg/vect/vect-peel-3.c -flto -ffat-lto-objects  scan-tree-dump-times vect "Alignment of access forced using peeling" 1
FAIL: gcc.dg/vect/vect-peel-4.c -flto -ffat-lto-objects  scan-tree-dump-times vect "vectorized 1 loops" 1
FAIL: gcc.dg/vect/vect-peel-4.c -flto -ffat-lto-objects  scan-tree-dump-times vect "Vectorizing an unaligned access" 1
FAIL: gcc.dg/vect/vect-pre-interact.c -flto -ffat-lto-objects  scan-tree-dump-times vect "vectorized 1 loops" 1
FAIL: gcc.dg/vect/bb-slp-10.c -flto -ffat-lto-objects  scan-tree-dump-times slp "basic block vectorized" 1
FAIL: gcc.dg/vect/bb-slp-24.c -flto -ffat-lto-objects  scan-tree-dump-times slp "basic block vectorized" 1
FAIL: gcc.dg/vect/bb-slp-25.c -flto -ffat-lto-objects  scan-tree-dump-times slp "basic block vectorized" 1
FAIL: gcc.dg/vect/bb-slp-26.c -flto -ffat-lto-objects  scan-tree-dump-times slp "basic block vectorized" 1
FAIL: gcc.dg/vect/bb-slp-29.c -flto -ffat-lto-objects  scan-tree-dump-times slp "basic block vectorized" 1
FAIL: gcc.dg/vect/bb-slp-32.c -flto -ffat-lto-objects  scan-tree-dump slp "vectorization is not profitable"
FAIL: gcc.dg/vect/bb-slp-9.c -flto -ffat-lto-objects  scan-tree-dump-times slp "basic block vectorized" 1
FAIL: gcc.dg/vect/bb-slp-cond-1.c -flto -ffat-lto-objects  scan-tree-dump-times slp "basic block vectorized" 1
FAIL: gcc.dg/vect/bb-slp-pattern-2.c -flto -ffat-lto-objects  scan-tree-dump-times slp "basic block vectorized" 1
FAIL: gcc.dg/vect/no-vfa-vect-57.c scan-tree-dump-times vect "vectorized 1 loops" 1
FAIL: gcc.dg/vect/no-vfa-vect-61.c scan-tree-dump-times vect "vectorized 1 loops" 1
FAIL: gcc.dg/vect/no-vfa-vect-depend-1.c scan-tree-dump-times vect "vectorized 1 loops" 1
FAIL: gcc.dg/vect/no-vfa-vect-depend-1.c scan-tree-dump-times vect "dependence distance negative" 1
FAIL: gcc.dg/vect/no-vfa-vect-depend-2.c scan-tree-dump-times vect "vectorized 1 loops" 1
FAIL: gcc.dg/vect/no-vfa-vect-depend-2.c scan-tree-dump-times vect "dependence distance negative" 1
FAIL: gcc.dg/vect/no-vfa-vect-depend-3.c scan-tree-dump-times vect "vectorized 1 loops" 4
FAIL: gcc.dg/vect/no-vfa-vect-depend-3.c scan-tree-dump-times vect "dependence distance negative" 4
FAIL: gcc.dg/vect/no-scevccp-outer-6-global.c scan-tree-dump-times vect "OUTER LOOP VECTORIZED." 1
FAIL: gcc.dg/vect/no-scevccp-outer-6.c scan-tree-dump-times vect "OUTER LOOP VECTORIZED." 1
FAIL: gcc.dg/vect/no-scevccp-outer-8.c scan-tree-dump-times vect "OUTER LOOP VECTORIZED." 1
FAIL: gcc.target/arm/neon-vfma-1.c scan-assembler vfma\\\\.f32[\\t]+[dDqQ]
FAIL: gcc.target/arm/neon-vfms-1.c scan-assembler vfms\\\\.f32[\\t]+[dDqQ]
FAIL: gcc.target/arm/neon-vlshr-imm-1.c scan-assembler vshr.u32.*#3
FAIL: gcc.target/arm/neon-vorn-vbic.c scan-assembler vorn\\\\t
FAIL: gcc.target/arm/neon-vorn-vbic.c scan-assembler vbic\\\\t
FAIL: gcc.target/arm/neon-vshl-imm-1.c scan-assembler vshl.i32.*#3
FAIL: gcc.target/arm/neon-vshr-imm-1.c scan-assembler vshr.s32.*#3
FAIL: gcc.target/arm/pr42172-1.c scan-assembler-times ldr 1
FAIL: gcc.target/arm/pr42575.c scan-assembler-not mov
FAIL: gcc.target/arm/pr45701-1.c scan-assembler push\\t{r3
FAIL: gcc.target/arm/thumb-ltu.c scan-assembler-not uxtb
FAIL: gcc.target/arm/neon/vect-vcvt.c scan-tree-dump-times vect "vectorized 2 loops" 1
FAIL: gcc.target/arm/neon/vect-vcvtq.c scan-tree-dump-times vect "vectorized 2 loops" 1

		=== gcc Summary ===

# of expected passes		94265
# of unexpected failures	155
# of unexpected successes	6
# of expected failures		243
# of unsupported tests		1568
/scratch/gcc/nightly-2014-11-20-4.9/arm-none-linux-gnueabi/obj/test-4.9-0-arm-none-linux-gnueabi/host-i686-pc-linux-gnu/fsf-4.9/bin/arm-none-linux-gnueabi-gcc  version 4.9.3 20141120 (prerelease) (GCC) 


		=== Summary adjusted for local xfails ===

# of unexpected failures        155
# of expected passes            94265
# of unexpected successes       6
# of expected failures          243
# of unsupported tests          1568
Host   is i686-pc-linux-gnu

		=== gfortran tests ===


Running target qemu-wheezy
FAIL: gfortran.dg/select_type_4.f90  -O2  execution test
FAIL: gfortran.dg/select_type_4.f90  -O3 -fomit-frame-pointer  execution test
FAIL: gfortran.dg/select_type_4.f90  -O3 -fomit-frame-pointer -funroll-loops  execution test
FAIL: gfortran.dg/select_type_4.f90  -O3 -fomit-frame-pointer -funroll-all-loops -finline-functions  execution test
FAIL: gfortran.dg/select_type_4.f90  -O3 -g  execution test
FAIL: gfortran.dg/vect/vect-2.f90  -O   scan-tree-dump-times vect "Alignment of access forced using peeling" 3
FAIL: gfortran.dg/vect/vect-2.f90  -O   scan-tree-dump-times vect "Vectorizing an unaligned access" 2
FAIL: gfortran.dg/vect/vect-3.f90  -O   scan-tree-dump-times vect "Alignment of access forced using peeling" 1
FAIL: gfortran.dg/vect/vect-3.f90  -O   scan-tree-dump-times vect "Vectorizing an unaligned access" 1
FAIL: gfortran.dg/vect/vect-4.f90  -O   scan-tree-dump-times vect "Alignment of access forced using peeling" 1
FAIL: gfortran.dg/vect/vect-4.f90  -O   scan-tree-dump-times vect "Vectorizing an unaligned access" 1
FAIL: gfortran.dg/vect/vect-5.f90  -O   scan-tree-dump-times vect "Alignment of access forced using peeling" 1
FAIL: gfortran.dg/vect/vect-5.f90  -O   scan-tree-dump-times vect "Vectorizing an unaligned access" 1
FAIL: gfortran.dg/vect/pr32380.f  -O   scan-tree-dump-times vect "vectorized 5 loops" 1

		=== gfortran Summary ===

# of expected passes		44792
# of unexpected failures	14
# of expected failures		53
# of unsupported tests		415
/scratch/gcc/nightly-2014-11-20-4.9/arm-none-linux-gnueabi/obj/test-4.9-0-arm-none-linux-gnueabi/host-i686-pc-linux-gnu/fsf-4.9/bin/arm-none-linux-gnueabi-gfortran  version 4.9.3 20141120 (prerelease) (GCC) 


		=== Summary adjusted for local xfails ===

# of unexpected failures        14
# of expected passes            44792
# of expected failures          53
# of unsupported tests          415
Host   is i686-pc-linux-gnu

		=== libatomic tests ===


Running target qemu-wheezy

		=== libatomic Summary ===

# of expected passes		44
# of unsupported tests		5

		=== Summary adjusted for local xfails ===

# of expected passes            44
# of unsupported tests          5
Host   is i686-pc-linux-gnu

		=== libgomp tests ===


Running target qemu-wheezy
WARNING: program timed out.
FAIL: libgomp.fortran/strassen.f90  -O  execution test
FAIL: libgomp.graphite/force-parallel-7.c execution test

		=== libgomp Summary ===

# of expected passes		3169
# of unexpected failures	2
# of unsupported tests		110

		=== Summary adjusted for local xfails ===

# of unexpected failures        2
# of expected passes            3169
# of unsupported tests          110
Host   is i686-pc-linux-gnu

		=== libitm tests ===


Running target qemu-wheezy

		=== libitm Summary ===

# of expected passes		26
# of expected failures		3
# of unsupported tests		1

		=== Summary adjusted for local xfails ===

# of expected passes            26
# of expected failures          3
# of unsupported tests          1
Host   is i686-pc-linux-gnu

		=== libstdc++ tests ===


Running target qemu-wheezy
ERROR: tcl error sourcing /scratch/gcc/nightly-2014-11-20-4.9/src/gcc-4.9/libstdc++-v3/testsuite/libstdc++-abi/abi.exp.
ERROR: can't read "baseline_subdir_switch": no such variable
FAIL: 22_locale/messages/members/char/1.cc execution test
FAIL: 22_locale/messages/members/char/2.cc execution test
FAIL: 22_locale/messages/members/char/wrapped_locale.cc execution test
FAIL: 22_locale/messages_byname/named_equivalence.cc execution test
WARNING: program timed out.
FAIL: 25_algorithms/partial_sort_copy/random_test.cc execution test

		=== libstdc++ Summary ===

# of expected passes		9478
# of unexpected failures	5
# of expected failures		41
# of unsupported tests		363

		=== Summary adjusted for local xfails ===

# of errors                     2
# of unexpected failures        5
# of expected passes            9478
# of expected failures          41
# of unsupported tests          363
Host   is i686-pc-linux-gnu

		=== g++ tests ===


Running target qemu-wheezy-thumb/-mthumb
FAIL: g++.dg/ipa/pr61160-2.C -std=gnu++98 execution test
FAIL: g++.dg/ipa/pr61160-2.C -std=gnu++11 execution test
FAIL: g++.dg/ipa/pr61160-2.C -std=gnu++1y execution test
FAIL: g++.dg/ipa/pr61160-3.C -std=gnu++98 execution test
FAIL: g++.dg/ipa/pr61160-3.C -std=gnu++11 execution test
FAIL: g++.dg/ipa/pr61160-3.C -std=gnu++1y execution test
FAIL: g++.dg/torture/covariant-1.C  -O2 -flto -fno-use-linker-plugin -flto-partition=none  execution test
FAIL: g++.dg/torture/covariant-1.C  -O2 -flto -fuse-linker-plugin -fno-fat-lto-objects  execution test
FAIL: g++.dg/torture/pr45699.C  -O2 -flto -fuse-linker-plugin -fno-fat-lto-objects  execution test

		=== g++ Summary ===

# of expected passes		79121
# of unexpected failures	9
# of expected failures		444
# of unsupported tests		3173
/scratch/gcc/nightly-2014-11-20-4.9/arm-none-linux-gnueabi/obj/test-4.9-0-arm-none-linux-gnueabi/host-i686-pc-linux-gnu/fsf-4.9/bin/arm-none-linux-gnueabi-g++  version 4.9.3 20141120 (prerelease) (GCC) 


		=== Summary adjusted for local xfails ===

# of unexpected failures        9
# of expected passes            79121
# of expected failures          444
# of unsupported tests          3173
Host   is i686-pc-linux-gnu

		=== gcc tests ===


Running target qemu-wheezy-thumb/-mthumb
WARNING: program timed out.
FAIL: gcc.dg/atomic/c11-atomic-exec-4.c  -O0  execution test
WARNING: program timed out.
FAIL: gcc.dg/atomic/c11-atomic-exec-4.c  -O1  execution test
WARNING: program timed out.
FAIL: gcc.dg/atomic/c11-atomic-exec-4.c  -O2  execution test
WARNING: program timed out.
FAIL: gcc.dg/atomic/c11-atomic-exec-4.c  -O3 -fomit-frame-pointer  execution test
WARNING: program timed out.
FAIL: gcc.dg/atomic/c11-atomic-exec-4.c  -O3 -fomit-frame-pointer -funroll-loops  execution test
WARNING: program timed out.
FAIL: gcc.dg/atomic/c11-atomic-exec-4.c  -O3 -fomit-frame-pointer -funroll-all-loops -finline-functions  execution test
WARNING: program timed out.
FAIL: gcc.dg/atomic/c11-atomic-exec-4.c  -O3 -g  execution test
WARNING: program timed out.
FAIL: gcc.dg/atomic/c11-atomic-exec-4.c  -Os  execution test
WARNING: program timed out.
FAIL: gcc.dg/atomic/c11-atomic-exec-4.c  -O2 -flto -fno-use-linker-plugin -flto-partition=none  execution test
WARNING: program timed out.
FAIL: gcc.dg/atomic/c11-atomic-exec-4.c  -O2 -flto -fuse-linker-plugin -fno-fat-lto-objects  execution test
FAIL: gcc.dg/atomic/stdatomic-compare-exchange-4.c  -O0  execution test
FAIL: gcc.dg/atomic/stdatomic-compare-exchange-4.c  -O1  execution test
FAIL: gcc.dg/atomic/stdatomic-compare-exchange-4.c  -O2  execution test
FAIL: gcc.dg/atomic/stdatomic-compare-exchange-4.c  -O3 -fomit-frame-pointer  execution test
FAIL: gcc.dg/atomic/stdatomic-compare-exchange-4.c  -O3 -g  execution test
FAIL: gcc.dg/atomic/stdatomic-compare-exchange-4.c  -Os  execution test
FAIL: gcc.dg/atomic/stdatomic-compare-exchange-4.c  -O2 -flto -fno-use-linker-plugin -flto-partition=none  execution test
FAIL: gcc.dg/atomic/stdatomic-compare-exchange-4.c  -O2 -flto -fuse-linker-plugin -fno-fat-lto-objects  execution test
FAIL: gcc.dg/uninit-13.c unconditional (test for warnings, line 8)
FAIL: gcc.dg/uninit-13.c (test for excess errors)
FAIL: gcc.dg/torture/tls/tls-reload-1.c  -O1  -pie -fpie  execution test
FAIL: gcc.dg/torture/tls/tls-reload-1.c  -O2  -pie -fpie  execution test
FAIL: gcc.dg/torture/tls/tls-reload-1.c  -O3 -fomit-frame-pointer  -pie -fpie  execution test
FAIL: gcc.dg/torture/tls/tls-reload-1.c  -O3 -g  -pie -fpie  execution test
FAIL: gcc.dg/torture/tls/tls-reload-1.c  -Os  -pie -fpie  execution test
FAIL: gcc.dg/torture/tls/tls-reload-1.c  -O1  -pie -fPIE  execution test
FAIL: gcc.dg/torture/tls/tls-reload-1.c  -O2  -pie -fPIE  execution test
FAIL: gcc.dg/torture/tls/tls-reload-1.c  -O3 -fomit-frame-pointer  -pie -fPIE  execution test
FAIL: gcc.dg/torture/tls/tls-reload-1.c  -O3 -g  -pie -fPIE  execution test
FAIL: gcc.dg/torture/tls/tls-reload-1.c  -Os  -pie -fPIE  execution test
FAIL: gcc.dg/tree-ssa/sra-12.c scan-tree-dump-times release_ssa "l;" 0
FAIL: gcc.target/arm/iordi3-opt.c scan-assembler-not mov[\\\\t ]+.+,[\\\\t ]*.+
FAIL: gcc.target/arm/pr42172-1.c scan-assembler-times ldr 1
FAIL: gcc.target/arm/pr45701-1.c scan-assembler push\\t{r3
FAIL: gcc.target/arm/thumb-ltu.c scan-assembler-not uxtb
FAIL: gcc.target/arm/xordi3-opt.c scan-assembler-not mov[\\\\t ]+.+,[\\\\t ]*.+

		=== gcc Summary ===

# of expected passes		86935
# of unexpected failures	36
# of expected failures		110
# of unsupported tests		3641
/scratch/gcc/nightly-2014-11-20-4.9/arm-none-linux-gnueabi/obj/test-4.9-0-arm-none-linux-gnueabi/host-i686-pc-linux-gnu/fsf-4.9/bin/arm-none-linux-gnueabi-gcc  version 4.9.3 20141120 (prerelease) (GCC) 


		=== Summary adjusted for local xfails ===

# of unexpected failures        36
# of expected passes            86935
# of expected failures          110
# of unsupported tests          3641
Host   is i686-pc-linux-gnu

		=== gfortran tests ===


Running target qemu-wheezy-thumb/-mthumb
FAIL: gfortran.dg/pr43866.f90  -O1  execution test

		=== gfortran Summary ===

# of expected passes		44752
# of unexpected failures	1
# of expected failures		52
# of unsupported tests		403
/scratch/gcc/nightly-2014-11-20-4.9/arm-none-linux-gnueabi/obj/test-4.9-0-arm-none-linux-gnueabi/host-i686-pc-linux-gnu/fsf-4.9/bin/arm-none-linux-gnueabi-gfortran  version 4.9.3 20141120 (prerelease) (GCC) 


		=== Summary adjusted for local xfails ===

# of unexpected failures        1
# of expected passes            44752
# of expected failures          52
# of unsupported tests          403
Host   is i686-pc-linux-gnu

		=== libatomic tests ===


Running target qemu-wheezy-thumb/-mthumb

		=== libatomic Summary ===

# of expected passes		44
# of unsupported tests		5

		=== Summary adjusted for local xfails ===

# of expected passes            44
# of unsupported tests          5
Host   is i686-pc-linux-gnu

		=== libgomp tests ===


Running target qemu-wheezy-thumb/-mthumb
WARNING: program timed out.
FAIL: libgomp.fortran/strassen.f90  -O  execution test
FAIL: libgomp.graphite/force-parallel-7.c execution test

		=== libgomp Summary ===

# of expected passes		3169
# of unexpected failures	2
# of unsupported tests		110

		=== Summary adjusted for local xfails ===

# of unexpected failures        2
# of expected passes            3169
# of unsupported tests          110
Host   is i686-pc-linux-gnu

		=== libitm tests ===


Running target qemu-wheezy-thumb/-mthumb

		=== libitm Summary ===

# of expected passes		26
# of expected failures		3
# of unsupported tests		1

		=== Summary adjusted for local xfails ===

# of expected passes            26
# of expected failures          3
# of unsupported tests          1
Host   is i686-pc-linux-gnu

		=== libstdc++ tests ===


Running target qemu-wheezy-thumb/-mthumb
ERROR: tcl error sourcing /scratch/gcc/nightly-2014-11-20-4.9/src/gcc-4.9/libstdc++-v3/testsuite/libstdc++-abi/abi.exp.
ERROR: can't read "baseline_subdir_switch": no such variable
FAIL: 22_locale/messages/members/char/1.cc execution test
FAIL: 22_locale/messages/members/char/2.cc execution test
FAIL: 22_locale/messages/members/char/wrapped_locale.cc execution test
FAIL: 22_locale/messages_byname/named_equivalence.cc execution test
WARNING: program timed out.
FAIL: 25_algorithms/partial_sort_copy/random_test.cc execution test

		=== libstdc++ Summary ===

# of expected passes		9478
# of unexpected failures	5
# of expected failures		41
# of unsupported tests		363

		=== Summary adjusted for local xfails ===

# of errors                     2
# of unexpected failures        5
# of expected passes            9478
# of expected failures          41
# of unsupported tests          363

Compiler version: 4.9.3 20141120 (prerelease) (GCC) 
Platform: arm-none-linux-gnueabi
configure flags: --build=i686-pc-linux-gnu --host=i686-pc-linux-gnu --target=arm-none-linux-gnueabi --enable-threads --disable-libmudflap --disable-libssp --disable-libstdcxx-pch --with-gnu-as --with-gnu-ld --enable-languages=c,c++,fortran --enable-shared --enable-lto --enable-symvers=gnu --enable-__cxa_atexit --with-glibc-version=2.21 --disable-nls --prefix=/scratch/gcc/nightly-2014-11-20-4.9/arm-none-linux-gnueabi/install --with-sysroot=/scratch/gcc/nightly-2014-11-20-4.9/arm-none-linux-gnueabi/install/arm-none-linux-gnueabi/libc --with-gmp=/scratch/gcc/nightly-2014-11-20-4.9/arm-none-linux-gnueabi/obj/pkg-4.9-0-arm-none-linux-gnueabi/fsf-4.9-0-arm-none-linux-gnueabi.extras/host-libs-i686-pc-linux-gnu/usr --with-mpfr=/scratch/gcc/nightly-2014-11-20-4.9/arm-none-linux-gnueabi/obj/pkg-4.9-0-arm-none-linux-gnueabi/fsf-4.9-0-arm-none-linux-gnueabi.extras/host-libs-i686-pc-linux-gnu/usr --with-mpc=/scratch/gcc/nightly-2014-11-20-4.9/arm-none-linux-gnueabi/obj/pkg-4.9-0-arm-none-
 linux-gnueabi/fsf-4.9-0-arm-none-linux-gnueabi.extras/host-libs-i686-pc-linux-gnu/usr --with-host-libstdcxx='-static-libgcc -Wl,-Bstatic,-lstdc++,-Bdynamic -lm' --with-isl=/scratch/gcc/nightly-2014-11-20-4.9/arm-none-linux-gnueabi/obj/pkg-4.9-0-arm-none-linux-gnueabi/fsf-4.9-0-arm-none-linux-gnueabi.extras/host-libs-i686-pc-linux-gnu/usr --with-cloog=/scratch/gcc/nightly-2014-11-20-4.9/arm-none-linux-gnueabi/obj/pkg-4.9-0-arm-none-linux-gnueabi/fsf-4.9-0-arm-none-linux-gnueabi.extras/host-libs-i686-pc-linux-gnu/usr --enable-libgomp --enable-libitm --enable-libatomic --disable-libssp --enable-poison-system-directories --with-build-time-tools=/scratch/gcc/nightly-2014-11-20-4.9/arm-none-linux-gnueabi/install/arm-none-linux-gnueabi/bin --with-build-time-tools=/scratch/gcc/nightly-2014-11-20-4.9/arm-none-linux-gnueabi/install/arm-none-linux-gnueabi/bin SED=sed


Index Nav: [Date Index] [Subject Index] [Author Index] [Thread Index]
Message Nav: [Date Prev] [Date Next] [Thread Prev] [Thread Next]