This is the mail archive of the gcc-testresults@gcc.gnu.org mailing list for the GCC project.


Index Nav: [Date Index] [Subject Index] [Author Index] [Thread Index]
Message Nav: [Date Prev] [Date Next] [Thread Prev] [Thread Next]
Other format: [Raw text]

FW: Results for 5.0.0 20141120 (experimental) (GCC) testsuite on x86_64-unknown-linux-gnu




________________________________________
From: Jenkins
Sent: Wednesday, November 19, 2014 9:38:57 PM (UTC-08:00) Pacific Time (US & Canada)
To: apinski@cavium.com
Subject: Results for 5.0.0 20141120 (experimental) (GCC) testsuite on x86_64-unknown-linux-gnu

Native configuration is x86_64-unknown-linux-gnu

                === gcc tests ===


Running target unix//-m32
FAIL: gcc.dg/pr36015.c (internal compiler error)
FAIL: gcc.dg/pr36015.c (test for excess errors)
UNRESOLVED: gcc.dg/pr36015.c compilation failed to produce executable
FAIL: gcc.dg/torture/fp-int-convert-float128-timode.c   -O0  execution test
FAIL: gcc.dg/torture/fp-int-convert-float128-timode.c   -O1  execution test
FAIL: gcc.dg/torture/fp-int-convert-float128-timode.c   -O2  execution test
FAIL: gcc.dg/torture/fp-int-convert-float128-timode.c   -O2 -flto  execution test
FAIL: gcc.dg/torture/fp-int-convert-float128-timode.c   -O2 -flto -flto-partition=none  execution test
FAIL: gcc.dg/torture/fp-int-convert-float128-timode.c   -O3 -fomit-frame-pointer  execution test
FAIL: gcc.dg/torture/fp-int-convert-float128-timode.c   -O3 -g  execution test
FAIL: gcc.dg/torture/fp-int-convert-float128-timode.c   -Os  execution test
FAIL: gcc.dg/torture/fp-int-convert-float128.c   -O0  execution test
FAIL: gcc.dg/torture/fp-int-convert-float128.c   -O1  execution test
FAIL: gcc.dg/torture/fp-int-convert-float128.c   -O2  execution test
FAIL: gcc.dg/torture/fp-int-convert-float128.c   -O2 -flto  execution test
FAIL: gcc.dg/torture/fp-int-convert-float128.c   -O2 -flto -flto-partition=none  execution test
FAIL: gcc.dg/torture/fp-int-convert-float128.c   -O3 -fomit-frame-pointer  execution test
FAIL: gcc.dg/torture/fp-int-convert-float128.c   -O3 -g  execution test
FAIL: gcc.dg/torture/fp-int-convert-float128.c   -Os  execution test
FAIL: gcc.dg/torture/stackalign/regparm-1.c   -O0  (internal compiler error)
FAIL: gcc.dg/torture/stackalign/regparm-1.c   -O0  (test for excess errors)
UNRESOLVED: gcc.dg/torture/stackalign/regparm-1.c   -O0  compilation failed to produce executable
FAIL: gcc.dg/torture/stackalign/regparm-1.c   -O0 -fpic (internal compiler error)
FAIL: gcc.dg/torture/stackalign/regparm-1.c   -O0 -fpic (test for excess errors)
UNRESOLVED: gcc.dg/torture/stackalign/regparm-1.c   -O0 -fpic compilation failed to produce executable
FAIL: gcc.dg/torture/stackalign/regparm-1.c   -O0 -mforce-drap (internal compiler error)
FAIL: gcc.dg/torture/stackalign/regparm-1.c   -O0 -mforce-drap (test for excess errors)
FAIL: gcc.dg/torture/stackalign/regparm-1.c   -O0 -mforce-drap -fpic (internal compiler error)
FAIL: gcc.dg/torture/stackalign/regparm-1.c   -O0 -mforce-drap -fpic (test for excess errors)
UNRESOLVED: gcc.dg/torture/stackalign/regparm-1.c   -O0 -mforce-drap -fpic compilation failed to produce executable
UNRESOLVED: gcc.dg/torture/stackalign/regparm-1.c   -O0 -mforce-drap compilation failed to produce executable
FAIL: gcc.dg/torture/stackalign/regparm-1.c   -O1 -fpic (internal compiler error)
FAIL: gcc.dg/torture/stackalign/regparm-1.c   -O1 -fpic (test for excess errors)
UNRESOLVED: gcc.dg/torture/stackalign/regparm-1.c   -O1 -fpic compilation failed to produce executable
FAIL: gcc.dg/torture/stackalign/regparm-1.c   -O1 -mforce-drap -fpic (internal compiler error)
FAIL: gcc.dg/torture/stackalign/regparm-1.c   -O1 -mforce-drap -fpic (test for excess errors)
UNRESOLVED: gcc.dg/torture/stackalign/regparm-1.c   -O1 -mforce-drap -fpic compilation failed to produce executable
FAIL: gcc.dg/torture/stackalign/regparm-1.c   -O2 -flto -flto-partition=none -fpic (internal compiler error)
FAIL: gcc.dg/torture/stackalign/regparm-1.c   -O2 -flto -flto-partition=none -fpic (test for excess errors)
UNRESOLVED: gcc.dg/torture/stackalign/regparm-1.c   -O2 -flto -flto-partition=none -fpic compilation failed to produce executable
FAIL: gcc.dg/torture/stackalign/regparm-1.c   -O2 -flto -flto-partition=none -mforce-drap -fpic (internal compiler error)
FAIL: gcc.dg/torture/stackalign/regparm-1.c   -O2 -flto -flto-partition=none -mforce-drap -fpic (test for excess errors)
UNRESOLVED: gcc.dg/torture/stackalign/regparm-1.c   -O2 -flto -flto-partition=none -mforce-drap -fpic compilation failed to produce executable
FAIL: gcc.dg/torture/stackalign/regparm-1.c   -O2 -flto -fpic (internal compiler error)
FAIL: gcc.dg/torture/stackalign/regparm-1.c   -O2 -flto -fpic (test for excess errors)
UNRESOLVED: gcc.dg/torture/stackalign/regparm-1.c   -O2 -flto -fpic compilation failed to produce executable
FAIL: gcc.dg/torture/stackalign/regparm-1.c   -O2 -flto -mforce-drap -fpic (internal compiler error)
FAIL: gcc.dg/torture/stackalign/regparm-1.c   -O2 -flto -mforce-drap -fpic (test for excess errors)
UNRESOLVED: gcc.dg/torture/stackalign/regparm-1.c   -O2 -flto -mforce-drap -fpic compilation failed to produce executable
FAIL: gcc.dg/torture/stackalign/regparm-1.c   -O2 -fpic (internal compiler error)
FAIL: gcc.dg/torture/stackalign/regparm-1.c   -O2 -fpic (test for excess errors)
UNRESOLVED: gcc.dg/torture/stackalign/regparm-1.c   -O2 -fpic compilation failed to produce executable
FAIL: gcc.dg/torture/stackalign/regparm-1.c   -O2 -mforce-drap -fpic (internal compiler error)
FAIL: gcc.dg/torture/stackalign/regparm-1.c   -O2 -mforce-drap -fpic (test for excess errors)
UNRESOLVED: gcc.dg/torture/stackalign/regparm-1.c   -O2 -mforce-drap -fpic compilation failed to produce executable
FAIL: gcc.dg/torture/stackalign/regparm-1.c   -O3 -fomit-frame-pointer -fpic (internal compiler error)
FAIL: gcc.dg/torture/stackalign/regparm-1.c   -O3 -fomit-frame-pointer -fpic (test for excess errors)
UNRESOLVED: gcc.dg/torture/stackalign/regparm-1.c   -O3 -fomit-frame-pointer -fpic compilation failed to produce executable
FAIL: gcc.dg/torture/stackalign/regparm-1.c   -O3 -fomit-frame-pointer -mforce-drap -fpic (internal compiler error)
FAIL: gcc.dg/torture/stackalign/regparm-1.c   -O3 -fomit-frame-pointer -mforce-drap -fpic (test for excess errors)
UNRESOLVED: gcc.dg/torture/stackalign/regparm-1.c   -O3 -fomit-frame-pointer -mforce-drap -fpic compilation failed to produce executable
FAIL: gcc.dg/torture/stackalign/regparm-1.c   -O3 -g -fpic (internal compiler error)
FAIL: gcc.dg/torture/stackalign/regparm-1.c   -O3 -g -fpic (test for excess errors)
UNRESOLVED: gcc.dg/torture/stackalign/regparm-1.c   -O3 -g -fpic compilation failed to produce executable
FAIL: gcc.dg/torture/stackalign/regparm-1.c   -O3 -g -mforce-drap -fpic (internal compiler error)
FAIL: gcc.dg/torture/stackalign/regparm-1.c   -O3 -g -mforce-drap -fpic (test for excess errors)
UNRESOLVED: gcc.dg/torture/stackalign/regparm-1.c   -O3 -g -mforce-drap -fpic compilation failed to produce executable
FAIL: gcc.dg/torture/stackalign/regparm-1.c   -Os -fpic (internal compiler error)
FAIL: gcc.dg/torture/stackalign/regparm-1.c   -Os -fpic (test for excess errors)
UNRESOLVED: gcc.dg/torture/stackalign/regparm-1.c   -Os -fpic compilation failed to produce executable
FAIL: gcc.dg/torture/stackalign/regparm-1.c   -Os -mforce-drap -fpic (internal compiler error)
FAIL: gcc.dg/torture/stackalign/regparm-1.c   -Os -mforce-drap -fpic (test for excess errors)
UNRESOLVED: gcc.dg/torture/stackalign/regparm-1.c   -Os -mforce-drap -fpic compilation failed to produce executable
FAIL: gcc.dg/torture/tls/run-ld.c   -O1  -pie -fPIE  execution test
FAIL: gcc.dg/torture/tls/run-ld.c   -O1  -pie -fpie  execution test
FAIL: gcc.dg/torture/tls/run-ld.c   -O2  -pie -fPIE  execution test
FAIL: gcc.dg/torture/tls/run-ld.c   -O2  -pie -fpie  execution test
FAIL: gcc.dg/torture/tls/run-ld.c   -O3 -fomit-frame-pointer  -pie -fPIE  execution test
FAIL: gcc.dg/torture/tls/run-ld.c   -O3 -fomit-frame-pointer  -pie -fpie  execution test
FAIL: gcc.dg/torture/tls/run-ld.c   -O3 -g  -pie -fPIE  execution test
FAIL: gcc.dg/torture/tls/run-ld.c   -O3 -g  -pie -fpie  execution test
FAIL: gcc.dg/torture/tls/run-ld.c   -Os  -pie -fPIE  execution test
FAIL: gcc.dg/torture/tls/run-ld.c   -Os  -pie -fpie  execution test
UNRESOLVED: gcc.dg/tree-prof/peel-1.c scan-rtl-dump loop2_unroll "Considering simply peeling loop"
FAIL: gcc.target/i386/avx-ceil-sfix-vec.c (internal compiler error)
FAIL: gcc.target/i386/avx-ceil-sfix-vec.c (test for excess errors)
UNRESOLVED: gcc.target/i386/avx-ceil-sfix-vec.c compilation failed to produce executable
FAIL: gcc.target/i386/avx-ceil-vec.c (internal compiler error)
FAIL: gcc.target/i386/avx-ceil-vec.c (test for excess errors)
UNRESOLVED: gcc.target/i386/avx-ceil-vec.c compilation failed to produce executable
FAIL: gcc.target/i386/avx-ceilf-sfix-vec.c (internal compiler error)
FAIL: gcc.target/i386/avx-ceilf-sfix-vec.c (test for excess errors)
UNRESOLVED: gcc.target/i386/avx-ceilf-sfix-vec.c compilation failed to produce executable
FAIL: gcc.target/i386/avx-ceilf-vec.c (internal compiler error)
FAIL: gcc.target/i386/avx-ceilf-vec.c (test for excess errors)
UNRESOLVED: gcc.target/i386/avx-ceilf-vec.c compilation failed to produce executable
FAIL: gcc.target/i386/avx-copysign-vec.c (internal compiler error)
FAIL: gcc.target/i386/avx-copysign-vec.c (test for excess errors)
UNRESOLVED: gcc.target/i386/avx-copysign-vec.c compilation failed to produce executable
FAIL: gcc.target/i386/avx-copysignf-vec.c (internal compiler error)
FAIL: gcc.target/i386/avx-copysignf-vec.c (test for excess errors)
UNRESOLVED: gcc.target/i386/avx-copysignf-vec.c compilation failed to produce executable
FAIL: gcc.target/i386/avx-cvt-vec.c (internal compiler error)
FAIL: gcc.target/i386/avx-cvt-vec.c (test for excess errors)
UNRESOLVED: gcc.target/i386/avx-cvt-vec.c compilation failed to produce executable
FAIL: gcc.target/i386/avx-floor-sfix-vec.c (internal compiler error)
FAIL: gcc.target/i386/avx-floor-sfix-vec.c (test for excess errors)
UNRESOLVED: gcc.target/i386/avx-floor-sfix-vec.c compilation failed to produce executable
FAIL: gcc.target/i386/avx-floor-vec.c (internal compiler error)
FAIL: gcc.target/i386/avx-floor-vec.c (test for excess errors)
UNRESOLVED: gcc.target/i386/avx-floor-vec.c compilation failed to produce executable
FAIL: gcc.target/i386/avx-floorf-sfix-vec.c (internal compiler error)
FAIL: gcc.target/i386/avx-floorf-sfix-vec.c (test for excess errors)
UNRESOLVED: gcc.target/i386/avx-floorf-sfix-vec.c compilation failed to produce executable
FAIL: gcc.target/i386/avx-floorf-vec.c (internal compiler error)
FAIL: gcc.target/i386/avx-floorf-vec.c (test for excess errors)
UNRESOLVED: gcc.target/i386/avx-floorf-vec.c compilation failed to produce executable
FAIL: gcc.target/i386/avx-lrint-vec.c (internal compiler error)
FAIL: gcc.target/i386/avx-lrint-vec.c (test for excess errors)
UNRESOLVED: gcc.target/i386/avx-lrint-vec.c compilation failed to produce executable
FAIL: gcc.target/i386/avx-lrintf-vec.c (internal compiler error)
FAIL: gcc.target/i386/avx-lrintf-vec.c (test for excess errors)
UNRESOLVED: gcc.target/i386/avx-lrintf-vec.c compilation failed to produce executable
FAIL: gcc.target/i386/avx-recip-vec.c (internal compiler error)
FAIL: gcc.target/i386/avx-recip-vec.c (test for excess errors)
UNRESOLVED: gcc.target/i386/avx-recip-vec.c compilation failed to produce executable
FAIL: gcc.target/i386/avx-rint-sfix-vec.c (internal compiler error)
FAIL: gcc.target/i386/avx-rint-sfix-vec.c (test for excess errors)
UNRESOLVED: gcc.target/i386/avx-rint-sfix-vec.c compilation failed to produce executable
FAIL: gcc.target/i386/avx-rint-vec.c (internal compiler error)
FAIL: gcc.target/i386/avx-rint-vec.c (test for excess errors)
UNRESOLVED: gcc.target/i386/avx-rint-vec.c compilation failed to produce executable
FAIL: gcc.target/i386/avx-rintf-sfix-vec.c (internal compiler error)
FAIL: gcc.target/i386/avx-rintf-sfix-vec.c (test for excess errors)
UNRESOLVED: gcc.target/i386/avx-rintf-sfix-vec.c compilation failed to produce executable
FAIL: gcc.target/i386/avx-rintf-vec.c (internal compiler error)
FAIL: gcc.target/i386/avx-rintf-vec.c (test for excess errors)
UNRESOLVED: gcc.target/i386/avx-rintf-vec.c compilation failed to produce executable
FAIL: gcc.target/i386/avx-round-sfix-vec.c (internal compiler error)
FAIL: gcc.target/i386/avx-round-sfix-vec.c (test for excess errors)
UNRESOLVED: gcc.target/i386/avx-round-sfix-vec.c compilation failed to produce executable
FAIL: gcc.target/i386/avx-round-vec.c (internal compiler error)
FAIL: gcc.target/i386/avx-round-vec.c (test for excess errors)
UNRESOLVED: gcc.target/i386/avx-round-vec.c compilation failed to produce executable
FAIL: gcc.target/i386/avx-roundf-sfix-vec.c (internal compiler error)
FAIL: gcc.target/i386/avx-roundf-sfix-vec.c (test for excess errors)
UNRESOLVED: gcc.target/i386/avx-roundf-sfix-vec.c compilation failed to produce executable
FAIL: gcc.target/i386/avx-roundf-vec.c (internal compiler error)
FAIL: gcc.target/i386/avx-roundf-vec.c (test for excess errors)
UNRESOLVED: gcc.target/i386/avx-roundf-vec.c compilation failed to produce executable
FAIL: gcc.target/i386/avx-set-v16hi-1.c (internal compiler error)
FAIL: gcc.target/i386/avx-set-v16hi-1.c (test for excess errors)
UNRESOLVED: gcc.target/i386/avx-set-v16hi-1.c compilation failed to produce executable
FAIL: gcc.target/i386/avx-set-v16hi-2.c (internal compiler error)
FAIL: gcc.target/i386/avx-set-v16hi-2.c (test for excess errors)
UNRESOLVED: gcc.target/i386/avx-set-v16hi-2.c compilation failed to produce executable
FAIL: gcc.target/i386/avx-set-v16hi-3.c (internal compiler error)
FAIL: gcc.target/i386/avx-set-v16hi-3.c (test for excess errors)
UNRESOLVED: gcc.target/i386/avx-set-v16hi-3.c compilation failed to produce executable
FAIL: gcc.target/i386/avx-set-v16hi-4.c (internal compiler error)
FAIL: gcc.target/i386/avx-set-v16hi-4.c (test for excess errors)
UNRESOLVED: gcc.target/i386/avx-set-v16hi-4.c compilation failed to produce executable
FAIL: gcc.target/i386/avx-set-v16hi-5.c (internal compiler error)
FAIL: gcc.target/i386/avx-set-v16hi-5.c (test for excess errors)
UNRESOLVED: gcc.target/i386/avx-set-v16hi-5.c compilation failed to produce executable
FAIL: gcc.target/i386/avx-set-v32qi-1.c (internal compiler error)
FAIL: gcc.target/i386/avx-set-v32qi-1.c (test for excess errors)
UNRESOLVED: gcc.target/i386/avx-set-v32qi-1.c compilation failed to produce executable
FAIL: gcc.target/i386/avx-set-v32qi-2.c (internal compiler error)
FAIL: gcc.target/i386/avx-set-v32qi-2.c (test for excess errors)
UNRESOLVED: gcc.target/i386/avx-set-v32qi-2.c compilation failed to produce executable
FAIL: gcc.target/i386/avx-set-v32qi-3.c (internal compiler error)
FAIL: gcc.target/i386/avx-set-v32qi-3.c (test for excess errors)
UNRESOLVED: gcc.target/i386/avx-set-v32qi-3.c compilation failed to produce executable
FAIL: gcc.target/i386/avx-set-v32qi-4.c (internal compiler error)
FAIL: gcc.target/i386/avx-set-v32qi-4.c (test for excess errors)
UNRESOLVED: gcc.target/i386/avx-set-v32qi-4.c compilation failed to produce executable
FAIL: gcc.target/i386/avx-set-v32qi-5.c (internal compiler error)
FAIL: gcc.target/i386/avx-set-v32qi-5.c (test for excess errors)
UNRESOLVED: gcc.target/i386/avx-set-v32qi-5.c compilation failed to produce executable
FAIL: gcc.target/i386/avx-set-v4df-1.c (internal compiler error)
FAIL: gcc.target/i386/avx-set-v4df-1.c (test for excess errors)
UNRESOLVED: gcc.target/i386/avx-set-v4df-1.c compilation failed to produce executable
FAIL: gcc.target/i386/avx-set-v4df-2.c (internal compiler error)
FAIL: gcc.target/i386/avx-set-v4df-2.c (test for excess errors)
UNRESOLVED: gcc.target/i386/avx-set-v4df-2.c compilation failed to produce executable
FAIL: gcc.target/i386/avx-set-v4df-3.c (internal compiler error)
FAIL: gcc.target/i386/avx-set-v4df-3.c (test for excess errors)
UNRESOLVED: gcc.target/i386/avx-set-v4df-3.c compilation failed to produce executable
FAIL: gcc.target/i386/avx-set-v4df-4.c (internal compiler error)
FAIL: gcc.target/i386/avx-set-v4df-4.c (test for excess errors)
UNRESOLVED: gcc.target/i386/avx-set-v4df-4.c compilation failed to produce executable
FAIL: gcc.target/i386/avx-set-v4df-5.c (internal compiler error)
FAIL: gcc.target/i386/avx-set-v4df-5.c (test for excess errors)
UNRESOLVED: gcc.target/i386/avx-set-v4df-5.c compilation failed to produce executable
FAIL: gcc.target/i386/avx-set-v4di-1.c (internal compiler error)
FAIL: gcc.target/i386/avx-set-v4di-1.c (test for excess errors)
UNRESOLVED: gcc.target/i386/avx-set-v4di-1.c compilation failed to produce executable
FAIL: gcc.target/i386/avx-set-v4di-2.c (internal compiler error)
FAIL: gcc.target/i386/avx-set-v4di-2.c (test for excess errors)
UNRESOLVED: gcc.target/i386/avx-set-v4di-2.c compilation failed to produce executable
FAIL: gcc.target/i386/avx-set-v4di-3.c (internal compiler error)
FAIL: gcc.target/i386/avx-set-v4di-3.c (test for excess errors)
UNRESOLVED: gcc.target/i386/avx-set-v4di-3.c compilation failed to produce executable
FAIL: gcc.target/i386/avx-set-v4di-4.c (internal compiler error)
FAIL: gcc.target/i386/avx-set-v4di-4.c (test for excess errors)
UNRESOLVED: gcc.target/i386/avx-set-v4di-4.c compilation failed to produce executable
FAIL: gcc.target/i386/avx-set-v4di-5.c (internal compiler error)
FAIL: gcc.target/i386/avx-set-v4di-5.c (test for excess errors)
UNRESOLVED: gcc.target/i386/avx-set-v4di-5.c compilation failed to produce executable
FAIL: gcc.target/i386/avx-set-v8sf-1.c (internal compiler error)
FAIL: gcc.target/i386/avx-set-v8sf-1.c (test for excess errors)
UNRESOLVED: gcc.target/i386/avx-set-v8sf-1.c compilation failed to produce executable
FAIL: gcc.target/i386/avx-set-v8sf-2.c (internal compiler error)
FAIL: gcc.target/i386/avx-set-v8sf-2.c (test for excess errors)
UNRESOLVED: gcc.target/i386/avx-set-v8sf-2.c compilation failed to produce executable
FAIL: gcc.target/i386/avx-set-v8sf-3.c (internal compiler error)
FAIL: gcc.target/i386/avx-set-v8sf-3.c (test for excess errors)
UNRESOLVED: gcc.target/i386/avx-set-v8sf-3.c compilation failed to produce executable
FAIL: gcc.target/i386/avx-set-v8sf-4.c (internal compiler error)
FAIL: gcc.target/i386/avx-set-v8sf-4.c (test for excess errors)
UNRESOLVED: gcc.target/i386/avx-set-v8sf-4.c compilation failed to produce executable
FAIL: gcc.target/i386/avx-set-v8sf-5.c (internal compiler error)
FAIL: gcc.target/i386/avx-set-v8sf-5.c (test for excess errors)
UNRESOLVED: gcc.target/i386/avx-set-v8sf-5.c compilation failed to produce executable
FAIL: gcc.target/i386/avx-set-v8si-1.c (internal compiler error)
FAIL: gcc.target/i386/avx-set-v8si-1.c (test for excess errors)
UNRESOLVED: gcc.target/i386/avx-set-v8si-1.c compilation failed to produce executable
FAIL: gcc.target/i386/avx-set-v8si-2.c (internal compiler error)
FAIL: gcc.target/i386/avx-set-v8si-2.c (test for excess errors)
UNRESOLVED: gcc.target/i386/avx-set-v8si-2.c compilation failed to produce executable
FAIL: gcc.target/i386/avx-set-v8si-3.c (internal compiler error)
FAIL: gcc.target/i386/avx-set-v8si-3.c (test for excess errors)
UNRESOLVED: gcc.target/i386/avx-set-v8si-3.c compilation failed to produce executable
FAIL: gcc.target/i386/avx-set-v8si-4.c (internal compiler error)
FAIL: gcc.target/i386/avx-set-v8si-4.c (test for excess errors)
UNRESOLVED: gcc.target/i386/avx-set-v8si-4.c compilation failed to produce executable
FAIL: gcc.target/i386/avx-set-v8si-5.c (internal compiler error)
FAIL: gcc.target/i386/avx-set-v8si-5.c (test for excess errors)
UNRESOLVED: gcc.target/i386/avx-set-v8si-5.c compilation failed to produce executable
FAIL: gcc.target/i386/avx-set1-epi32-1.c (internal compiler error)
FAIL: gcc.target/i386/avx-set1-epi32-1.c (test for excess errors)
UNRESOLVED: gcc.target/i386/avx-set1-epi32-1.c compilation failed to produce executable
FAIL: gcc.target/i386/avx-set1-pd-256-1.c (internal compiler error)
FAIL: gcc.target/i386/avx-set1-pd-256-1.c (test for excess errors)
UNRESOLVED: gcc.target/i386/avx-set1-pd-256-1.c compilation failed to produce executable
FAIL: gcc.target/i386/avx-set1-ps-256-1.c (internal compiler error)
FAIL: gcc.target/i386/avx-set1-ps-256-1.c (test for excess errors)
UNRESOLVED: gcc.target/i386/avx-set1-ps-256-1.c compilation failed to produce executable
FAIL: gcc.target/i386/avx-setzero-pd-256-1.c (internal compiler error)
FAIL: gcc.target/i386/avx-setzero-pd-256-1.c (test for excess errors)
UNRESOLVED: gcc.target/i386/avx-setzero-pd-256-1.c compilation failed to produce executable
FAIL: gcc.target/i386/avx-setzero-ps-256-1.c (internal compiler error)
FAIL: gcc.target/i386/avx-setzero-ps-256-1.c (test for excess errors)
UNRESOLVED: gcc.target/i386/avx-setzero-ps-256-1.c compilation failed to produce executable
FAIL: gcc.target/i386/avx-setzero-si256-1.c (internal compiler error)
FAIL: gcc.target/i386/avx-setzero-si256-1.c (test for excess errors)
UNRESOLVED: gcc.target/i386/avx-setzero-si256-1.c compilation failed to produce executable
FAIL: gcc.target/i386/avx-trunc-vec.c (internal compiler error)
FAIL: gcc.target/i386/avx-trunc-vec.c (test for excess errors)
UNRESOLVED: gcc.target/i386/avx-trunc-vec.c compilation failed to produce executable
FAIL: gcc.target/i386/avx-truncf-vec.c (internal compiler error)
FAIL: gcc.target/i386/avx-truncf-vec.c (test for excess errors)
UNRESOLVED: gcc.target/i386/avx-truncf-vec.c compilation failed to produce executable
FAIL: gcc.target/i386/avx-vaddpd-256-1.c (internal compiler error)
FAIL: gcc.target/i386/avx-vaddpd-256-1.c (test for excess errors)
UNRESOLVED: gcc.target/i386/avx-vaddpd-256-1.c compilation failed to produce executable
FAIL: gcc.target/i386/avx-vaddps-256-1.c (internal compiler error)
FAIL: gcc.target/i386/avx-vaddps-256-1.c (test for excess errors)
UNRESOLVED: gcc.target/i386/avx-vaddps-256-1.c compilation failed to produce executable
FAIL: gcc.target/i386/avx-vaddsubpd-256-1.c (internal compiler error)
FAIL: gcc.target/i386/avx-vaddsubpd-256-1.c (test for excess errors)
UNRESOLVED: gcc.target/i386/avx-vaddsubpd-256-1.c compilation failed to produce executable
FAIL: gcc.target/i386/avx-vaddsubps-256-1.c (internal compiler error)
FAIL: gcc.target/i386/avx-vaddsubps-256-1.c (test for excess errors)
UNRESOLVED: gcc.target/i386/avx-vaddsubps-256-1.c compilation failed to produce executable
FAIL: gcc.target/i386/avx-vandnpd-256-1.c (internal compiler error)
FAIL: gcc.target/i386/avx-vandnpd-256-1.c (test for excess errors)
UNRESOLVED: gcc.target/i386/avx-vandnpd-256-1.c compilation failed to produce executable
FAIL: gcc.target/i386/avx-vandnps-256-1.c (internal compiler error)
FAIL: gcc.target/i386/avx-vandnps-256-1.c (test for excess errors)
UNRESOLVED: gcc.target/i386/avx-vandnps-256-1.c compilation failed to produce executable
FAIL: gcc.target/i386/avx-vandpd-256-1.c (internal compiler error)
FAIL: gcc.target/i386/avx-vandpd-256-1.c (test for excess errors)
UNRESOLVED: gcc.target/i386/avx-vandpd-256-1.c compilation failed to produce executable
FAIL: gcc.target/i386/avx-vandps-256-1.c (internal compiler error)
FAIL: gcc.target/i386/avx-vandps-256-1.c (test for excess errors)
UNRESOLVED: gcc.target/i386/avx-vandps-256-1.c compilation failed to produce executable
FAIL: gcc.target/i386/avx-vblendpd-256-1.c (internal compiler error)
FAIL: gcc.target/i386/avx-vblendpd-256-1.c (test for excess errors)
UNRESOLVED: gcc.target/i386/avx-vblendpd-256-1.c compilation failed to produce executable
FAIL: gcc.target/i386/avx-vblendps-256-1.c (internal compiler error)
FAIL: gcc.target/i386/avx-vblendps-256-1.c (test for excess errors)
UNRESOLVED: gcc.target/i386/avx-vblendps-256-1.c compilation failed to produce executable
FAIL: gcc.target/i386/avx-vblendvpd-256-1.c (internal compiler error)
FAIL: gcc.target/i386/avx-vblendvpd-256-1.c (test for excess errors)
UNRESOLVED: gcc.target/i386/avx-vblendvpd-256-1.c compilation failed to produce executable
FAIL: gcc.target/i386/avx-vblendvps-256-1.c (internal compiler error)
FAIL: gcc.target/i386/avx-vblendvps-256-1.c (test for excess errors)
UNRESOLVED: gcc.target/i386/avx-vblendvps-256-1.c compilation failed to produce executable
FAIL: gcc.target/i386/avx-vbroadcastf128-256-1.c (internal compiler error)
FAIL: gcc.target/i386/avx-vbroadcastf128-256-1.c (test for excess errors)
UNRESOLVED: gcc.target/i386/avx-vbroadcastf128-256-1.c compilation failed to produce executable
FAIL: gcc.target/i386/avx-vbroadcastf128-256-2.c (internal compiler error)
FAIL: gcc.target/i386/avx-vbroadcastf128-256-2.c (test for excess errors)
UNRESOLVED: gcc.target/i386/avx-vbroadcastf128-256-2.c compilation failed to produce executable
FAIL: gcc.target/i386/avx-vbroadcastsd-1.c (internal compiler error)
FAIL: gcc.target/i386/avx-vbroadcastsd-1.c (test for excess errors)
UNRESOLVED: gcc.target/i386/avx-vbroadcastsd-1.c compilation failed to produce executable
FAIL: gcc.target/i386/avx-vbroadcastss-1.c (internal compiler error)
FAIL: gcc.target/i386/avx-vbroadcastss-1.c (test for excess errors)
UNRESOLVED: gcc.target/i386/avx-vbroadcastss-1.c compilation failed to produce executable
FAIL: gcc.target/i386/avx-vcmppd-256-1.c (internal compiler error)
FAIL: gcc.target/i386/avx-vcmppd-256-1.c (test for excess errors)
UNRESOLVED: gcc.target/i386/avx-vcmppd-256-1.c compilation failed to produce executable
FAIL: gcc.target/i386/avx-vcmpps-256-1.c (internal compiler error)
FAIL: gcc.target/i386/avx-vcmpps-256-1.c (test for excess errors)
UNRESOLVED: gcc.target/i386/avx-vcmpps-256-1.c compilation failed to produce executable
FAIL: gcc.target/i386/avx-vcvtdq2pd-256-1.c (internal compiler error)
FAIL: gcc.target/i386/avx-vcvtdq2pd-256-1.c (test for excess errors)
UNRESOLVED: gcc.target/i386/avx-vcvtdq2pd-256-1.c compilation failed to produce executable
FAIL: gcc.target/i386/avx-vcvtpd2dq-256-1.c (internal compiler error)
FAIL: gcc.target/i386/avx-vcvtpd2dq-256-1.c (test for excess errors)
UNRESOLVED: gcc.target/i386/avx-vcvtpd2dq-256-1.c compilation failed to produce executable
FAIL: gcc.target/i386/avx-vcvtpd2ps-256-1.c (internal compiler error)
FAIL: gcc.target/i386/avx-vcvtpd2ps-256-1.c (test for excess errors)
UNRESOLVED: gcc.target/i386/avx-vcvtpd2ps-256-1.c compilation failed to produce executable
FAIL: gcc.target/i386/avx-vcvtps2dq-256-1.c (internal compiler error)
FAIL: gcc.target/i386/avx-vcvtps2dq-256-1.c (test for excess errors)
UNRESOLVED: gcc.target/i386/avx-vcvtps2dq-256-1.c compilation failed to produce executable
FAIL: gcc.target/i386/avx-vcvtps2pd-256-1.c (internal compiler error)
FAIL: gcc.target/i386/avx-vcvtps2pd-256-1.c (test for excess errors)
UNRESOLVED: gcc.target/i386/avx-vcvtps2pd-256-1.c compilation failed to produce executable
FAIL: gcc.target/i386/avx-vcvttpd2dq-256-1.c (internal compiler error)
FAIL: gcc.target/i386/avx-vcvttpd2dq-256-1.c (test for excess errors)
UNRESOLVED: gcc.target/i386/avx-vcvttpd2dq-256-1.c compilation failed to produce executable
FAIL: gcc.target/i386/avx-vcvttps2dq-256-1.c (internal compiler error)
FAIL: gcc.target/i386/avx-vcvttps2dq-256-1.c (test for excess errors)
UNRESOLVED: gcc.target/i386/avx-vcvttps2dq-256-1.c compilation failed to produce executable
FAIL: gcc.target/i386/avx-vdivpd-256-1.c (internal compiler error)
FAIL: gcc.target/i386/avx-vdivpd-256-1.c (test for excess errors)
UNRESOLVED: gcc.target/i386/avx-vdivpd-256-1.c compilation failed to produce executable
FAIL: gcc.target/i386/avx-vdivps-256-1.c (internal compiler error)
FAIL: gcc.target/i386/avx-vdivps-256-1.c (test for excess errors)
UNRESOLVED: gcc.target/i386/avx-vdivps-256-1.c compilation failed to produce executable
FAIL: gcc.target/i386/avx-vhaddpd-256-1.c (internal compiler error)
FAIL: gcc.target/i386/avx-vhaddpd-256-1.c (test for excess errors)
UNRESOLVED: gcc.target/i386/avx-vhaddpd-256-1.c compilation failed to produce executable
FAIL: gcc.target/i386/avx-vhaddps-256-1.c (internal compiler error)
FAIL: gcc.target/i386/avx-vhaddps-256-1.c (test for excess errors)
UNRESOLVED: gcc.target/i386/avx-vhaddps-256-1.c compilation failed to produce executable
FAIL: gcc.target/i386/avx-vhsubpd-256-1.c (internal compiler error)
FAIL: gcc.target/i386/avx-vhsubpd-256-1.c (test for excess errors)
UNRESOLVED: gcc.target/i386/avx-vhsubpd-256-1.c compilation failed to produce executable
FAIL: gcc.target/i386/avx-vhsubps-256-1.c (internal compiler error)
FAIL: gcc.target/i386/avx-vhsubps-256-1.c (test for excess errors)
UNRESOLVED: gcc.target/i386/avx-vhsubps-256-1.c compilation failed to produce executable
FAIL: gcc.target/i386/avx-vinsertf128-256-1.c (internal compiler error)
FAIL: gcc.target/i386/avx-vinsertf128-256-1.c (test for excess errors)
UNRESOLVED: gcc.target/i386/avx-vinsertf128-256-1.c compilation failed to produce executable
FAIL: gcc.target/i386/avx-vinsertf128-256-2.c (internal compiler error)
FAIL: gcc.target/i386/avx-vinsertf128-256-2.c (test for excess errors)
UNRESOLVED: gcc.target/i386/avx-vinsertf128-256-2.c compilation failed to produce executable
FAIL: gcc.target/i386/avx-vinsertf128-256-3.c (internal compiler error)
FAIL: gcc.target/i386/avx-vinsertf128-256-3.c (test for excess errors)
UNRESOLVED: gcc.target/i386/avx-vinsertf128-256-3.c compilation failed to produce executable
FAIL: gcc.target/i386/avx-vlddqu-256-1.c (internal compiler error)
FAIL: gcc.target/i386/avx-vlddqu-256-1.c (test for excess errors)
UNRESOLVED: gcc.target/i386/avx-vlddqu-256-1.c compilation failed to produce executable
FAIL: gcc.target/i386/avx-vmaskmovpd-256-1.c (internal compiler error)
FAIL: gcc.target/i386/avx-vmaskmovpd-256-1.c (test for excess errors)
UNRESOLVED: gcc.target/i386/avx-vmaskmovpd-256-1.c compilation failed to produce executable
FAIL: gcc.target/i386/avx-vmaskmovpd-256-2.c (internal compiler error)
FAIL: gcc.target/i386/avx-vmaskmovpd-256-2.c (test for excess errors)
UNRESOLVED: gcc.target/i386/avx-vmaskmovpd-256-2.c compilation failed to produce executable
FAIL: gcc.target/i386/avx-vmaskmovps-256-1.c (internal compiler error)
FAIL: gcc.target/i386/avx-vmaskmovps-256-1.c (test for excess errors)
UNRESOLVED: gcc.target/i386/avx-vmaskmovps-256-1.c compilation failed to produce executable
FAIL: gcc.target/i386/avx-vmaskmovps-256-2.c (internal compiler error)
FAIL: gcc.target/i386/avx-vmaskmovps-256-2.c (test for excess errors)
UNRESOLVED: gcc.target/i386/avx-vmaskmovps-256-2.c compilation failed to produce executable
FAIL: gcc.target/i386/avx-vmaxpd-256-1.c (internal compiler error)
FAIL: gcc.target/i386/avx-vmaxpd-256-1.c (test for excess errors)
UNRESOLVED: gcc.target/i386/avx-vmaxpd-256-1.c compilation failed to produce executable
FAIL: gcc.target/i386/avx-vmaxps-256-1.c (internal compiler error)
FAIL: gcc.target/i386/avx-vmaxps-256-1.c (test for excess errors)
UNRESOLVED: gcc.target/i386/avx-vmaxps-256-1.c compilation failed to produce executable
FAIL: gcc.target/i386/avx-vminpd-256-1.c (internal compiler error)
FAIL: gcc.target/i386/avx-vminpd-256-1.c (test for excess errors)
UNRESOLVED: gcc.target/i386/avx-vminpd-256-1.c compilation failed to produce executable
FAIL: gcc.target/i386/avx-vminps-256-1.c (internal compiler error)
FAIL: gcc.target/i386/avx-vminps-256-1.c (test for excess errors)
UNRESOLVED: gcc.target/i386/avx-vminps-256-1.c compilation failed to produce executable
FAIL: gcc.target/i386/avx-vmovapd-256-1.c (internal compiler error)
FAIL: gcc.target/i386/avx-vmovapd-256-1.c (test for excess errors)
UNRESOLVED: gcc.target/i386/avx-vmovapd-256-1.c compilation failed to produce executable
FAIL: gcc.target/i386/avx-vmovapd-256-2.c (internal compiler error)
FAIL: gcc.target/i386/avx-vmovapd-256-2.c (test for excess errors)
UNRESOLVED: gcc.target/i386/avx-vmovapd-256-2.c compilation failed to produce executable
FAIL: gcc.target/i386/avx-vmovaps-256-1.c (internal compiler error)
FAIL: gcc.target/i386/avx-vmovaps-256-1.c (test for excess errors)
UNRESOLVED: gcc.target/i386/avx-vmovaps-256-1.c compilation failed to produce executable
FAIL: gcc.target/i386/avx-vmovaps-256-2.c (internal compiler error)
FAIL: gcc.target/i386/avx-vmovaps-256-2.c (test for excess errors)
UNRESOLVED: gcc.target/i386/avx-vmovaps-256-2.c compilation failed to produce executable
FAIL: gcc.target/i386/avx-vmovddup-256-1.c (internal compiler error)
FAIL: gcc.target/i386/avx-vmovddup-256-1.c (test for excess errors)
UNRESOLVED: gcc.target/i386/avx-vmovddup-256-1.c compilation failed to produce executable
FAIL: gcc.target/i386/avx-vmovdqa-256-1.c (internal compiler error)
FAIL: gcc.target/i386/avx-vmovdqa-256-1.c (test for excess errors)
UNRESOLVED: gcc.target/i386/avx-vmovdqa-256-1.c compilation failed to produce executable
FAIL: gcc.target/i386/avx-vmovdqa-256-2.c (internal compiler error)
FAIL: gcc.target/i386/avx-vmovdqa-256-2.c (test for excess errors)
UNRESOLVED: gcc.target/i386/avx-vmovdqa-256-2.c compilation failed to produce executable
FAIL: gcc.target/i386/avx-vmovdqu-256-1.c (internal compiler error)
FAIL: gcc.target/i386/avx-vmovdqu-256-1.c (test for excess errors)
UNRESOLVED: gcc.target/i386/avx-vmovdqu-256-1.c compilation failed to produce executable
FAIL: gcc.target/i386/avx-vmovdqu-256-2.c (internal compiler error)
FAIL: gcc.target/i386/avx-vmovdqu-256-2.c (test for excess errors)
UNRESOLVED: gcc.target/i386/avx-vmovdqu-256-2.c compilation failed to produce executable
FAIL: gcc.target/i386/avx-vmovmskpd-256-1.c (internal compiler error)
FAIL: gcc.target/i386/avx-vmovmskpd-256-1.c (test for excess errors)
UNRESOLVED: gcc.target/i386/avx-vmovmskpd-256-1.c compilation failed to produce executable
FAIL: gcc.target/i386/avx-vmovmskps-256-1.c (internal compiler error)
FAIL: gcc.target/i386/avx-vmovmskps-256-1.c (test for excess errors)
UNRESOLVED: gcc.target/i386/avx-vmovmskps-256-1.c compilation failed to produce executable
FAIL: gcc.target/i386/avx-vmovntdq-256-1.c (internal compiler error)
FAIL: gcc.target/i386/avx-vmovntdq-256-1.c (test for excess errors)
UNRESOLVED: gcc.target/i386/avx-vmovntdq-256-1.c compilation failed to produce executable
FAIL: gcc.target/i386/avx-vmovntpd-256-1.c (internal compiler error)
FAIL: gcc.target/i386/avx-vmovntpd-256-1.c (test for excess errors)
UNRESOLVED: gcc.target/i386/avx-vmovntpd-256-1.c compilation failed to produce executable
FAIL: gcc.target/i386/avx-vmovntps-256-1.c (internal compiler error)
FAIL: gcc.target/i386/avx-vmovntps-256-1.c (test for excess errors)
UNRESOLVED: gcc.target/i386/avx-vmovntps-256-1.c compilation failed to produce executable
FAIL: gcc.target/i386/avx-vmovshdup-256-1.c (internal compiler error)
FAIL: gcc.target/i386/avx-vmovshdup-256-1.c (test for excess errors)
UNRESOLVED: gcc.target/i386/avx-vmovshdup-256-1.c compilation failed to produce executable
FAIL: gcc.target/i386/avx-vmovsldup-256-1.c (internal compiler error)
FAIL: gcc.target/i386/avx-vmovsldup-256-1.c (test for excess errors)
UNRESOLVED: gcc.target/i386/avx-vmovsldup-256-1.c compilation failed to produce executable
FAIL: gcc.target/i386/avx-vmovupd-256-1.c (internal compiler error)
FAIL: gcc.target/i386/avx-vmovupd-256-1.c (test for excess errors)
UNRESOLVED: gcc.target/i386/avx-vmovupd-256-1.c compilation failed to produce executable
FAIL: gcc.target/i386/avx-vmovupd-256-2.c (internal compiler error)
FAIL: gcc.target/i386/avx-vmovupd-256-2.c (test for excess errors)
UNRESOLVED: gcc.target/i386/avx-vmovupd-256-2.c compilation failed to produce executable
FAIL: gcc.target/i386/avx-vmovups-256-1.c (internal compiler error)
FAIL: gcc.target/i386/avx-vmovups-256-1.c (test for excess errors)
UNRESOLVED: gcc.target/i386/avx-vmovups-256-1.c compilation failed to produce executable
FAIL: gcc.target/i386/avx-vmovups-256-2.c (internal compiler error)
FAIL: gcc.target/i386/avx-vmovups-256-2.c (test for excess errors)
UNRESOLVED: gcc.target/i386/avx-vmovups-256-2.c compilation failed to produce executable
FAIL: gcc.target/i386/avx-vmulpd-256-1.c (internal compiler error)
FAIL: gcc.target/i386/avx-vmulpd-256-1.c (test for excess errors)
UNRESOLVED: gcc.target/i386/avx-vmulpd-256-1.c compilation failed to produce executable
FAIL: gcc.target/i386/avx-vmulps-256-1.c (internal compiler error)
FAIL: gcc.target/i386/avx-vmulps-256-1.c (test for excess errors)
UNRESOLVED: gcc.target/i386/avx-vmulps-256-1.c compilation failed to produce executable
FAIL: gcc.target/i386/avx-vorpd-256-1.c (internal compiler error)
FAIL: gcc.target/i386/avx-vorpd-256-1.c (test for excess errors)
UNRESOLVED: gcc.target/i386/avx-vorpd-256-1.c compilation failed to produce executable
FAIL: gcc.target/i386/avx-vorps-256-1.c (internal compiler error)
FAIL: gcc.target/i386/avx-vorps-256-1.c (test for excess errors)
UNRESOLVED: gcc.target/i386/avx-vorps-256-1.c compilation failed to produce executable
FAIL: gcc.target/i386/avx-vperm2f128-256-1.c (internal compiler error)
FAIL: gcc.target/i386/avx-vperm2f128-256-1.c (test for excess errors)
UNRESOLVED: gcc.target/i386/avx-vperm2f128-256-1.c compilation failed to produce executable
FAIL: gcc.target/i386/avx-vperm2f128-256-2.c (internal compiler error)
FAIL: gcc.target/i386/avx-vperm2f128-256-2.c (test for excess errors)
UNRESOLVED: gcc.target/i386/avx-vperm2f128-256-2.c compilation failed to produce executable
FAIL: gcc.target/i386/avx-vperm2f128-256-3.c (internal compiler error)
FAIL: gcc.target/i386/avx-vperm2f128-256-3.c (test for excess errors)
UNRESOLVED: gcc.target/i386/avx-vperm2f128-256-3.c compilation failed to produce executable
FAIL: gcc.target/i386/avx-vpermilpd-256-1.c (internal compiler error)
FAIL: gcc.target/i386/avx-vpermilpd-256-1.c (test for excess errors)
UNRESOLVED: gcc.target/i386/avx-vpermilpd-256-1.c compilation failed to produce executable
FAIL: gcc.target/i386/avx-vpermilpd-256-2.c (internal compiler error)
FAIL: gcc.target/i386/avx-vpermilpd-256-2.c (test for excess errors)
UNRESOLVED: gcc.target/i386/avx-vpermilpd-256-2.c compilation failed to produce executable
FAIL: gcc.target/i386/avx-vpermilps-256-1.c (internal compiler error)
FAIL: gcc.target/i386/avx-vpermilps-256-1.c (test for excess errors)
UNRESOLVED: gcc.target/i386/avx-vpermilps-256-1.c compilation failed to produce executable
FAIL: gcc.target/i386/avx-vpermilps-256-2.c (internal compiler error)
FAIL: gcc.target/i386/avx-vpermilps-256-2.c (test for excess errors)
UNRESOLVED: gcc.target/i386/avx-vpermilps-256-2.c compilation failed to produce executable
FAIL: gcc.target/i386/avx-vptest-256-1.c (internal compiler error)
FAIL: gcc.target/i386/avx-vptest-256-1.c (test for excess errors)
UNRESOLVED: gcc.target/i386/avx-vptest-256-1.c compilation failed to produce executable
FAIL: gcc.target/i386/avx-vptest-256-2.c (internal compiler error)
FAIL: gcc.target/i386/avx-vptest-256-2.c (test for excess errors)
UNRESOLVED: gcc.target/i386/avx-vptest-256-2.c compilation failed to produce executable
FAIL: gcc.target/i386/avx-vptest-256-3.c (internal compiler error)
FAIL: gcc.target/i386/avx-vptest-256-3.c (test for excess errors)
UNRESOLVED: gcc.target/i386/avx-vptest-256-3.c compilation failed to produce executable
FAIL: gcc.target/i386/avx-vrcpps-256-1.c (internal compiler error)
FAIL: gcc.target/i386/avx-vrcpps-256-1.c (test for excess errors)
UNRESOLVED: gcc.target/i386/avx-vrcpps-256-1.c compilation failed to produce executable
FAIL: gcc.target/i386/avx-vroundpd-256-1.c (internal compiler error)
FAIL: gcc.target/i386/avx-vroundpd-256-1.c (test for excess errors)
UNRESOLVED: gcc.target/i386/avx-vroundpd-256-1.c compilation failed to produce executable
FAIL: gcc.target/i386/avx-vroundpd-256-2.c (internal compiler error)
FAIL: gcc.target/i386/avx-vroundpd-256-2.c (test for excess errors)
UNRESOLVED: gcc.target/i386/avx-vroundpd-256-2.c compilation failed to produce executable
FAIL: gcc.target/i386/avx-vroundpd-256-3.c (internal compiler error)
FAIL: gcc.target/i386/avx-vroundpd-256-3.c (test for excess errors)
UNRESOLVED: gcc.target/i386/avx-vroundpd-256-3.c compilation failed to produce executable
FAIL: gcc.target/i386/avx-vroundps-256-1.c (internal compiler error)
FAIL: gcc.target/i386/avx-vroundps-256-1.c (test for excess errors)
UNRESOLVED: gcc.target/i386/avx-vroundps-256-1.c compilation failed to produce executable
FAIL: gcc.target/i386/avx-vrsqrtps-256-1.c (internal compiler error)
FAIL: gcc.target/i386/avx-vrsqrtps-256-1.c (test for excess errors)
UNRESOLVED: gcc.target/i386/avx-vrsqrtps-256-1.c compilation failed to produce executable
FAIL: gcc.target/i386/avx-vshufpd-256-1.c (internal compiler error)
FAIL: gcc.target/i386/avx-vshufpd-256-1.c (test for excess errors)
UNRESOLVED: gcc.target/i386/avx-vshufpd-256-1.c compilation failed to produce executable
FAIL: gcc.target/i386/avx-vshufps-256-1.c (internal compiler error)
FAIL: gcc.target/i386/avx-vshufps-256-1.c (test for excess errors)
UNRESOLVED: gcc.target/i386/avx-vshufps-256-1.c compilation failed to produce executable
FAIL: gcc.target/i386/avx-vsqrtpd-256-1.c (internal compiler error)
FAIL: gcc.target/i386/avx-vsqrtpd-256-1.c (test for excess errors)
UNRESOLVED: gcc.target/i386/avx-vsqrtpd-256-1.c compilation failed to produce executable
FAIL: gcc.target/i386/avx-vsqrtps-256-1.c (internal compiler error)
FAIL: gcc.target/i386/avx-vsqrtps-256-1.c (test for excess errors)
UNRESOLVED: gcc.target/i386/avx-vsqrtps-256-1.c compilation failed to produce executable
FAIL: gcc.target/i386/avx-vsubpd-256-1.c (internal compiler error)
FAIL: gcc.target/i386/avx-vsubpd-256-1.c (test for excess errors)
UNRESOLVED: gcc.target/i386/avx-vsubpd-256-1.c compilation failed to produce executable
FAIL: gcc.target/i386/avx-vsubps-256-1.c (internal compiler error)
FAIL: gcc.target/i386/avx-vsubps-256-1.c (test for excess errors)
UNRESOLVED: gcc.target/i386/avx-vsubps-256-1.c compilation failed to produce executable
FAIL: gcc.target/i386/avx-vtestpd-256-1.c (internal compiler error)
FAIL: gcc.target/i386/avx-vtestpd-256-1.c (test for excess errors)
UNRESOLVED: gcc.target/i386/avx-vtestpd-256-1.c compilation failed to produce executable
FAIL: gcc.target/i386/avx-vtestpd-256-2.c (internal compiler error)
FAIL: gcc.target/i386/avx-vtestpd-256-2.c (test for excess errors)
UNRESOLVED: gcc.target/i386/avx-vtestpd-256-2.c compilation failed to produce executable
FAIL: gcc.target/i386/avx-vtestpd-256-3.c (internal compiler error)
FAIL: gcc.target/i386/avx-vtestpd-256-3.c (test for excess errors)
UNRESOLVED: gcc.target/i386/avx-vtestpd-256-3.c compilation failed to produce executable
FAIL: gcc.target/i386/avx-vtestps-256-1.c (internal compiler error)
FAIL: gcc.target/i386/avx-vtestps-256-1.c (test for excess errors)
UNRESOLVED: gcc.target/i386/avx-vtestps-256-1.c compilation failed to produce executable
FAIL: gcc.target/i386/avx-vtestps-256-2.c (internal compiler error)
FAIL: gcc.target/i386/avx-vtestps-256-2.c (test for excess errors)
UNRESOLVED: gcc.target/i386/avx-vtestps-256-2.c compilation failed to produce executable
FAIL: gcc.target/i386/avx-vtestps-256-3.c (internal compiler error)
FAIL: gcc.target/i386/avx-vtestps-256-3.c (test for excess errors)
UNRESOLVED: gcc.target/i386/avx-vtestps-256-3.c compilation failed to produce executable
FAIL: gcc.target/i386/avx-vunpckhpd-256-1.c (internal compiler error)
FAIL: gcc.target/i386/avx-vunpckhpd-256-1.c (test for excess errors)
UNRESOLVED: gcc.target/i386/avx-vunpckhpd-256-1.c compilation failed to produce executable
FAIL: gcc.target/i386/avx-vunpckhps-256-1.c (internal compiler error)
FAIL: gcc.target/i386/avx-vunpckhps-256-1.c (test for excess errors)
UNRESOLVED: gcc.target/i386/avx-vunpckhps-256-1.c compilation failed to produce executable
FAIL: gcc.target/i386/avx-vunpcklpd-256-1.c (internal compiler error)
FAIL: gcc.target/i386/avx-vunpcklpd-256-1.c (test for excess errors)
UNRESOLVED: gcc.target/i386/avx-vunpcklpd-256-1.c compilation failed to produce executable
FAIL: gcc.target/i386/avx-vunpcklps-256-1.c (internal compiler error)
FAIL: gcc.target/i386/avx-vunpcklps-256-1.c (test for excess errors)
UNRESOLVED: gcc.target/i386/avx-vunpcklps-256-1.c compilation failed to produce executable
FAIL: gcc.target/i386/avx-vxorpd-256-1.c (internal compiler error)
FAIL: gcc.target/i386/avx-vxorpd-256-1.c (test for excess errors)
UNRESOLVED: gcc.target/i386/avx-vxorpd-256-1.c compilation failed to produce executable
FAIL: gcc.target/i386/avx-vxorps-256-1.c (internal compiler error)
FAIL: gcc.target/i386/avx-vxorps-256-1.c (test for excess errors)
UNRESOLVED: gcc.target/i386/avx-vxorps-256-1.c compilation failed to produce executable
FAIL: gcc.target/i386/avx-vzeroall-1.c (internal compiler error)
FAIL: gcc.target/i386/avx-vzeroall-1.c (test for excess errors)
UNRESOLVED: gcc.target/i386/avx-vzeroall-1.c compilation failed to produce executable
FAIL: gcc.target/i386/avx-vzeroupper-1.c (internal compiler error)
FAIL: gcc.target/i386/avx-vzeroupper-1.c (test for excess errors)
UNRESOLVED: gcc.target/i386/avx-vzeroupper-1.c compilation failed to produce executable
FAIL: gcc.target/i386/avx-vzeroupper-3.c (internal compiler error)
FAIL: gcc.target/i386/avx-vzeroupper-3.c (test for excess errors)
UNRESOLVED: gcc.target/i386/avx-vzeroupper-3.c compilation failed to produce executable
FAIL: gcc.target/i386/avx2-vpmovmskb-2.c (internal compiler error)
FAIL: gcc.target/i386/avx2-vpmovmskb-2.c (test for excess errors)
UNRESOLVED: gcc.target/i386/avx2-vpmovmskb-2.c scan-assembler vpmovmskb[ \\\\t]+[^\\n]*%ymm[0-9]
FAIL: gcc.target/i386/avx256-unaligned-load-5.c (internal compiler error)
FAIL: gcc.target/i386/avx256-unaligned-load-5.c (test for excess errors)
UNRESOLVED: gcc.target/i386/avx256-unaligned-load-5.c compilation failed to produce executable
FAIL: gcc.target/i386/avx256-unaligned-load-6.c (internal compiler error)
FAIL: gcc.target/i386/avx256-unaligned-load-6.c (test for excess errors)
UNRESOLVED: gcc.target/i386/avx256-unaligned-load-6.c compilation failed to produce executable
FAIL: gcc.target/i386/avx256-unaligned-load-7.c (internal compiler error)
FAIL: gcc.target/i386/avx256-unaligned-load-7.c (test for excess errors)
UNRESOLVED: gcc.target/i386/avx256-unaligned-load-7.c compilation failed to produce executable
FAIL: gcc.target/i386/avx256-unaligned-store-5.c (internal compiler error)
FAIL: gcc.target/i386/avx256-unaligned-store-5.c (test for excess errors)
UNRESOLVED: gcc.target/i386/avx256-unaligned-store-5.c compilation failed to produce executable
FAIL: gcc.target/i386/avx256-unaligned-store-6.c (internal compiler error)
FAIL: gcc.target/i386/avx256-unaligned-store-6.c (test for excess errors)
UNRESOLVED: gcc.target/i386/avx256-unaligned-store-6.c compilation failed to produce executable
FAIL: gcc.target/i386/avx256-unaligned-store-7.c (internal compiler error)
FAIL: gcc.target/i386/avx256-unaligned-store-7.c (test for excess errors)
UNRESOLVED: gcc.target/i386/avx256-unaligned-store-7.c compilation failed to produce executable
FAIL: gcc.target/i386/avx512f-ceil-sfix-vec-2.c (internal compiler error)
FAIL: gcc.target/i386/avx512f-ceil-sfix-vec-2.c (test for excess errors)
UNRESOLVED: gcc.target/i386/avx512f-ceil-sfix-vec-2.c scan-assembler vcvttpd2dq[^\\n]*zmm[0-9]
UNRESOLVED: gcc.target/i386/avx512f-ceil-sfix-vec-2.c scan-assembler vrndscalepd[^\\n]*zmm[0-9]
FAIL: gcc.target/i386/avx512f-floor-sfix-vec-2.c (internal compiler error)
FAIL: gcc.target/i386/avx512f-floor-sfix-vec-2.c (test for excess errors)
UNRESOLVED: gcc.target/i386/avx512f-floor-sfix-vec-2.c scan-assembler vcvttpd2dq[^\\n]*zmm[0-9]
UNRESOLVED: gcc.target/i386/avx512f-floor-sfix-vec-2.c scan-assembler vrndscalepd[^\\n]*zmm[0-9]
FAIL: gcc.target/i386/avx512f-gather-5.c (internal compiler error)
FAIL: gcc.target/i386/avx512f-gather-5.c (test for excess errors)
UNRESOLVED: gcc.target/i386/avx512f-gather-5.c scan-assembler gather[^\\n]*zmm
UNRESOLVED: gcc.target/i386/avx512f-gather-5.c scan-assembler-not gather[^\\n]*xmm[^\\n]*xmm
UNRESOLVED: gcc.target/i386/avx512f-gather-5.c scan-assembler-not gather[^\\n]*xmm[^\\n]*ymm
UNRESOLVED: gcc.target/i386/avx512f-gather-5.c scan-assembler-not gather[^\\n]*ymm[^\\n]*xmm
UNRESOLVED: gcc.target/i386/avx512f-gather-5.c scan-assembler-not gather[^\\n]*ymm[^\\n]*ymm
FAIL: gcc.target/i386/fma-256-fmaddXX.c (internal compiler error)
FAIL: gcc.target/i386/fma-256-fmaddXX.c (test for excess errors)
UNRESOLVED: gcc.target/i386/fma-256-fmaddXX.c compilation failed to produce executable
FAIL: gcc.target/i386/fma-256-fmaddsubXX.c (internal compiler error)
FAIL: gcc.target/i386/fma-256-fmaddsubXX.c (test for excess errors)
UNRESOLVED: gcc.target/i386/fma-256-fmaddsubXX.c compilation failed to produce executable
FAIL: gcc.target/i386/fma-256-fmsubXX.c (internal compiler error)
FAIL: gcc.target/i386/fma-256-fmsubXX.c (test for excess errors)
UNRESOLVED: gcc.target/i386/fma-256-fmsubXX.c compilation failed to produce executable
FAIL: gcc.target/i386/fma-256-fmsubaddXX.c (internal compiler error)
FAIL: gcc.target/i386/fma-256-fmsubaddXX.c (test for excess errors)
UNRESOLVED: gcc.target/i386/fma-256-fmsubaddXX.c compilation failed to produce executable
FAIL: gcc.target/i386/fma-256-fnmaddXX.c (internal compiler error)
FAIL: gcc.target/i386/fma-256-fnmaddXX.c (test for excess errors)
UNRESOLVED: gcc.target/i386/fma-256-fnmaddXX.c compilation failed to produce executable
FAIL: gcc.target/i386/fma-256-fnmsubXX.c (internal compiler error)
FAIL: gcc.target/i386/fma-256-fnmsubXX.c (test for excess errors)
UNRESOLVED: gcc.target/i386/fma-256-fnmsubXX.c compilation failed to produce executable
FAIL: gcc.target/i386/fma4-256-maccXX.c (internal compiler error)
FAIL: gcc.target/i386/fma4-256-maccXX.c (test for excess errors)
UNRESOLVED: gcc.target/i386/fma4-256-maccXX.c compilation failed to produce executable
FAIL: gcc.target/i386/fma4-256-msubXX.c (internal compiler error)
FAIL: gcc.target/i386/fma4-256-msubXX.c (test for excess errors)
UNRESOLVED: gcc.target/i386/fma4-256-msubXX.c compilation failed to produce executable
FAIL: gcc.target/i386/fma4-256-nmaccXX.c (internal compiler error)
FAIL: gcc.target/i386/fma4-256-nmaccXX.c (test for excess errors)
UNRESOLVED: gcc.target/i386/fma4-256-nmaccXX.c compilation failed to produce executable
FAIL: gcc.target/i386/fma4-256-nmsubXX.c (internal compiler error)
FAIL: gcc.target/i386/fma4-256-nmsubXX.c (test for excess errors)
FAIL: gcc.target/i386/fma_run_double_1.c (internal compiler error)
FAIL: gcc.target/i386/fma_run_double_1.c (test for excess errors)
UNRESOLVED: gcc.target/i386/fma_run_double_1.c compilation failed to produce executable
FAIL: gcc.target/i386/fma_run_double_2.c (internal compiler error)
FAIL: gcc.target/i386/fma_run_double_2.c (test for excess errors)
UNRESOLVED: gcc.target/i386/fma_run_double_2.c compilation failed to produce executable
FAIL: gcc.target/i386/fma_run_double_3.c (internal compiler error)
FAIL: gcc.target/i386/fma_run_double_3.c (test for excess errors)
UNRESOLVED: gcc.target/i386/fma_run_double_3.c compilation failed to produce executable
FAIL: gcc.target/i386/fma_run_double_4.c (internal compiler error)
FAIL: gcc.target/i386/fma_run_double_4.c (test for excess errors)
UNRESOLVED: gcc.target/i386/fma_run_double_4.c compilation failed to produce executable
FAIL: gcc.target/i386/fma_run_double_5.c (internal compiler error)
FAIL: gcc.target/i386/fma_run_double_5.c (test for excess errors)
UNRESOLVED: gcc.target/i386/fma_run_double_5.c compilation failed to produce executable
FAIL: gcc.target/i386/fma_run_double_6.c (internal compiler error)
FAIL: gcc.target/i386/fma_run_double_6.c (test for excess errors)
UNRESOLVED: gcc.target/i386/fma_run_double_6.c compilation failed to produce executable
FAIL: gcc.target/i386/fma_run_float_1.c (internal compiler error)
FAIL: gcc.target/i386/fma_run_float_1.c (test for excess errors)
UNRESOLVED: gcc.target/i386/fma_run_float_1.c compilation failed to produce executable
FAIL: gcc.target/i386/fma_run_float_2.c (internal compiler error)
FAIL: gcc.target/i386/fma_run_float_2.c (test for excess errors)
UNRESOLVED: gcc.target/i386/fma_run_float_2.c compilation failed to produce executable
FAIL: gcc.target/i386/fma_run_float_3.c (internal compiler error)
FAIL: gcc.target/i386/fma_run_float_3.c (test for excess errors)
UNRESOLVED: gcc.target/i386/fma_run_float_3.c compilation failed to produce executable
FAIL: gcc.target/i386/fma_run_float_4.c (internal compiler error)
FAIL: gcc.target/i386/fma_run_float_4.c (test for excess errors)
UNRESOLVED: gcc.target/i386/fma_run_float_4.c compilation failed to produce executable
FAIL: gcc.target/i386/fma_run_float_5.c (internal compiler error)
FAIL: gcc.target/i386/fma_run_float_5.c (test for excess errors)
UNRESOLVED: gcc.target/i386/fma_run_float_5.c compilation failed to produce executable
FAIL: gcc.target/i386/fma_run_float_6.c (internal compiler error)
FAIL: gcc.target/i386/fma_run_float_6.c (test for excess errors)
UNRESOLVED: gcc.target/i386/fma_run_float_6.c compilation failed to produce executable
FAIL: gcc.target/i386/fuse-caller-save-rec.c scan-assembler-not push
FAIL: gcc.target/i386/fuse-caller-save.c scan-assembler-not push
FAIL: gcc.target/i386/l_fma_run_float_1.c (internal compiler error)
FAIL: gcc.target/i386/l_fma_run_float_1.c (test for excess errors)
UNRESOLVED: gcc.target/i386/l_fma_run_float_1.c compilation failed to produce executable
FAIL: gcc.target/i386/l_fma_run_float_2.c (internal compiler error)
FAIL: gcc.target/i386/l_fma_run_float_2.c (test for excess errors)
UNRESOLVED: gcc.target/i386/l_fma_run_float_2.c compilation failed to produce executable
FAIL: gcc.target/i386/l_fma_run_float_3.c (internal compiler error)
FAIL: gcc.target/i386/l_fma_run_float_3.c (test for excess errors)
UNRESOLVED: gcc.target/i386/l_fma_run_float_3.c compilation failed to produce executable
FAIL: gcc.target/i386/l_fma_run_float_4.c (internal compiler error)
FAIL: gcc.target/i386/l_fma_run_float_4.c (test for excess errors)
UNRESOLVED: gcc.target/i386/l_fma_run_float_4.c compilation failed to produce executable
FAIL: gcc.target/i386/l_fma_run_float_5.c (internal compiler error)
FAIL: gcc.target/i386/l_fma_run_float_5.c (test for excess errors)
UNRESOLVED: gcc.target/i386/l_fma_run_float_5.c compilation failed to produce executable
FAIL: gcc.target/i386/l_fma_run_float_6.c (internal compiler error)
FAIL: gcc.target/i386/l_fma_run_float_6.c (test for excess errors)
UNRESOLVED: gcc.target/i386/l_fma_run_float_6.c compilation failed to produce executable
FAIL: gcc.target/i386/pr32000-2.c (internal compiler error)
FAIL: gcc.target/i386/pr32000-2.c (test for excess errors)
UNRESOLVED: gcc.target/i386/pr32000-2.c compilation failed to produce executable
FAIL: gcc.target/i386/pr44180.c (internal compiler error)
FAIL: gcc.target/i386/pr44180.c (test for excess errors)
UNRESOLVED: gcc.target/i386/pr44180.c compilation failed to produce executable
FAIL: gcc.target/i386/pr49095.c scan-assembler-not test[lq]
FAIL: gcc.target/i386/pr59501-1.c (internal compiler error)
FAIL: gcc.target/i386/pr59501-1.c (test for excess errors)
UNRESOLVED: gcc.target/i386/pr59501-1.c compilation failed to produce executable
FAIL: gcc.target/i386/pr59501-3.c (internal compiler error)
FAIL: gcc.target/i386/pr59501-3.c (test for excess errors)
UNRESOLVED: gcc.target/i386/pr59501-3.c compilation failed to produce executable
FAIL: gcc.target/i386/pr59501-5.c (internal compiler error)
FAIL: gcc.target/i386/pr59501-5.c (test for excess errors)
UNRESOLVED: gcc.target/i386/pr59501-5.c compilation failed to produce executable

                === gcc Summary for unix//-m32 ===

# of expected passes            107820
# of unexpected failures        481
# of expected failures          252
# of unresolved testcases       232
# of unsupported tests          2710

Running target unix//-m64
UNRESOLVED: gcc.dg/tree-prof/peel-1.c scan-rtl-dump loop2_unroll "Considering simply peeling loop"
FAIL: gcc.target/i386/pr56114.c (test for excess errors)

                === gcc Summary for unix//-m64 ===

# of expected passes            109296
# of unexpected failures        1
# of expected failures          254
# of unresolved testcases       1
# of unsupported tests          2931

                === gcc Summary ===

# of expected passes            217116
# of unexpected failures        482
# of expected failures          506
# of unresolved testcases       233
# of unsupported tests          5641
/home/jenkins/workspace/GCCupstream/objdir/gcc/xgcc  version 5.0.0 20141120 (experimental) (GCC)

                === gfortran tests ===


Running target unix//-m32
FAIL: gfortran.dg/erf_3.F90   -O0  execution test
FAIL: gfortran.dg/erf_3.F90   -O1  execution test
FAIL: gfortran.dg/erf_3.F90   -O2  execution test
FAIL: gfortran.dg/erf_3.F90   -O3 -fomit-frame-pointer  execution test
FAIL: gfortran.dg/erf_3.F90   -O3 -fomit-frame-pointer -funroll-all-loops -finline-functions  execution test
FAIL: gfortran.dg/erf_3.F90   -O3 -fomit-frame-pointer -funroll-loops  execution test
FAIL: gfortran.dg/erf_3.F90   -O3 -g  execution test
FAIL: gfortran.dg/erf_3.F90   -Os  execution test

                === gfortran Summary for unix//-m32 ===

# of expected passes            46457
# of unexpected failures        8
# of expected failures          42
# of unsupported tests          221

Running target unix//-m64

                === gfortran Summary for unix//-m64 ===

# of expected passes            46754
# of expected failures          42
# of unsupported tests          81

                === gfortran Summary ===

# of expected passes            93211
# of unexpected failures        8
# of expected failures          84
# of unsupported tests          302
/home/jenkins/workspace/GCCupstream/objdir/gcc/testsuite/gfortran/../../gfortran  version 5.0.0 20141120 (experimental) (GCC)

                === g++ tests ===


Running target unix//-m32
FAIL: g++.dg/other/anon5.C  -std=gnu++11 (test for excess errors)
FAIL: g++.dg/other/anon5.C  -std=gnu++14 (test for excess errors)
FAIL: g++.dg/other/anon5.C  -std=gnu++98 (test for excess errors)
FAIL: g++.dg/other/pr59492.C  -std=gnu++11 (test for excess errors)
FAIL: g++.dg/other/pr59492.C  -std=gnu++14 (test for excess errors)
FAIL: g++.dg/other/pr59492.C  -std=gnu++98 (test for excess errors)
FAIL: g++.dg/torture/stackalign/unwind-3.C   -O0  (internal compiler error)
FAIL: g++.dg/torture/stackalign/unwind-3.C   -O0  (test for excess errors)
UNRESOLVED: g++.dg/torture/stackalign/unwind-3.C   -O0  compilation failed to produce executable

                === g++ Summary for unix//-m32 ===

# of expected passes            88942
# of unexpected failures        8
# of expected failures          246
# of unresolved testcases       1
# of unsupported tests          3213

Running target unix//-m64
FAIL: g++.dg/other/anon5.C  -std=gnu++11 (test for excess errors)
FAIL: g++.dg/other/anon5.C  -std=gnu++14 (test for excess errors)
FAIL: g++.dg/other/anon5.C  -std=gnu++98 (test for excess errors)

                === g++ Summary for unix//-m64 ===

# of expected passes            90467
# of unexpected failures        3
# of expected failures          246
# of unsupported tests          3473

                === g++ Summary ===

# of expected passes            179409
# of unexpected failures        11
# of expected failures          492
# of unresolved testcases       1
# of unsupported tests          6686
/home/jenkins/workspace/GCCupstream/objdir/gcc/testsuite/g++/../../xg++  version 5.0.0 20141120 (experimental) (GCC)

                === objc tests ===


Running target unix//-m32

                === objc Summary for unix//-m32 ===

# of expected passes            3004
# of expected failures          6
# of unsupported tests          74

Running target unix//-m64

                === objc Summary for unix//-m64 ===

# of expected passes            3004
# of expected failures          6
# of unsupported tests          74

                === objc Summary ===

# of expected passes            6008
# of expected failures          12
# of unsupported tests          148
/home/jenkins/workspace/GCCupstream/objdir/gcc/xgcc  version 5.0.0 20141120 (experimental) (GCC)

                === boehm-gc tests ===


Running target unix//-m32

                === boehm-gc Summary for unix//-m32 ===

# of expected passes            12
# of unsupported tests          1

Running target unix//-m64

                === boehm-gc Summary for unix//-m64 ===

# of expected passes            12
# of unsupported tests          1

                === boehm-gc Summary ===

# of expected passes            24
# of unsupported tests          2
                === libatomic tests ===


Running target unix//-m32

                === libatomic Summary for unix//-m32 ===

# of expected passes            44
# of unsupported tests          5

Running target unix//-m64

                === libatomic Summary for unix//-m64 ===

# of expected passes            54

                === libatomic Summary ===

# of expected passes            98
# of unsupported tests          5
                === libffi tests ===


Running target unix//-m32

                === libffi Summary for unix//-m32 ===

# of expected passes            1819
# of unsupported tests          55

Running target unix//-m64

                === libffi Summary for unix//-m64 ===

# of expected passes            1819
# of unsupported tests          55

                === libffi Summary ===

# of expected passes            3638
# of unsupported tests          110
                === libgomp tests ===


Running target unix//-m32

                === libgomp Summary for unix//-m32 ===

# of expected passes            3612
# of unsupported tests          108

Running target unix//-m64

                === libgomp Summary for unix//-m64 ===

# of expected passes            3612
# of unsupported tests          108

                === libgomp Summary ===

# of expected passes            7224
# of unsupported tests          216
                === libitm tests ===


Running target unix//-m32

                === libitm Summary for unix//-m32 ===

# of expected passes            26
# of expected failures          3
# of unsupported tests          1

Running target unix//-m64

                === libitm Summary for unix//-m64 ===

# of expected passes            26
# of expected failures          3
# of unsupported tests          1

                === libitm Summary ===

# of expected passes            52
# of expected failures          6
# of unsupported tests          2
                === libjava tests ===


Running target unix//-m32

                === libjava Summary for unix//-m32 ===

# of expected passes            2582
# of expected failures          4

Running target unix//-m64

                === libjava Summary for unix//-m64 ===

# of expected passes            2582
# of expected failures          4

                === libjava Summary ===

# of expected passes            5164
# of expected failures          8
                === libstdc++ tests ===


Running target unix//-m32

                === libstdc++ Summary for unix//-m32 ===

# of expected passes            9594
# of expected failures          68
# of unsupported tests          539

Running target unix//-m64

                === libstdc++ Summary for unix//-m64 ===

# of expected passes            9586
# of expected failures          68
# of unsupported tests          543

                === libstdc++ Summary ===

# of expected passes            19180
# of expected failures          136
# of unsupported tests          1082

Compiler version: 5.0.0 20141120 (experimental) (GCC)
Platform: x86_64-unknown-linux-gnu
configure flags: --prefix=/home/jenkins/workspace/GCCupstream/objdir/install


Index Nav: [Date Index] [Subject Index] [Author Index] [Thread Index]
Message Nav: [Date Prev] [Date Next] [Thread Prev] [Thread Next]