This is the mail archive of the gcc-testresults@gcc.gnu.org mailing list for the GCC project.


Index Nav: [Date Index] [Subject Index] [Author Index] [Thread Index]
Message Nav: [Date Prev] [Date Next] [Thread Prev] [Thread Next]
Other format: [Raw text]

Results for 5.0.0 20141119 (experimental) [trunk revision 217790] (GCC) testsuite on i686-pc-linux-gnu


LAST_UPDATED: Wed Nov 19 19:40:09 UTC 2014 (revision 217790)

Native configuration is i686-pc-linux-gnu

		=== gcc tests ===


Running target sde-sim
FAIL: gcc.target/i386/avx512er-vexp2pd-2.c (internal compiler error)
FAIL: gcc.target/i386/avx512er-vexp2pd-2.c (test for excess errors)
UNRESOLVED: gcc.target/i386/avx512er-vexp2pd-2.c compilation failed to produce executable
FAIL: gcc.target/i386/avx512er-vexp2ps-2.c (internal compiler error)
FAIL: gcc.target/i386/avx512er-vexp2ps-2.c (test for excess errors)
UNRESOLVED: gcc.target/i386/avx512er-vexp2ps-2.c compilation failed to produce executable
FAIL: gcc.target/i386/avx512er-vrcp28pd-2.c (internal compiler error)
FAIL: gcc.target/i386/avx512er-vrcp28pd-2.c (test for excess errors)
UNRESOLVED: gcc.target/i386/avx512er-vrcp28pd-2.c compilation failed to produce executable
FAIL: gcc.target/i386/avx512er-vrcp28ps-2.c (internal compiler error)
FAIL: gcc.target/i386/avx512er-vrcp28ps-2.c (test for excess errors)
UNRESOLVED: gcc.target/i386/avx512er-vrcp28ps-2.c compilation failed to produce executable
FAIL: gcc.target/i386/avx512er-vrsqrt28pd-2.c (internal compiler error)
FAIL: gcc.target/i386/avx512er-vrsqrt28pd-2.c (test for excess errors)
UNRESOLVED: gcc.target/i386/avx512er-vrsqrt28pd-2.c compilation failed to produce executable
FAIL: gcc.target/i386/avx512er-vrsqrt28ps-2.c (internal compiler error)
FAIL: gcc.target/i386/avx512er-vrsqrt28ps-2.c (test for excess errors)
UNRESOLVED: gcc.target/i386/avx512er-vrsqrt28ps-2.c compilation failed to produce executable
FAIL: gcc.target/i386/avx512f-broadcast-gpr-2.c (internal compiler error)
FAIL: gcc.target/i386/avx512f-broadcast-gpr-2.c (test for excess errors)
UNRESOLVED: gcc.target/i386/avx512f-broadcast-gpr-2.c compilation failed to produce executable
FAIL: gcc.target/i386/avx512f-ceil-sfix-vec-1.c (internal compiler error)
FAIL: gcc.target/i386/avx512f-ceil-sfix-vec-1.c (test for excess errors)
UNRESOLVED: gcc.target/i386/avx512f-ceil-sfix-vec-1.c compilation failed to produce executable
FAIL: gcc.target/i386/avx512f-ceil-sfix-vec-2.c (internal compiler error)
FAIL: gcc.target/i386/avx512f-ceil-sfix-vec-2.c (test for excess errors)
UNRESOLVED: gcc.target/i386/avx512f-ceil-sfix-vec-2.c scan-assembler vcvttpd2dq[^\\n]*zmm[0-9]
UNRESOLVED: gcc.target/i386/avx512f-ceil-sfix-vec-2.c scan-assembler vrndscalepd[^\\n]*zmm[0-9]
FAIL: gcc.target/i386/avx512f-dummy.c (internal compiler error)
FAIL: gcc.target/i386/avx512f-dummy.c (test for excess errors)
UNRESOLVED: gcc.target/i386/avx512f-dummy.c compilation failed to produce executable
FAIL: gcc.target/i386/avx512f-floor-sfix-vec-1.c (internal compiler error)
FAIL: gcc.target/i386/avx512f-floor-sfix-vec-1.c (test for excess errors)
UNRESOLVED: gcc.target/i386/avx512f-floor-sfix-vec-1.c compilation failed to produce executable
FAIL: gcc.target/i386/avx512f-floor-sfix-vec-2.c (internal compiler error)
FAIL: gcc.target/i386/avx512f-floor-sfix-vec-2.c (test for excess errors)
UNRESOLVED: gcc.target/i386/avx512f-floor-sfix-vec-2.c scan-assembler vcvttpd2dq[^\\n]*zmm[0-9]
UNRESOLVED: gcc.target/i386/avx512f-floor-sfix-vec-2.c scan-assembler vrndscalepd[^\\n]*zmm[0-9]
FAIL: gcc.target/i386/avx512f-gather-4.c (internal compiler error)
FAIL: gcc.target/i386/avx512f-gather-4.c (test for excess errors)
UNRESOLVED: gcc.target/i386/avx512f-gather-4.c compilation failed to produce executable
FAIL: gcc.target/i386/avx512f-gather-5.c (internal compiler error)
FAIL: gcc.target/i386/avx512f-gather-5.c (test for excess errors)
UNRESOLVED: gcc.target/i386/avx512f-gather-5.c scan-assembler gather[^\\n]*zmm
UNRESOLVED: gcc.target/i386/avx512f-gather-5.c scan-assembler-not gather[^\\n]*xmm[^\\n]*xmm
UNRESOLVED: gcc.target/i386/avx512f-gather-5.c scan-assembler-not gather[^\\n]*xmm[^\\n]*ymm
UNRESOLVED: gcc.target/i386/avx512f-gather-5.c scan-assembler-not gather[^\\n]*ymm[^\\n]*xmm
UNRESOLVED: gcc.target/i386/avx512f-gather-5.c scan-assembler-not gather[^\\n]*ymm[^\\n]*ymm
FAIL: gcc.target/i386/avx512f-i32gatherd512-2.c (internal compiler error)
FAIL: gcc.target/i386/avx512f-i32gatherd512-2.c (test for excess errors)
UNRESOLVED: gcc.target/i386/avx512f-i32gatherd512-2.c compilation failed to produce executable
FAIL: gcc.target/i386/avx512f-i32gatherpd512-2.c (internal compiler error)
FAIL: gcc.target/i386/avx512f-i32gatherpd512-2.c (test for excess errors)
UNRESOLVED: gcc.target/i386/avx512f-i32gatherpd512-2.c compilation failed to produce executable
FAIL: gcc.target/i386/avx512f-i32gatherps512-2.c (internal compiler error)
FAIL: gcc.target/i386/avx512f-i32gatherps512-2.c (test for excess errors)
UNRESOLVED: gcc.target/i386/avx512f-i32gatherps512-2.c compilation failed to produce executable
FAIL: gcc.target/i386/avx512f-i32gatherq512-2.c (internal compiler error)
FAIL: gcc.target/i386/avx512f-i32gatherq512-2.c (test for excess errors)
UNRESOLVED: gcc.target/i386/avx512f-i32gatherq512-2.c compilation failed to produce executable
FAIL: gcc.target/i386/avx512f-i32scatterd512-2.c (internal compiler error)
FAIL: gcc.target/i386/avx512f-i32scatterd512-2.c (test for excess errors)
UNRESOLVED: gcc.target/i386/avx512f-i32scatterd512-2.c compilation failed to produce executable
FAIL: gcc.target/i386/avx512f-i32scatterpd512-2.c (internal compiler error)
FAIL: gcc.target/i386/avx512f-i32scatterpd512-2.c (test for excess errors)
UNRESOLVED: gcc.target/i386/avx512f-i32scatterpd512-2.c compilation failed to produce executable
FAIL: gcc.target/i386/avx512f-i32scatterps512-2.c (internal compiler error)
FAIL: gcc.target/i386/avx512f-i32scatterps512-2.c (test for excess errors)
UNRESOLVED: gcc.target/i386/avx512f-i32scatterps512-2.c compilation failed to produce executable
FAIL: gcc.target/i386/avx512f-i32scatterq512-2.c (internal compiler error)
FAIL: gcc.target/i386/avx512f-i32scatterq512-2.c (test for excess errors)
UNRESOLVED: gcc.target/i386/avx512f-i32scatterq512-2.c compilation failed to produce executable
FAIL: gcc.target/i386/avx512f-i64gatherd512-2.c (internal compiler error)
FAIL: gcc.target/i386/avx512f-i64gatherd512-2.c (test for excess errors)
UNRESOLVED: gcc.target/i386/avx512f-i64gatherd512-2.c compilation failed to produce executable
FAIL: gcc.target/i386/avx512f-i64gatherpd512-2.c (internal compiler error)
FAIL: gcc.target/i386/avx512f-i64gatherpd512-2.c (test for excess errors)
UNRESOLVED: gcc.target/i386/avx512f-i64gatherpd512-2.c compilation failed to produce executable
FAIL: gcc.target/i386/avx512f-i64gatherps512-2.c (internal compiler error)
FAIL: gcc.target/i386/avx512f-i64gatherps512-2.c (test for excess errors)
UNRESOLVED: gcc.target/i386/avx512f-i64gatherps512-2.c compilation failed to produce executable
FAIL: gcc.target/i386/avx512f-i64gatherq512-2.c (internal compiler error)
FAIL: gcc.target/i386/avx512f-i64gatherq512-2.c (test for excess errors)
UNRESOLVED: gcc.target/i386/avx512f-i64gatherq512-2.c compilation failed to produce executable
FAIL: gcc.target/i386/avx512f-i64scatterd512-2.c (internal compiler error)
FAIL: gcc.target/i386/avx512f-i64scatterd512-2.c (test for excess errors)
UNRESOLVED: gcc.target/i386/avx512f-i64scatterd512-2.c compilation failed to produce executable
FAIL: gcc.target/i386/avx512f-i64scatterpd512-2.c (internal compiler error)
FAIL: gcc.target/i386/avx512f-i64scatterpd512-2.c (test for excess errors)
UNRESOLVED: gcc.target/i386/avx512f-i64scatterpd512-2.c compilation failed to produce executable
FAIL: gcc.target/i386/avx512f-i64scatterps512-2.c (internal compiler error)
FAIL: gcc.target/i386/avx512f-i64scatterps512-2.c (test for excess errors)
UNRESOLVED: gcc.target/i386/avx512f-i64scatterps512-2.c compilation failed to produce executable
FAIL: gcc.target/i386/avx512f-i64scatterq512-2.c (internal compiler error)
FAIL: gcc.target/i386/avx512f-i64scatterq512-2.c (test for excess errors)
UNRESOLVED: gcc.target/i386/avx512f-i64scatterq512-2.c compilation failed to produce executable
FAIL: gcc.target/i386/avx512f-inline-asm.c (internal compiler error)
FAIL: gcc.target/i386/avx512f-inline-asm.c (test for excess errors)
UNRESOLVED: gcc.target/i386/avx512f-inline-asm.c compilation failed to produce executable
FAIL: gcc.target/i386/avx512f-klogic-2.c (internal compiler error)
FAIL: gcc.target/i386/avx512f-klogic-2.c (test for excess errors)
UNRESOLVED: gcc.target/i386/avx512f-klogic-2.c compilation failed to produce executable
FAIL: gcc.target/i386/avx512f-set-v16sf-1.c (internal compiler error)
FAIL: gcc.target/i386/avx512f-set-v16sf-1.c (test for excess errors)
UNRESOLVED: gcc.target/i386/avx512f-set-v16sf-1.c compilation failed to produce executable
FAIL: gcc.target/i386/avx512f-set-v16sf-2.c (internal compiler error)
FAIL: gcc.target/i386/avx512f-set-v16sf-2.c (test for excess errors)
UNRESOLVED: gcc.target/i386/avx512f-set-v16sf-2.c compilation failed to produce executable
FAIL: gcc.target/i386/avx512f-set-v16sf-3.c (internal compiler error)
FAIL: gcc.target/i386/avx512f-set-v16sf-3.c (test for excess errors)
UNRESOLVED: gcc.target/i386/avx512f-set-v16sf-3.c compilation failed to produce executable
FAIL: gcc.target/i386/avx512f-set-v16sf-4.c (internal compiler error)
FAIL: gcc.target/i386/avx512f-set-v16sf-4.c (test for excess errors)
UNRESOLVED: gcc.target/i386/avx512f-set-v16sf-4.c compilation failed to produce executable
FAIL: gcc.target/i386/avx512f-set-v16sf-5.c (internal compiler error)
FAIL: gcc.target/i386/avx512f-set-v16sf-5.c (test for excess errors)
UNRESOLVED: gcc.target/i386/avx512f-set-v16sf-5.c compilation failed to produce executable
FAIL: gcc.target/i386/avx512f-set-v16si-1.c (internal compiler error)
FAIL: gcc.target/i386/avx512f-set-v16si-1.c (test for excess errors)
UNRESOLVED: gcc.target/i386/avx512f-set-v16si-1.c compilation failed to produce executable
FAIL: gcc.target/i386/avx512f-set-v16si-2.c (internal compiler error)
FAIL: gcc.target/i386/avx512f-set-v16si-2.c (test for excess errors)
UNRESOLVED: gcc.target/i386/avx512f-set-v16si-2.c compilation failed to produce executable
FAIL: gcc.target/i386/avx512f-set-v16si-3.c (internal compiler error)
FAIL: gcc.target/i386/avx512f-set-v16si-3.c (test for excess errors)
UNRESOLVED: gcc.target/i386/avx512f-set-v16si-3.c compilation failed to produce executable
FAIL: gcc.target/i386/avx512f-set-v16si-4.c (internal compiler error)
FAIL: gcc.target/i386/avx512f-set-v16si-4.c (test for excess errors)
UNRESOLVED: gcc.target/i386/avx512f-set-v16si-4.c compilation failed to produce executable
FAIL: gcc.target/i386/avx512f-set-v16si-5.c (internal compiler error)
FAIL: gcc.target/i386/avx512f-set-v16si-5.c (test for excess errors)
UNRESOLVED: gcc.target/i386/avx512f-set-v16si-5.c compilation failed to produce executable
FAIL: gcc.target/i386/avx512f-set-v8df-1.c (internal compiler error)
FAIL: gcc.target/i386/avx512f-set-v8df-1.c (test for excess errors)
UNRESOLVED: gcc.target/i386/avx512f-set-v8df-1.c compilation failed to produce executable
FAIL: gcc.target/i386/avx512f-set-v8df-2.c (internal compiler error)
FAIL: gcc.target/i386/avx512f-set-v8df-2.c (test for excess errors)
UNRESOLVED: gcc.target/i386/avx512f-set-v8df-2.c compilation failed to produce executable
FAIL: gcc.target/i386/avx512f-set-v8df-3.c (internal compiler error)
FAIL: gcc.target/i386/avx512f-set-v8df-3.c (test for excess errors)
UNRESOLVED: gcc.target/i386/avx512f-set-v8df-3.c compilation failed to produce executable
FAIL: gcc.target/i386/avx512f-set-v8df-4.c (internal compiler error)
FAIL: gcc.target/i386/avx512f-set-v8df-4.c (test for excess errors)
UNRESOLVED: gcc.target/i386/avx512f-set-v8df-4.c compilation failed to produce executable
FAIL: gcc.target/i386/avx512f-set-v8df-5.c (internal compiler error)
FAIL: gcc.target/i386/avx512f-set-v8df-5.c (test for excess errors)
UNRESOLVED: gcc.target/i386/avx512f-set-v8df-5.c compilation failed to produce executable
FAIL: gcc.target/i386/avx512f-set-v8di-1.c (internal compiler error)
FAIL: gcc.target/i386/avx512f-set-v8di-1.c (test for excess errors)
UNRESOLVED: gcc.target/i386/avx512f-set-v8di-1.c compilation failed to produce executable
FAIL: gcc.target/i386/avx512f-set-v8di-2.c (internal compiler error)
FAIL: gcc.target/i386/avx512f-set-v8di-2.c (test for excess errors)
UNRESOLVED: gcc.target/i386/avx512f-set-v8di-2.c compilation failed to produce executable
FAIL: gcc.target/i386/avx512f-set-v8di-3.c (internal compiler error)
FAIL: gcc.target/i386/avx512f-set-v8di-3.c (test for excess errors)
UNRESOLVED: gcc.target/i386/avx512f-set-v8di-3.c compilation failed to produce executable
FAIL: gcc.target/i386/avx512f-set-v8di-4.c (internal compiler error)
FAIL: gcc.target/i386/avx512f-set-v8di-4.c (test for excess errors)
UNRESOLVED: gcc.target/i386/avx512f-set-v8di-4.c compilation failed to produce executable
FAIL: gcc.target/i386/avx512f-set-v8di-5.c (internal compiler error)
FAIL: gcc.target/i386/avx512f-set-v8di-5.c (test for excess errors)
UNRESOLVED: gcc.target/i386/avx512f-set-v8di-5.c compilation failed to produce executable
FAIL: gcc.target/i386/avx512f-setzero-pd-1.c (internal compiler error)
FAIL: gcc.target/i386/avx512f-setzero-pd-1.c (test for excess errors)
UNRESOLVED: gcc.target/i386/avx512f-setzero-pd-1.c compilation failed to produce executable
FAIL: gcc.target/i386/avx512f-setzero-ps-1.c (internal compiler error)
FAIL: gcc.target/i386/avx512f-setzero-ps-1.c (test for excess errors)
UNRESOLVED: gcc.target/i386/avx512f-setzero-ps-1.c compilation failed to produce executable
FAIL: gcc.target/i386/avx512f-setzero-si512-1.c (internal compiler error)
FAIL: gcc.target/i386/avx512f-setzero-si512-1.c (test for excess errors)
UNRESOLVED: gcc.target/i386/avx512f-setzero-si512-1.c compilation failed to produce executable
FAIL: gcc.target/i386/avx512f-typecast-1.c (internal compiler error)
FAIL: gcc.target/i386/avx512f-typecast-1.c (test for excess errors)
UNRESOLVED: gcc.target/i386/avx512f-typecast-1.c compilation failed to produce executable
FAIL: gcc.target/i386/avx512f-vextractf64x4-2.c (internal compiler error)
FAIL: gcc.target/i386/avx512f-vextractf64x4-2.c (test for excess errors)
UNRESOLVED: gcc.target/i386/avx512f-vextractf64x4-2.c compilation failed to produce executable
FAIL: gcc.target/i386/avx512f-vextracti64x4-2.c (internal compiler error)
FAIL: gcc.target/i386/avx512f-vextracti64x4-2.c (test for excess errors)
UNRESOLVED: gcc.target/i386/avx512f-vextracti64x4-2.c compilation failed to produce executable
FAIL: gcc.target/i386/avx512f-vinsertf64x4-2.c (internal compiler error)
FAIL: gcc.target/i386/avx512f-vinsertf64x4-2.c (test for excess errors)
UNRESOLVED: gcc.target/i386/avx512f-vinsertf64x4-2.c compilation failed to produce executable
FAIL: gcc.target/i386/avx512f-vinserti64x4-2.c (internal compiler error)
FAIL: gcc.target/i386/avx512f-vinserti64x4-2.c (test for excess errors)
UNRESOLVED: gcc.target/i386/avx512f-vinserti64x4-2.c compilation failed to produce executable
FAIL: gcc.target/i386/avx512f-vmovntdq-2.c (internal compiler error)
FAIL: gcc.target/i386/avx512f-vmovntdq-2.c (test for excess errors)
UNRESOLVED: gcc.target/i386/avx512f-vmovntdq-2.c compilation failed to produce executable
FAIL: gcc.target/i386/avx512f-vmovntdqa-2.c (internal compiler error)
FAIL: gcc.target/i386/avx512f-vmovntdqa-2.c (test for excess errors)
UNRESOLVED: gcc.target/i386/avx512f-vmovntdqa-2.c compilation failed to produce executable
FAIL: gcc.target/i386/avx512f-vmovntpd-2.c (internal compiler error)
FAIL: gcc.target/i386/avx512f-vmovntpd-2.c (test for excess errors)
UNRESOLVED: gcc.target/i386/avx512f-vmovntpd-2.c compilation failed to produce executable
FAIL: gcc.target/i386/avx512f-vmovntps-2.c (internal compiler error)
FAIL: gcc.target/i386/avx512f-vmovntps-2.c (test for excess errors)
UNRESOLVED: gcc.target/i386/avx512f-vmovntps-2.c compilation failed to produce executable
FAIL: gcc.target/i386/avx512f-vpsllvq512-2.c (internal compiler error)
FAIL: gcc.target/i386/avx512f-vpsllvq512-2.c (test for excess errors)
UNRESOLVED: gcc.target/i386/avx512f-vpsllvq512-2.c compilation failed to produce executable
FAIL: gcc.target/i386/avx512f-vpsravq512-2.c (internal compiler error)
FAIL: gcc.target/i386/avx512f-vpsravq512-2.c (test for excess errors)
UNRESOLVED: gcc.target/i386/avx512f-vpsravq512-2.c compilation failed to produce executable
FAIL: gcc.target/i386/avx512f-vpsrlvq512-2.c (internal compiler error)
FAIL: gcc.target/i386/avx512f-vpsrlvq512-2.c (test for excess errors)
UNRESOLVED: gcc.target/i386/avx512f-vpsrlvq512-2.c compilation failed to produce executable

		=== gcc Summary ===

# of expected passes		4755
# of unexpected failures	134
# of expected failures		4
# of unresolved testcases	73
# of unsupported tests		527
/nightly/gcc.svn/test-intel32corei7avx512/gcc-build-trunk/bld/gcc/xgcc  version 5.0.0 20141119 (experimental) [trunk revision 217790] (GCC) 

		=== gfortran tests ===


Running target sde-sim

		=== gfortran Summary ===

/nightly/gcc.svn/test-intel32corei7avx512/gcc-build-trunk/bld/gcc/testsuite/gfortran/../../gfortran  version 5.0.0 20141119 (experimental) [trunk revision 217790] (GCC) 

		=== g++ tests ===


Running target sde-sim

		=== g++ Summary ===

/nightly/gcc.svn/test-intel32corei7avx512/gcc-build-trunk/bld/gcc/testsuite/g++/../../xg++  version 5.0.0 20141119 (experimental) [trunk revision 217790] (GCC) 

		=== objc tests ===


Running target sde-sim

		=== objc Summary ===

/nightly/gcc.svn/test-intel32corei7avx512/gcc-build-trunk/bld/gcc/xgcc  version 5.0.0 20141119 (experimental) [trunk revision 217790] (GCC) 

		=== boehm-gc tests ===


Running target sde-sim

		=== boehm-gc Summary ===

		=== libatomic tests ===


Running target sde-sim

		=== libatomic Summary ===

		=== libffi tests ===


Running target sde-sim

		=== libffi Summary ===

		=== libgomp tests ===


Running target sde-sim

		=== libgomp Summary ===

		=== libitm tests ===


Running target sde-sim

		=== libitm Summary ===

		=== libjava tests ===


Running target sde-sim

		=== libjava Summary ===

		=== libstdc++ tests ===


Running target sde-sim

		=== libstdc++ Summary ===


Compiler version: 5.0.0 20141119 (experimental) [trunk revision 217790] (GCC) 
Platform: i686-pc-linux-gnu
configure flags: --prefix=/usr/local --enable-clocale=gnu --with-system-zlib --enable-shared --with-demangler-in-ld --enable-cloog-backend=isl --with-ppl=/opt/gnu --with-cloog=/opt/gnu i686-linux --with-fpmath=sse --enable-languages=c,c++,fortran,java,lto,objc


Index Nav: [Date Index] [Subject Index] [Author Index] [Thread Index]
Message Nav: [Date Prev] [Date Next] [Thread Prev] [Thread Next]