This is the mail archive of the gcc-testresults@gcc.gnu.org mailing list for the GCC project.


Index Nav: [Date Index] [Subject Index] [Author Index] [Thread Index]
Message Nav: [Date Prev] [Date Next] [Thread Prev] [Thread Next]
Other format: [Raw text]

Results for 5.0.0 20141119 (experimental) [trunk revision 217783] (GCC) testsuite on x86_64-unknown-linux-gnu


Native configuration is x86_64-unknown-linux-gnu

		=== gcc tests ===


Running target unix
XPASS: gcc.dg/guality/example.c   -O0  execution test
XPASS: gcc.dg/guality/example.c   -O1  execution test
XPASS: gcc.dg/guality/example.c   -O2  execution test
XPASS: gcc.dg/guality/example.c   -O2 -flto -fno-use-linker-plugin -flto-partition=none  execution test
XPASS: gcc.dg/guality/guality.c   -O0  execution test
XPASS: gcc.dg/guality/guality.c   -O1  execution test
XPASS: gcc.dg/guality/guality.c   -O2  execution test
XPASS: gcc.dg/guality/guality.c   -O2 -flto -fno-use-linker-plugin -flto-partition=none  execution test
XPASS: gcc.dg/guality/guality.c   -O2 -flto -fuse-linker-plugin -fno-fat-lto-objects  execution test
XPASS: gcc.dg/guality/guality.c   -O3 -fomit-frame-pointer  execution test
XPASS: gcc.dg/guality/guality.c   -O3 -g  execution test
XPASS: gcc.dg/guality/guality.c   -Os  execution test
XPASS: gcc.dg/guality/inline-params.c   -O2  execution test
XPASS: gcc.dg/guality/inline-params.c   -O2 -flto -fno-use-linker-plugin -flto-partition=none  execution test
XPASS: gcc.dg/guality/inline-params.c   -O3 -fomit-frame-pointer  execution test
XPASS: gcc.dg/guality/inline-params.c   -O3 -g  execution test
XPASS: gcc.dg/guality/inline-params.c   -Os  execution test
XPASS: gcc.dg/guality/pr41353-1.c   -O0  line 28 j == 28 + 37
XPASS: gcc.dg/guality/pr41447-1.c   -O0  execution test
XPASS: gcc.dg/guality/pr41447-1.c   -O1  execution test
XPASS: gcc.dg/guality/pr41447-1.c   -O2  execution test
XPASS: gcc.dg/guality/pr41447-1.c   -O2 -flto -fno-use-linker-plugin -flto-partition=none  execution test
XPASS: gcc.dg/guality/pr41447-1.c   -O2 -flto -fuse-linker-plugin -fno-fat-lto-objects  execution test
XPASS: gcc.dg/guality/pr41447-1.c   -O3 -fomit-frame-pointer  execution test
XPASS: gcc.dg/guality/pr41447-1.c   -O3 -g  execution test
XPASS: gcc.dg/guality/pr41447-1.c   -Os  execution test
XPASS: gcc.dg/guality/pr41616-1.c   -O0  execution test
XPASS: gcc.dg/guality/pr41616-1.c   -O1  execution test
XPASS: gcc.dg/guality/pr41616-1.c   -O2  execution test
XPASS: gcc.dg/guality/pr41616-1.c   -O2 -flto -fno-use-linker-plugin -flto-partition=none  execution test
XPASS: gcc.dg/guality/pr41616-1.c   -O3 -fomit-frame-pointer  execution test
XPASS: gcc.dg/guality/pr41616-1.c   -O3 -g  execution test
XPASS: gcc.dg/guality/pr41616-1.c   -Os  execution test
FAIL: gcc.dg/guality/pr43051-1.c   -O2  line 35 v == 1
FAIL: gcc.dg/guality/pr43051-1.c   -O2  line 36 e == &a[1]
FAIL: gcc.dg/guality/pr43051-1.c   -O2  line 39 c == &a[0]
FAIL: gcc.dg/guality/pr43051-1.c   -O2  line 40 v == 1
FAIL: gcc.dg/guality/pr43051-1.c   -O2  line 41 e == &a[1]
FAIL: gcc.dg/guality/pr43051-1.c   -O2 -flto -fno-use-linker-plugin -flto-partition=none  line 35 v == 1
FAIL: gcc.dg/guality/pr43051-1.c   -O2 -flto -fno-use-linker-plugin -flto-partition=none  line 36 e == &a[1]
FAIL: gcc.dg/guality/pr43051-1.c   -O2 -flto -fno-use-linker-plugin -flto-partition=none  line 39 c == &a[0]
FAIL: gcc.dg/guality/pr43051-1.c   -O2 -flto -fno-use-linker-plugin -flto-partition=none  line 40 v == 1
FAIL: gcc.dg/guality/pr43051-1.c   -O2 -flto -fno-use-linker-plugin -flto-partition=none  line 41 e == &a[1]
FAIL: gcc.dg/guality/pr43051-1.c   -O2 -flto -fuse-linker-plugin -fno-fat-lto-objects  line 35 v == 1
FAIL: gcc.dg/guality/pr43051-1.c   -O2 -flto -fuse-linker-plugin -fno-fat-lto-objects  line 36 e == &a[1]
FAIL: gcc.dg/guality/pr43051-1.c   -O2 -flto -fuse-linker-plugin -fno-fat-lto-objects  line 39 c == &a[0]
FAIL: gcc.dg/guality/pr43051-1.c   -O2 -flto -fuse-linker-plugin -fno-fat-lto-objects  line 40 v == 1
FAIL: gcc.dg/guality/pr43051-1.c   -O2 -flto -fuse-linker-plugin -fno-fat-lto-objects  line 41 e == &a[1]
FAIL: gcc.dg/guality/pr43051-1.c   -O3 -fomit-frame-pointer  line 35 v == 1
FAIL: gcc.dg/guality/pr43051-1.c   -O3 -fomit-frame-pointer  line 36 e == &a[1]
FAIL: gcc.dg/guality/pr43051-1.c   -O3 -fomit-frame-pointer  line 39 c == &a[0]
FAIL: gcc.dg/guality/pr43051-1.c   -O3 -fomit-frame-pointer  line 40 v == 1
FAIL: gcc.dg/guality/pr43051-1.c   -O3 -fomit-frame-pointer  line 41 e == &a[1]
FAIL: gcc.dg/guality/pr43051-1.c   -O3 -fomit-frame-pointer -funroll-all-loops -finline-functions  line 35 v == 1
FAIL: gcc.dg/guality/pr43051-1.c   -O3 -fomit-frame-pointer -funroll-all-loops -finline-functions  line 36 e == &a[1]
FAIL: gcc.dg/guality/pr43051-1.c   -O3 -fomit-frame-pointer -funroll-all-loops -finline-functions  line 39 c == &a[0]
FAIL: gcc.dg/guality/pr43051-1.c   -O3 -fomit-frame-pointer -funroll-all-loops -finline-functions  line 40 v == 1
FAIL: gcc.dg/guality/pr43051-1.c   -O3 -fomit-frame-pointer -funroll-all-loops -finline-functions  line 41 e == &a[1]
FAIL: gcc.dg/guality/pr43051-1.c   -O3 -fomit-frame-pointer -funroll-loops  line 35 v == 1
FAIL: gcc.dg/guality/pr43051-1.c   -O3 -fomit-frame-pointer -funroll-loops  line 36 e == &a[1]
FAIL: gcc.dg/guality/pr43051-1.c   -O3 -fomit-frame-pointer -funroll-loops  line 39 c == &a[0]
FAIL: gcc.dg/guality/pr43051-1.c   -O3 -fomit-frame-pointer -funroll-loops  line 40 v == 1
FAIL: gcc.dg/guality/pr43051-1.c   -O3 -fomit-frame-pointer -funroll-loops  line 41 e == &a[1]
FAIL: gcc.dg/guality/pr43051-1.c   -O3 -g  line 35 v == 1
FAIL: gcc.dg/guality/pr43051-1.c   -O3 -g  line 36 e == &a[1]
FAIL: gcc.dg/guality/pr43051-1.c   -O3 -g  line 39 c == &a[0]
FAIL: gcc.dg/guality/pr43051-1.c   -O3 -g  line 40 v == 1
FAIL: gcc.dg/guality/pr43051-1.c   -O3 -g  line 41 e == &a[1]
FAIL: gcc.dg/guality/pr43051-1.c   -Os  line 35 v == 1
FAIL: gcc.dg/guality/pr43051-1.c   -Os  line 36 e == &a[1]
FAIL: gcc.dg/guality/pr43051-1.c   -Os  line 39 c == &a[0]
FAIL: gcc.dg/guality/pr43051-1.c   -Os  line 40 v == 1
FAIL: gcc.dg/guality/pr43051-1.c   -Os  line 41 e == &a[1]
FAIL: gcc.dg/guality/pr43177.c   -O2  line 15 l == 10
FAIL: gcc.dg/guality/pr43177.c   -O2  line 15 x == 7
FAIL: gcc.dg/guality/pr43177.c   -O2  line 24 l == 10
FAIL: gcc.dg/guality/pr43177.c   -O2  line 24 x == 7
FAIL: gcc.dg/guality/pr43177.c   -O2 -flto -fno-use-linker-plugin -flto-partition=none  line 15 l == 10
FAIL: gcc.dg/guality/pr43177.c   -O2 -flto -fno-use-linker-plugin -flto-partition=none  line 15 x == 7
FAIL: gcc.dg/guality/pr43177.c   -O2 -flto -fno-use-linker-plugin -flto-partition=none  line 24 l == 10
FAIL: gcc.dg/guality/pr43177.c   -O2 -flto -fno-use-linker-plugin -flto-partition=none  line 24 x == 7
FAIL: gcc.dg/guality/pr43177.c   -O2 -flto -fuse-linker-plugin -fno-fat-lto-objects  line 15 l == 10
FAIL: gcc.dg/guality/pr43177.c   -O2 -flto -fuse-linker-plugin -fno-fat-lto-objects  line 15 x == 7
FAIL: gcc.dg/guality/pr43177.c   -O2 -flto -fuse-linker-plugin -fno-fat-lto-objects  line 24 l == 10
FAIL: gcc.dg/guality/pr43177.c   -O2 -flto -fuse-linker-plugin -fno-fat-lto-objects  line 24 x == 7
FAIL: gcc.dg/guality/pr43177.c   -O3 -fomit-frame-pointer  line 15 l == 10
FAIL: gcc.dg/guality/pr43177.c   -O3 -fomit-frame-pointer  line 15 x == 7
FAIL: gcc.dg/guality/pr43177.c   -O3 -fomit-frame-pointer  line 24 l == 10
FAIL: gcc.dg/guality/pr43177.c   -O3 -fomit-frame-pointer  line 24 x == 7
FAIL: gcc.dg/guality/pr43177.c   -O3 -g  line 15 l == 10
FAIL: gcc.dg/guality/pr43177.c   -O3 -g  line 15 x == 7
FAIL: gcc.dg/guality/pr43177.c   -O3 -g  line 24 l == 10
FAIL: gcc.dg/guality/pr43177.c   -O3 -g  line 24 x == 7
FAIL: gcc.dg/guality/pr43177.c   -Os  line 15 l == 10
FAIL: gcc.dg/guality/pr43177.c   -Os  line 15 x == 7
FAIL: gcc.dg/guality/pr43177.c   -Os  line 24 l == 10
FAIL: gcc.dg/guality/pr43177.c   -Os  line 24 x == 7
FAIL: gcc.dg/guality/pr43479.c   -O1  line 13 h == 9
FAIL: gcc.dg/guality/pr43479.c   -O1  line 18 h == 9
FAIL: gcc.dg/guality/pr43479.c   -O2  line 13 h == 9
FAIL: gcc.dg/guality/pr43479.c   -O2  line 18 h == 9
FAIL: gcc.dg/guality/pr43479.c   -O2 -flto -fno-use-linker-plugin -flto-partition=none  line 13 h == 9
FAIL: gcc.dg/guality/pr43479.c   -O2 -flto -fno-use-linker-plugin -flto-partition=none  line 18 h == 9
FAIL: gcc.dg/guality/pr43479.c   -O2 -flto -fuse-linker-plugin -fno-fat-lto-objects  line 13 h == 9
FAIL: gcc.dg/guality/pr43479.c   -O2 -flto -fuse-linker-plugin -fno-fat-lto-objects  line 18 h == 9
FAIL: gcc.dg/guality/pr43479.c   -O3 -fomit-frame-pointer  line 13 h == 9
FAIL: gcc.dg/guality/pr43479.c   -O3 -fomit-frame-pointer  line 18 h == 9
FAIL: gcc.dg/guality/pr43479.c   -O3 -g  line 13 h == 9
FAIL: gcc.dg/guality/pr43479.c   -O3 -g  line 18 h == 9
FAIL: gcc.dg/guality/pr43479.c   -Os  line 13 h == 9
FAIL: gcc.dg/guality/pr43479.c   -Os  line 18 h == 9
FAIL: gcc.dg/guality/pr45003-2.c   -O2 -flto -fuse-linker-plugin -fno-fat-lto-objects  line 10 a == 0x8078
FAIL: gcc.dg/guality/pr45882.c   -O2 -flto -fuse-linker-plugin -fno-fat-lto-objects  line 16 d == 112
FAIL: gcc.dg/guality/pr45882.c   -O2 -flto -fuse-linker-plugin -fno-fat-lto-objects  line 16 e == 142
FAIL: gcc.dg/guality/pr54200.c   -Os  line 20 z == 3
FAIL: gcc.dg/guality/pr54519-1.c   -O2 -flto -fno-use-linker-plugin -flto-partition=none  line 20 y == 25
FAIL: gcc.dg/guality/pr54519-1.c   -O2 -flto -fno-use-linker-plugin -flto-partition=none  line 20 z == 6
FAIL: gcc.dg/guality/pr54519-1.c   -O2 -flto -fno-use-linker-plugin -flto-partition=none  line 23 y == 117
FAIL: gcc.dg/guality/pr54519-1.c   -O2 -flto -fno-use-linker-plugin -flto-partition=none  line 23 z == 8
FAIL: gcc.dg/guality/pr54519-2.c   -O2 -flto -fno-use-linker-plugin -flto-partition=none  line 17 y == 25
FAIL: gcc.dg/guality/pr54519-2.c   -O2 -flto -fuse-linker-plugin -fno-fat-lto-objects  line 17 y == 25
FAIL: gcc.dg/guality/pr54519-3.c   -O2 -flto -fno-use-linker-plugin -flto-partition=none  line 20 y == 25
FAIL: gcc.dg/guality/pr54519-3.c   -O2 -flto -fno-use-linker-plugin -flto-partition=none  line 20 z == 6
FAIL: gcc.dg/guality/pr54519-3.c   -O2 -flto -fno-use-linker-plugin -flto-partition=none  line 23 y == 117
FAIL: gcc.dg/guality/pr54519-3.c   -O2 -flto -fno-use-linker-plugin -flto-partition=none  line 23 z == 8
FAIL: gcc.dg/guality/pr54519-3.c   -O2 -flto -fuse-linker-plugin -fno-fat-lto-objects  line 20 x == 36
FAIL: gcc.dg/guality/pr54519-3.c   -O2 -flto -fuse-linker-plugin -fno-fat-lto-objects  line 20 y == 25
FAIL: gcc.dg/guality/pr54519-3.c   -O2 -flto -fuse-linker-plugin -fno-fat-lto-objects  line 20 z == 6
FAIL: gcc.dg/guality/pr54519-3.c   -O2 -flto -fuse-linker-plugin -fno-fat-lto-objects  line 23 x == 98
FAIL: gcc.dg/guality/pr54519-3.c   -O2 -flto -fuse-linker-plugin -fno-fat-lto-objects  line 23 y == 117
FAIL: gcc.dg/guality/pr54519-3.c   -O2 -flto -fuse-linker-plugin -fno-fat-lto-objects  line 23 z == 8
FAIL: gcc.dg/guality/pr54519-4.c   -O2 -flto -fno-use-linker-plugin -flto-partition=none  line 17 y == 25
FAIL: gcc.dg/guality/pr54519-4.c   -O2 -flto -fuse-linker-plugin -fno-fat-lto-objects  line 17 x == 6
FAIL: gcc.dg/guality/pr54519-4.c   -O2 -flto -fuse-linker-plugin -fno-fat-lto-objects  line 17 y == 25
FAIL: gcc.dg/guality/pr54519-5.c   -O2 -flto -fno-use-linker-plugin -flto-partition=none  line 17 y == 25
FAIL: gcc.dg/guality/pr54519-5.c   -O2 -flto -fuse-linker-plugin -fno-fat-lto-objects  line 17 y == 25
FAIL: gcc.dg/guality/sra-1.c   -O2  line 43 a.i == 4
FAIL: gcc.dg/guality/sra-1.c   -O2  line 43 a.j == 14
FAIL: gcc.dg/guality/sra-1.c   -O2 -flto -fno-use-linker-plugin -flto-partition=none  line 21 a.i == 4
FAIL: gcc.dg/guality/sra-1.c   -O2 -flto -fno-use-linker-plugin -flto-partition=none  line 21 a.j == 14
FAIL: gcc.dg/guality/sra-1.c   -O2 -flto -fno-use-linker-plugin -flto-partition=none  line 43 a.i == 4
FAIL: gcc.dg/guality/sra-1.c   -O2 -flto -fno-use-linker-plugin -flto-partition=none  line 43 a.j == 14
FAIL: gcc.dg/guality/sra-1.c   -O2 -flto -fuse-linker-plugin -fno-fat-lto-objects  line 21 a.i == 4
FAIL: gcc.dg/guality/sra-1.c   -O2 -flto -fuse-linker-plugin -fno-fat-lto-objects  line 43 a.i == 4
FAIL: gcc.dg/guality/sra-1.c   -O3 -fomit-frame-pointer  line 43 a.i == 4
FAIL: gcc.dg/guality/sra-1.c   -O3 -fomit-frame-pointer  line 43 a.j == 14
FAIL: gcc.dg/guality/sra-1.c   -O3 -g  line 43 a.i == 4
FAIL: gcc.dg/guality/sra-1.c   -O3 -g  line 43 a.j == 14
FAIL: gcc.dg/guality/sra-1.c   -Os  line 43 a.i == 4
FAIL: gcc.dg/guality/sra-1.c   -Os  line 43 a.j == 14
FAIL: gcc.dg/guality/vla-2.c   -O2  line 25 sizeof (a) == 6 * sizeof (int)
FAIL: gcc.dg/guality/vla-2.c   -O2 -flto -fno-use-linker-plugin -flto-partition=none  line 25 sizeof (a) == 6 * sizeof (int)
FAIL: gcc.dg/guality/vla-2.c   -O2 -flto -fuse-linker-plugin -fno-fat-lto-objects  line 25 sizeof (a) == 6 * sizeof (int)
FAIL: gcc.dg/guality/vla-2.c   -O3 -fomit-frame-pointer  line 25 sizeof (a) == 6 * sizeof (int)
FAIL: gcc.dg/guality/vla-2.c   -O3 -g  line 25 sizeof (a) == 6 * sizeof (int)
FAIL: gcc.dg/guality/vla-2.c   -Os  line 25 sizeof (a) == 6 * sizeof (int)
UNRESOLVED: gcc.dg/tree-prof/peel-1.c scan-rtl-dump loop2_unroll "Considering simply peeling loop"
FAIL: gcc.dg/ubsan/pr63690.c   -O0  (test for excess errors)
FAIL: gcc.dg/ubsan/pr63690.c   -O1  (test for excess errors)
FAIL: gcc.dg/ubsan/pr63690.c   -O2  (test for excess errors)
FAIL: gcc.dg/ubsan/pr63690.c   -O2 -flto -fno-use-linker-plugin -flto-partition=none  (test for excess errors)
FAIL: gcc.dg/ubsan/pr63690.c   -O2 -flto -fuse-linker-plugin -fno-fat-lto-objects  (test for excess errors)
FAIL: gcc.dg/ubsan/pr63690.c   -O3 -fomit-frame-pointer  (test for excess errors)
FAIL: gcc.dg/ubsan/pr63690.c   -O3 -g  (test for excess errors)
FAIL: gcc.dg/ubsan/pr63690.c   -Os  (test for excess errors)

		=== gcc Summary for unix ===


Running target unix/-m32
FAIL: gcc.dg/pr36015.c (internal compiler error)
FAIL: gcc.dg/pr36015.c (test for excess errors)
UNRESOLVED: gcc.dg/pr36015.c compilation failed to produce executable
XPASS: gcc.dg/guality/example.c   -O0  execution test
XPASS: gcc.dg/guality/example.c   -O1  execution test
XPASS: gcc.dg/guality/guality.c   -O0  execution test
XPASS: gcc.dg/guality/guality.c   -O1  execution test
XPASS: gcc.dg/guality/guality.c   -O2  execution test
XPASS: gcc.dg/guality/guality.c   -O2 -flto -fno-use-linker-plugin -flto-partition=none  execution test
XPASS: gcc.dg/guality/guality.c   -O2 -flto -fuse-linker-plugin -fno-fat-lto-objects  execution test
XPASS: gcc.dg/guality/guality.c   -O3 -fomit-frame-pointer  execution test
XPASS: gcc.dg/guality/guality.c   -O3 -g  execution test
XPASS: gcc.dg/guality/guality.c   -Os  execution test
XPASS: gcc.dg/guality/inline-params.c   -O2  execution test
XPASS: gcc.dg/guality/inline-params.c   -O2 -flto -fno-use-linker-plugin -flto-partition=none  execution test
XPASS: gcc.dg/guality/inline-params.c   -O3 -fomit-frame-pointer  execution test
XPASS: gcc.dg/guality/inline-params.c   -O3 -g  execution test
XPASS: gcc.dg/guality/inline-params.c   -Os  execution test
FAIL: gcc.dg/guality/pr36728-1.c   -O2 -flto -fuse-linker-plugin -fno-fat-lto-objects  (internal compiler error)
FAIL: gcc.dg/guality/pr36728-1.c   -O2 -flto -fuse-linker-plugin -fno-fat-lto-objects  (test for excess errors)
UNRESOLVED: gcc.dg/guality/pr36728-1.c   -O2 -flto -fuse-linker-plugin -fno-fat-lto-objects  compilation failed to produce executable
FAIL: gcc.dg/guality/pr36728-2.c   -O2 -flto -fuse-linker-plugin -fno-fat-lto-objects  (internal compiler error)
FAIL: gcc.dg/guality/pr36728-2.c   -O2 -flto -fuse-linker-plugin -fno-fat-lto-objects  (test for excess errors)
UNRESOLVED: gcc.dg/guality/pr36728-2.c   -O2 -flto -fuse-linker-plugin -fno-fat-lto-objects  compilation failed to produce executable
FAIL: gcc.dg/guality/pr36728-3.c   -O2 -flto -fuse-linker-plugin -fno-fat-lto-objects  (internal compiler error)
FAIL: gcc.dg/guality/pr36728-3.c   -O2 -flto -fuse-linker-plugin -fno-fat-lto-objects  (test for excess errors)
UNRESOLVED: gcc.dg/guality/pr36728-3.c   -O2 -flto -fuse-linker-plugin -fno-fat-lto-objects  compilation failed to produce executable
FAIL: gcc.dg/guality/pr36728-4.c   -O2 -flto -fuse-linker-plugin -fno-fat-lto-objects  (internal compiler error)
FAIL: gcc.dg/guality/pr36728-4.c   -O2 -flto -fuse-linker-plugin -fno-fat-lto-objects  (test for excess errors)
UNRESOLVED: gcc.dg/guality/pr36728-4.c   -O2 -flto -fuse-linker-plugin -fno-fat-lto-objects  compilation failed to produce executable
XPASS: gcc.dg/guality/pr41353-1.c   -O0  line 28 j == 28 + 37
XPASS: gcc.dg/guality/pr41353-1.c   -Os  line 28 j == 28 + 37
XPASS: gcc.dg/guality/pr41447-1.c   -O0  execution test
XPASS: gcc.dg/guality/pr41447-1.c   -O1  execution test
XPASS: gcc.dg/guality/pr41447-1.c   -O2 -flto -fuse-linker-plugin -fno-fat-lto-objects  execution test
XPASS: gcc.dg/guality/pr41447-1.c   -Os  execution test
XPASS: gcc.dg/guality/pr41616-1.c   -O0  execution test
XPASS: gcc.dg/guality/pr41616-1.c   -O1  execution test
XPASS: gcc.dg/guality/pr41616-1.c   -O2  execution test
XPASS: gcc.dg/guality/pr41616-1.c   -O2 -flto -fno-use-linker-plugin -flto-partition=none  execution test
XPASS: gcc.dg/guality/pr41616-1.c   -O3 -fomit-frame-pointer  execution test
XPASS: gcc.dg/guality/pr41616-1.c   -O3 -g  execution test
XPASS: gcc.dg/guality/pr41616-1.c   -Os  execution test
FAIL: gcc.dg/guality/pr43479.c   -O1  line 13 h == 9
FAIL: gcc.dg/guality/pr43479.c   -O1  line 18 h == 9
FAIL: gcc.dg/guality/pr43479.c   -O2  line 13 h == 9
FAIL: gcc.dg/guality/pr43479.c   -O2  line 18 h == 9
FAIL: gcc.dg/guality/pr43479.c   -O2 -flto -fno-use-linker-plugin -flto-partition=none  line 13 h == 9
FAIL: gcc.dg/guality/pr43479.c   -O2 -flto -fno-use-linker-plugin -flto-partition=none  line 18 h == 9
FAIL: gcc.dg/guality/pr43479.c   -O2 -flto -fuse-linker-plugin -fno-fat-lto-objects  line 13 h == 9
FAIL: gcc.dg/guality/pr43479.c   -O2 -flto -fuse-linker-plugin -fno-fat-lto-objects  line 18 h == 9
FAIL: gcc.dg/guality/pr43479.c   -O3 -fomit-frame-pointer  line 13 h == 9
FAIL: gcc.dg/guality/pr43479.c   -O3 -fomit-frame-pointer  line 18 h == 9
FAIL: gcc.dg/guality/pr43479.c   -O3 -g  line 13 h == 9
FAIL: gcc.dg/guality/pr43479.c   -O3 -g  line 18 h == 9
FAIL: gcc.dg/guality/pr43479.c   -Os  line 13 h == 9
FAIL: gcc.dg/guality/pr43479.c   -Os  line 18 h == 9
FAIL: gcc.dg/guality/pr45882.c   -O2 -flto -fuse-linker-plugin -fno-fat-lto-objects  line 16 d == 112
FAIL: gcc.dg/guality/pr45882.c   -O2 -flto -fuse-linker-plugin -fno-fat-lto-objects  line 16 e == 142
FAIL: gcc.dg/guality/pr54200.c   -O2 -flto -fuse-linker-plugin -fno-fat-lto-objects  line 20 z == 3
FAIL: gcc.dg/guality/pr54519-1.c   -O2 -flto -fno-use-linker-plugin -flto-partition=none  line 20 y == 25
FAIL: gcc.dg/guality/pr54519-1.c   -O2 -flto -fno-use-linker-plugin -flto-partition=none  line 20 z == 6
FAIL: gcc.dg/guality/pr54519-1.c   -O2 -flto -fno-use-linker-plugin -flto-partition=none  line 23 y == 117
FAIL: gcc.dg/guality/pr54519-1.c   -O2 -flto -fno-use-linker-plugin -flto-partition=none  line 23 z == 8
FAIL: gcc.dg/guality/pr54519-2.c   -O2 -flto -fno-use-linker-plugin -flto-partition=none  line 17 y == 25
FAIL: gcc.dg/guality/pr54519-2.c   -O2 -flto -fuse-linker-plugin -fno-fat-lto-objects  line 17 y == 25
FAIL: gcc.dg/guality/pr54519-3.c   -O2 -flto -fno-use-linker-plugin -flto-partition=none  line 20 y == 25
FAIL: gcc.dg/guality/pr54519-3.c   -O2 -flto -fno-use-linker-plugin -flto-partition=none  line 20 z == 6
FAIL: gcc.dg/guality/pr54519-3.c   -O2 -flto -fno-use-linker-plugin -flto-partition=none  line 23 y == 117
FAIL: gcc.dg/guality/pr54519-3.c   -O2 -flto -fno-use-linker-plugin -flto-partition=none  line 23 z == 8
FAIL: gcc.dg/guality/pr54519-3.c   -O2 -flto -fuse-linker-plugin -fno-fat-lto-objects  line 20 y == 25
FAIL: gcc.dg/guality/pr54519-3.c   -O2 -flto -fuse-linker-plugin -fno-fat-lto-objects  line 20 z == 6
FAIL: gcc.dg/guality/pr54519-3.c   -O2 -flto -fuse-linker-plugin -fno-fat-lto-objects  line 23 y == 117
FAIL: gcc.dg/guality/pr54519-3.c   -O2 -flto -fuse-linker-plugin -fno-fat-lto-objects  line 23 z == 8
FAIL: gcc.dg/guality/pr54519-4.c   -O2 -flto -fno-use-linker-plugin -flto-partition=none  line 17 y == 25
FAIL: gcc.dg/guality/pr54519-4.c   -O2 -flto -fuse-linker-plugin -fno-fat-lto-objects  line 17 y == 25
FAIL: gcc.dg/guality/pr54519-5.c   -O2 -flto -fno-use-linker-plugin -flto-partition=none  line 17 y == 25
FAIL: gcc.dg/guality/pr54519-5.c   -O2 -flto -fuse-linker-plugin -fno-fat-lto-objects  line 17 y == 25
FAIL: gcc.dg/guality/pr54970.c   -Os  line 15 a[0] == 1
FAIL: gcc.dg/guality/pr54970.c   -Os  line 20 a[0] == 1
FAIL: gcc.dg/guality/pr54970.c   -Os  line 25 a[0] == 1
FAIL: gcc.dg/guality/pr54970.c   -Os  line 31 *p == 6
FAIL: gcc.dg/guality/pr54970.c   -Os  line 31 *q == 5
FAIL: gcc.dg/guality/pr54970.c   -Os  line 36 *p == 26
FAIL: gcc.dg/guality/pr54970.c   -Os  line 36 *q == 5
FAIL: gcc.dg/guality/pr54970.c   -Os  line 45 *p == 26
FAIL: gcc.dg/guality/pr54970.c   -Os  line 45 *q == 25
FAIL: gcc.dg/guality/pr54970.c   -Os  line 45 p[-1] == 25
FAIL: gcc.dg/guality/pr54970.c   -Os  line 45 p[-2] == 4
FAIL: gcc.dg/guality/pr54970.c   -Os  line 45 q[-1] == 4
FAIL: gcc.dg/guality/pr54970.c   -Os  line 45 q[1] == 26
FAIL: gcc.dg/guality/sra-1.c   -O2  line 32 a[0] == 4
FAIL: gcc.dg/guality/sra-1.c   -O2  line 43 a.i == 4
FAIL: gcc.dg/guality/sra-1.c   -O2 -flto -fno-use-linker-plugin -flto-partition=none  line 21 a.i == 4
FAIL: gcc.dg/guality/sra-1.c   -O2 -flto -fno-use-linker-plugin -flto-partition=none  line 43 a.i == 4
FAIL: gcc.dg/guality/sra-1.c   -O2 -flto -fuse-linker-plugin -fno-fat-lto-objects  line 21 a.i == 4
FAIL: gcc.dg/guality/sra-1.c   -O3 -fomit-frame-pointer  line 32 a[0] == 4
FAIL: gcc.dg/guality/sra-1.c   -O3 -fomit-frame-pointer  line 43 a.i == 4
FAIL: gcc.dg/guality/sra-1.c   -O3 -g  line 32 a[0] == 4
FAIL: gcc.dg/guality/sra-1.c   -O3 -g  line 43 a.i == 4
FAIL: gcc.dg/guality/sra-1.c   -Os  line 32 a[0] == 4
FAIL: gcc.dg/guality/sra-1.c   -Os  line 43 a.i == 4
FAIL: gcc.dg/guality/vla-2.c   -O2  line 25 sizeof (a) == 6 * sizeof (int)
FAIL: gcc.dg/guality/vla-2.c   -O2 -flto -fno-use-linker-plugin -flto-partition=none  line 25 sizeof (a) == 6 * sizeof (int)
FAIL: gcc.dg/guality/vla-2.c   -O2 -flto -fuse-linker-plugin -fno-fat-lto-objects  line 25 sizeof (a) == 6 * sizeof (int)
FAIL: gcc.dg/guality/vla-2.c   -O3 -fomit-frame-pointer  line 25 sizeof (a) == 6 * sizeof (int)
FAIL: gcc.dg/guality/vla-2.c   -O3 -g  line 25 sizeof (a) == 6 * sizeof (int)
FAIL: gcc.dg/guality/vla-2.c   -Os  line 25 sizeof (a) == 6 * sizeof (int)
FAIL: gcc.dg/torture/fp-int-convert-float128-timode.c   -O0  execution test
FAIL: gcc.dg/torture/fp-int-convert-float128-timode.c   -O1  execution test
FAIL: gcc.dg/torture/fp-int-convert-float128-timode.c   -O2  execution test
FAIL: gcc.dg/torture/fp-int-convert-float128-timode.c   -O2 -flto -fno-use-linker-plugin -flto-partition=none  execution test
FAIL: gcc.dg/torture/fp-int-convert-float128-timode.c   -O2 -flto -fuse-linker-plugin -fno-fat-lto-objects  execution test
FAIL: gcc.dg/torture/fp-int-convert-float128-timode.c   -O3 -fomit-frame-pointer  execution test
FAIL: gcc.dg/torture/fp-int-convert-float128-timode.c   -O3 -g  execution test
FAIL: gcc.dg/torture/fp-int-convert-float128-timode.c   -Os  execution test
FAIL: gcc.dg/torture/fp-int-convert-float128.c   -O0  execution test
FAIL: gcc.dg/torture/fp-int-convert-float128.c   -O1  execution test
FAIL: gcc.dg/torture/fp-int-convert-float128.c   -O2  execution test
FAIL: gcc.dg/torture/fp-int-convert-float128.c   -O2 -flto -fno-use-linker-plugin -flto-partition=none  execution test
FAIL: gcc.dg/torture/fp-int-convert-float128.c   -O2 -flto -fuse-linker-plugin -fno-fat-lto-objects  execution test
FAIL: gcc.dg/torture/fp-int-convert-float128.c   -O3 -fomit-frame-pointer  execution test
FAIL: gcc.dg/torture/fp-int-convert-float128.c   -O3 -g  execution test
FAIL: gcc.dg/torture/fp-int-convert-float128.c   -Os  execution test
FAIL: gcc.dg/torture/stackalign/push-1.c   -O2 -flto -fuse-linker-plugin -fno-fat-lto-objects  (internal compiler error)
FAIL: gcc.dg/torture/stackalign/push-1.c   -O2 -flto -fuse-linker-plugin -fno-fat-lto-objects  (test for excess errors)
UNRESOLVED: gcc.dg/torture/stackalign/push-1.c   -O2 -flto -fuse-linker-plugin -fno-fat-lto-objects  compilation failed to produce executable
FAIL: gcc.dg/torture/stackalign/push-1.c   -O2 -flto -fuse-linker-plugin -fno-fat-lto-objects -fpic (internal compiler error)
FAIL: gcc.dg/torture/stackalign/push-1.c   -O2 -flto -fuse-linker-plugin -fno-fat-lto-objects -fpic (test for excess errors)
UNRESOLVED: gcc.dg/torture/stackalign/push-1.c   -O2 -flto -fuse-linker-plugin -fno-fat-lto-objects -fpic compilation failed to produce executable
FAIL: gcc.dg/torture/stackalign/push-1.c   -O2 -flto -fuse-linker-plugin -fno-fat-lto-objects -mforce-drap (internal compiler error)
FAIL: gcc.dg/torture/stackalign/push-1.c   -O2 -flto -fuse-linker-plugin -fno-fat-lto-objects -mforce-drap (test for excess errors)
FAIL: gcc.dg/torture/stackalign/push-1.c   -O2 -flto -fuse-linker-plugin -fno-fat-lto-objects -mforce-drap -fpic (internal compiler error)
FAIL: gcc.dg/torture/stackalign/push-1.c   -O2 -flto -fuse-linker-plugin -fno-fat-lto-objects -mforce-drap -fpic (test for excess errors)
UNRESOLVED: gcc.dg/torture/stackalign/push-1.c   -O2 -flto -fuse-linker-plugin -fno-fat-lto-objects -mforce-drap -fpic compilation failed to produce executable
UNRESOLVED: gcc.dg/torture/stackalign/push-1.c   -O2 -flto -fuse-linker-plugin -fno-fat-lto-objects -mforce-drap compilation failed to produce executable
FAIL: gcc.dg/torture/stackalign/regparm-1.c   -O0  (internal compiler error)
FAIL: gcc.dg/torture/stackalign/regparm-1.c   -O0  (test for excess errors)
UNRESOLVED: gcc.dg/torture/stackalign/regparm-1.c   -O0  compilation failed to produce executable
FAIL: gcc.dg/torture/stackalign/regparm-1.c   -O0 -fpic (internal compiler error)
FAIL: gcc.dg/torture/stackalign/regparm-1.c   -O0 -fpic (test for excess errors)
UNRESOLVED: gcc.dg/torture/stackalign/regparm-1.c   -O0 -fpic compilation failed to produce executable
FAIL: gcc.dg/torture/stackalign/regparm-1.c   -O0 -mforce-drap (internal compiler error)
FAIL: gcc.dg/torture/stackalign/regparm-1.c   -O0 -mforce-drap (test for excess errors)
FAIL: gcc.dg/torture/stackalign/regparm-1.c   -O0 -mforce-drap -fpic (internal compiler error)
FAIL: gcc.dg/torture/stackalign/regparm-1.c   -O0 -mforce-drap -fpic (test for excess errors)
UNRESOLVED: gcc.dg/torture/stackalign/regparm-1.c   -O0 -mforce-drap -fpic compilation failed to produce executable
UNRESOLVED: gcc.dg/torture/stackalign/regparm-1.c   -O0 -mforce-drap compilation failed to produce executable
FAIL: gcc.dg/torture/stackalign/regparm-1.c   -O1 -fpic (internal compiler error)
FAIL: gcc.dg/torture/stackalign/regparm-1.c   -O1 -fpic (test for excess errors)
UNRESOLVED: gcc.dg/torture/stackalign/regparm-1.c   -O1 -fpic compilation failed to produce executable
FAIL: gcc.dg/torture/stackalign/regparm-1.c   -O1 -mforce-drap -fpic (internal compiler error)
FAIL: gcc.dg/torture/stackalign/regparm-1.c   -O1 -mforce-drap -fpic (test for excess errors)
UNRESOLVED: gcc.dg/torture/stackalign/regparm-1.c   -O1 -mforce-drap -fpic compilation failed to produce executable
FAIL: gcc.dg/torture/stackalign/regparm-1.c   -O2 -flto -fno-use-linker-plugin -flto-partition=none -fpic (internal compiler error)
FAIL: gcc.dg/torture/stackalign/regparm-1.c   -O2 -flto -fno-use-linker-plugin -flto-partition=none -fpic (test for excess errors)
UNRESOLVED: gcc.dg/torture/stackalign/regparm-1.c   -O2 -flto -fno-use-linker-plugin -flto-partition=none -fpic compilation failed to produce executable
FAIL: gcc.dg/torture/stackalign/regparm-1.c   -O2 -flto -fno-use-linker-plugin -flto-partition=none -mforce-drap -fpic (internal compiler error)
FAIL: gcc.dg/torture/stackalign/regparm-1.c   -O2 -flto -fno-use-linker-plugin -flto-partition=none -mforce-drap -fpic (test for excess errors)
UNRESOLVED: gcc.dg/torture/stackalign/regparm-1.c   -O2 -flto -fno-use-linker-plugin -flto-partition=none -mforce-drap -fpic compilation failed to produce executable
FAIL: gcc.dg/torture/stackalign/regparm-1.c   -O2 -fpic (internal compiler error)
FAIL: gcc.dg/torture/stackalign/regparm-1.c   -O2 -fpic (test for excess errors)
UNRESOLVED: gcc.dg/torture/stackalign/regparm-1.c   -O2 -fpic compilation failed to produce executable
FAIL: gcc.dg/torture/stackalign/regparm-1.c   -O2 -mforce-drap -fpic (internal compiler error)
FAIL: gcc.dg/torture/stackalign/regparm-1.c   -O2 -mforce-drap -fpic (test for excess errors)
UNRESOLVED: gcc.dg/torture/stackalign/regparm-1.c   -O2 -mforce-drap -fpic compilation failed to produce executable
FAIL: gcc.dg/torture/stackalign/regparm-1.c   -O3 -fomit-frame-pointer -fpic (internal compiler error)
FAIL: gcc.dg/torture/stackalign/regparm-1.c   -O3 -fomit-frame-pointer -fpic (test for excess errors)
UNRESOLVED: gcc.dg/torture/stackalign/regparm-1.c   -O3 -fomit-frame-pointer -fpic compilation failed to produce executable
FAIL: gcc.dg/torture/stackalign/regparm-1.c   -O3 -fomit-frame-pointer -mforce-drap -fpic (internal compiler error)
FAIL: gcc.dg/torture/stackalign/regparm-1.c   -O3 -fomit-frame-pointer -mforce-drap -fpic (test for excess errors)
UNRESOLVED: gcc.dg/torture/stackalign/regparm-1.c   -O3 -fomit-frame-pointer -mforce-drap -fpic compilation failed to produce executable
FAIL: gcc.dg/torture/stackalign/regparm-1.c   -O3 -g -fpic (internal compiler error)
FAIL: gcc.dg/torture/stackalign/regparm-1.c   -O3 -g -fpic (test for excess errors)
UNRESOLVED: gcc.dg/torture/stackalign/regparm-1.c   -O3 -g -fpic compilation failed to produce executable
FAIL: gcc.dg/torture/stackalign/regparm-1.c   -O3 -g -mforce-drap -fpic (internal compiler error)
FAIL: gcc.dg/torture/stackalign/regparm-1.c   -O3 -g -mforce-drap -fpic (test for excess errors)
UNRESOLVED: gcc.dg/torture/stackalign/regparm-1.c   -O3 -g -mforce-drap -fpic compilation failed to produce executable
FAIL: gcc.dg/torture/stackalign/regparm-1.c   -Os -fpic (internal compiler error)
FAIL: gcc.dg/torture/stackalign/regparm-1.c   -Os -fpic (test for excess errors)
UNRESOLVED: gcc.dg/torture/stackalign/regparm-1.c   -Os -fpic compilation failed to produce executable
FAIL: gcc.dg/torture/stackalign/regparm-1.c   -Os -mforce-drap -fpic (internal compiler error)
FAIL: gcc.dg/torture/stackalign/regparm-1.c   -Os -mforce-drap -fpic (test for excess errors)
UNRESOLVED: gcc.dg/torture/stackalign/regparm-1.c   -Os -mforce-drap -fpic compilation failed to produce executable
FAIL: gcc.dg/torture/stackalign/vararg-3.c   -O2 -flto -fuse-linker-plugin -fno-fat-lto-objects  (internal compiler error)
FAIL: gcc.dg/torture/stackalign/vararg-3.c   -O2 -flto -fuse-linker-plugin -fno-fat-lto-objects  (test for excess errors)
UNRESOLVED: gcc.dg/torture/stackalign/vararg-3.c   -O2 -flto -fuse-linker-plugin -fno-fat-lto-objects  compilation failed to produce executable
FAIL: gcc.dg/torture/stackalign/vararg-3.c   -O2 -flto -fuse-linker-plugin -fno-fat-lto-objects -fpic (internal compiler error)
FAIL: gcc.dg/torture/stackalign/vararg-3.c   -O2 -flto -fuse-linker-plugin -fno-fat-lto-objects -fpic (test for excess errors)
UNRESOLVED: gcc.dg/torture/stackalign/vararg-3.c   -O2 -flto -fuse-linker-plugin -fno-fat-lto-objects -fpic compilation failed to produce executable
FAIL: gcc.dg/torture/stackalign/vararg-3.c   -O2 -flto -fuse-linker-plugin -fno-fat-lto-objects -mforce-drap (internal compiler error)
FAIL: gcc.dg/torture/stackalign/vararg-3.c   -O2 -flto -fuse-linker-plugin -fno-fat-lto-objects -mforce-drap (test for excess errors)
FAIL: gcc.dg/torture/stackalign/vararg-3.c   -O2 -flto -fuse-linker-plugin -fno-fat-lto-objects -mforce-drap -fpic (internal compiler error)
FAIL: gcc.dg/torture/stackalign/vararg-3.c   -O2 -flto -fuse-linker-plugin -fno-fat-lto-objects -mforce-drap -fpic (test for excess errors)
UNRESOLVED: gcc.dg/torture/stackalign/vararg-3.c   -O2 -flto -fuse-linker-plugin -fno-fat-lto-objects -mforce-drap -fpic compilation failed to produce executable
UNRESOLVED: gcc.dg/torture/stackalign/vararg-3.c   -O2 -flto -fuse-linker-plugin -fno-fat-lto-objects -mforce-drap compilation failed to produce executable
UNRESOLVED: gcc.dg/tree-prof/peel-1.c scan-rtl-dump loop2_unroll "Considering simply peeling loop"
FAIL: gcc.dg/ubsan/pr63690.c   -O0  (test for excess errors)
FAIL: gcc.dg/ubsan/pr63690.c   -O1  (test for excess errors)
FAIL: gcc.dg/ubsan/pr63690.c   -O2  (test for excess errors)
FAIL: gcc.dg/ubsan/pr63690.c   -O2 -flto -fno-use-linker-plugin -flto-partition=none  (test for excess errors)
FAIL: gcc.dg/ubsan/pr63690.c   -O2 -flto -fuse-linker-plugin -fno-fat-lto-objects  (test for excess errors)
FAIL: gcc.dg/ubsan/pr63690.c   -O3 -fomit-frame-pointer  (test for excess errors)
FAIL: gcc.dg/ubsan/pr63690.c   -O3 -g  (test for excess errors)
FAIL: gcc.dg/ubsan/pr63690.c   -Os  (test for excess errors)
FAIL: gcc.target/i386/avx-ceil-sfix-vec.c (internal compiler error)
FAIL: gcc.target/i386/avx-ceil-sfix-vec.c (test for excess errors)
UNRESOLVED: gcc.target/i386/avx-ceil-sfix-vec.c compilation failed to produce executable
FAIL: gcc.target/i386/avx-ceil-vec.c (internal compiler error)
FAIL: gcc.target/i386/avx-ceil-vec.c (test for excess errors)
UNRESOLVED: gcc.target/i386/avx-ceil-vec.c compilation failed to produce executable
FAIL: gcc.target/i386/avx-ceilf-sfix-vec.c (internal compiler error)
FAIL: gcc.target/i386/avx-ceilf-sfix-vec.c (test for excess errors)
UNRESOLVED: gcc.target/i386/avx-ceilf-sfix-vec.c compilation failed to produce executable
FAIL: gcc.target/i386/avx-ceilf-vec.c (internal compiler error)
FAIL: gcc.target/i386/avx-ceilf-vec.c (test for excess errors)
UNRESOLVED: gcc.target/i386/avx-ceilf-vec.c compilation failed to produce executable
FAIL: gcc.target/i386/avx-copysign-vec.c (internal compiler error)
FAIL: gcc.target/i386/avx-copysign-vec.c (test for excess errors)
UNRESOLVED: gcc.target/i386/avx-copysign-vec.c compilation failed to produce executable
FAIL: gcc.target/i386/avx-copysignf-vec.c (internal compiler error)
FAIL: gcc.target/i386/avx-copysignf-vec.c (test for excess errors)
UNRESOLVED: gcc.target/i386/avx-copysignf-vec.c compilation failed to produce executable
FAIL: gcc.target/i386/avx-cvt-vec.c (internal compiler error)
FAIL: gcc.target/i386/avx-cvt-vec.c (test for excess errors)
UNRESOLVED: gcc.target/i386/avx-cvt-vec.c compilation failed to produce executable
FAIL: gcc.target/i386/avx-floor-sfix-vec.c (internal compiler error)
FAIL: gcc.target/i386/avx-floor-sfix-vec.c (test for excess errors)
UNRESOLVED: gcc.target/i386/avx-floor-sfix-vec.c compilation failed to produce executable
FAIL: gcc.target/i386/avx-floor-vec.c (internal compiler error)
FAIL: gcc.target/i386/avx-floor-vec.c (test for excess errors)
UNRESOLVED: gcc.target/i386/avx-floor-vec.c compilation failed to produce executable
FAIL: gcc.target/i386/avx-floorf-sfix-vec.c (internal compiler error)
FAIL: gcc.target/i386/avx-floorf-sfix-vec.c (test for excess errors)
UNRESOLVED: gcc.target/i386/avx-floorf-sfix-vec.c compilation failed to produce executable
FAIL: gcc.target/i386/avx-floorf-vec.c (internal compiler error)
FAIL: gcc.target/i386/avx-floorf-vec.c (test for excess errors)
UNRESOLVED: gcc.target/i386/avx-floorf-vec.c compilation failed to produce executable
FAIL: gcc.target/i386/avx-lrint-vec.c (internal compiler error)
FAIL: gcc.target/i386/avx-lrint-vec.c (test for excess errors)
UNRESOLVED: gcc.target/i386/avx-lrint-vec.c compilation failed to produce executable
FAIL: gcc.target/i386/avx-lrintf-vec.c (internal compiler error)
FAIL: gcc.target/i386/avx-lrintf-vec.c (test for excess errors)
UNRESOLVED: gcc.target/i386/avx-lrintf-vec.c compilation failed to produce executable
FAIL: gcc.target/i386/avx-recip-vec.c (internal compiler error)
FAIL: gcc.target/i386/avx-recip-vec.c (test for excess errors)
UNRESOLVED: gcc.target/i386/avx-recip-vec.c compilation failed to produce executable
FAIL: gcc.target/i386/avx-rint-sfix-vec.c (internal compiler error)
FAIL: gcc.target/i386/avx-rint-sfix-vec.c (test for excess errors)
UNRESOLVED: gcc.target/i386/avx-rint-sfix-vec.c compilation failed to produce executable
FAIL: gcc.target/i386/avx-rint-vec.c (internal compiler error)
FAIL: gcc.target/i386/avx-rint-vec.c (test for excess errors)
UNRESOLVED: gcc.target/i386/avx-rint-vec.c compilation failed to produce executable
FAIL: gcc.target/i386/avx-rintf-sfix-vec.c (internal compiler error)
FAIL: gcc.target/i386/avx-rintf-sfix-vec.c (test for excess errors)
UNRESOLVED: gcc.target/i386/avx-rintf-sfix-vec.c compilation failed to produce executable
FAIL: gcc.target/i386/avx-rintf-vec.c (internal compiler error)
FAIL: gcc.target/i386/avx-rintf-vec.c (test for excess errors)
UNRESOLVED: gcc.target/i386/avx-rintf-vec.c compilation failed to produce executable
FAIL: gcc.target/i386/avx-round-sfix-vec.c (internal compiler error)
FAIL: gcc.target/i386/avx-round-sfix-vec.c (test for excess errors)
UNRESOLVED: gcc.target/i386/avx-round-sfix-vec.c compilation failed to produce executable
FAIL: gcc.target/i386/avx-round-vec.c (internal compiler error)
FAIL: gcc.target/i386/avx-round-vec.c (test for excess errors)
UNRESOLVED: gcc.target/i386/avx-round-vec.c compilation failed to produce executable
FAIL: gcc.target/i386/avx-roundf-sfix-vec.c (internal compiler error)
FAIL: gcc.target/i386/avx-roundf-sfix-vec.c (test for excess errors)
UNRESOLVED: gcc.target/i386/avx-roundf-sfix-vec.c compilation failed to produce executable
FAIL: gcc.target/i386/avx-roundf-vec.c (internal compiler error)
FAIL: gcc.target/i386/avx-roundf-vec.c (test for excess errors)
UNRESOLVED: gcc.target/i386/avx-roundf-vec.c compilation failed to produce executable
FAIL: gcc.target/i386/avx-set-v16hi-1.c (internal compiler error)
FAIL: gcc.target/i386/avx-set-v16hi-1.c (test for excess errors)
UNRESOLVED: gcc.target/i386/avx-set-v16hi-1.c compilation failed to produce executable
FAIL: gcc.target/i386/avx-set-v16hi-2.c (internal compiler error)
FAIL: gcc.target/i386/avx-set-v16hi-2.c (test for excess errors)
UNRESOLVED: gcc.target/i386/avx-set-v16hi-2.c compilation failed to produce executable
FAIL: gcc.target/i386/avx-set-v16hi-3.c (internal compiler error)
FAIL: gcc.target/i386/avx-set-v16hi-3.c (test for excess errors)
UNRESOLVED: gcc.target/i386/avx-set-v16hi-3.c compilation failed to produce executable
FAIL: gcc.target/i386/avx-set-v16hi-4.c (internal compiler error)
FAIL: gcc.target/i386/avx-set-v16hi-4.c (test for excess errors)
UNRESOLVED: gcc.target/i386/avx-set-v16hi-4.c compilation failed to produce executable
FAIL: gcc.target/i386/avx-set-v16hi-5.c (internal compiler error)
FAIL: gcc.target/i386/avx-set-v16hi-5.c (test for excess errors)
UNRESOLVED: gcc.target/i386/avx-set-v16hi-5.c compilation failed to produce executable
FAIL: gcc.target/i386/avx-set-v32qi-1.c (internal compiler error)
FAIL: gcc.target/i386/avx-set-v32qi-1.c (test for excess errors)
UNRESOLVED: gcc.target/i386/avx-set-v32qi-1.c compilation failed to produce executable
FAIL: gcc.target/i386/avx-set-v32qi-2.c (internal compiler error)
FAIL: gcc.target/i386/avx-set-v32qi-2.c (test for excess errors)
UNRESOLVED: gcc.target/i386/avx-set-v32qi-2.c compilation failed to produce executable
FAIL: gcc.target/i386/avx-set-v32qi-3.c (internal compiler error)
FAIL: gcc.target/i386/avx-set-v32qi-3.c (test for excess errors)
UNRESOLVED: gcc.target/i386/avx-set-v32qi-3.c compilation failed to produce executable
FAIL: gcc.target/i386/avx-set-v32qi-4.c (internal compiler error)
FAIL: gcc.target/i386/avx-set-v32qi-4.c (test for excess errors)
UNRESOLVED: gcc.target/i386/avx-set-v32qi-4.c compilation failed to produce executable
FAIL: gcc.target/i386/avx-set-v32qi-5.c (internal compiler error)
FAIL: gcc.target/i386/avx-set-v32qi-5.c (test for excess errors)
UNRESOLVED: gcc.target/i386/avx-set-v32qi-5.c compilation failed to produce executable
FAIL: gcc.target/i386/avx-set-v4df-1.c (internal compiler error)
FAIL: gcc.target/i386/avx-set-v4df-1.c (test for excess errors)
UNRESOLVED: gcc.target/i386/avx-set-v4df-1.c compilation failed to produce executable
FAIL: gcc.target/i386/avx-set-v4df-2.c (internal compiler error)
FAIL: gcc.target/i386/avx-set-v4df-2.c (test for excess errors)
UNRESOLVED: gcc.target/i386/avx-set-v4df-2.c compilation failed to produce executable
FAIL: gcc.target/i386/avx-set-v4df-3.c (internal compiler error)
FAIL: gcc.target/i386/avx-set-v4df-3.c (test for excess errors)
UNRESOLVED: gcc.target/i386/avx-set-v4df-3.c compilation failed to produce executable
FAIL: gcc.target/i386/avx-set-v4df-4.c (internal compiler error)
FAIL: gcc.target/i386/avx-set-v4df-4.c (test for excess errors)
UNRESOLVED: gcc.target/i386/avx-set-v4df-4.c compilation failed to produce executable
FAIL: gcc.target/i386/avx-set-v4df-5.c (internal compiler error)
FAIL: gcc.target/i386/avx-set-v4df-5.c (test for excess errors)
UNRESOLVED: gcc.target/i386/avx-set-v4df-5.c compilation failed to produce executable
FAIL: gcc.target/i386/avx-set-v4di-1.c (internal compiler error)
FAIL: gcc.target/i386/avx-set-v4di-1.c (test for excess errors)
UNRESOLVED: gcc.target/i386/avx-set-v4di-1.c compilation failed to produce executable
FAIL: gcc.target/i386/avx-set-v4di-2.c (internal compiler error)
FAIL: gcc.target/i386/avx-set-v4di-2.c (test for excess errors)
UNRESOLVED: gcc.target/i386/avx-set-v4di-2.c compilation failed to produce executable
FAIL: gcc.target/i386/avx-set-v4di-3.c (internal compiler error)
FAIL: gcc.target/i386/avx-set-v4di-3.c (test for excess errors)
UNRESOLVED: gcc.target/i386/avx-set-v4di-3.c compilation failed to produce executable
FAIL: gcc.target/i386/avx-set-v4di-4.c (internal compiler error)
FAIL: gcc.target/i386/avx-set-v4di-4.c (test for excess errors)
UNRESOLVED: gcc.target/i386/avx-set-v4di-4.c compilation failed to produce executable
FAIL: gcc.target/i386/avx-set-v4di-5.c (internal compiler error)
FAIL: gcc.target/i386/avx-set-v4di-5.c (test for excess errors)
UNRESOLVED: gcc.target/i386/avx-set-v4di-5.c compilation failed to produce executable
FAIL: gcc.target/i386/avx-set-v8sf-1.c (internal compiler error)
FAIL: gcc.target/i386/avx-set-v8sf-1.c (test for excess errors)
UNRESOLVED: gcc.target/i386/avx-set-v8sf-1.c compilation failed to produce executable
FAIL: gcc.target/i386/avx-set-v8sf-2.c (internal compiler error)
FAIL: gcc.target/i386/avx-set-v8sf-2.c (test for excess errors)
UNRESOLVED: gcc.target/i386/avx-set-v8sf-2.c compilation failed to produce executable
FAIL: gcc.target/i386/avx-set-v8sf-3.c (internal compiler error)
FAIL: gcc.target/i386/avx-set-v8sf-3.c (test for excess errors)
UNRESOLVED: gcc.target/i386/avx-set-v8sf-3.c compilation failed to produce executable
FAIL: gcc.target/i386/avx-set-v8sf-4.c (internal compiler error)
FAIL: gcc.target/i386/avx-set-v8sf-4.c (test for excess errors)
UNRESOLVED: gcc.target/i386/avx-set-v8sf-4.c compilation failed to produce executable
FAIL: gcc.target/i386/avx-set-v8sf-5.c (internal compiler error)
FAIL: gcc.target/i386/avx-set-v8sf-5.c (test for excess errors)
UNRESOLVED: gcc.target/i386/avx-set-v8sf-5.c compilation failed to produce executable
FAIL: gcc.target/i386/avx-set-v8si-1.c (internal compiler error)
FAIL: gcc.target/i386/avx-set-v8si-1.c (test for excess errors)
UNRESOLVED: gcc.target/i386/avx-set-v8si-1.c compilation failed to produce executable
FAIL: gcc.target/i386/avx-set-v8si-2.c (internal compiler error)
FAIL: gcc.target/i386/avx-set-v8si-2.c (test for excess errors)
UNRESOLVED: gcc.target/i386/avx-set-v8si-2.c compilation failed to produce executable
FAIL: gcc.target/i386/avx-set-v8si-3.c (internal compiler error)
FAIL: gcc.target/i386/avx-set-v8si-3.c (test for excess errors)
UNRESOLVED: gcc.target/i386/avx-set-v8si-3.c compilation failed to produce executable
FAIL: gcc.target/i386/avx-set-v8si-4.c (internal compiler error)
FAIL: gcc.target/i386/avx-set-v8si-4.c (test for excess errors)
UNRESOLVED: gcc.target/i386/avx-set-v8si-4.c compilation failed to produce executable
FAIL: gcc.target/i386/avx-set-v8si-5.c (internal compiler error)
FAIL: gcc.target/i386/avx-set-v8si-5.c (test for excess errors)
UNRESOLVED: gcc.target/i386/avx-set-v8si-5.c compilation failed to produce executable
FAIL: gcc.target/i386/avx-set1-epi32-1.c (internal compiler error)
FAIL: gcc.target/i386/avx-set1-epi32-1.c (test for excess errors)
UNRESOLVED: gcc.target/i386/avx-set1-epi32-1.c compilation failed to produce executable
FAIL: gcc.target/i386/avx-set1-pd-256-1.c (internal compiler error)
FAIL: gcc.target/i386/avx-set1-pd-256-1.c (test for excess errors)
UNRESOLVED: gcc.target/i386/avx-set1-pd-256-1.c compilation failed to produce executable
FAIL: gcc.target/i386/avx-set1-ps-256-1.c (internal compiler error)
FAIL: gcc.target/i386/avx-set1-ps-256-1.c (test for excess errors)
UNRESOLVED: gcc.target/i386/avx-set1-ps-256-1.c compilation failed to produce executable
FAIL: gcc.target/i386/avx-setzero-pd-256-1.c (internal compiler error)
FAIL: gcc.target/i386/avx-setzero-pd-256-1.c (test for excess errors)
UNRESOLVED: gcc.target/i386/avx-setzero-pd-256-1.c compilation failed to produce executable
FAIL: gcc.target/i386/avx-setzero-ps-256-1.c (internal compiler error)
FAIL: gcc.target/i386/avx-setzero-ps-256-1.c (test for excess errors)
UNRESOLVED: gcc.target/i386/avx-setzero-ps-256-1.c compilation failed to produce executable
FAIL: gcc.target/i386/avx-setzero-si256-1.c (internal compiler error)
FAIL: gcc.target/i386/avx-setzero-si256-1.c (test for excess errors)
UNRESOLVED: gcc.target/i386/avx-setzero-si256-1.c compilation failed to produce executable
FAIL: gcc.target/i386/avx-trunc-vec.c (internal compiler error)
FAIL: gcc.target/i386/avx-trunc-vec.c (test for excess errors)
UNRESOLVED: gcc.target/i386/avx-trunc-vec.c compilation failed to produce executable
FAIL: gcc.target/i386/avx-truncf-vec.c (internal compiler error)
FAIL: gcc.target/i386/avx-truncf-vec.c (test for excess errors)
UNRESOLVED: gcc.target/i386/avx-truncf-vec.c compilation failed to produce executable
FAIL: gcc.target/i386/avx-vaddpd-256-1.c (internal compiler error)
FAIL: gcc.target/i386/avx-vaddpd-256-1.c (test for excess errors)
UNRESOLVED: gcc.target/i386/avx-vaddpd-256-1.c compilation failed to produce executable
FAIL: gcc.target/i386/avx-vaddps-256-1.c (internal compiler error)
FAIL: gcc.target/i386/avx-vaddps-256-1.c (test for excess errors)
UNRESOLVED: gcc.target/i386/avx-vaddps-256-1.c compilation failed to produce executable
FAIL: gcc.target/i386/avx-vaddsubpd-256-1.c (internal compiler error)
FAIL: gcc.target/i386/avx-vaddsubpd-256-1.c (test for excess errors)
UNRESOLVED: gcc.target/i386/avx-vaddsubpd-256-1.c compilation failed to produce executable
FAIL: gcc.target/i386/avx-vaddsubps-256-1.c (internal compiler error)
FAIL: gcc.target/i386/avx-vaddsubps-256-1.c (test for excess errors)
UNRESOLVED: gcc.target/i386/avx-vaddsubps-256-1.c compilation failed to produce executable
FAIL: gcc.target/i386/avx-vandnpd-256-1.c (internal compiler error)
FAIL: gcc.target/i386/avx-vandnpd-256-1.c (test for excess errors)
UNRESOLVED: gcc.target/i386/avx-vandnpd-256-1.c compilation failed to produce executable
FAIL: gcc.target/i386/avx-vandnps-256-1.c (internal compiler error)
FAIL: gcc.target/i386/avx-vandnps-256-1.c (test for excess errors)
UNRESOLVED: gcc.target/i386/avx-vandnps-256-1.c compilation failed to produce executable
FAIL: gcc.target/i386/avx-vandpd-256-1.c (internal compiler error)
FAIL: gcc.target/i386/avx-vandpd-256-1.c (test for excess errors)
UNRESOLVED: gcc.target/i386/avx-vandpd-256-1.c compilation failed to produce executable
FAIL: gcc.target/i386/avx-vandps-256-1.c (internal compiler error)
FAIL: gcc.target/i386/avx-vandps-256-1.c (test for excess errors)
UNRESOLVED: gcc.target/i386/avx-vandps-256-1.c compilation failed to produce executable
FAIL: gcc.target/i386/avx-vblendpd-256-1.c (internal compiler error)
FAIL: gcc.target/i386/avx-vblendpd-256-1.c (test for excess errors)
UNRESOLVED: gcc.target/i386/avx-vblendpd-256-1.c compilation failed to produce executable
FAIL: gcc.target/i386/avx-vblendps-256-1.c (internal compiler error)
FAIL: gcc.target/i386/avx-vblendps-256-1.c (test for excess errors)
UNRESOLVED: gcc.target/i386/avx-vblendps-256-1.c compilation failed to produce executable
FAIL: gcc.target/i386/avx-vblendvpd-256-1.c (internal compiler error)
FAIL: gcc.target/i386/avx-vblendvpd-256-1.c (test for excess errors)
UNRESOLVED: gcc.target/i386/avx-vblendvpd-256-1.c compilation failed to produce executable
FAIL: gcc.target/i386/avx-vblendvps-256-1.c (internal compiler error)
FAIL: gcc.target/i386/avx-vblendvps-256-1.c (test for excess errors)
UNRESOLVED: gcc.target/i386/avx-vblendvps-256-1.c compilation failed to produce executable
FAIL: gcc.target/i386/avx-vbroadcastf128-256-1.c (internal compiler error)
FAIL: gcc.target/i386/avx-vbroadcastf128-256-1.c (test for excess errors)
UNRESOLVED: gcc.target/i386/avx-vbroadcastf128-256-1.c compilation failed to produce executable
FAIL: gcc.target/i386/avx-vbroadcastf128-256-2.c (internal compiler error)
FAIL: gcc.target/i386/avx-vbroadcastf128-256-2.c (test for excess errors)
UNRESOLVED: gcc.target/i386/avx-vbroadcastf128-256-2.c compilation failed to produce executable
FAIL: gcc.target/i386/avx-vbroadcastsd-1.c (internal compiler error)
FAIL: gcc.target/i386/avx-vbroadcastsd-1.c (test for excess errors)
UNRESOLVED: gcc.target/i386/avx-vbroadcastsd-1.c compilation failed to produce executable
FAIL: gcc.target/i386/avx-vbroadcastss-1.c (internal compiler error)
FAIL: gcc.target/i386/avx-vbroadcastss-1.c (test for excess errors)
UNRESOLVED: gcc.target/i386/avx-vbroadcastss-1.c compilation failed to produce executable
FAIL: gcc.target/i386/avx-vcmppd-256-1.c (internal compiler error)
FAIL: gcc.target/i386/avx-vcmppd-256-1.c (test for excess errors)
UNRESOLVED: gcc.target/i386/avx-vcmppd-256-1.c compilation failed to produce executable
FAIL: gcc.target/i386/avx-vcmpps-256-1.c (internal compiler error)
FAIL: gcc.target/i386/avx-vcmpps-256-1.c (test for excess errors)
UNRESOLVED: gcc.target/i386/avx-vcmpps-256-1.c compilation failed to produce executable
FAIL: gcc.target/i386/avx-vcvtdq2pd-256-1.c (internal compiler error)
FAIL: gcc.target/i386/avx-vcvtdq2pd-256-1.c (test for excess errors)
UNRESOLVED: gcc.target/i386/avx-vcvtdq2pd-256-1.c compilation failed to produce executable
FAIL: gcc.target/i386/avx-vcvtpd2dq-256-1.c (internal compiler error)
FAIL: gcc.target/i386/avx-vcvtpd2dq-256-1.c (test for excess errors)
UNRESOLVED: gcc.target/i386/avx-vcvtpd2dq-256-1.c compilation failed to produce executable
FAIL: gcc.target/i386/avx-vcvtpd2ps-256-1.c (internal compiler error)
FAIL: gcc.target/i386/avx-vcvtpd2ps-256-1.c (test for excess errors)
UNRESOLVED: gcc.target/i386/avx-vcvtpd2ps-256-1.c compilation failed to produce executable
FAIL: gcc.target/i386/avx-vcvtps2dq-256-1.c (internal compiler error)
FAIL: gcc.target/i386/avx-vcvtps2dq-256-1.c (test for excess errors)
UNRESOLVED: gcc.target/i386/avx-vcvtps2dq-256-1.c compilation failed to produce executable
FAIL: gcc.target/i386/avx-vcvtps2pd-256-1.c (internal compiler error)
FAIL: gcc.target/i386/avx-vcvtps2pd-256-1.c (test for excess errors)
UNRESOLVED: gcc.target/i386/avx-vcvtps2pd-256-1.c compilation failed to produce executable
FAIL: gcc.target/i386/avx-vcvttpd2dq-256-1.c (internal compiler error)
FAIL: gcc.target/i386/avx-vcvttpd2dq-256-1.c (test for excess errors)
UNRESOLVED: gcc.target/i386/avx-vcvttpd2dq-256-1.c compilation failed to produce executable
FAIL: gcc.target/i386/avx-vcvttps2dq-256-1.c (internal compiler error)
FAIL: gcc.target/i386/avx-vcvttps2dq-256-1.c (test for excess errors)
UNRESOLVED: gcc.target/i386/avx-vcvttps2dq-256-1.c compilation failed to produce executable
FAIL: gcc.target/i386/avx-vdivpd-256-1.c (internal compiler error)
FAIL: gcc.target/i386/avx-vdivpd-256-1.c (test for excess errors)
UNRESOLVED: gcc.target/i386/avx-vdivpd-256-1.c compilation failed to produce executable
FAIL: gcc.target/i386/avx-vdivps-256-1.c (internal compiler error)
FAIL: gcc.target/i386/avx-vdivps-256-1.c (test for excess errors)
UNRESOLVED: gcc.target/i386/avx-vdivps-256-1.c compilation failed to produce executable
FAIL: gcc.target/i386/avx-vhaddpd-256-1.c (internal compiler error)
FAIL: gcc.target/i386/avx-vhaddpd-256-1.c (test for excess errors)
UNRESOLVED: gcc.target/i386/avx-vhaddpd-256-1.c compilation failed to produce executable
FAIL: gcc.target/i386/avx-vhaddps-256-1.c (internal compiler error)
FAIL: gcc.target/i386/avx-vhaddps-256-1.c (test for excess errors)
UNRESOLVED: gcc.target/i386/avx-vhaddps-256-1.c compilation failed to produce executable
FAIL: gcc.target/i386/avx-vhsubpd-256-1.c (internal compiler error)
FAIL: gcc.target/i386/avx-vhsubpd-256-1.c (test for excess errors)
UNRESOLVED: gcc.target/i386/avx-vhsubpd-256-1.c compilation failed to produce executable
FAIL: gcc.target/i386/avx-vhsubps-256-1.c (internal compiler error)
FAIL: gcc.target/i386/avx-vhsubps-256-1.c (test for excess errors)
UNRESOLVED: gcc.target/i386/avx-vhsubps-256-1.c compilation failed to produce executable
FAIL: gcc.target/i386/avx-vinsertf128-256-1.c (internal compiler error)
FAIL: gcc.target/i386/avx-vinsertf128-256-1.c (test for excess errors)
UNRESOLVED: gcc.target/i386/avx-vinsertf128-256-1.c compilation failed to produce executable
FAIL: gcc.target/i386/avx-vinsertf128-256-2.c (internal compiler error)
FAIL: gcc.target/i386/avx-vinsertf128-256-2.c (test for excess errors)
UNRESOLVED: gcc.target/i386/avx-vinsertf128-256-2.c compilation failed to produce executable
FAIL: gcc.target/i386/avx-vinsertf128-256-3.c (internal compiler error)
FAIL: gcc.target/i386/avx-vinsertf128-256-3.c (test for excess errors)
UNRESOLVED: gcc.target/i386/avx-vinsertf128-256-3.c compilation failed to produce executable
FAIL: gcc.target/i386/avx-vlddqu-256-1.c (internal compiler error)
FAIL: gcc.target/i386/avx-vlddqu-256-1.c (test for excess errors)
UNRESOLVED: gcc.target/i386/avx-vlddqu-256-1.c compilation failed to produce executable
FAIL: gcc.target/i386/avx-vmaskmovpd-256-1.c (internal compiler error)
FAIL: gcc.target/i386/avx-vmaskmovpd-256-1.c (test for excess errors)
UNRESOLVED: gcc.target/i386/avx-vmaskmovpd-256-1.c compilation failed to produce executable
FAIL: gcc.target/i386/avx-vmaskmovpd-256-2.c (internal compiler error)
FAIL: gcc.target/i386/avx-vmaskmovpd-256-2.c (test for excess errors)
UNRESOLVED: gcc.target/i386/avx-vmaskmovpd-256-2.c compilation failed to produce executable
FAIL: gcc.target/i386/avx-vmaskmovps-256-1.c (internal compiler error)
FAIL: gcc.target/i386/avx-vmaskmovps-256-1.c (test for excess errors)
UNRESOLVED: gcc.target/i386/avx-vmaskmovps-256-1.c compilation failed to produce executable
FAIL: gcc.target/i386/avx-vmaskmovps-256-2.c (internal compiler error)
FAIL: gcc.target/i386/avx-vmaskmovps-256-2.c (test for excess errors)
UNRESOLVED: gcc.target/i386/avx-vmaskmovps-256-2.c compilation failed to produce executable
FAIL: gcc.target/i386/avx-vmaxpd-256-1.c (internal compiler error)
FAIL: gcc.target/i386/avx-vmaxpd-256-1.c (test for excess errors)
UNRESOLVED: gcc.target/i386/avx-vmaxpd-256-1.c compilation failed to produce executable
FAIL: gcc.target/i386/avx-vmaxps-256-1.c (internal compiler error)
FAIL: gcc.target/i386/avx-vmaxps-256-1.c (test for excess errors)
UNRESOLVED: gcc.target/i386/avx-vmaxps-256-1.c compilation failed to produce executable
FAIL: gcc.target/i386/avx-vminpd-256-1.c (internal compiler error)
FAIL: gcc.target/i386/avx-vminpd-256-1.c (test for excess errors)
UNRESOLVED: gcc.target/i386/avx-vminpd-256-1.c compilation failed to produce executable
FAIL: gcc.target/i386/avx-vminps-256-1.c (internal compiler error)
FAIL: gcc.target/i386/avx-vminps-256-1.c (test for excess errors)
UNRESOLVED: gcc.target/i386/avx-vminps-256-1.c compilation failed to produce executable
FAIL: gcc.target/i386/avx-vmovapd-256-1.c (internal compiler error)
FAIL: gcc.target/i386/avx-vmovapd-256-1.c (test for excess errors)
UNRESOLVED: gcc.target/i386/avx-vmovapd-256-1.c compilation failed to produce executable
FAIL: gcc.target/i386/avx-vmovapd-256-2.c (internal compiler error)
FAIL: gcc.target/i386/avx-vmovapd-256-2.c (test for excess errors)
UNRESOLVED: gcc.target/i386/avx-vmovapd-256-2.c compilation failed to produce executable
FAIL: gcc.target/i386/avx-vmovaps-256-1.c (internal compiler error)
FAIL: gcc.target/i386/avx-vmovaps-256-1.c (test for excess errors)
UNRESOLVED: gcc.target/i386/avx-vmovaps-256-1.c compilation failed to produce executable
FAIL: gcc.target/i386/avx-vmovaps-256-2.c (internal compiler error)
FAIL: gcc.target/i386/avx-vmovaps-256-2.c (test for excess errors)
UNRESOLVED: gcc.target/i386/avx-vmovaps-256-2.c compilation failed to produce executable
FAIL: gcc.target/i386/avx-vmovddup-256-1.c (internal compiler error)
FAIL: gcc.target/i386/avx-vmovddup-256-1.c (test for excess errors)
UNRESOLVED: gcc.target/i386/avx-vmovddup-256-1.c compilation failed to produce executable
FAIL: gcc.target/i386/avx-vmovdqa-256-1.c (internal compiler error)
FAIL: gcc.target/i386/avx-vmovdqa-256-1.c (test for excess errors)
UNRESOLVED: gcc.target/i386/avx-vmovdqa-256-1.c compilation failed to produce executable
FAIL: gcc.target/i386/avx-vmovdqa-256-2.c (internal compiler error)
FAIL: gcc.target/i386/avx-vmovdqa-256-2.c (test for excess errors)
UNRESOLVED: gcc.target/i386/avx-vmovdqa-256-2.c compilation failed to produce executable
FAIL: gcc.target/i386/avx-vmovdqu-256-1.c (internal compiler error)
FAIL: gcc.target/i386/avx-vmovdqu-256-1.c (test for excess errors)
UNRESOLVED: gcc.target/i386/avx-vmovdqu-256-1.c compilation failed to produce executable
FAIL: gcc.target/i386/avx-vmovdqu-256-2.c (internal compiler error)
FAIL: gcc.target/i386/avx-vmovdqu-256-2.c (test for excess errors)
UNRESOLVED: gcc.target/i386/avx-vmovdqu-256-2.c compilation failed to produce executable
FAIL: gcc.target/i386/avx-vmovmskpd-256-1.c (internal compiler error)
FAIL: gcc.target/i386/avx-vmovmskpd-256-1.c (test for excess errors)
UNRESOLVED: gcc.target/i386/avx-vmovmskpd-256-1.c compilation failed to produce executable
FAIL: gcc.target/i386/avx-vmovmskps-256-1.c (internal compiler error)
FAIL: gcc.target/i386/avx-vmovmskps-256-1.c (test for excess errors)
UNRESOLVED: gcc.target/i386/avx-vmovmskps-256-1.c compilation failed to produce executable
FAIL: gcc.target/i386/avx-vmovntdq-256-1.c (internal compiler error)
FAIL: gcc.target/i386/avx-vmovntdq-256-1.c (test for excess errors)
UNRESOLVED: gcc.target/i386/avx-vmovntdq-256-1.c compilation failed to produce executable
FAIL: gcc.target/i386/avx-vmovntpd-256-1.c (internal compiler error)
FAIL: gcc.target/i386/avx-vmovntpd-256-1.c (test for excess errors)
UNRESOLVED: gcc.target/i386/avx-vmovntpd-256-1.c compilation failed to produce executable
FAIL: gcc.target/i386/avx-vmovntps-256-1.c (internal compiler error)
FAIL: gcc.target/i386/avx-vmovntps-256-1.c (test for excess errors)
UNRESOLVED: gcc.target/i386/avx-vmovntps-256-1.c compilation failed to produce executable
FAIL: gcc.target/i386/avx-vmovshdup-256-1.c (internal compiler error)
FAIL: gcc.target/i386/avx-vmovshdup-256-1.c (test for excess errors)
UNRESOLVED: gcc.target/i386/avx-vmovshdup-256-1.c compilation failed to produce executable
FAIL: gcc.target/i386/avx-vmovsldup-256-1.c (internal compiler error)
FAIL: gcc.target/i386/avx-vmovsldup-256-1.c (test for excess errors)
UNRESOLVED: gcc.target/i386/avx-vmovsldup-256-1.c compilation failed to produce executable
FAIL: gcc.target/i386/avx-vmovupd-256-1.c (internal compiler error)
FAIL: gcc.target/i386/avx-vmovupd-256-1.c (test for excess errors)
UNRESOLVED: gcc.target/i386/avx-vmovupd-256-1.c compilation failed to produce executable
FAIL: gcc.target/i386/avx-vmovupd-256-2.c (internal compiler error)
FAIL: gcc.target/i386/avx-vmovupd-256-2.c (test for excess errors)
UNRESOLVED: gcc.target/i386/avx-vmovupd-256-2.c compilation failed to produce executable
FAIL: gcc.target/i386/avx-vmovups-256-1.c (internal compiler error)
FAIL: gcc.target/i386/avx-vmovups-256-1.c (test for excess errors)
UNRESOLVED: gcc.target/i386/avx-vmovups-256-1.c compilation failed to produce executable
FAIL: gcc.target/i386/avx-vmovups-256-2.c (internal compiler error)
FAIL: gcc.target/i386/avx-vmovups-256-2.c (test for excess errors)
UNRESOLVED: gcc.target/i386/avx-vmovups-256-2.c compilation failed to produce executable
FAIL: gcc.target/i386/avx-vmulpd-256-1.c (internal compiler error)
FAIL: gcc.target/i386/avx-vmulpd-256-1.c (test for excess errors)
UNRESOLVED: gcc.target/i386/avx-vmulpd-256-1.c compilation failed to produce executable
FAIL: gcc.target/i386/avx-vmulps-256-1.c (internal compiler error)
FAIL: gcc.target/i386/avx-vmulps-256-1.c (test for excess errors)
UNRESOLVED: gcc.target/i386/avx-vmulps-256-1.c compilation failed to produce executable
FAIL: gcc.target/i386/avx-vorpd-256-1.c (internal compiler error)
FAIL: gcc.target/i386/avx-vorpd-256-1.c (test for excess errors)
UNRESOLVED: gcc.target/i386/avx-vorpd-256-1.c compilation failed to produce executable
FAIL: gcc.target/i386/avx-vorps-256-1.c (internal compiler error)
FAIL: gcc.target/i386/avx-vorps-256-1.c (test for excess errors)
UNRESOLVED: gcc.target/i386/avx-vorps-256-1.c compilation failed to produce executable
FAIL: gcc.target/i386/avx-vperm2f128-256-1.c (internal compiler error)
FAIL: gcc.target/i386/avx-vperm2f128-256-1.c (test for excess errors)
UNRESOLVED: gcc.target/i386/avx-vperm2f128-256-1.c compilation failed to produce executable
FAIL: gcc.target/i386/avx-vperm2f128-256-2.c (internal compiler error)
FAIL: gcc.target/i386/avx-vperm2f128-256-2.c (test for excess errors)
UNRESOLVED: gcc.target/i386/avx-vperm2f128-256-2.c compilation failed to produce executable
FAIL: gcc.target/i386/avx-vperm2f128-256-3.c (internal compiler error)
FAIL: gcc.target/i386/avx-vperm2f128-256-3.c (test for excess errors)
UNRESOLVED: gcc.target/i386/avx-vperm2f128-256-3.c compilation failed to produce executable
FAIL: gcc.target/i386/avx-vpermilpd-256-1.c (internal compiler error)
FAIL: gcc.target/i386/avx-vpermilpd-256-1.c (test for excess errors)
UNRESOLVED: gcc.target/i386/avx-vpermilpd-256-1.c compilation failed to produce executable
FAIL: gcc.target/i386/avx-vpermilpd-256-2.c (internal compiler error)
FAIL: gcc.target/i386/avx-vpermilpd-256-2.c (test for excess errors)
UNRESOLVED: gcc.target/i386/avx-vpermilpd-256-2.c compilation failed to produce executable
FAIL: gcc.target/i386/avx-vpermilps-256-1.c (internal compiler error)
FAIL: gcc.target/i386/avx-vpermilps-256-1.c (test for excess errors)
UNRESOLVED: gcc.target/i386/avx-vpermilps-256-1.c compilation failed to produce executable
FAIL: gcc.target/i386/avx-vpermilps-256-2.c (internal compiler error)
FAIL: gcc.target/i386/avx-vpermilps-256-2.c (test for excess errors)
UNRESOLVED: gcc.target/i386/avx-vpermilps-256-2.c compilation failed to produce executable
FAIL: gcc.target/i386/avx-vptest-256-1.c (internal compiler error)
FAIL: gcc.target/i386/avx-vptest-256-1.c (test for excess errors)
UNRESOLVED: gcc.target/i386/avx-vptest-256-1.c compilation failed to produce executable
FAIL: gcc.target/i386/avx-vptest-256-2.c (internal compiler error)
FAIL: gcc.target/i386/avx-vptest-256-2.c (test for excess errors)
UNRESOLVED: gcc.target/i386/avx-vptest-256-2.c compilation failed to produce executable
FAIL: gcc.target/i386/avx-vptest-256-3.c (internal compiler error)
FAIL: gcc.target/i386/avx-vptest-256-3.c (test for excess errors)
UNRESOLVED: gcc.target/i386/avx-vptest-256-3.c compilation failed to produce executable
FAIL: gcc.target/i386/avx-vrcpps-256-1.c (internal compiler error)
FAIL: gcc.target/i386/avx-vrcpps-256-1.c (test for excess errors)
UNRESOLVED: gcc.target/i386/avx-vrcpps-256-1.c compilation failed to produce executable
FAIL: gcc.target/i386/avx-vroundpd-256-1.c (internal compiler error)
FAIL: gcc.target/i386/avx-vroundpd-256-1.c (test for excess errors)
UNRESOLVED: gcc.target/i386/avx-vroundpd-256-1.c compilation failed to produce executable
FAIL: gcc.target/i386/avx-vroundpd-256-2.c (internal compiler error)
FAIL: gcc.target/i386/avx-vroundpd-256-2.c (test for excess errors)
UNRESOLVED: gcc.target/i386/avx-vroundpd-256-2.c compilation failed to produce executable
FAIL: gcc.target/i386/avx-vroundpd-256-3.c (internal compiler error)
FAIL: gcc.target/i386/avx-vroundpd-256-3.c (test for excess errors)
UNRESOLVED: gcc.target/i386/avx-vroundpd-256-3.c compilation failed to produce executable
FAIL: gcc.target/i386/avx-vroundps-256-1.c (internal compiler error)
FAIL: gcc.target/i386/avx-vroundps-256-1.c (test for excess errors)
UNRESOLVED: gcc.target/i386/avx-vroundps-256-1.c compilation failed to produce executable
FAIL: gcc.target/i386/avx-vrsqrtps-256-1.c (internal compiler error)
FAIL: gcc.target/i386/avx-vrsqrtps-256-1.c (test for excess errors)
UNRESOLVED: gcc.target/i386/avx-vrsqrtps-256-1.c compilation failed to produce executable
FAIL: gcc.target/i386/avx-vshufpd-256-1.c (internal compiler error)
FAIL: gcc.target/i386/avx-vshufpd-256-1.c (test for excess errors)
UNRESOLVED: gcc.target/i386/avx-vshufpd-256-1.c compilation failed to produce executable
FAIL: gcc.target/i386/avx-vshufps-256-1.c (internal compiler error)
FAIL: gcc.target/i386/avx-vshufps-256-1.c (test for excess errors)
UNRESOLVED: gcc.target/i386/avx-vshufps-256-1.c compilation failed to produce executable
FAIL: gcc.target/i386/avx-vsqrtpd-256-1.c (internal compiler error)
FAIL: gcc.target/i386/avx-vsqrtpd-256-1.c (test for excess errors)
UNRESOLVED: gcc.target/i386/avx-vsqrtpd-256-1.c compilation failed to produce executable
FAIL: gcc.target/i386/avx-vsqrtps-256-1.c (internal compiler error)
FAIL: gcc.target/i386/avx-vsqrtps-256-1.c (test for excess errors)
UNRESOLVED: gcc.target/i386/avx-vsqrtps-256-1.c compilation failed to produce executable
FAIL: gcc.target/i386/avx-vsubpd-256-1.c (internal compiler error)
FAIL: gcc.target/i386/avx-vsubpd-256-1.c (test for excess errors)
UNRESOLVED: gcc.target/i386/avx-vsubpd-256-1.c compilation failed to produce executable
FAIL: gcc.target/i386/avx-vsubps-256-1.c (internal compiler error)
FAIL: gcc.target/i386/avx-vsubps-256-1.c (test for excess errors)
UNRESOLVED: gcc.target/i386/avx-vsubps-256-1.c compilation failed to produce executable
FAIL: gcc.target/i386/avx-vtestpd-256-1.c (internal compiler error)
FAIL: gcc.target/i386/avx-vtestpd-256-1.c (test for excess errors)
UNRESOLVED: gcc.target/i386/avx-vtestpd-256-1.c compilation failed to produce executable
FAIL: gcc.target/i386/avx-vtestpd-256-2.c (internal compiler error)
FAIL: gcc.target/i386/avx-vtestpd-256-2.c (test for excess errors)
UNRESOLVED: gcc.target/i386/avx-vtestpd-256-2.c compilation failed to produce executable
FAIL: gcc.target/i386/avx-vtestpd-256-3.c (internal compiler error)
FAIL: gcc.target/i386/avx-vtestpd-256-3.c (test for excess errors)
UNRESOLVED: gcc.target/i386/avx-vtestpd-256-3.c compilation failed to produce executable
FAIL: gcc.target/i386/avx-vtestps-256-1.c (internal compiler error)
FAIL: gcc.target/i386/avx-vtestps-256-1.c (test for excess errors)
UNRESOLVED: gcc.target/i386/avx-vtestps-256-1.c compilation failed to produce executable
FAIL: gcc.target/i386/avx-vtestps-256-2.c (internal compiler error)
FAIL: gcc.target/i386/avx-vtestps-256-2.c (test for excess errors)
UNRESOLVED: gcc.target/i386/avx-vtestps-256-2.c compilation failed to produce executable
FAIL: gcc.target/i386/avx-vtestps-256-3.c (internal compiler error)
FAIL: gcc.target/i386/avx-vtestps-256-3.c (test for excess errors)
UNRESOLVED: gcc.target/i386/avx-vtestps-256-3.c compilation failed to produce executable
FAIL: gcc.target/i386/avx-vunpckhpd-256-1.c (internal compiler error)
FAIL: gcc.target/i386/avx-vunpckhpd-256-1.c (test for excess errors)
UNRESOLVED: gcc.target/i386/avx-vunpckhpd-256-1.c compilation failed to produce executable
FAIL: gcc.target/i386/avx-vunpckhps-256-1.c (internal compiler error)
FAIL: gcc.target/i386/avx-vunpckhps-256-1.c (test for excess errors)
UNRESOLVED: gcc.target/i386/avx-vunpckhps-256-1.c compilation failed to produce executable
FAIL: gcc.target/i386/avx-vunpcklpd-256-1.c (internal compiler error)
FAIL: gcc.target/i386/avx-vunpcklpd-256-1.c (test for excess errors)
UNRESOLVED: gcc.target/i386/avx-vunpcklpd-256-1.c compilation failed to produce executable
FAIL: gcc.target/i386/avx-vunpcklps-256-1.c (internal compiler error)
FAIL: gcc.target/i386/avx-vunpcklps-256-1.c (test for excess errors)
UNRESOLVED: gcc.target/i386/avx-vunpcklps-256-1.c compilation failed to produce executable
FAIL: gcc.target/i386/avx-vxorpd-256-1.c (internal compiler error)
FAIL: gcc.target/i386/avx-vxorpd-256-1.c (test for excess errors)
UNRESOLVED: gcc.target/i386/avx-vxorpd-256-1.c compilation failed to produce executable
FAIL: gcc.target/i386/avx-vxorps-256-1.c (internal compiler error)
FAIL: gcc.target/i386/avx-vxorps-256-1.c (test for excess errors)
UNRESOLVED: gcc.target/i386/avx-vxorps-256-1.c compilation failed to produce executable
FAIL: gcc.target/i386/avx-vzeroall-1.c (internal compiler error)
FAIL: gcc.target/i386/avx-vzeroall-1.c (test for excess errors)
UNRESOLVED: gcc.target/i386/avx-vzeroall-1.c compilation failed to produce executable
FAIL: gcc.target/i386/avx-vzeroupper-1.c (internal compiler error)
FAIL: gcc.target/i386/avx-vzeroupper-1.c (test for excess errors)
UNRESOLVED: gcc.target/i386/avx-vzeroupper-1.c compilation failed to produce executable
FAIL: gcc.target/i386/avx-vzeroupper-3.c (internal compiler error)
FAIL: gcc.target/i386/avx-vzeroupper-3.c (test for excess errors)
UNRESOLVED: gcc.target/i386/avx-vzeroupper-3.c compilation failed to produce executable
FAIL: gcc.target/i386/avx2-gather-4.c (internal compiler error)
FAIL: gcc.target/i386/avx2-gather-4.c (test for excess errors)
UNRESOLVED: gcc.target/i386/avx2-gather-4.c compilation failed to produce executable
FAIL: gcc.target/i386/avx2-i32gatherd256-2.c (internal compiler error)
FAIL: gcc.target/i386/avx2-i32gatherd256-2.c (test for excess errors)
UNRESOLVED: gcc.target/i386/avx2-i32gatherd256-2.c compilation failed to produce executable
FAIL: gcc.target/i386/avx2-i32gatherd256-4.c (internal compiler error)
FAIL: gcc.target/i386/avx2-i32gatherd256-4.c (test for excess errors)
UNRESOLVED: gcc.target/i386/avx2-i32gatherd256-4.c compilation failed to produce executable
FAIL: gcc.target/i386/avx2-i32gatherpd256-2.c (internal compiler error)
FAIL: gcc.target/i386/avx2-i32gatherpd256-2.c (test for excess errors)
UNRESOLVED: gcc.target/i386/avx2-i32gatherpd256-2.c compilation failed to produce executable
FAIL: gcc.target/i386/avx2-i32gatherpd256-4.c (internal compiler error)
FAIL: gcc.target/i386/avx2-i32gatherpd256-4.c (test for excess errors)
UNRESOLVED: gcc.target/i386/avx2-i32gatherpd256-4.c compilation failed to produce executable
FAIL: gcc.target/i386/avx2-i32gatherps256-2.c (internal compiler error)
FAIL: gcc.target/i386/avx2-i32gatherps256-2.c (test for excess errors)
UNRESOLVED: gcc.target/i386/avx2-i32gatherps256-2.c compilation failed to produce executable
FAIL: gcc.target/i386/avx2-i32gatherps256-4.c (internal compiler error)
FAIL: gcc.target/i386/avx2-i32gatherps256-4.c (test for excess errors)
UNRESOLVED: gcc.target/i386/avx2-i32gatherps256-4.c compilation failed to produce executable
FAIL: gcc.target/i386/avx2-i32gatherq256-2.c (internal compiler error)
FAIL: gcc.target/i386/avx2-i32gatherq256-2.c (test for excess errors)
UNRESOLVED: gcc.target/i386/avx2-i32gatherq256-2.c compilation failed to produce executable
FAIL: gcc.target/i386/avx2-i32gatherq256-4.c (internal compiler error)
FAIL: gcc.target/i386/avx2-i32gatherq256-4.c (test for excess errors)
UNRESOLVED: gcc.target/i386/avx2-i32gatherq256-4.c compilation failed to produce executable
FAIL: gcc.target/i386/avx2-i64gatherd256-2.c (internal compiler error)
FAIL: gcc.target/i386/avx2-i64gatherd256-2.c (test for excess errors)
UNRESOLVED: gcc.target/i386/avx2-i64gatherd256-2.c compilation failed to produce executable
FAIL: gcc.target/i386/avx2-i64gatherd256-4.c (internal compiler error)
FAIL: gcc.target/i386/avx2-i64gatherd256-4.c (test for excess errors)
UNRESOLVED: gcc.target/i386/avx2-i64gatherd256-4.c compilation failed to produce executable
FAIL: gcc.target/i386/avx2-i64gatherpd256-2.c (internal compiler error)
FAIL: gcc.target/i386/avx2-i64gatherpd256-2.c (test for excess errors)
UNRESOLVED: gcc.target/i386/avx2-i64gatherpd256-2.c compilation failed to produce executable
FAIL: gcc.target/i386/avx2-i64gatherpd256-4.c (internal compiler error)
FAIL: gcc.target/i386/avx2-i64gatherpd256-4.c (test for excess errors)
UNRESOLVED: gcc.target/i386/avx2-i64gatherpd256-4.c compilation failed to produce executable
FAIL: gcc.target/i386/avx2-i64gatherps256-2.c (internal compiler error)
FAIL: gcc.target/i386/avx2-i64gatherps256-2.c (test for excess errors)
UNRESOLVED: gcc.target/i386/avx2-i64gatherps256-2.c compilation failed to produce executable
FAIL: gcc.target/i386/avx2-i64gatherps256-4.c (internal compiler error)
FAIL: gcc.target/i386/avx2-i64gatherps256-4.c (test for excess errors)
UNRESOLVED: gcc.target/i386/avx2-i64gatherps256-4.c compilation failed to produce executable
FAIL: gcc.target/i386/avx2-i64gatherq256-2.c (internal compiler error)
FAIL: gcc.target/i386/avx2-i64gatherq256-2.c (test for excess errors)
UNRESOLVED: gcc.target/i386/avx2-i64gatherq256-2.c compilation failed to produce executable
FAIL: gcc.target/i386/avx2-i64gatherq256-4.c (internal compiler error)
FAIL: gcc.target/i386/avx2-i64gatherq256-4.c (test for excess errors)
UNRESOLVED: gcc.target/i386/avx2-i64gatherq256-4.c compilation failed to produce executable
FAIL: gcc.target/i386/avx2-mpsadbw-2.c (internal compiler error)
FAIL: gcc.target/i386/avx2-mpsadbw-2.c (test for excess errors)
UNRESOLVED: gcc.target/i386/avx2-mpsadbw-2.c compilation failed to produce executable
FAIL: gcc.target/i386/avx2-vbroadcastsd_pd-2.c (internal compiler error)
FAIL: gcc.target/i386/avx2-vbroadcastsd_pd-2.c (test for excess errors)
UNRESOLVED: gcc.target/i386/avx2-vbroadcastsd_pd-2.c compilation failed to produce executable
FAIL: gcc.target/i386/avx2-vbroadcastsi128-2.c (internal compiler error)
FAIL: gcc.target/i386/avx2-vbroadcastsi128-2.c (test for excess errors)
UNRESOLVED: gcc.target/i386/avx2-vbroadcastsi128-2.c compilation failed to produce executable
FAIL: gcc.target/i386/avx2-vbroadcastss_ps256-2.c (internal compiler error)
FAIL: gcc.target/i386/avx2-vbroadcastss_ps256-2.c (test for excess errors)
UNRESOLVED: gcc.target/i386/avx2-vbroadcastss_ps256-2.c compilation failed to produce executable
FAIL: gcc.target/i386/avx2-vextracti128-2.c (internal compiler error)
FAIL: gcc.target/i386/avx2-vextracti128-2.c (test for excess errors)
UNRESOLVED: gcc.target/i386/avx2-vextracti128-2.c compilation failed to produce executable
FAIL: gcc.target/i386/avx2-vinserti128-2.c (internal compiler error)
FAIL: gcc.target/i386/avx2-vinserti128-2.c (test for excess errors)
UNRESOLVED: gcc.target/i386/avx2-vinserti128-2.c compilation failed to produce executable
FAIL: gcc.target/i386/avx2-vmovntdqa-2.c (internal compiler error)
FAIL: gcc.target/i386/avx2-vmovntdqa-2.c (test for excess errors)
UNRESOLVED: gcc.target/i386/avx2-vmovntdqa-2.c compilation failed to produce executable
FAIL: gcc.target/i386/avx2-vpabsb256-2.c (internal compiler error)
FAIL: gcc.target/i386/avx2-vpabsb256-2.c (test for excess errors)
UNRESOLVED: gcc.target/i386/avx2-vpabsb256-2.c compilation failed to produce executable
FAIL: gcc.target/i386/avx2-vpabsd256-2.c (internal compiler error)
FAIL: gcc.target/i386/avx2-vpabsd256-2.c (test for excess errors)
UNRESOLVED: gcc.target/i386/avx2-vpabsd256-2.c compilation failed to produce executable
FAIL: gcc.target/i386/avx2-vpabsw256-2.c (internal compiler error)
FAIL: gcc.target/i386/avx2-vpabsw256-2.c (test for excess errors)
UNRESOLVED: gcc.target/i386/avx2-vpabsw256-2.c compilation failed to produce executable
FAIL: gcc.target/i386/avx2-vpackssdw-2.c (internal compiler error)
FAIL: gcc.target/i386/avx2-vpackssdw-2.c (test for excess errors)
UNRESOLVED: gcc.target/i386/avx2-vpackssdw-2.c compilation failed to produce executable
FAIL: gcc.target/i386/avx2-vpacksswb-2.c (internal compiler error)
FAIL: gcc.target/i386/avx2-vpacksswb-2.c (test for excess errors)
UNRESOLVED: gcc.target/i386/avx2-vpacksswb-2.c compilation failed to produce executable
FAIL: gcc.target/i386/avx2-vpackusdw-2.c (internal compiler error)
FAIL: gcc.target/i386/avx2-vpackusdw-2.c (test for excess errors)
UNRESOLVED: gcc.target/i386/avx2-vpackusdw-2.c compilation failed to produce executable
FAIL: gcc.target/i386/avx2-vpackuswb-2.c (internal compiler error)
FAIL: gcc.target/i386/avx2-vpackuswb-2.c (test for excess errors)
UNRESOLVED: gcc.target/i386/avx2-vpackuswb-2.c compilation failed to produce executable
FAIL: gcc.target/i386/avx2-vpaddb-2.c (internal compiler error)
FAIL: gcc.target/i386/avx2-vpaddb-2.c (test for excess errors)
UNRESOLVED: gcc.target/i386/avx2-vpaddb-2.c compilation failed to produce executable
FAIL: gcc.target/i386/avx2-vpaddd-2.c (internal compiler error)
FAIL: gcc.target/i386/avx2-vpaddd-2.c (test for excess errors)
UNRESOLVED: gcc.target/i386/avx2-vpaddd-2.c compilation failed to produce executable
FAIL: gcc.target/i386/avx2-vpaddq-2.c (internal compiler error)
FAIL: gcc.target/i386/avx2-vpaddq-2.c (test for excess errors)
UNRESOLVED: gcc.target/i386/avx2-vpaddq-2.c compilation failed to produce executable
FAIL: gcc.target/i386/avx2-vpaddsb-2.c (internal compiler error)
FAIL: gcc.target/i386/avx2-vpaddsb-2.c (test for excess errors)
UNRESOLVED: gcc.target/i386/avx2-vpaddsb-2.c compilation failed to produce executable
FAIL: gcc.target/i386/avx2-vpaddsw-2.c (internal compiler error)
FAIL: gcc.target/i386/avx2-vpaddsw-2.c (test for excess errors)
UNRESOLVED: gcc.target/i386/avx2-vpaddsw-2.c compilation failed to produce executable
FAIL: gcc.target/i386/avx2-vpaddusb-2.c (internal compiler error)
FAIL: gcc.target/i386/avx2-vpaddusb-2.c (test for excess errors)
UNRESOLVED: gcc.target/i386/avx2-vpaddusb-2.c compilation failed to produce executable
FAIL: gcc.target/i386/avx2-vpaddusw-2.c (internal compiler error)
FAIL: gcc.target/i386/avx2-vpaddusw-2.c (test for excess errors)
UNRESOLVED: gcc.target/i386/avx2-vpaddusw-2.c compilation failed to produce executable
FAIL: gcc.target/i386/avx2-vpaddw-2.c (internal compiler error)
FAIL: gcc.target/i386/avx2-vpaddw-2.c (test for excess errors)
UNRESOLVED: gcc.target/i386/avx2-vpaddw-2.c compilation failed to produce executable
FAIL: gcc.target/i386/avx2-vpalignr256-2.c (internal compiler error)
FAIL: gcc.target/i386/avx2-vpalignr256-2.c (test for excess errors)
UNRESOLVED: gcc.target/i386/avx2-vpalignr256-2.c compilation failed to produce executable
FAIL: gcc.target/i386/avx2-vpand-2.c (internal compiler error)
FAIL: gcc.target/i386/avx2-vpand-2.c (test for excess errors)
UNRESOLVED: gcc.target/i386/avx2-vpand-2.c compilation failed to produce executable
FAIL: gcc.target/i386/avx2-vpandn-2.c (internal compiler error)
FAIL: gcc.target/i386/avx2-vpandn-2.c (test for excess errors)
UNRESOLVED: gcc.target/i386/avx2-vpandn-2.c compilation failed to produce executable
FAIL: gcc.target/i386/avx2-vpavgb-2.c (internal compiler error)
FAIL: gcc.target/i386/avx2-vpavgb-2.c (test for excess errors)
UNRESOLVED: gcc.target/i386/avx2-vpavgb-2.c compilation failed to produce executable
FAIL: gcc.target/i386/avx2-vpavgw-2.c (internal compiler error)
FAIL: gcc.target/i386/avx2-vpavgw-2.c (test for excess errors)
UNRESOLVED: gcc.target/i386/avx2-vpavgw-2.c compilation failed to produce executable
FAIL: gcc.target/i386/avx2-vpblendd256-2.c (internal compiler error)
FAIL: gcc.target/i386/avx2-vpblendd256-2.c (test for excess errors)
UNRESOLVED: gcc.target/i386/avx2-vpblendd256-2.c compilation failed to produce executable
FAIL: gcc.target/i386/avx2-vpblendvb-2.c (internal compiler error)
FAIL: gcc.target/i386/avx2-vpblendvb-2.c (test for excess errors)
UNRESOLVED: gcc.target/i386/avx2-vpblendvb-2.c compilation failed to produce executable
FAIL: gcc.target/i386/avx2-vpblendw-2.c (internal compiler error)
FAIL: gcc.target/i386/avx2-vpblendw-2.c (test for excess errors)
UNRESOLVED: gcc.target/i386/avx2-vpblendw-2.c compilation failed to produce executable
FAIL: gcc.target/i386/avx2-vpbroadcastb256-2.c (internal compiler error)
FAIL: gcc.target/i386/avx2-vpbroadcastb256-2.c (test for excess errors)
UNRESOLVED: gcc.target/i386/avx2-vpbroadcastb256-2.c compilation failed to produce executable
FAIL: gcc.target/i386/avx2-vpbroadcastd256-2.c (internal compiler error)
FAIL: gcc.target/i386/avx2-vpbroadcastd256-2.c (test for excess errors)
UNRESOLVED: gcc.target/i386/avx2-vpbroadcastd256-2.c compilation failed to produce executable
FAIL: gcc.target/i386/avx2-vpbroadcastq256-2.c (internal compiler error)
FAIL: gcc.target/i386/avx2-vpbroadcastq256-2.c (test for excess errors)
UNRESOLVED: gcc.target/i386/avx2-vpbroadcastq256-2.c compilation failed to produce executable
FAIL: gcc.target/i386/avx2-vpbroadcastw256-2.c (internal compiler error)
FAIL: gcc.target/i386/avx2-vpbroadcastw256-2.c (test for excess errors)
UNRESOLVED: gcc.target/i386/avx2-vpbroadcastw256-2.c compilation failed to produce executable
FAIL: gcc.target/i386/avx2-vpcmpeqb-2.c (internal compiler error)
FAIL: gcc.target/i386/avx2-vpcmpeqb-2.c (test for excess errors)
UNRESOLVED: gcc.target/i386/avx2-vpcmpeqb-2.c compilation failed to produce executable
FAIL: gcc.target/i386/avx2-vpcmpeqd-2.c (internal compiler error)
FAIL: gcc.target/i386/avx2-vpcmpeqd-2.c (test for excess errors)
UNRESOLVED: gcc.target/i386/avx2-vpcmpeqd-2.c compilation failed to produce executable
FAIL: gcc.target/i386/avx2-vpcmpeqq-2.c (internal compiler error)
FAIL: gcc.target/i386/avx2-vpcmpeqq-2.c (test for excess errors)
UNRESOLVED: gcc.target/i386/avx2-vpcmpeqq-2.c compilation failed to produce executable
FAIL: gcc.target/i386/avx2-vpcmpeqw-2.c (internal compiler error)
FAIL: gcc.target/i386/avx2-vpcmpeqw-2.c (test for excess errors)
UNRESOLVED: gcc.target/i386/avx2-vpcmpeqw-2.c compilation failed to produce executable
FAIL: gcc.target/i386/avx2-vpcmpgtb-2.c (internal compiler error)
FAIL: gcc.target/i386/avx2-vpcmpgtb-2.c (test for excess errors)
UNRESOLVED: gcc.target/i386/avx2-vpcmpgtb-2.c compilation failed to produce executable
FAIL: gcc.target/i386/avx2-vpcmpgtd-2.c (internal compiler error)
FAIL: gcc.target/i386/avx2-vpcmpgtd-2.c (test for excess errors)
UNRESOLVED: gcc.target/i386/avx2-vpcmpgtd-2.c compilation failed to produce executable
FAIL: gcc.target/i386/avx2-vpcmpgtq-2.c (internal compiler error)
FAIL: gcc.target/i386/avx2-vpcmpgtq-2.c (test for excess errors)
UNRESOLVED: gcc.target/i386/avx2-vpcmpgtq-2.c compilation failed to produce executable
FAIL: gcc.target/i386/avx2-vpcmpgtw-2.c (internal compiler error)
FAIL: gcc.target/i386/avx2-vpcmpgtw-2.c (test for excess errors)
UNRESOLVED: gcc.target/i386/avx2-vpcmpgtw-2.c compilation failed to produce executable
FAIL: gcc.target/i386/avx2-vperm2i128-2.c (internal compiler error)
FAIL: gcc.target/i386/avx2-vperm2i128-2.c (test for excess errors)
UNRESOLVED: gcc.target/i386/avx2-vperm2i128-2.c compilation failed to produce executable
FAIL: gcc.target/i386/avx2-vpermd-2.c (internal compiler error)
FAIL: gcc.target/i386/avx2-vpermd-2.c (test for excess errors)
UNRESOLVED: gcc.target/i386/avx2-vpermd-2.c compilation failed to produce executable
FAIL: gcc.target/i386/avx2-vpermpd-2.c (internal compiler error)
FAIL: gcc.target/i386/avx2-vpermpd-2.c (test for excess errors)
UNRESOLVED: gcc.target/i386/avx2-vpermpd-2.c compilation failed to produce executable
FAIL: gcc.target/i386/avx2-vpermps-2.c (internal compiler error)
FAIL: gcc.target/i386/avx2-vpermps-2.c (test for excess errors)
UNRESOLVED: gcc.target/i386/avx2-vpermps-2.c compilation failed to produce executable
FAIL: gcc.target/i386/avx2-vpermq-2.c (internal compiler error)
FAIL: gcc.target/i386/avx2-vpermq-2.c (test for excess errors)
UNRESOLVED: gcc.target/i386/avx2-vpermq-2.c compilation failed to produce executable
FAIL: gcc.target/i386/avx2-vphaddd-2.c (internal compiler error)
FAIL: gcc.target/i386/avx2-vphaddd-2.c (test for excess errors)
UNRESOLVED: gcc.target/i386/avx2-vphaddd-2.c compilation failed to produce executable
FAIL: gcc.target/i386/avx2-vphaddsw-2.c (internal compiler error)
FAIL: gcc.target/i386/avx2-vphaddsw-2.c (test for excess errors)
UNRESOLVED: gcc.target/i386/avx2-vphaddsw-2.c compilation failed to produce executable
FAIL: gcc.target/i386/avx2-vphaddw-2.c (internal compiler error)
FAIL: gcc.target/i386/avx2-vphaddw-2.c (test for excess errors)
UNRESOLVED: gcc.target/i386/avx2-vphaddw-2.c compilation failed to produce executable
FAIL: gcc.target/i386/avx2-vphsubd-2.c (internal compiler error)
FAIL: gcc.target/i386/avx2-vphsubd-2.c (test for excess errors)
UNRESOLVED: gcc.target/i386/avx2-vphsubd-2.c compilation failed to produce executable
FAIL: gcc.target/i386/avx2-vphsubsw-2.c (internal compiler error)
FAIL: gcc.target/i386/avx2-vphsubsw-2.c (test for excess errors)
UNRESOLVED: gcc.target/i386/avx2-vphsubsw-2.c compilation failed to produce executable
FAIL: gcc.target/i386/avx2-vpmaddubsw-2.c (internal compiler error)
FAIL: gcc.target/i386/avx2-vpmaddubsw-2.c (test for excess errors)
UNRESOLVED: gcc.target/i386/avx2-vpmaddubsw-2.c compilation failed to produce executable
FAIL: gcc.target/i386/avx2-vpmaddwd-2.c (internal compiler error)
FAIL: gcc.target/i386/avx2-vpmaddwd-2.c (test for excess errors)
UNRESOLVED: gcc.target/i386/avx2-vpmaddwd-2.c compilation failed to produce executable
FAIL: gcc.target/i386/avx2-vpmaskloadd256-2.c (internal compiler error)
FAIL: gcc.target/i386/avx2-vpmaskloadd256-2.c (test for excess errors)
UNRESOLVED: gcc.target/i386/avx2-vpmaskloadd256-2.c compilation failed to produce executable
FAIL: gcc.target/i386/avx2-vpmaskloadq256-2.c (internal compiler error)
FAIL: gcc.target/i386/avx2-vpmaskloadq256-2.c (test for excess errors)
UNRESOLVED: gcc.target/i386/avx2-vpmaskloadq256-2.c compilation failed to produce executable
FAIL: gcc.target/i386/avx2-vpmaskstored256-2.c (internal compiler error)
FAIL: gcc.target/i386/avx2-vpmaskstored256-2.c (test for excess errors)
UNRESOLVED: gcc.target/i386/avx2-vpmaskstored256-2.c compilation failed to produce executable
FAIL: gcc.target/i386/avx2-vpmaskstoreq256-2.c (internal compiler error)
FAIL: gcc.target/i386/avx2-vpmaskstoreq256-2.c (test for excess errors)
UNRESOLVED: gcc.target/i386/avx2-vpmaskstoreq256-2.c compilation failed to produce executable
FAIL: gcc.target/i386/avx2-vpmaxsb-2.c (internal compiler error)
FAIL: gcc.target/i386/avx2-vpmaxsb-2.c (test for excess errors)
UNRESOLVED: gcc.target/i386/avx2-vpmaxsb-2.c compilation failed to produce executable
FAIL: gcc.target/i386/avx2-vpmaxsd-2.c (internal compiler error)
FAIL: gcc.target/i386/avx2-vpmaxsd-2.c (test for excess errors)
UNRESOLVED: gcc.target/i386/avx2-vpmaxsd-2.c compilation failed to produce executable
FAIL: gcc.target/i386/avx2-vpmaxsw-2.c (internal compiler error)
FAIL: gcc.target/i386/avx2-vpmaxsw-2.c (test for excess errors)
UNRESOLVED: gcc.target/i386/avx2-vpmaxsw-2.c compilation failed to produce executable
FAIL: gcc.target/i386/avx2-vpmaxub-2.c (internal compiler error)
FAIL: gcc.target/i386/avx2-vpmaxub-2.c (test for excess errors)
UNRESOLVED: gcc.target/i386/avx2-vpmaxub-2.c compilation failed to produce executable
FAIL: gcc.target/i386/avx2-vpmaxud-2.c (internal compiler error)
FAIL: gcc.target/i386/avx2-vpmaxud-2.c (test for excess errors)
UNRESOLVED: gcc.target/i386/avx2-vpmaxud-2.c compilation failed to produce executable
FAIL: gcc.target/i386/avx2-vpmaxuw-2.c (internal compiler error)
FAIL: gcc.target/i386/avx2-vpmaxuw-2.c (test for excess errors)
UNRESOLVED: gcc.target/i386/avx2-vpmaxuw-2.c compilation failed to produce executable
FAIL: gcc.target/i386/avx2-vpminsb-2.c (internal compiler error)
FAIL: gcc.target/i386/avx2-vpminsb-2.c (test for excess errors)
UNRESOLVED: gcc.target/i386/avx2-vpminsb-2.c compilation failed to produce executable
FAIL: gcc.target/i386/avx2-vpminsd-2.c (internal compiler error)
FAIL: gcc.target/i386/avx2-vpminsd-2.c (test for excess errors)
UNRESOLVED: gcc.target/i386/avx2-vpminsd-2.c compilation failed to produce executable
FAIL: gcc.target/i386/avx2-vpminsw-2.c (internal compiler error)
FAIL: gcc.target/i386/avx2-vpminsw-2.c (test for excess errors)
UNRESOLVED: gcc.target/i386/avx2-vpminsw-2.c compilation failed to produce executable
FAIL: gcc.target/i386/avx2-vpminub-2.c (internal compiler error)
FAIL: gcc.target/i386/avx2-vpminub-2.c (test for excess errors)
UNRESOLVED: gcc.target/i386/avx2-vpminub-2.c compilation failed to produce executable
FAIL: gcc.target/i386/avx2-vpminud-2.c (internal compiler error)
FAIL: gcc.target/i386/avx2-vpminud-2.c (test for excess errors)
UNRESOLVED: gcc.target/i386/avx2-vpminud-2.c compilation failed to produce executable
FAIL: gcc.target/i386/avx2-vpminuw-2.c (internal compiler error)
FAIL: gcc.target/i386/avx2-vpminuw-2.c (test for excess errors)
UNRESOLVED: gcc.target/i386/avx2-vpminuw-2.c compilation failed to produce executable
FAIL: gcc.target/i386/avx2-vpmovmskb-2.c (internal compiler error)
FAIL: gcc.target/i386/avx2-vpmovmskb-2.c (test for excess errors)
UNRESOLVED: gcc.target/i386/avx2-vpmovmskb-2.c scan-assembler vpmovmskb[ \\\\t]+[^\\n]*%ymm[0-9]
FAIL: gcc.target/i386/avx2-vpmovsxbd-2.c (internal compiler error)
FAIL: gcc.target/i386/avx2-vpmovsxbd-2.c (test for excess errors)
UNRESOLVED: gcc.target/i386/avx2-vpmovsxbd-2.c compilation failed to produce executable
FAIL: gcc.target/i386/avx2-vpmovsxbq-2.c (internal compiler error)
FAIL: gcc.target/i386/avx2-vpmovsxbq-2.c (test for excess errors)
UNRESOLVED: gcc.target/i386/avx2-vpmovsxbq-2.c compilation failed to produce executable
FAIL: gcc.target/i386/avx2-vpmovsxbw-2.c (internal compiler error)
FAIL: gcc.target/i386/avx2-vpmovsxbw-2.c (test for excess errors)
UNRESOLVED: gcc.target/i386/avx2-vpmovsxbw-2.c compilation failed to produce executable
FAIL: gcc.target/i386/avx2-vpmovsxdq-2.c (internal compiler error)
FAIL: gcc.target/i386/avx2-vpmovsxdq-2.c (test for excess errors)
UNRESOLVED: gcc.target/i386/avx2-vpmovsxdq-2.c compilation failed to produce executable
FAIL: gcc.target/i386/avx2-vpmovsxwd-2.c (internal compiler error)
FAIL: gcc.target/i386/avx2-vpmovsxwd-2.c (test for excess errors)
UNRESOLVED: gcc.target/i386/avx2-vpmovsxwd-2.c compilation failed to produce executable
FAIL: gcc.target/i386/avx2-vpmovsxwq-2.c (internal compiler error)
FAIL: gcc.target/i386/avx2-vpmovsxwq-2.c (test for excess errors)
UNRESOLVED: gcc.target/i386/avx2-vpmovsxwq-2.c compilation failed to produce executable
FAIL: gcc.target/i386/avx2-vpmovzxbd-2.c (internal compiler error)
FAIL: gcc.target/i386/avx2-vpmovzxbd-2.c (test for excess errors)
UNRESOLVED: gcc.target/i386/avx2-vpmovzxbd-2.c compilation failed to produce executable
FAIL: gcc.target/i386/avx2-vpmovzxbq-2.c (internal compiler error)
FAIL: gcc.target/i386/avx2-vpmovzxbq-2.c (test for excess errors)
UNRESOLVED: gcc.target/i386/avx2-vpmovzxbq-2.c compilation failed to produce executable
FAIL: gcc.target/i386/avx2-vpmovzxbw-2.c (internal compiler error)
FAIL: gcc.target/i386/avx2-vpmovzxbw-2.c (test for excess errors)
UNRESOLVED: gcc.target/i386/avx2-vpmovzxbw-2.c compilation failed to produce executable
FAIL: gcc.target/i386/avx2-vpmovzxdq-2.c (internal compiler error)
FAIL: gcc.target/i386/avx2-vpmovzxdq-2.c (test for excess errors)
UNRESOLVED: gcc.target/i386/avx2-vpmovzxdq-2.c compilation failed to produce executable
FAIL: gcc.target/i386/avx2-vpmovzxwd-2.c (internal compiler error)
FAIL: gcc.target/i386/avx2-vpmovzxwd-2.c (test for excess errors)
UNRESOLVED: gcc.target/i386/avx2-vpmovzxwd-2.c compilation failed to produce executable
FAIL: gcc.target/i386/avx2-vpmovzxwq-2.c (internal compiler error)
FAIL: gcc.target/i386/avx2-vpmovzxwq-2.c (test for excess errors)
UNRESOLVED: gcc.target/i386/avx2-vpmovzxwq-2.c compilation failed to produce executable
FAIL: gcc.target/i386/avx2-vpmuldq-2.c (internal compiler error)
FAIL: gcc.target/i386/avx2-vpmuldq-2.c (test for excess errors)
UNRESOLVED: gcc.target/i386/avx2-vpmuldq-2.c compilation failed to produce executable
FAIL: gcc.target/i386/avx2-vpmulhrsw-2.c (internal compiler error)
FAIL: gcc.target/i386/avx2-vpmulhrsw-2.c (test for excess errors)
UNRESOLVED: gcc.target/i386/avx2-vpmulhrsw-2.c compilation failed to produce executable
FAIL: gcc.target/i386/avx2-vpmulhuw-2.c (internal compiler error)
FAIL: gcc.target/i386/avx2-vpmulhuw-2.c (test for excess errors)
UNRESOLVED: gcc.target/i386/avx2-vpmulhuw-2.c compilation failed to produce executable
FAIL: gcc.target/i386/avx2-vpmulhw-2.c (internal compiler error)
FAIL: gcc.target/i386/avx2-vpmulhw-2.c (test for excess errors)
UNRESOLVED: gcc.target/i386/avx2-vpmulhw-2.c compilation failed to produce executable
FAIL: gcc.target/i386/avx2-vpmulld-2.c (internal compiler error)
FAIL: gcc.target/i386/avx2-vpmulld-2.c (test for excess errors)
UNRESOLVED: gcc.target/i386/avx2-vpmulld-2.c compilation failed to produce executable
FAIL: gcc.target/i386/avx2-vpmullw-2.c (internal compiler error)
FAIL: gcc.target/i386/avx2-vpmullw-2.c (test for excess errors)
UNRESOLVED: gcc.target/i386/avx2-vpmullw-2.c compilation failed to produce executable
FAIL: gcc.target/i386/avx2-vpmuludq-2.c (internal compiler error)
FAIL: gcc.target/i386/avx2-vpmuludq-2.c (test for excess errors)
UNRESOLVED: gcc.target/i386/avx2-vpmuludq-2.c compilation failed to produce executable
FAIL: gcc.target/i386/avx2-vpor-2.c (internal compiler error)
FAIL: gcc.target/i386/avx2-vpor-2.c (test for excess errors)
UNRESOLVED: gcc.target/i386/avx2-vpor-2.c compilation failed to produce executable
FAIL: gcc.target/i386/avx2-vpsadbw-2.c (internal compiler error)
FAIL: gcc.target/i386/avx2-vpsadbw-2.c (test for excess errors)
UNRESOLVED: gcc.target/i386/avx2-vpsadbw-2.c compilation failed to produce executable
FAIL: gcc.target/i386/avx2-vpshufb-2.c (internal compiler error)
FAIL: gcc.target/i386/avx2-vpshufb-2.c (test for excess errors)
UNRESOLVED: gcc.target/i386/avx2-vpshufb-2.c compilation failed to produce executable
FAIL: gcc.target/i386/avx2-vpshufd-2.c (internal compiler error)
FAIL: gcc.target/i386/avx2-vpshufd-2.c (test for excess errors)
UNRESOLVED: gcc.target/i386/avx2-vpshufd-2.c compilation failed to produce executable
FAIL: gcc.target/i386/avx2-vpshufhw-2.c (internal compiler error)
FAIL: gcc.target/i386/avx2-vpshufhw-2.c (test for excess errors)
UNRESOLVED: gcc.target/i386/avx2-vpshufhw-2.c compilation failed to produce executable
FAIL: gcc.target/i386/avx2-vpshuflw-2.c (internal compiler error)
FAIL: gcc.target/i386/avx2-vpshuflw-2.c (test for excess errors)
UNRESOLVED: gcc.target/i386/avx2-vpshuflw-2.c compilation failed to produce executable
FAIL: gcc.target/i386/avx2-vpsignb-2.c (internal compiler error)
FAIL: gcc.target/i386/avx2-vpsignb-2.c (test for excess errors)
UNRESOLVED: gcc.target/i386/avx2-vpsignb-2.c compilation failed to produce executable
FAIL: gcc.target/i386/avx2-vpsignd-2.c (internal compiler error)
FAIL: gcc.target/i386/avx2-vpsignd-2.c (test for excess errors)
UNRESOLVED: gcc.target/i386/avx2-vpsignd-2.c compilation failed to produce executable
FAIL: gcc.target/i386/avx2-vpsignw-2.c (internal compiler error)
FAIL: gcc.target/i386/avx2-vpsignw-2.c (test for excess errors)
UNRESOLVED: gcc.target/i386/avx2-vpsignw-2.c compilation failed to produce executable
FAIL: gcc.target/i386/avx2-vpslld-2.c (internal compiler error)
FAIL: gcc.target/i386/avx2-vpslld-2.c (test for excess errors)
UNRESOLVED: gcc.target/i386/avx2-vpslld-2.c compilation failed to produce executable
FAIL: gcc.target/i386/avx2-vpslldi-2.c (internal compiler error)
FAIL: gcc.target/i386/avx2-vpslldi-2.c (test for excess errors)
UNRESOLVED: gcc.target/i386/avx2-vpslldi-2.c compilation failed to produce executable
FAIL: gcc.target/i386/avx2-vpslldq-2.c (internal compiler error)
FAIL: gcc.target/i386/avx2-vpslldq-2.c (test for excess errors)
UNRESOLVED: gcc.target/i386/avx2-vpslldq-2.c compilation failed to produce executable
FAIL: gcc.target/i386/avx2-vpsllq-2.c (internal compiler error)
FAIL: gcc.target/i386/avx2-vpsllq-2.c (test for excess errors)
UNRESOLVED: gcc.target/i386/avx2-vpsllq-2.c compilation failed to produce executable
FAIL: gcc.target/i386/avx2-vpsllqi-2.c (internal compiler error)
FAIL: gcc.target/i386/avx2-vpsllqi-2.c (test for excess errors)
UNRESOLVED: gcc.target/i386/avx2-vpsllqi-2.c compilation failed to produce executable
FAIL: gcc.target/i386/avx2-vpsllvd256-2.c (internal compiler error)
FAIL: gcc.target/i386/avx2-vpsllvd256-2.c (test for excess errors)
UNRESOLVED: gcc.target/i386/avx2-vpsllvd256-2.c compilation failed to produce executable
FAIL: gcc.target/i386/avx2-vpsllvq256-2.c (internal compiler error)
FAIL: gcc.target/i386/avx2-vpsllvq256-2.c (test for excess errors)
UNRESOLVED: gcc.target/i386/avx2-vpsllvq256-2.c compilation failed to produce executable
FAIL: gcc.target/i386/avx2-vpsllw-2.c (internal compiler error)
FAIL: gcc.target/i386/avx2-vpsllw-2.c (test for excess errors)
UNRESOLVED: gcc.target/i386/avx2-vpsllw-2.c compilation failed to produce executable
FAIL: gcc.target/i386/avx2-vpsllwi-2.c (internal compiler error)
FAIL: gcc.target/i386/avx2-vpsllwi-2.c (test for excess errors)
UNRESOLVED: gcc.target/i386/avx2-vpsllwi-2.c compilation failed to produce executable
FAIL: gcc.target/i386/avx2-vpsrad-2.c (internal compiler error)
FAIL: gcc.target/i386/avx2-vpsrad-2.c (test for excess errors)
UNRESOLVED: gcc.target/i386/avx2-vpsrad-2.c compilation failed to produce executable
FAIL: gcc.target/i386/avx2-vpsradi-2.c (internal compiler error)
FAIL: gcc.target/i386/avx2-vpsradi-2.c (test for excess errors)
UNRESOLVED: gcc.target/i386/avx2-vpsradi-2.c compilation failed to produce executable
FAIL: gcc.target/i386/avx2-vpsravd256-2.c (internal compiler error)
FAIL: gcc.target/i386/avx2-vpsravd256-2.c (test for excess errors)
UNRESOLVED: gcc.target/i386/avx2-vpsravd256-2.c compilation failed to produce executable
FAIL: gcc.target/i386/avx2-vpsraw-2.c (internal compiler error)
FAIL: gcc.target/i386/avx2-vpsraw-2.c (test for excess errors)
UNRESOLVED: gcc.target/i386/avx2-vpsraw-2.c compilation failed to produce executable
FAIL: gcc.target/i386/avx2-vpsrawi-2.c (internal compiler error)
FAIL: gcc.target/i386/avx2-vpsrawi-2.c (test for excess errors)
UNRESOLVED: gcc.target/i386/avx2-vpsrawi-2.c compilation failed to produce executable
FAIL: gcc.target/i386/avx2-vpsrld-2.c (internal compiler error)
FAIL: gcc.target/i386/avx2-vpsrld-2.c (test for excess errors)
UNRESOLVED: gcc.target/i386/avx2-vpsrld-2.c compilation failed to produce executable
FAIL: gcc.target/i386/avx2-vpsrldi-2.c (internal compiler error)
FAIL: gcc.target/i386/avx2-vpsrldi-2.c (test for excess errors)
UNRESOLVED: gcc.target/i386/avx2-vpsrldi-2.c compilation failed to produce executable
FAIL: gcc.target/i386/avx2-vpsrldq-2.c (internal compiler error)
FAIL: gcc.target/i386/avx2-vpsrldq-2.c (test for excess errors)
UNRESOLVED: gcc.target/i386/avx2-vpsrldq-2.c compilation failed to produce executable
FAIL: gcc.target/i386/avx2-vpsrlq-2.c (internal compiler error)
FAIL: gcc.target/i386/avx2-vpsrlq-2.c (test for excess errors)
UNRESOLVED: gcc.target/i386/avx2-vpsrlq-2.c compilation failed to produce executable
FAIL: gcc.target/i386/avx2-vpsrlqi-2.c (internal compiler error)
FAIL: gcc.target/i386/avx2-vpsrlqi-2.c (test for excess errors)
UNRESOLVED: gcc.target/i386/avx2-vpsrlqi-2.c compilation failed to produce executable
FAIL: gcc.target/i386/avx2-vpsrlvd256-2.c (internal compiler error)
FAIL: gcc.target/i386/avx2-vpsrlvd256-2.c (test for excess errors)
UNRESOLVED: gcc.target/i386/avx2-vpsrlvd256-2.c compilation failed to produce executable
FAIL: gcc.target/i386/avx2-vpsrlvq256-2.c (internal compiler error)
FAIL: gcc.target/i386/avx2-vpsrlvq256-2.c (test for excess errors)
UNRESOLVED: gcc.target/i386/avx2-vpsrlvq256-2.c compilation failed to produce executable
FAIL: gcc.target/i386/avx2-vpsrlw-2.c (internal compiler error)
FAIL: gcc.target/i386/avx2-vpsrlw-2.c (test for excess errors)
UNRESOLVED: gcc.target/i386/avx2-vpsrlw-2.c compilation failed to produce executable
FAIL: gcc.target/i386/avx2-vpsrlwi-2.c (internal compiler error)
FAIL: gcc.target/i386/avx2-vpsrlwi-2.c (test for excess errors)
UNRESOLVED: gcc.target/i386/avx2-vpsrlwi-2.c compilation failed to produce executable
FAIL: gcc.target/i386/avx2-vpsubb-2.c (internal compiler error)
FAIL: gcc.target/i386/avx2-vpsubb-2.c (test for excess errors)
UNRESOLVED: gcc.target/i386/avx2-vpsubb-2.c compilation failed to produce executable
FAIL: gcc.target/i386/avx2-vpsubd-2.c (internal compiler error)
FAIL: gcc.target/i386/avx2-vpsubd-2.c (test for excess errors)
UNRESOLVED: gcc.target/i386/avx2-vpsubd-2.c compilation failed to produce executable
FAIL: gcc.target/i386/avx2-vpsubq-2.c (internal compiler error)
FAIL: gcc.target/i386/avx2-vpsubq-2.c (test for excess errors)
UNRESOLVED: gcc.target/i386/avx2-vpsubq-2.c compilation failed to produce executable
FAIL: gcc.target/i386/avx2-vpsubsb-2.c (internal compiler error)
FAIL: gcc.target/i386/avx2-vpsubsb-2.c (test for excess errors)
UNRESOLVED: gcc.target/i386/avx2-vpsubsb-2.c compilation failed to produce executable
FAIL: gcc.target/i386/avx2-vpsubsw-2.c (internal compiler error)
FAIL: gcc.target/i386/avx2-vpsubsw-2.c (test for excess errors)
UNRESOLVED: gcc.target/i386/avx2-vpsubsw-2.c compilation failed to produce executable
FAIL: gcc.target/i386/avx2-vpsubusb-2.c (internal compiler error)
FAIL: gcc.target/i386/avx2-vpsubusb-2.c (test for excess errors)
UNRESOLVED: gcc.target/i386/avx2-vpsubusb-2.c compilation failed to produce executable
FAIL: gcc.target/i386/avx2-vpsubusw-2.c (internal compiler error)
FAIL: gcc.target/i386/avx2-vpsubusw-2.c (test for excess errors)
UNRESOLVED: gcc.target/i386/avx2-vpsubusw-2.c compilation failed to produce executable
FAIL: gcc.target/i386/avx2-vpunpckhbw-2.c (internal compiler error)
FAIL: gcc.target/i386/avx2-vpunpckhbw-2.c (test for excess errors)
UNRESOLVED: gcc.target/i386/avx2-vpunpckhbw-2.c compilation failed to produce executable
FAIL: gcc.target/i386/avx2-vpunpckhdq-2.c (internal compiler error)
FAIL: gcc.target/i386/avx2-vpunpckhdq-2.c (test for excess errors)
UNRESOLVED: gcc.target/i386/avx2-vpunpckhdq-2.c compilation failed to produce executable
FAIL: gcc.target/i386/avx2-vpunpckhqdq-2.c (internal compiler error)
FAIL: gcc.target/i386/avx2-vpunpckhqdq-2.c (test for excess errors)
UNRESOLVED: gcc.target/i386/avx2-vpunpckhqdq-2.c compilation failed to produce executable
FAIL: gcc.target/i386/avx2-vpunpckhwd-2.c (internal compiler error)
FAIL: gcc.target/i386/avx2-vpunpckhwd-2.c (test for excess errors)
UNRESOLVED: gcc.target/i386/avx2-vpunpckhwd-2.c compilation failed to produce executable
FAIL: gcc.target/i386/avx2-vpunpcklbw-2.c (internal compiler error)
FAIL: gcc.target/i386/avx2-vpunpcklbw-2.c (test for excess errors)
UNRESOLVED: gcc.target/i386/avx2-vpunpcklbw-2.c compilation failed to produce executable
FAIL: gcc.target/i386/avx2-vpunpckldq-2.c (internal compiler error)
FAIL: gcc.target/i386/avx2-vpunpckldq-2.c (test for excess errors)
UNRESOLVED: gcc.target/i386/avx2-vpunpckldq-2.c compilation failed to produce executable
FAIL: gcc.target/i386/avx2-vpunpcklqdq-2.c (internal compiler error)
FAIL: gcc.target/i386/avx2-vpunpcklqdq-2.c (test for excess errors)
UNRESOLVED: gcc.target/i386/avx2-vpunpcklqdq-2.c compilation failed to produce executable
FAIL: gcc.target/i386/avx2-vpunpcklwd-2.c (internal compiler error)
FAIL: gcc.target/i386/avx2-vpunpcklwd-2.c (test for excess errors)
UNRESOLVED: gcc.target/i386/avx2-vpunpcklwd-2.c compilation failed to produce executable
FAIL: gcc.target/i386/avx2-vpxor-2.c (internal compiler error)
FAIL: gcc.target/i386/avx2-vpxor-2.c (test for excess errors)
UNRESOLVED: gcc.target/i386/avx2-vpxor-2.c compilation failed to produce executable
FAIL: gcc.target/i386/avx256-unaligned-load-5.c (internal compiler error)
FAIL: gcc.target/i386/avx256-unaligned-load-5.c (test for excess errors)
UNRESOLVED: gcc.target/i386/avx256-unaligned-load-5.c compilation failed to produce executable
FAIL: gcc.target/i386/avx256-unaligned-load-6.c (internal compiler error)
FAIL: gcc.target/i386/avx256-unaligned-load-6.c (test for excess errors)
UNRESOLVED: gcc.target/i386/avx256-unaligned-load-6.c compilation failed to produce executable
FAIL: gcc.target/i386/avx256-unaligned-load-7.c (internal compiler error)
FAIL: gcc.target/i386/avx256-unaligned-load-7.c (test for excess errors)
UNRESOLVED: gcc.target/i386/avx256-unaligned-load-7.c compilation failed to produce executable
FAIL: gcc.target/i386/avx256-unaligned-store-5.c (internal compiler error)
FAIL: gcc.target/i386/avx256-unaligned-store-5.c (test for excess errors)
UNRESOLVED: gcc.target/i386/avx256-unaligned-store-5.c compilation failed to produce executable
FAIL: gcc.target/i386/avx256-unaligned-store-6.c (internal compiler error)
FAIL: gcc.target/i386/avx256-unaligned-store-6.c (test for excess errors)
UNRESOLVED: gcc.target/i386/avx256-unaligned-store-6.c compilation failed to produce executable
FAIL: gcc.target/i386/avx256-unaligned-store-7.c (internal compiler error)
FAIL: gcc.target/i386/avx256-unaligned-store-7.c (test for excess errors)
UNRESOLVED: gcc.target/i386/avx256-unaligned-store-7.c compilation failed to produce executable
FAIL: gcc.target/i386/avx512er-vexp2pd-2.c (internal compiler error)
FAIL: gcc.target/i386/avx512er-vexp2pd-2.c (test for excess errors)
UNRESOLVED: gcc.target/i386/avx512er-vexp2pd-2.c compilation failed to produce executable
FAIL: gcc.target/i386/avx512er-vexp2ps-2.c (internal compiler error)
FAIL: gcc.target/i386/avx512er-vexp2ps-2.c (test for excess errors)
UNRESOLVED: gcc.target/i386/avx512er-vexp2ps-2.c compilation failed to produce executable
FAIL: gcc.target/i386/avx512er-vrcp28pd-2.c (internal compiler error)
FAIL: gcc.target/i386/avx512er-vrcp28pd-2.c (test for excess errors)
UNRESOLVED: gcc.target/i386/avx512er-vrcp28pd-2.c compilation failed to produce executable
FAIL: gcc.target/i386/avx512er-vrcp28ps-2.c (internal compiler error)
FAIL: gcc.target/i386/avx512er-vrcp28ps-2.c (test for excess errors)
UNRESOLVED: gcc.target/i386/avx512er-vrcp28ps-2.c compilation failed to produce executable
FAIL: gcc.target/i386/avx512er-vrsqrt28pd-2.c (internal compiler error)
FAIL: gcc.target/i386/avx512er-vrsqrt28pd-2.c (test for excess errors)
UNRESOLVED: gcc.target/i386/avx512er-vrsqrt28pd-2.c compilation failed to produce executable
FAIL: gcc.target/i386/avx512er-vrsqrt28ps-2.c (internal compiler error)
FAIL: gcc.target/i386/avx512er-vrsqrt28ps-2.c (test for excess errors)
UNRESOLVED: gcc.target/i386/avx512er-vrsqrt28ps-2.c compilation failed to produce executable
FAIL: gcc.target/i386/avx512f-broadcast-gpr-2.c (internal compiler error)
FAIL: gcc.target/i386/avx512f-broadcast-gpr-2.c (test for excess errors)
UNRESOLVED: gcc.target/i386/avx512f-broadcast-gpr-2.c compilation failed to produce executable
FAIL: gcc.target/i386/avx512f-ceil-sfix-vec-1.c (internal compiler error)
FAIL: gcc.target/i386/avx512f-ceil-sfix-vec-1.c (test for excess errors)
UNRESOLVED: gcc.target/i386/avx512f-ceil-sfix-vec-1.c compilation failed to produce executable
FAIL: gcc.target/i386/avx512f-ceil-sfix-vec-2.c (internal compiler error)
FAIL: gcc.target/i386/avx512f-ceil-sfix-vec-2.c (test for excess errors)
UNRESOLVED: gcc.target/i386/avx512f-ceil-sfix-vec-2.c scan-assembler vcvttpd2dq[^\\n]*zmm[0-9]
UNRESOLVED: gcc.target/i386/avx512f-ceil-sfix-vec-2.c scan-assembler vrndscalepd[^\\n]*zmm[0-9]
FAIL: gcc.target/i386/avx512f-dummy.c (internal compiler error)
FAIL: gcc.target/i386/avx512f-dummy.c (test for excess errors)
UNRESOLVED: gcc.target/i386/avx512f-dummy.c compilation failed to produce executable
FAIL: gcc.target/i386/avx512f-floor-sfix-vec-1.c (internal compiler error)
FAIL: gcc.target/i386/avx512f-floor-sfix-vec-1.c (test for excess errors)
UNRESOLVED: gcc.target/i386/avx512f-floor-sfix-vec-1.c compilation failed to produce executable
FAIL: gcc.target/i386/avx512f-floor-sfix-vec-2.c (internal compiler error)
FAIL: gcc.target/i386/avx512f-floor-sfix-vec-2.c (test for excess errors)
UNRESOLVED: gcc.target/i386/avx512f-floor-sfix-vec-2.c scan-assembler vcvttpd2dq[^\\n]*zmm[0-9]
UNRESOLVED: gcc.target/i386/avx512f-floor-sfix-vec-2.c scan-assembler vrndscalepd[^\\n]*zmm[0-9]
FAIL: gcc.target/i386/avx512f-gather-4.c (internal compiler error)
FAIL: gcc.target/i386/avx512f-gather-4.c (test for excess errors)
UNRESOLVED: gcc.target/i386/avx512f-gather-4.c compilation failed to produce executable
FAIL: gcc.target/i386/avx512f-gather-5.c (internal compiler error)
FAIL: gcc.target/i386/avx512f-gather-5.c (test for excess errors)
UNRESOLVED: gcc.target/i386/avx512f-gather-5.c scan-assembler gather[^\\n]*zmm
UNRESOLVED: gcc.target/i386/avx512f-gather-5.c scan-assembler-not gather[^\\n]*xmm[^\\n]*xmm
UNRESOLVED: gcc.target/i386/avx512f-gather-5.c scan-assembler-not gather[^\\n]*xmm[^\\n]*ymm
UNRESOLVED: gcc.target/i386/avx512f-gather-5.c scan-assembler-not gather[^\\n]*ymm[^\\n]*xmm
UNRESOLVED: gcc.target/i386/avx512f-gather-5.c scan-assembler-not gather[^\\n]*ymm[^\\n]*ymm
FAIL: gcc.target/i386/avx512f-i32gatherd512-2.c (internal compiler error)
FAIL: gcc.target/i386/avx512f-i32gatherd512-2.c (test for excess errors)
UNRESOLVED: gcc.target/i386/avx512f-i32gatherd512-2.c compilation failed to produce executable
FAIL: gcc.target/i386/avx512f-i32gatherpd512-2.c (internal compiler error)
FAIL: gcc.target/i386/avx512f-i32gatherpd512-2.c (test for excess errors)
UNRESOLVED: gcc.target/i386/avx512f-i32gatherpd512-2.c compilation failed to produce executable
FAIL: gcc.target/i386/avx512f-i32gatherps512-2.c (internal compiler error)
FAIL: gcc.target/i386/avx512f-i32gatherps512-2.c (test for excess errors)
UNRESOLVED: gcc.target/i386/avx512f-i32gatherps512-2.c compilation failed to produce executable
FAIL: gcc.target/i386/avx512f-i32gatherq512-2.c (internal compiler error)
FAIL: gcc.target/i386/avx512f-i32gatherq512-2.c (test for excess errors)
UNRESOLVED: gcc.target/i386/avx512f-i32gatherq512-2.c compilation failed to produce executable
FAIL: gcc.target/i386/avx512f-i32scatterd512-2.c (internal compiler error)
FAIL: gcc.target/i386/avx512f-i32scatterd512-2.c (test for excess errors)
UNRESOLVED: gcc.target/i386/avx512f-i32scatterd512-2.c compilation failed to produce executable
FAIL: gcc.target/i386/avx512f-i32scatterpd512-2.c (internal compiler error)
FAIL: gcc.target/i386/avx512f-i32scatterpd512-2.c (test for excess errors)
UNRESOLVED: gcc.target/i386/avx512f-i32scatterpd512-2.c compilation failed to produce executable
FAIL: gcc.target/i386/avx512f-i32scatterps512-2.c (internal compiler error)
FAIL: gcc.target/i386/avx512f-i32scatterps512-2.c (test for excess errors)
UNRESOLVED: gcc.target/i386/avx512f-i32scatterps512-2.c compilation failed to produce executable
FAIL: gcc.target/i386/avx512f-i32scatterq512-2.c (internal compiler error)
FAIL: gcc.target/i386/avx512f-i32scatterq512-2.c (test for excess errors)
UNRESOLVED: gcc.target/i386/avx512f-i32scatterq512-2.c compilation failed to produce executable
FAIL: gcc.target/i386/avx512f-i64gatherd512-2.c (internal compiler error)
FAIL: gcc.target/i386/avx512f-i64gatherd512-2.c (test for excess errors)
UNRESOLVED: gcc.target/i386/avx512f-i64gatherd512-2.c compilation failed to produce executable
FAIL: gcc.target/i386/avx512f-i64gatherpd512-2.c (internal compiler error)
FAIL: gcc.target/i386/avx512f-i64gatherpd512-2.c (test for excess errors)
UNRESOLVED: gcc.target/i386/avx512f-i64gatherpd512-2.c compilation failed to produce executable
FAIL: gcc.target/i386/avx512f-i64gatherps512-2.c (internal compiler error)
FAIL: gcc.target/i386/avx512f-i64gatherps512-2.c (test for excess errors)
UNRESOLVED: gcc.target/i386/avx512f-i64gatherps512-2.c compilation failed to produce executable
FAIL: gcc.target/i386/avx512f-i64gatherq512-2.c (internal compiler error)
FAIL: gcc.target/i386/avx512f-i64gatherq512-2.c (test for excess errors)
UNRESOLVED: gcc.target/i386/avx512f-i64gatherq512-2.c compilation failed to produce executable
FAIL: gcc.target/i386/avx512f-i64scatterd512-2.c (internal compiler error)
FAIL: gcc.target/i386/avx512f-i64scatterd512-2.c (test for excess errors)
UNRESOLVED: gcc.target/i386/avx512f-i64scatterd512-2.c compilation failed to produce executable
FAIL: gcc.target/i386/avx512f-i64scatterpd512-2.c (internal compiler error)
FAIL: gcc.target/i386/avx512f-i64scatterpd512-2.c (test for excess errors)
UNRESOLVED: gcc.target/i386/avx512f-i64scatterpd512-2.c compilation failed to produce executable
FAIL: gcc.target/i386/avx512f-i64scatterps512-2.c (internal compiler error)
FAIL: gcc.target/i386/avx512f-i64scatterps512-2.c (test for excess errors)
UNRESOLVED: gcc.target/i386/avx512f-i64scatterps512-2.c compilation failed to produce executable
FAIL: gcc.target/i386/avx512f-i64scatterq512-2.c (internal compiler error)
FAIL: gcc.target/i386/avx512f-i64scatterq512-2.c (test for excess errors)
UNRESOLVED: gcc.target/i386/avx512f-i64scatterq512-2.c compilation failed to produce executable
FAIL: gcc.target/i386/avx512f-inline-asm.c (internal compiler error)
FAIL: gcc.target/i386/avx512f-inline-asm.c (test for excess errors)
UNRESOLVED: gcc.target/i386/avx512f-inline-asm.c compilation failed to produce executable
FAIL: gcc.target/i386/avx512f-klogic-2.c (internal compiler error)
FAIL: gcc.target/i386/avx512f-klogic-2.c (test for excess errors)
UNRESOLVED: gcc.target/i386/avx512f-klogic-2.c compilation failed to produce executable
FAIL: gcc.target/i386/avx512f-set-v16sf-1.c (internal compiler error)
FAIL: gcc.target/i386/avx512f-set-v16sf-1.c (test for excess errors)
UNRESOLVED: gcc.target/i386/avx512f-set-v16sf-1.c compilation failed to produce executable
FAIL: gcc.target/i386/avx512f-set-v16sf-2.c (internal compiler error)
FAIL: gcc.target/i386/avx512f-set-v16sf-2.c (test for excess errors)
UNRESOLVED: gcc.target/i386/avx512f-set-v16sf-2.c compilation failed to produce executable
FAIL: gcc.target/i386/avx512f-set-v16sf-3.c (internal compiler error)
FAIL: gcc.target/i386/avx512f-set-v16sf-3.c (test for excess errors)
UNRESOLVED: gcc.target/i386/avx512f-set-v16sf-3.c compilation failed to produce executable
FAIL: gcc.target/i386/avx512f-set-v16sf-4.c (internal compiler error)
FAIL: gcc.target/i386/avx512f-set-v16sf-4.c (test for excess errors)
UNRESOLVED: gcc.target/i386/avx512f-set-v16sf-4.c compilation failed to produce executable
FAIL: gcc.target/i386/avx512f-set-v16sf-5.c (internal compiler error)
FAIL: gcc.target/i386/avx512f-set-v16sf-5.c (test for excess errors)
UNRESOLVED: gcc.target/i386/avx512f-set-v16sf-5.c compilation failed to produce executable
FAIL: gcc.target/i386/avx512f-set-v16si-1.c (internal compiler error)
FAIL: gcc.target/i386/avx512f-set-v16si-1.c (test for excess errors)
UNRESOLVED: gcc.target/i386/avx512f-set-v16si-1.c compilation failed to produce executable
FAIL: gcc.target/i386/avx512f-set-v16si-2.c (internal compiler error)
FAIL: gcc.target/i386/avx512f-set-v16si-2.c (test for excess errors)
UNRESOLVED: gcc.target/i386/avx512f-set-v16si-2.c compilation failed to produce executable
FAIL: gcc.target/i386/avx512f-set-v16si-3.c (internal compiler error)
FAIL: gcc.target/i386/avx512f-set-v16si-3.c (test for excess errors)
UNRESOLVED: gcc.target/i386/avx512f-set-v16si-3.c compilation failed to produce executable
FAIL: gcc.target/i386/avx512f-set-v16si-4.c (internal compiler error)
FAIL: gcc.target/i386/avx512f-set-v16si-4.c (test for excess errors)
UNRESOLVED: gcc.target/i386/avx512f-set-v16si-4.c compilation failed to produce executable
FAIL: gcc.target/i386/avx512f-set-v16si-5.c (internal compiler error)
FAIL: gcc.target/i386/avx512f-set-v16si-5.c (test for excess errors)
UNRESOLVED: gcc.target/i386/avx512f-set-v16si-5.c compilation failed to produce executable
FAIL: gcc.target/i386/avx512f-set-v8df-1.c (internal compiler error)
FAIL: gcc.target/i386/avx512f-set-v8df-1.c (test for excess errors)
UNRESOLVED: gcc.target/i386/avx512f-set-v8df-1.c compilation failed to produce executable
FAIL: gcc.target/i386/avx512f-set-v8df-2.c (internal compiler error)
FAIL: gcc.target/i386/avx512f-set-v8df-2.c (test for excess errors)
UNRESOLVED: gcc.target/i386/avx512f-set-v8df-2.c compilation failed to produce executable
FAIL: gcc.target/i386/avx512f-set-v8df-3.c (internal compiler error)
FAIL: gcc.target/i386/avx512f-set-v8df-3.c (test for excess errors)
UNRESOLVED: gcc.target/i386/avx512f-set-v8df-3.c compilation failed to produce executable
FAIL: gcc.target/i386/avx512f-set-v8df-4.c (internal compiler error)
FAIL: gcc.target/i386/avx512f-set-v8df-4.c (test for excess errors)
UNRESOLVED: gcc.target/i386/avx512f-set-v8df-4.c compilation failed to produce executable
FAIL: gcc.target/i386/avx512f-set-v8df-5.c (internal compiler error)
FAIL: gcc.target/i386/avx512f-set-v8df-5.c (test for excess errors)
UNRESOLVED: gcc.target/i386/avx512f-set-v8df-5.c compilation failed to produce executable
FAIL: gcc.target/i386/avx512f-set-v8di-1.c (internal compiler error)
FAIL: gcc.target/i386/avx512f-set-v8di-1.c (test for excess errors)
UNRESOLVED: gcc.target/i386/avx512f-set-v8di-1.c compilation failed to produce executable
FAIL: gcc.target/i386/avx512f-set-v8di-2.c (internal compiler error)
FAIL: gcc.target/i386/avx512f-set-v8di-2.c (test for excess errors)
UNRESOLVED: gcc.target/i386/avx512f-set-v8di-2.c compilation failed to produce executable
FAIL: gcc.target/i386/avx512f-set-v8di-3.c (internal compiler error)
FAIL: gcc.target/i386/avx512f-set-v8di-3.c (test for excess errors)
UNRESOLVED: gcc.target/i386/avx512f-set-v8di-3.c compilation failed to produce executable
FAIL: gcc.target/i386/avx512f-set-v8di-4.c (internal compiler error)
FAIL: gcc.target/i386/avx512f-set-v8di-4.c (test for excess errors)
UNRESOLVED: gcc.target/i386/avx512f-set-v8di-4.c compilation failed to produce executable
FAIL: gcc.target/i386/avx512f-set-v8di-5.c (internal compiler error)
FAIL: gcc.target/i386/avx512f-set-v8di-5.c (test for excess errors)
UNRESOLVED: gcc.target/i386/avx512f-set-v8di-5.c compilation failed to produce executable
FAIL: gcc.target/i386/avx512f-setzero-pd-1.c (internal compiler error)
FAIL: gcc.target/i386/avx512f-setzero-pd-1.c (test for excess errors)
UNRESOLVED: gcc.target/i386/avx512f-setzero-pd-1.c compilation failed to produce executable
FAIL: gcc.target/i386/avx512f-setzero-ps-1.c (internal compiler error)
FAIL: gcc.target/i386/avx512f-setzero-ps-1.c (test for excess errors)
UNRESOLVED: gcc.target/i386/avx512f-setzero-ps-1.c compilation failed to produce executable
FAIL: gcc.target/i386/avx512f-setzero-si512-1.c (internal compiler error)
FAIL: gcc.target/i386/avx512f-setzero-si512-1.c (test for excess errors)
UNRESOLVED: gcc.target/i386/avx512f-setzero-si512-1.c compilation failed to produce executable
FAIL: gcc.target/i386/avx512f-typecast-1.c (internal compiler error)
FAIL: gcc.target/i386/avx512f-typecast-1.c (test for excess errors)
UNRESOLVED: gcc.target/i386/avx512f-typecast-1.c compilation failed to produce executable
FAIL: gcc.target/i386/avx512f-vextractf64x4-2.c (internal compiler error)
FAIL: gcc.target/i386/avx512f-vextractf64x4-2.c (test for excess errors)
UNRESOLVED: gcc.target/i386/avx512f-vextractf64x4-2.c compilation failed to produce executable
FAIL: gcc.target/i386/avx512f-vextracti64x4-2.c (internal compiler error)
FAIL: gcc.target/i386/avx512f-vextracti64x4-2.c (test for excess errors)
UNRESOLVED: gcc.target/i386/avx512f-vextracti64x4-2.c compilation failed to produce executable
FAIL: gcc.target/i386/avx512f-vinsertf64x4-2.c (internal compiler error)
FAIL: gcc.target/i386/avx512f-vinsertf64x4-2.c (test for excess errors)
UNRESOLVED: gcc.target/i386/avx512f-vinsertf64x4-2.c compilation failed to produce executable
FAIL: gcc.target/i386/avx512f-vinserti64x4-2.c (internal compiler error)
FAIL: gcc.target/i386/avx512f-vinserti64x4-2.c (test for excess errors)
UNRESOLVED: gcc.target/i386/avx512f-vinserti64x4-2.c compilation failed to produce executable
FAIL: gcc.target/i386/avx512f-vmovntdq-2.c (internal compiler error)
FAIL: gcc.target/i386/avx512f-vmovntdq-2.c (test for excess errors)
UNRESOLVED: gcc.target/i386/avx512f-vmovntdq-2.c compilation failed to produce executable
FAIL: gcc.target/i386/avx512f-vmovntdqa-2.c (internal compiler error)
FAIL: gcc.target/i386/avx512f-vmovntdqa-2.c (test for excess errors)
UNRESOLVED: gcc.target/i386/avx512f-vmovntdqa-2.c compilation failed to produce executable
FAIL: gcc.target/i386/avx512f-vmovntpd-2.c (internal compiler error)
FAIL: gcc.target/i386/avx512f-vmovntpd-2.c (test for excess errors)
UNRESOLVED: gcc.target/i386/avx512f-vmovntpd-2.c compilation failed to produce executable
FAIL: gcc.target/i386/avx512f-vmovntps-2.c (internal compiler error)
FAIL: gcc.target/i386/avx512f-vmovntps-2.c (test for excess errors)
UNRESOLVED: gcc.target/i386/avx512f-vmovntps-2.c compilation failed to produce executable
FAIL: gcc.target/i386/avx512f-vpsllvq512-2.c (internal compiler error)
FAIL: gcc.target/i386/avx512f-vpsllvq512-2.c (test for excess errors)
UNRESOLVED: gcc.target/i386/avx512f-vpsllvq512-2.c compilation failed to produce executable
FAIL: gcc.target/i386/avx512f-vpsravq512-2.c (internal compiler error)
FAIL: gcc.target/i386/avx512f-vpsravq512-2.c (test for excess errors)
UNRESOLVED: gcc.target/i386/avx512f-vpsravq512-2.c compilation failed to produce executable
FAIL: gcc.target/i386/avx512f-vpsrlvq512-2.c (internal compiler error)
FAIL: gcc.target/i386/avx512f-vpsrlvq512-2.c (test for excess errors)
UNRESOLVED: gcc.target/i386/avx512f-vpsrlvq512-2.c compilation failed to produce executable
FAIL: gcc.target/i386/fma-256-fmaddXX.c (internal compiler error)
FAIL: gcc.target/i386/fma-256-fmaddXX.c (test for excess errors)
UNRESOLVED: gcc.target/i386/fma-256-fmaddXX.c compilation failed to produce executable
FAIL: gcc.target/i386/fma-256-fmaddsubXX.c (internal compiler error)
FAIL: gcc.target/i386/fma-256-fmaddsubXX.c (test for excess errors)
UNRESOLVED: gcc.target/i386/fma-256-fmaddsubXX.c compilation failed to produce executable
FAIL: gcc.target/i386/fma-256-fmsubXX.c (internal compiler error)
FAIL: gcc.target/i386/fma-256-fmsubXX.c (test for excess errors)
UNRESOLVED: gcc.target/i386/fma-256-fmsubXX.c compilation failed to produce executable
FAIL: gcc.target/i386/fma-256-fmsubaddXX.c (internal compiler error)
FAIL: gcc.target/i386/fma-256-fmsubaddXX.c (test for excess errors)
UNRESOLVED: gcc.target/i386/fma-256-fmsubaddXX.c compilation failed to produce executable
FAIL: gcc.target/i386/fma-256-fnmaddXX.c (internal compiler error)
FAIL: gcc.target/i386/fma-256-fnmaddXX.c (test for excess errors)
UNRESOLVED: gcc.target/i386/fma-256-fnmaddXX.c compilation failed to produce executable
FAIL: gcc.target/i386/fma-256-fnmsubXX.c (internal compiler error)
FAIL: gcc.target/i386/fma-256-fnmsubXX.c (test for excess errors)
UNRESOLVED: gcc.target/i386/fma-256-fnmsubXX.c compilation failed to produce executable
FAIL: gcc.target/i386/fma4-256-maccXX.c (internal compiler error)
FAIL: gcc.target/i386/fma4-256-maccXX.c (test for excess errors)
UNRESOLVED: gcc.target/i386/fma4-256-maccXX.c compilation failed to produce executable
FAIL: gcc.target/i386/fma4-256-msubXX.c (internal compiler error)
FAIL: gcc.target/i386/fma4-256-msubXX.c (test for excess errors)
UNRESOLVED: gcc.target/i386/fma4-256-msubXX.c compilation failed to produce executable
FAIL: gcc.target/i386/fma4-256-nmaccXX.c (internal compiler error)
FAIL: gcc.target/i386/fma4-256-nmaccXX.c (test for excess errors)
UNRESOLVED: gcc.target/i386/fma4-256-nmaccXX.c compilation failed to produce executable
FAIL: gcc.target/i386/fma4-256-nmsubXX.c (internal compiler error)
FAIL: gcc.target/i386/fma4-256-nmsubXX.c (test for excess errors)
FAIL: gcc.target/i386/fma_run_double_1.c (internal compiler error)
FAIL: gcc.target/i386/fma_run_double_1.c (test for excess errors)
UNRESOLVED: gcc.target/i386/fma_run_double_1.c compilation failed to produce executable
FAIL: gcc.target/i386/fma_run_double_2.c (internal compiler error)
FAIL: gcc.target/i386/fma_run_double_2.c (test for excess errors)
UNRESOLVED: gcc.target/i386/fma_run_double_2.c compilation failed to produce executable
FAIL: gcc.target/i386/fma_run_double_3.c (internal compiler error)
FAIL: gcc.target/i386/fma_run_double_3.c (test for excess errors)
UNRESOLVED: gcc.target/i386/fma_run_double_3.c compilation failed to produce executable
FAIL: gcc.target/i386/fma_run_double_4.c (internal compiler error)
FAIL: gcc.target/i386/fma_run_double_4.c (test for excess errors)
UNRESOLVED: gcc.target/i386/fma_run_double_4.c compilation failed to produce executable
FAIL: gcc.target/i386/fma_run_double_5.c (internal compiler error)
FAIL: gcc.target/i386/fma_run_double_5.c (test for excess errors)
UNRESOLVED: gcc.target/i386/fma_run_double_5.c compilation failed to produce executable
FAIL: gcc.target/i386/fma_run_double_6.c (internal compiler error)
FAIL: gcc.target/i386/fma_run_double_6.c (test for excess errors)
UNRESOLVED: gcc.target/i386/fma_run_double_6.c compilation failed to produce executable
FAIL: gcc.target/i386/fma_run_float_1.c (internal compiler error)
FAIL: gcc.target/i386/fma_run_float_1.c (test for excess errors)
UNRESOLVED: gcc.target/i386/fma_run_float_1.c compilation failed to produce executable
FAIL: gcc.target/i386/fma_run_float_2.c (internal compiler error)
FAIL: gcc.target/i386/fma_run_float_2.c (test for excess errors)
UNRESOLVED: gcc.target/i386/fma_run_float_2.c compilation failed to produce executable
FAIL: gcc.target/i386/fma_run_float_3.c (internal compiler error)
FAIL: gcc.target/i386/fma_run_float_3.c (test for excess errors)
UNRESOLVED: gcc.target/i386/fma_run_float_3.c compilation failed to produce executable
FAIL: gcc.target/i386/fma_run_float_4.c (internal compiler error)
FAIL: gcc.target/i386/fma_run_float_4.c (test for excess errors)
UNRESOLVED: gcc.target/i386/fma_run_float_4.c compilation failed to produce executable
FAIL: gcc.target/i386/fma_run_float_5.c (internal compiler error)
FAIL: gcc.target/i386/fma_run_float_5.c (test for excess errors)
UNRESOLVED: gcc.target/i386/fma_run_float_5.c compilation failed to produce executable
FAIL: gcc.target/i386/fma_run_float_6.c (internal compiler error)
FAIL: gcc.target/i386/fma_run_float_6.c (test for excess errors)
UNRESOLVED: gcc.target/i386/fma_run_float_6.c compilation failed to produce executable
FAIL: gcc.target/i386/fuse-caller-save-rec.c scan-assembler-not push
FAIL: gcc.target/i386/fuse-caller-save.c scan-assembler-not push
FAIL: gcc.target/i386/l_fma_run_float_1.c (internal compiler error)
FAIL: gcc.target/i386/l_fma_run_float_1.c (test for excess errors)
UNRESOLVED: gcc.target/i386/l_fma_run_float_1.c compilation failed to produce executable
FAIL: gcc.target/i386/l_fma_run_float_2.c (internal compiler error)
FAIL: gcc.target/i386/l_fma_run_float_2.c (test for excess errors)
UNRESOLVED: gcc.target/i386/l_fma_run_float_2.c compilation failed to produce executable
FAIL: gcc.target/i386/l_fma_run_float_3.c (internal compiler error)
FAIL: gcc.target/i386/l_fma_run_float_3.c (test for excess errors)
UNRESOLVED: gcc.target/i386/l_fma_run_float_3.c compilation failed to produce executable
FAIL: gcc.target/i386/l_fma_run_float_4.c (internal compiler error)
FAIL: gcc.target/i386/l_fma_run_float_4.c (test for excess errors)
UNRESOLVED: gcc.target/i386/l_fma_run_float_4.c compilation failed to produce executable
FAIL: gcc.target/i386/l_fma_run_float_5.c (internal compiler error)
FAIL: gcc.target/i386/l_fma_run_float_5.c (test for excess errors)
UNRESOLVED: gcc.target/i386/l_fma_run_float_5.c compilation failed to produce executable
FAIL: gcc.target/i386/l_fma_run_float_6.c (internal compiler error)
FAIL: gcc.target/i386/l_fma_run_float_6.c (test for excess errors)
UNRESOLVED: gcc.target/i386/l_fma_run_float_6.c compilation failed to produce executable
FAIL: gcc.target/i386/pr32000-2.c (internal compiler error)
FAIL: gcc.target/i386/pr32000-2.c (test for excess errors)
UNRESOLVED: gcc.target/i386/pr32000-2.c compilation failed to produce executable
FAIL: gcc.target/i386/pr44180.c (internal compiler error)
FAIL: gcc.target/i386/pr44180.c (test for excess errors)
UNRESOLVED: gcc.target/i386/pr44180.c compilation failed to produce executable
FAIL: gcc.target/i386/pr49095.c scan-assembler-not test[lq]
FAIL: gcc.target/i386/pr59501-1.c (internal compiler error)
FAIL: gcc.target/i386/pr59501-1.c (test for excess errors)
UNRESOLVED: gcc.target/i386/pr59501-1.c compilation failed to produce executable
FAIL: gcc.target/i386/pr59501-3.c (internal compiler error)
FAIL: gcc.target/i386/pr59501-3.c (test for excess errors)
UNRESOLVED: gcc.target/i386/pr59501-3.c compilation failed to produce executable
FAIL: gcc.target/i386/pr59501-5.c (internal compiler error)
FAIL: gcc.target/i386/pr59501-5.c (test for excess errors)
UNRESOLVED: gcc.target/i386/pr59501-5.c compilation failed to produce executable
FAIL: gcc.target/i386/rotate-3a.c (internal compiler error)
FAIL: gcc.target/i386/rotate-3a.c (test for excess errors)
UNRESOLVED: gcc.target/i386/rotate-3a.c compilation failed to produce executable
FAIL: gcc.target/i386/xop-vpermil2pd-256-1.c (internal compiler error)
FAIL: gcc.target/i386/xop-vpermil2pd-256-1.c (test for excess errors)
UNRESOLVED: gcc.target/i386/xop-vpermil2pd-256-1.c compilation failed to produce executable
FAIL: gcc.target/i386/xop-vpermil2ps-256-1.c (internal compiler error)
FAIL: gcc.target/i386/xop-vpermil2ps-256-1.c (test for excess errors)
UNRESOLVED: gcc.target/i386/xop-vpermil2ps-256-1.c compilation failed to produce executable

		=== gcc Summary for unix/-m32 ===


		=== gcc Summary ===

/export/gnu/import/git/gcc-test-intel64/bld/gcc/xgcc  version 5.0.0 20141119 (experimental) [trunk revision 217783] (GCC) 

		=== gfortran tests ===


Running target unix

		=== gfortran Summary for unix ===

# of expected passes		4050

Running target unix/-m32
FAIL: gfortran.dg/erf_3.F90   -O0  execution test
FAIL: gfortran.dg/erf_3.F90   -O1  execution test
FAIL: gfortran.dg/erf_3.F90   -O2  execution test
FAIL: gfortran.dg/erf_3.F90   -O3 -fomit-frame-pointer  execution test
FAIL: gfortran.dg/erf_3.F90   -O3 -fomit-frame-pointer -funroll-all-loops -finline-functions  execution test
FAIL: gfortran.dg/erf_3.F90   -O3 -fomit-frame-pointer -funroll-loops  execution test
FAIL: gfortran.dg/erf_3.F90   -O3 -g  execution test
FAIL: gfortran.dg/erf_3.F90   -Os  execution test

		=== gfortran Summary for unix/-m32 ===

# of expected passes		4050

		=== gfortran Summary ===

# of expected passes		8100
/export/gnu/import/git/gcc-test-intel64/bld/gcc/testsuite/gfortran/../../gfortran  version 5.0.0 20141119 (experimental) [trunk revision 217783] (GCC) 

		=== g++ tests ===


Running target unix
FAIL: g++.dg/guality/pr55665.C   -O2  line 23 p == 40
FAIL: g++.dg/guality/pr55665.C   -O3 -fomit-frame-pointer  line 23 p == 40
FAIL: g++.dg/guality/pr55665.C   -O3 -g  line 23 p == 40
XPASS: g++.dg/tls/thread_local-order2.C  -std=c++11 execution test
XPASS: g++.dg/tls/thread_local-order2.C  -std=c++14 execution test

		=== g++ Summary for unix ===

# of expected passes		20206
# of expected failures		61
# of unsupported tests		74

Running target unix/-m32
FAIL: g++.dg/guality/pr55665.C   -O2  line 23 p == 40
FAIL: g++.dg/guality/pr55665.C   -O3 -fomit-frame-pointer  line 23 p == 40
FAIL: g++.dg/guality/pr55665.C   -O3 -g  line 23 p == 40
XPASS: g++.dg/tls/thread_local-order2.C  -std=c++11 execution test
XPASS: g++.dg/tls/thread_local-order2.C  -std=c++14 execution test
FAIL: g++.dg/torture/stackalign/unwind-3.C   -O0  (internal compiler error)
FAIL: g++.dg/torture/stackalign/unwind-3.C   -O0  (test for excess errors)
UNRESOLVED: g++.dg/torture/stackalign/unwind-3.C   -O0  compilation failed to produce executable

		=== g++ Summary for unix/-m32 ===

# of expected passes		20347
# of expected failures		61
# of unsupported tests		44

		=== g++ Summary ===

# of expected passes		40553
# of expected failures		122
# of unsupported tests		118
/export/gnu/import/git/gcc-test-intel64/bld/gcc/testsuite/g++/../../xg++  version 5.0.0 20141119 (experimental) [trunk revision 217783] (GCC) 

		=== objc tests ===


Running target unix

		=== objc Summary for unix ===

# of expected passes		64

Running target unix/-m32

		=== objc Summary for unix/-m32 ===

# of expected passes		64

		=== objc Summary ===

# of expected passes		128
/export/gnu/import/git/gcc-test-intel64/bld/gcc/xgcc  version 5.0.0 20141119 (experimental) [trunk revision 217783] (GCC) 

		=== boehm-gc tests ===


Running target unix/-m32

		=== boehm-gc Summary for unix/-m32 ===

# of expected passes		4

Running target unix

		=== boehm-gc Summary for unix ===

# of expected passes		4

		=== boehm-gc Summary ===

# of expected passes		24
# of unsupported tests		2
		=== libatomic tests ===


Running target unix/-m32

		=== libatomic Summary for unix/-m32 ===

# of expected passes		44
# of unsupported tests		5

Running target unix

		=== libatomic Summary for unix ===

# of expected passes		54

		=== libatomic Summary ===

# of expected passes		98
# of unsupported tests		5
		=== libffi tests ===


Running target unix/-m32

		=== libffi Summary for unix/-m32 ===

# of expected passes		24

Running target unix

		=== libffi Summary for unix ===

# of expected passes		24

		=== libffi Summary ===

# of expected passes		3638
# of unsupported tests		110
		=== libgomp tests ===


Running target unix/-m32

		=== libgomp Summary for unix/-m32 ===


Running target unix

		=== libgomp Summary for unix ===


		=== libgomp Summary ===

# of expected passes		7324
# of unsupported tests		166
		=== libitm tests ===


Running target unix/-m32

		=== libitm Summary for unix/-m32 ===

# of expected passes		4
# of expected failures		1
# of unsupported tests		1

Running target unix

		=== libitm Summary for unix ===

# of expected passes		4
# of expected failures		1
# of unsupported tests		1

		=== libitm Summary ===

# of expected passes		52
# of expected failures		6
# of unsupported tests		2
		=== libjava tests ===


Running target unix/-m32

		=== libjava Summary for unix/-m32 ===


Running target unix

		=== libjava Summary for unix ===


		=== libjava Summary ===

# of expected passes		5164
# of expected failures		8
		=== libstdc++ tests ===


Running target unix
FAIL: libstdc++-abi/abi_check
XPASS: 26_numerics/headers/cmath/c_math.cc execution test

		=== libstdc++ Summary for unix ===

# of unsupported tests		1

Running target unix/-m32
FAIL: libstdc++-abi/abi_check

		=== libstdc++ Summary for unix/-m32 ===

# of unsupported tests		1

		=== libstdc++ Summary ===

# of unsupported tests		2

Compiler version: 5.0.0 20141119 (experimental) [trunk revision 217783] (GCC) 
Platform: x86_64-unknown-linux-gnu
configure flags: --prefix=/usr/5.0.0 --enable-clocale=gnu --with-system-zlib --enable-shared --with-demangler-in-ld --with-fpmath=sse --enable-languages=c,c++,fortran,java,lto,objc


Index Nav: [Date Index] [Subject Index] [Author Index] [Thread Index]
Message Nav: [Date Prev] [Date Next] [Thread Prev] [Thread Next]