This is the mail archive of the
gcc-testresults@gcc.gnu.org
mailing list for the GCC project.
Results for 5.0.0 20141118 (experimental) [trunk revision 217718] (GCC) testsuite on i686-pc-linux-gnu
- From: i32coreavxi at ecsmtp dot ims dot intel dot com
- To: gcc-testresults at gcc dot gnu dot org
- Date: Tue, 18 Nov 2014 23:12:26 +0300
- Subject: Results for 5.0.0 20141118 (experimental) [trunk revision 217718] (GCC) testsuite on i686-pc-linux-gnu
- Authentication-results: sourceware.org; auth=none
LAST_UPDATED: Tue Nov 18 16:25:06 UTC 2014 (revision 217718)
Native configuration is i686-pc-linux-gnu
=== gcc tests ===
Running target unix
FAIL: gcc.dg/pure-2.c (test for excess errors)
FAIL: gcc.dg/pure-2.c detect pure candidate (test for warnings, line 16)
FAIL: gcc.dg/pure-2.c detect pure candidate (test for warnings, line 54)
FAIL: gcc.dg/pure-2.c detect pure candidate (test for warnings, line 9)
XPASS: gcc.dg/guality/example.c -O0 execution test
XPASS: gcc.dg/guality/example.c -O1 execution test
XPASS: gcc.dg/guality/guality.c -O0 execution test
XPASS: gcc.dg/guality/guality.c -O1 execution test
XPASS: gcc.dg/guality/guality.c -O2 execution test
XPASS: gcc.dg/guality/guality.c -O2 -flto -fno-use-linker-plugin -flto-partition=none execution test
XPASS: gcc.dg/guality/guality.c -O2 -flto -fuse-linker-plugin -fno-fat-lto-objects execution test
XPASS: gcc.dg/guality/guality.c -O3 -fomit-frame-pointer execution test
XPASS: gcc.dg/guality/guality.c -O3 -g execution test
XPASS: gcc.dg/guality/guality.c -Os execution test
XPASS: gcc.dg/guality/inline-params.c -O2 execution test
XPASS: gcc.dg/guality/inline-params.c -O2 -flto -fno-use-linker-plugin -flto-partition=none execution test
XPASS: gcc.dg/guality/inline-params.c -O3 -fomit-frame-pointer execution test
XPASS: gcc.dg/guality/inline-params.c -O3 -g execution test
XPASS: gcc.dg/guality/inline-params.c -Os execution test
XPASS: gcc.dg/guality/pr41353-1.c -O0 line 28 j == 28 + 37
XPASS: gcc.dg/guality/pr41353-1.c -Os line 28 j == 28 + 37
XPASS: gcc.dg/guality/pr41447-1.c -O0 execution test
XPASS: gcc.dg/guality/pr41447-1.c -O1 execution test
XPASS: gcc.dg/guality/pr41447-1.c -O2 -flto -fuse-linker-plugin -fno-fat-lto-objects execution test
XPASS: gcc.dg/guality/pr41447-1.c -Os execution test
XPASS: gcc.dg/guality/pr41616-1.c -O0 execution test
XPASS: gcc.dg/guality/pr41616-1.c -O1 execution test
XPASS: gcc.dg/guality/pr41616-1.c -O2 execution test
XPASS: gcc.dg/guality/pr41616-1.c -O2 -flto -fno-use-linker-plugin -flto-partition=none execution test
XPASS: gcc.dg/guality/pr41616-1.c -O3 -fomit-frame-pointer execution test
XPASS: gcc.dg/guality/pr41616-1.c -O3 -g execution test
XPASS: gcc.dg/guality/pr41616-1.c -Os execution test
FAIL: gcc.dg/guality/pr43479.c -O1 line 13 h == 9
FAIL: gcc.dg/guality/pr43479.c -O1 line 18 h == 9
FAIL: gcc.dg/guality/pr43479.c -O2 line 13 h == 9
FAIL: gcc.dg/guality/pr43479.c -O2 line 18 h == 9
FAIL: gcc.dg/guality/pr43479.c -O2 -flto -fno-use-linker-plugin -flto-partition=none line 13 h == 9
FAIL: gcc.dg/guality/pr43479.c -O2 -flto -fno-use-linker-plugin -flto-partition=none line 18 h == 9
FAIL: gcc.dg/guality/pr43479.c -O2 -flto -fuse-linker-plugin -fno-fat-lto-objects line 13 h == 9
FAIL: gcc.dg/guality/pr43479.c -O2 -flto -fuse-linker-plugin -fno-fat-lto-objects line 18 h == 9
FAIL: gcc.dg/guality/pr43479.c -O3 -fomit-frame-pointer line 13 h == 9
FAIL: gcc.dg/guality/pr43479.c -O3 -fomit-frame-pointer line 18 h == 9
FAIL: gcc.dg/guality/pr43479.c -O3 -g line 13 h == 9
FAIL: gcc.dg/guality/pr43479.c -O3 -g line 18 h == 9
FAIL: gcc.dg/guality/pr43479.c -Os line 13 h == 9
FAIL: gcc.dg/guality/pr43479.c -Os line 18 h == 9
FAIL: gcc.dg/guality/pr45882.c -O2 -flto -fuse-linker-plugin -fno-fat-lto-objects line 16 d == 112
FAIL: gcc.dg/guality/pr45882.c -O2 -flto -fuse-linker-plugin -fno-fat-lto-objects line 16 e == 142
FAIL: gcc.dg/guality/pr54200.c -O2 -flto -fuse-linker-plugin -fno-fat-lto-objects line 20 z == 3
FAIL: gcc.dg/guality/pr54519-1.c -O2 -flto -fno-use-linker-plugin -flto-partition=none line 20 y == 25
FAIL: gcc.dg/guality/pr54519-1.c -O2 -flto -fno-use-linker-plugin -flto-partition=none line 20 z == 6
FAIL: gcc.dg/guality/pr54519-1.c -O2 -flto -fno-use-linker-plugin -flto-partition=none line 23 y == 117
FAIL: gcc.dg/guality/pr54519-1.c -O2 -flto -fno-use-linker-plugin -flto-partition=none line 23 z == 8
FAIL: gcc.dg/guality/pr54519-2.c -O2 -flto -fno-use-linker-plugin -flto-partition=none line 17 y == 25
FAIL: gcc.dg/guality/pr54519-2.c -O2 -flto -fuse-linker-plugin -fno-fat-lto-objects line 17 y == 25
FAIL: gcc.dg/guality/pr54519-3.c -O2 -flto -fno-use-linker-plugin -flto-partition=none line 20 y == 25
FAIL: gcc.dg/guality/pr54519-3.c -O2 -flto -fno-use-linker-plugin -flto-partition=none line 20 z == 6
FAIL: gcc.dg/guality/pr54519-3.c -O2 -flto -fno-use-linker-plugin -flto-partition=none line 23 y == 117
FAIL: gcc.dg/guality/pr54519-3.c -O2 -flto -fno-use-linker-plugin -flto-partition=none line 23 z == 8
FAIL: gcc.dg/guality/pr54519-3.c -O2 -flto -fuse-linker-plugin -fno-fat-lto-objects line 20 y == 25
FAIL: gcc.dg/guality/pr54519-3.c -O2 -flto -fuse-linker-plugin -fno-fat-lto-objects line 20 z == 6
FAIL: gcc.dg/guality/pr54519-3.c -O2 -flto -fuse-linker-plugin -fno-fat-lto-objects line 23 y == 117
FAIL: gcc.dg/guality/pr54519-3.c -O2 -flto -fuse-linker-plugin -fno-fat-lto-objects line 23 z == 8
FAIL: gcc.dg/guality/pr54519-4.c -O2 -flto -fno-use-linker-plugin -flto-partition=none line 17 y == 25
FAIL: gcc.dg/guality/pr54519-4.c -O2 -flto -fuse-linker-plugin -fno-fat-lto-objects line 17 y == 25
FAIL: gcc.dg/guality/pr54519-5.c -O2 -flto -fno-use-linker-plugin -flto-partition=none line 17 y == 25
FAIL: gcc.dg/guality/pr54519-5.c -O2 -flto -fuse-linker-plugin -fno-fat-lto-objects line 17 y == 25
FAIL: gcc.dg/guality/pr54970.c -Os line 15 a[0] == 1
FAIL: gcc.dg/guality/pr54970.c -Os line 20 a[0] == 1
FAIL: gcc.dg/guality/pr54970.c -Os line 25 a[0] == 1
FAIL: gcc.dg/guality/pr54970.c -Os line 31 *p == 6
FAIL: gcc.dg/guality/pr54970.c -Os line 31 *q == 5
FAIL: gcc.dg/guality/pr54970.c -Os line 36 *p == 26
FAIL: gcc.dg/guality/pr54970.c -Os line 36 *q == 5
FAIL: gcc.dg/guality/pr54970.c -Os line 45 *p == 26
FAIL: gcc.dg/guality/pr54970.c -Os line 45 *q == 25
FAIL: gcc.dg/guality/pr54970.c -Os line 45 p[-1] == 25
FAIL: gcc.dg/guality/pr54970.c -Os line 45 p[-2] == 4
FAIL: gcc.dg/guality/pr54970.c -Os line 45 q[-1] == 4
FAIL: gcc.dg/guality/pr54970.c -Os line 45 q[1] == 26
FAIL: gcc.dg/guality/sra-1.c -O2 line 32 a[0] == 4
FAIL: gcc.dg/guality/sra-1.c -O2 line 43 a.i == 4
FAIL: gcc.dg/guality/sra-1.c -O2 -flto -fno-use-linker-plugin -flto-partition=none line 21 a.i == 4
FAIL: gcc.dg/guality/sra-1.c -O2 -flto -fno-use-linker-plugin -flto-partition=none line 43 a.i == 4
FAIL: gcc.dg/guality/sra-1.c -O2 -flto -fuse-linker-plugin -fno-fat-lto-objects line 21 a.i == 4
FAIL: gcc.dg/guality/sra-1.c -O3 -fomit-frame-pointer line 32 a[0] == 4
FAIL: gcc.dg/guality/sra-1.c -O3 -fomit-frame-pointer line 43 a.i == 4
FAIL: gcc.dg/guality/sra-1.c -O3 -g line 32 a[0] == 4
FAIL: gcc.dg/guality/sra-1.c -O3 -g line 43 a.i == 4
FAIL: gcc.dg/guality/sra-1.c -Os line 32 a[0] == 4
FAIL: gcc.dg/guality/sra-1.c -Os line 43 a.i == 4
FAIL: gcc.dg/guality/vla-2.c -O2 line 25 sizeof (a) == 6 * sizeof (int)
FAIL: gcc.dg/guality/vla-2.c -O2 -flto -fno-use-linker-plugin -flto-partition=none line 25 sizeof (a) == 6 * sizeof (int)
FAIL: gcc.dg/guality/vla-2.c -O2 -flto -fuse-linker-plugin -fno-fat-lto-objects line 25 sizeof (a) == 6 * sizeof (int)
FAIL: gcc.dg/guality/vla-2.c -O3 -fomit-frame-pointer line 25 sizeof (a) == 6 * sizeof (int)
FAIL: gcc.dg/guality/vla-2.c -O3 -g line 25 sizeof (a) == 6 * sizeof (int)
FAIL: gcc.dg/guality/vla-2.c -Os line 25 sizeof (a) == 6 * sizeof (int)
FAIL: gcc.dg/lto/pr55113 c_lto_pr55113_0.o assemble, -flto -fshort-double -O0 (internal compiler error)
UNRESOLVED: gcc.dg/lto/pr55113 c_lto_pr55113_0.o-c_lto_pr55113_0.o execute -flto -fshort-double -O0
UNRESOLVED: gcc.dg/lto/pr55113 c_lto_pr55113_0.o-c_lto_pr55113_0.o link -flto -fshort-double -O0
FAIL: gcc.dg/torture/fp-int-convert-float128-timode.c -O0 execution test
FAIL: gcc.dg/torture/fp-int-convert-float128-timode.c -O1 execution test
FAIL: gcc.dg/torture/fp-int-convert-float128-timode.c -O2 execution test
FAIL: gcc.dg/torture/fp-int-convert-float128-timode.c -O2 -flto -fno-use-linker-plugin -flto-partition=none execution test
FAIL: gcc.dg/torture/fp-int-convert-float128-timode.c -O2 -flto -fuse-linker-plugin -fno-fat-lto-objects execution test
FAIL: gcc.dg/torture/fp-int-convert-float128-timode.c -O3 -fomit-frame-pointer execution test
FAIL: gcc.dg/torture/fp-int-convert-float128-timode.c -O3 -g execution test
FAIL: gcc.dg/torture/fp-int-convert-float128-timode.c -Os execution test
FAIL: gcc.dg/torture/fp-int-convert-float128.c -O0 execution test
FAIL: gcc.dg/torture/fp-int-convert-float128.c -O1 execution test
FAIL: gcc.dg/torture/fp-int-convert-float128.c -O2 execution test
FAIL: gcc.dg/torture/fp-int-convert-float128.c -O2 -flto -fno-use-linker-plugin -flto-partition=none execution test
FAIL: gcc.dg/torture/fp-int-convert-float128.c -O2 -flto -fuse-linker-plugin -fno-fat-lto-objects execution test
FAIL: gcc.dg/torture/fp-int-convert-float128.c -O3 -fomit-frame-pointer execution test
FAIL: gcc.dg/torture/fp-int-convert-float128.c -O3 -g execution test
FAIL: gcc.dg/torture/fp-int-convert-float128.c -Os execution test
UNRESOLVED: gcc.dg/tree-prof/peel-1.c scan-rtl-dump loop2_unroll "Considering simply peeling loop"
FAIL: gcc.dg/vect/bb-slp-pattern-1.c -flto -ffat-lto-objects scan-tree-dump-times slp2 "vect_recog_widen_mult_pattern: detected" 8
FAIL: gcc.dg/vect/bb-slp-pattern-1.c scan-tree-dump-times slp2 "vect_recog_widen_mult_pattern: detected" 8
FAIL: gcc.dg/vect/no-scevccp-outer-7.c scan-tree-dump-times vect "vect_recog_widen_mult_pattern: detected" 1
FAIL: gcc.dg/vect/no-scevccp-vect-iv-3.c scan-tree-dump-times vect "vect_recog_widen_sum_pattern: detected" 1
FAIL: gcc.dg/vect/no-section-anchors-vect-31.c scan-tree-dump-times vect "Alignment of access forced using peeling" 2
FAIL: gcc.dg/vect/no-section-anchors-vect-31.c scan-tree-dump-times vect "Vectorizing an unaligned access" 0
FAIL: gcc.dg/vect/no-section-anchors-vect-69.c scan-tree-dump-times vect "Alignment of access forced using peeling" 2
FAIL: gcc.dg/vect/no-vfa-vect-101.c scan-tree-dump-times vect "can't determine dependence" 1
FAIL: gcc.dg/vect/no-vfa-vect-102.c scan-tree-dump-times vect "possible dependence between data-refs" 1
FAIL: gcc.dg/vect/no-vfa-vect-102a.c scan-tree-dump-times vect "possible dependence between data-refs" 1
FAIL: gcc.dg/vect/no-vfa-vect-37.c scan-tree-dump-times vect "can't determine dependence" 2
FAIL: gcc.dg/vect/no-vfa-vect-79.c scan-tree-dump-times vect "can't determine dependence" 1
FAIL: gcc.dg/vect/no-vfa-vect-depend-1.c scan-tree-dump-times vect "dependence distance negative" 1
FAIL: gcc.dg/vect/no-vfa-vect-depend-2.c scan-tree-dump-times vect "dependence distance negative" 1
FAIL: gcc.dg/vect/no-vfa-vect-depend-3.c scan-tree-dump-times vect "dependence distance negative" 4
FAIL: gcc.dg/vect/slp-reduc-6.c -flto -ffat-lto-objects scan-tree-dump-times vect "different interleaving chains in one node" 1
FAIL: gcc.dg/vect/slp-reduc-6.c scan-tree-dump-times vect "different interleaving chains in one node" 1
FAIL: gcc.dg/vect/slp-widen-mult-half.c -flto -ffat-lto-objects scan-tree-dump-times vect "vect_recog_widen_mult_pattern: detected" 2
FAIL: gcc.dg/vect/slp-widen-mult-half.c scan-tree-dump-times vect "vect_recog_widen_mult_pattern: detected" 2
FAIL: gcc.dg/vect/vect-104.c -flto -ffat-lto-objects scan-tree-dump-times vect "possible dependence between data-refs" 1
FAIL: gcc.dg/vect/vect-104.c scan-tree-dump-times vect "possible dependence between data-refs" 1
FAIL: gcc.dg/vect/vect-109.c -flto -ffat-lto-objects scan-tree-dump-times vect "Vectorizing an unaligned access" 3
FAIL: gcc.dg/vect/vect-109.c scan-tree-dump-times vect "Vectorizing an unaligned access" 3
FAIL: gcc.dg/vect/vect-119.c -flto -ffat-lto-objects scan-tree-dump-times vect "Detected interleaving of size 2" 1
FAIL: gcc.dg/vect/vect-119.c scan-tree-dump-times vect "Detected interleaving of size 2" 1
FAIL: gcc.dg/vect/vect-35-big-array.c -flto -ffat-lto-objects scan-tree-dump-times vect "can't determine dependence between" 1
FAIL: gcc.dg/vect/vect-35-big-array.c scan-tree-dump-times vect "can't determine dependence between" 1
FAIL: gcc.dg/vect/vect-91.c -flto -ffat-lto-objects scan-tree-dump-times vect "Alignment of access forced using peeling" 3
FAIL: gcc.dg/vect/vect-91.c scan-tree-dump-times vect "Alignment of access forced using peeling" 3
FAIL: gcc.dg/vect/vect-92.c -flto -ffat-lto-objects scan-tree-dump-times vect "Alignment of access forced using peeling" 3
FAIL: gcc.dg/vect/vect-92.c -flto -ffat-lto-objects scan-tree-dump-times vect "Vectorizing an unaligned access" 0
FAIL: gcc.dg/vect/vect-92.c scan-tree-dump-times vect "Alignment of access forced using peeling" 3
FAIL: gcc.dg/vect/vect-92.c scan-tree-dump-times vect "Vectorizing an unaligned access" 0
FAIL: gcc.dg/vect/vect-93.c -flto -ffat-lto-objects scan-tree-dump-times vect "Vectorizing an unaligned access" 1
FAIL: gcc.dg/vect/vect-93.c scan-tree-dump-times vect "Vectorizing an unaligned access" 1
FAIL: gcc.dg/vect/vect-multitypes-1.c -flto -ffat-lto-objects scan-tree-dump-times vect "Alignment of access forced using peeling" 2
FAIL: gcc.dg/vect/vect-multitypes-1.c -flto -ffat-lto-objects scan-tree-dump-times vect "Vectorizing an unaligned access" 4
FAIL: gcc.dg/vect/vect-multitypes-1.c scan-tree-dump-times vect "Alignment of access forced using peeling" 2
FAIL: gcc.dg/vect/vect-multitypes-1.c scan-tree-dump-times vect "Vectorizing an unaligned access" 4
FAIL: gcc.dg/vect/vect-multitypes-4.c -flto -ffat-lto-objects scan-tree-dump-times vect "Vectorizing an unaligned access" 4
XPASS: gcc.dg/vect/vect-multitypes-4.c -flto -ffat-lto-objects scan-tree-dump-times vect "Vectorizing an unaligned access" 8
FAIL: gcc.dg/vect/vect-multitypes-4.c scan-tree-dump-times vect "Vectorizing an unaligned access" 4
XPASS: gcc.dg/vect/vect-multitypes-4.c scan-tree-dump-times vect "Vectorizing an unaligned access" 8
FAIL: gcc.dg/vect/vect-multitypes-6.c -flto -ffat-lto-objects scan-tree-dump-times vect "Vectorizing an unaligned access" 6
FAIL: gcc.dg/vect/vect-multitypes-6.c scan-tree-dump-times vect "Vectorizing an unaligned access" 6
FAIL: gcc.dg/vect/vect-outer-1-big-array.c -flto -ffat-lto-objects scan-tree-dump-times vect "grouped access in outer loop" 1
FAIL: gcc.dg/vect/vect-outer-1-big-array.c scan-tree-dump-times vect "grouped access in outer loop" 1
FAIL: gcc.dg/vect/vect-outer-1.c -flto -ffat-lto-objects scan-tree-dump-times vect "grouped access in outer loop" 1
FAIL: gcc.dg/vect/vect-outer-1.c scan-tree-dump-times vect "grouped access in outer loop" 1
FAIL: gcc.dg/vect/vect-outer-1a-big-array.c -flto -ffat-lto-objects scan-tree-dump-times vect "grouped access in outer loop" 1
FAIL: gcc.dg/vect/vect-outer-1a-big-array.c scan-tree-dump-times vect "grouped access in outer loop" 1
FAIL: gcc.dg/vect/vect-outer-1a.c -flto -ffat-lto-objects scan-tree-dump-times vect "grouped access in outer loop" 1
FAIL: gcc.dg/vect/vect-outer-1a.c scan-tree-dump-times vect "grouped access in outer loop" 1
FAIL: gcc.dg/vect/vect-outer-1b-big-array.c -flto -ffat-lto-objects scan-tree-dump-times vect "grouped access in outer loop" 1
FAIL: gcc.dg/vect/vect-outer-1b-big-array.c scan-tree-dump-times vect "grouped access in outer loop" 1
FAIL: gcc.dg/vect/vect-outer-1b.c -flto -ffat-lto-objects scan-tree-dump-times vect "grouped access in outer loop" 1
FAIL: gcc.dg/vect/vect-outer-1b.c scan-tree-dump-times vect "grouped access in outer loop" 1
FAIL: gcc.dg/vect/vect-outer-2b.c -flto -ffat-lto-objects scan-tree-dump-times vect "grouped access in outer loop" 1
FAIL: gcc.dg/vect/vect-outer-2b.c scan-tree-dump-times vect "grouped access in outer loop" 1
FAIL: gcc.dg/vect/vect-outer-3b.c -flto -ffat-lto-objects scan-tree-dump-times vect "grouped access in outer loop" 2
FAIL: gcc.dg/vect/vect-outer-3b.c scan-tree-dump-times vect "grouped access in outer loop" 2
FAIL: gcc.dg/vect/vect-outer-4c-big-array.c -flto -ffat-lto-objects scan-tree-dump-times vect "zero step in outer loop." 1
FAIL: gcc.dg/vect/vect-outer-4c-big-array.c scan-tree-dump-times vect "zero step in outer loop." 1
FAIL: gcc.dg/vect/vect-peel-1.c -flto -ffat-lto-objects scan-tree-dump-times vect "Alignment of access forced using peeling" 1
FAIL: gcc.dg/vect/vect-peel-1.c scan-tree-dump-times vect "Alignment of access forced using peeling" 1
FAIL: gcc.dg/vect/vect-peel-3.c -flto -ffat-lto-objects scan-tree-dump-times vect "Vectorizing an unaligned access" 1
FAIL: gcc.dg/vect/vect-peel-3.c scan-tree-dump-times vect "Vectorizing an unaligned access" 1
FAIL: gcc.dg/vect/vect-peel-4.c -flto -ffat-lto-objects scan-tree-dump-times vect "Vectorizing an unaligned access" 1
FAIL: gcc.dg/vect/vect-peel-4.c scan-tree-dump-times vect "Vectorizing an unaligned access" 1
FAIL: gcc.dg/vect/vect-reduc-dot-s16a.c -flto -ffat-lto-objects scan-tree-dump-times vect "vect_recog_dot_prod_pattern: detected" 1
FAIL: gcc.dg/vect/vect-reduc-dot-s16a.c scan-tree-dump-times vect "vect_recog_dot_prod_pattern: detected" 1
FAIL: gcc.dg/vect/vect-reduc-dot-s8a.c -flto -ffat-lto-objects scan-tree-dump-times vect "vect_recog_dot_prod_pattern: detected" 1
FAIL: gcc.dg/vect/vect-reduc-dot-s8a.c -flto -ffat-lto-objects scan-tree-dump-times vect "vect_recog_widen_mult_pattern: detected" 1
FAIL: gcc.dg/vect/vect-reduc-dot-s8a.c scan-tree-dump-times vect "vect_recog_dot_prod_pattern: detected" 1
FAIL: gcc.dg/vect/vect-reduc-dot-s8a.c scan-tree-dump-times vect "vect_recog_widen_mult_pattern: detected" 1
FAIL: gcc.dg/vect/vect-reduc-dot-s8b.c -flto -ffat-lto-objects scan-tree-dump-times vect "vect_recog_widen_mult_pattern: detected" 1
FAIL: gcc.dg/vect/vect-reduc-dot-s8b.c scan-tree-dump-times vect "vect_recog_widen_mult_pattern: detected" 1
FAIL: gcc.dg/vect/vect-reduc-dot-u8a.c -flto -ffat-lto-objects scan-tree-dump-times vect "vect_recog_dot_prod_pattern: detected" 1
FAIL: gcc.dg/vect/vect-reduc-dot-u8a.c scan-tree-dump-times vect "vect_recog_dot_prod_pattern: detected" 1
FAIL: gcc.dg/vect/vect-reduc-dot-u8b.c -flto -ffat-lto-objects scan-tree-dump-times vect "vect_recog_dot_prod_pattern: detected" 1
FAIL: gcc.dg/vect/vect-reduc-dot-u8b.c scan-tree-dump-times vect "vect_recog_dot_prod_pattern: detected" 1
FAIL: gcc.dg/vect/vect-reduc-pattern-1a.c -flto -ffat-lto-objects scan-tree-dump-times vect "vect_recog_widen_sum_pattern: detected" 1
FAIL: gcc.dg/vect/vect-reduc-pattern-1a.c scan-tree-dump-times vect "vect_recog_widen_sum_pattern: detected" 1
FAIL: gcc.dg/vect/vect-reduc-pattern-1b-big-array.c -flto -ffat-lto-objects scan-tree-dump-times vect "vect_recog_widen_sum_pattern: detected" 1
FAIL: gcc.dg/vect/vect-reduc-pattern-1b-big-array.c scan-tree-dump-times vect "vect_recog_widen_sum_pattern: detected" 1
FAIL: gcc.dg/vect/vect-reduc-pattern-1c-big-array.c -flto -ffat-lto-objects scan-tree-dump-times vect "vect_recog_widen_sum_pattern: detected" 1
FAIL: gcc.dg/vect/vect-reduc-pattern-1c-big-array.c scan-tree-dump-times vect "vect_recog_widen_sum_pattern: detected" 1
FAIL: gcc.dg/vect/vect-reduc-pattern-2a.c -flto -ffat-lto-objects scan-tree-dump-times vect "vect_recog_widen_sum_pattern: detected" 1
FAIL: gcc.dg/vect/vect-reduc-pattern-2a.c scan-tree-dump-times vect "vect_recog_widen_sum_pattern: detected" 1
FAIL: gcc.dg/vect/vect-reduc-pattern-2b-big-array.c -flto -ffat-lto-objects scan-tree-dump-times vect "vect_recog_widen_sum_pattern: detected" 1
FAIL: gcc.dg/vect/vect-reduc-pattern-2b-big-array.c scan-tree-dump-times vect "vect_recog_widen_sum_pattern: detected" 1
FAIL: gcc.dg/vect/vect-reduc-sad.c -flto -ffat-lto-objects scan-tree-dump-times vect "vect_recog_sad_pattern: detected" 1
FAIL: gcc.dg/vect/vect-reduc-sad.c scan-tree-dump-times vect "vect_recog_sad_pattern: detected" 1
FAIL: gcc.dg/vect/vect-widen-mult-const-s16.c -flto -ffat-lto-objects scan-tree-dump-times vect "vect_recog_widen_mult_pattern: detected" 2
FAIL: gcc.dg/vect/vect-widen-mult-const-s16.c scan-tree-dump-times vect "vect_recog_widen_mult_pattern: detected" 2
FAIL: gcc.dg/vect/vect-widen-mult-const-u16.c -flto -ffat-lto-objects scan-tree-dump-times vect "vect_recog_widen_mult_pattern: detected" 2
FAIL: gcc.dg/vect/vect-widen-mult-const-u16.c scan-tree-dump-times vect "vect_recog_widen_mult_pattern: detected" 2
FAIL: gcc.dg/vect/vect-widen-mult-half-u8.c -flto -ffat-lto-objects scan-tree-dump-times vect "vect_recog_widen_mult_pattern: detected" 2
FAIL: gcc.dg/vect/vect-widen-mult-half-u8.c scan-tree-dump-times vect "vect_recog_widen_mult_pattern: detected" 2
FAIL: gcc.dg/vect/vect-widen-mult-half.c -flto -ffat-lto-objects scan-tree-dump-times vect "vect_recog_widen_mult_pattern: detected" 1
FAIL: gcc.dg/vect/vect-widen-mult-half.c scan-tree-dump-times vect "vect_recog_widen_mult_pattern: detected" 1
FAIL: gcc.dg/vect/vect-widen-mult-sum.c -flto -ffat-lto-objects scan-tree-dump-times vect "vect_recog_widen_mult_pattern: detected" 1
FAIL: gcc.dg/vect/vect-widen-mult-sum.c scan-tree-dump-times vect "vect_recog_widen_mult_pattern: detected" 1
FAIL: gcc.dg/vect/vect-widen-mult-u16.c -flto -ffat-lto-objects scan-tree-dump-times vect "vect_recog_widen_mult_pattern: detected" 1
FAIL: gcc.dg/vect/vect-widen-mult-u16.c scan-tree-dump-times vect "vect_recog_widen_mult_pattern: detected" 1
FAIL: gcc.dg/vect/vect-widen-mult-u8-s16-s32.c -flto -ffat-lto-objects scan-tree-dump-times vect "vect_recog_widen_mult_pattern: detected" 1
FAIL: gcc.dg/vect/vect-widen-mult-u8-s16-s32.c scan-tree-dump-times vect "vect_recog_widen_mult_pattern: detected" 1
FAIL: gcc.dg/vect/wrapv-vect-reduc-dot-s8b.c scan-tree-dump-times vect "vect_recog_dot_prod_pattern: detected" 1
FAIL: gcc.dg/vect/wrapv-vect-reduc-dot-s8b.c scan-tree-dump-times vect "vect_recog_widen_mult_pattern: detected" 1
FAIL: gcc.target/i386/pr49095.c scan-assembler-not test[lq]
=== gcc Summary ===
# of expected passes 112352
# of unexpected failures 194
# of unexpected successes 30
# of expected failures 268
# of unresolved testcases 3
# of unsupported tests 2189
/export/users/nightly/gcc.svn/test-intel32coreavxi/gcc-build-trunk/bld/gcc/xgcc version 5.0.0 20141118 (experimental) [trunk revision 217718] (GCC)
=== gfortran tests ===
Running target unix
FAIL: gfortran.dg/erf_3.F90 -O0 execution test
FAIL: gfortran.dg/erf_3.F90 -O1 execution test
FAIL: gfortran.dg/erf_3.F90 -O2 execution test
FAIL: gfortran.dg/erf_3.F90 -O3 -fomit-frame-pointer execution test
FAIL: gfortran.dg/erf_3.F90 -O3 -fomit-frame-pointer -funroll-all-loops -finline-functions execution test
FAIL: gfortran.dg/erf_3.F90 -O3 -fomit-frame-pointer -funroll-loops execution test
FAIL: gfortran.dg/erf_3.F90 -O3 -g execution test
FAIL: gfortran.dg/erf_3.F90 -Os execution test
FAIL: gfortran.dg/vect/fast-math-mgrid-resid.f -O scan-tree-dump-times pcom "Executing predictive commoning without unrolling" 2
FAIL: gfortran.dg/vect/fast-math-mgrid-resid.f -O scan-tree-dump-times pcom "Predictive commoning failed: no suitable chains" 0
FAIL: gfortran.dg/vect/pr19049.f90 -O scan-tree-dump-times vect "complicated access pattern" 1
=== gfortran Summary ===
# of expected passes 46470
# of unexpected failures 11
# of expected failures 42
# of unsupported tests 205
/export/users/nightly/gcc.svn/test-intel32coreavxi/gcc-build-trunk/bld/gcc/testsuite/gfortran/../../gfortran version 5.0.0 20141118 (experimental) [trunk revision 217718] (GCC)
=== g++ tests ===
Running target unix
FAIL: g++.dg/guality/pr55665.C -O2 line 23 p == 40
FAIL: g++.dg/guality/pr55665.C -O3 -fomit-frame-pointer line 23 p == 40
FAIL: g++.dg/guality/pr55665.C -O3 -g line 23 p == 40
FAIL: g++.dg/vect/slp-pr56812.cc -std=c++11 scan-tree-dump-times slp1 "basic block vectorized" 1
FAIL: g++.dg/vect/slp-pr56812.cc -std=c++14 scan-tree-dump-times slp1 "basic block vectorized" 1
FAIL: g++.dg/vect/slp-pr56812.cc -std=c++98 scan-tree-dump-times slp1 "basic block vectorized" 1
=== g++ Summary ===
# of expected passes 88986
# of unexpected failures 6
# of expected failures 250
# of unsupported tests 3193
/export/users/nightly/gcc.svn/test-intel32coreavxi/gcc-build-trunk/bld/gcc/testsuite/g++/../../xg++ version 5.0.0 20141118 (experimental) [trunk revision 217718] (GCC)
=== objc tests ===
Running target unix
=== objc Summary ===
# of expected passes 3004
# of expected failures 6
# of unsupported tests 74
/export/users/nightly/gcc.svn/test-intel32coreavxi/gcc-build-trunk/bld/gcc/xgcc version 5.0.0 20141118 (experimental) [trunk revision 217718] (GCC)
=== boehm-gc tests ===
Running target unix
=== boehm-gc Summary ===
# of expected passes 12
# of unsupported tests 1
=== libatomic tests ===
Running target unix
=== libatomic Summary ===
# of expected passes 44
# of unsupported tests 5
=== libffi tests ===
Running target unix
=== libffi Summary ===
# of expected passes 1819
# of unsupported tests 55
=== libgomp tests ===
Running target unix
=== libgomp Summary ===
# of expected passes 3662
# of unsupported tests 83
=== libitm tests ===
Running target unix
=== libitm Summary ===
# of expected passes 26
# of expected failures 3
# of unsupported tests 1
=== libjava tests ===
Running target unix
=== libjava Summary ===
# of expected passes 2582
# of expected failures 4
=== libstdc++ tests ===
Running target unix
FAIL: libstdc++-abi/abi_check
FAIL: 18_support/numeric_limits/requirements/constexpr_functions.cc (test for excess errors)
FAIL: 28_regex/algorithms/regex_match/awk/cstring_01.cc (test for excess errors)
UNRESOLVED: 28_regex/algorithms/regex_match/awk/cstring_01.cc compilation failed to produce executable
FAIL: 28_regex/algorithms/regex_match/basic/empty_range.cc (test for excess errors)
UNRESOLVED: 28_regex/algorithms/regex_match/basic/empty_range.cc compilation failed to produce executable
FAIL: 28_regex/algorithms/regex_match/basic/string_01.cc (test for excess errors)
UNRESOLVED: 28_regex/algorithms/regex_match/basic/string_01.cc compilation failed to produce executable
FAIL: 28_regex/algorithms/regex_match/basic/string_range_00_03.cc (test for excess errors)
UNRESOLVED: 28_regex/algorithms/regex_match/basic/string_range_00_03.cc compilation failed to produce executable
FAIL: 28_regex/algorithms/regex_match/basic/string_range_01_03.cc (test for excess errors)
UNRESOLVED: 28_regex/algorithms/regex_match/basic/string_range_01_03.cc compilation failed to produce executable
FAIL: 28_regex/algorithms/regex_match/basic/string_range_02_03.cc (test for excess errors)
UNRESOLVED: 28_regex/algorithms/regex_match/basic/string_range_02_03.cc compilation failed to produce executable
FAIL: 28_regex/algorithms/regex_match/cstring_bracket_01.cc (test for excess errors)
UNRESOLVED: 28_regex/algorithms/regex_match/cstring_bracket_01.cc compilation failed to produce executable
FAIL: 28_regex/algorithms/regex_match/ecma/char/53622.cc (test for excess errors)
UNRESOLVED: 28_regex/algorithms/regex_match/ecma/char/53622.cc compilation failed to produce executable
FAIL: 28_regex/algorithms/regex_match/ecma/char/57173.cc (test for excess errors)
UNRESOLVED: 28_regex/algorithms/regex_match/ecma/char/57173.cc compilation failed to produce executable
FAIL: 28_regex/algorithms/regex_match/ecma/char/58576.cc (test for excess errors)
UNRESOLVED: 28_regex/algorithms/regex_match/ecma/char/58576.cc compilation failed to produce executable
FAIL: 28_regex/algorithms/regex_match/ecma/char/61601.cc (test for excess errors)
UNRESOLVED: 28_regex/algorithms/regex_match/ecma/char/61601.cc compilation failed to produce executable
FAIL: 28_regex/algorithms/regex_match/ecma/char/anymatcher.cc (test for excess errors)
UNRESOLVED: 28_regex/algorithms/regex_match/ecma/char/anymatcher.cc compilation failed to produce executable
FAIL: 28_regex/algorithms/regex_match/ecma/char/backref.cc (test for excess errors)
UNRESOLVED: 28_regex/algorithms/regex_match/ecma/char/backref.cc compilation failed to produce executable
FAIL: 28_regex/algorithms/regex_match/ecma/char/empty_range.cc (test for excess errors)
UNRESOLVED: 28_regex/algorithms/regex_match/ecma/char/empty_range.cc compilation failed to produce executable
FAIL: 28_regex/algorithms/regex_match/ecma/char/emptygroup.cc (test for excess errors)
UNRESOLVED: 28_regex/algorithms/regex_match/ecma/char/emptygroup.cc compilation failed to produce executable
FAIL: 28_regex/algorithms/regex_match/ecma/char/hex.cc (test for excess errors)
UNRESOLVED: 28_regex/algorithms/regex_match/ecma/char/hex.cc compilation failed to produce executable
FAIL: 28_regex/algorithms/regex_match/ecma/char/quoted_char.cc (test for excess errors)
UNRESOLVED: 28_regex/algorithms/regex_match/ecma/char/quoted_char.cc compilation failed to produce executable
FAIL: 28_regex/algorithms/regex_match/ecma/char/ungreedy.cc (test for excess errors)
UNRESOLVED: 28_regex/algorithms/regex_match/ecma/char/ungreedy.cc compilation failed to produce executable
FAIL: 28_regex/algorithms/regex_match/ecma/wchar_t/63199.cc (test for excess errors)
UNRESOLVED: 28_regex/algorithms/regex_match/ecma/wchar_t/63199.cc compilation failed to produce executable
FAIL: 28_regex/algorithms/regex_match/ecma/wchar_t/anymatcher.cc (test for excess errors)
UNRESOLVED: 28_regex/algorithms/regex_match/ecma/wchar_t/anymatcher.cc compilation failed to produce executable
FAIL: 28_regex/algorithms/regex_match/ecma/wchar_t/cjk_match.cc (test for excess errors)
UNRESOLVED: 28_regex/algorithms/regex_match/ecma/wchar_t/cjk_match.cc compilation failed to produce executable
FAIL: 28_regex/algorithms/regex_match/ecma/wchar_t/hex.cc (test for excess errors)
UNRESOLVED: 28_regex/algorithms/regex_match/ecma/wchar_t/hex.cc compilation failed to produce executable
FAIL: 28_regex/algorithms/regex_match/extended/cstring_plus.cc (test for excess errors)
UNRESOLVED: 28_regex/algorithms/regex_match/extended/cstring_plus.cc compilation failed to produce executable
FAIL: 28_regex/algorithms/regex_match/extended/cstring_questionmark.cc (test for excess errors)
UNRESOLVED: 28_regex/algorithms/regex_match/extended/cstring_questionmark.cc compilation failed to produce executable
FAIL: 28_regex/algorithms/regex_match/extended/cstring_range.cc (test for excess errors)
UNRESOLVED: 28_regex/algorithms/regex_match/extended/cstring_range.cc compilation failed to produce executable
FAIL: 28_regex/algorithms/regex_match/extended/string_any.cc (test for excess errors)
UNRESOLVED: 28_regex/algorithms/regex_match/extended/string_any.cc compilation failed to produce executable
FAIL: 28_regex/algorithms/regex_match/extended/string_range_00_03.cc (test for excess errors)
UNRESOLVED: 28_regex/algorithms/regex_match/extended/string_range_00_03.cc compilation failed to produce executable
FAIL: 28_regex/algorithms/regex_match/extended/string_range_01_03.cc (test for excess errors)
UNRESOLVED: 28_regex/algorithms/regex_match/extended/string_range_01_03.cc compilation failed to produce executable
FAIL: 28_regex/algorithms/regex_match/extended/string_range_02_03.cc (test for excess errors)
UNRESOLVED: 28_regex/algorithms/regex_match/extended/string_range_02_03.cc compilation failed to produce executable
FAIL: 28_regex/algorithms/regex_match/extended/wstring_locale.cc (test for excess errors)
UNRESOLVED: 28_regex/algorithms/regex_match/extended/wstring_locale.cc compilation failed to produce executable
FAIL: 28_regex/algorithms/regex_replace/char/51711.cc (test for excess errors)
FAIL: 28_regex/algorithms/regex_replace/char/basic_replace.cc (test for excess errors)
UNRESOLVED: 28_regex/algorithms/regex_replace/char/basic_replace.cc compilation failed to produce executable
FAIL: 28_regex/algorithms/regex_replace/char/dr2213.cc (test for excess errors)
UNRESOLVED: 28_regex/algorithms/regex_replace/char/dr2213.cc compilation failed to produce executable
FAIL: 28_regex/algorithms/regex_replace/wchar_t/51711.cc (test for excess errors)
FAIL: 28_regex/algorithms/regex_search/61424.cc (test for excess errors)
UNRESOLVED: 28_regex/algorithms/regex_search/61424.cc compilation failed to produce executable
FAIL: 28_regex/algorithms/regex_search/61720.cc (test for excess errors)
UNRESOLVED: 28_regex/algorithms/regex_search/61720.cc compilation failed to produce executable
FAIL: 28_regex/algorithms/regex_search/basic/string_01.cc (test for excess errors)
UNRESOLVED: 28_regex/algorithms/regex_search/basic/string_01.cc compilation failed to produce executable
FAIL: 28_regex/algorithms/regex_search/ecma/assertion.cc (test for excess errors)
UNRESOLVED: 28_regex/algorithms/regex_search/ecma/assertion.cc compilation failed to produce executable
FAIL: 28_regex/algorithms/regex_search/ecma/flags.cc (test for excess errors)
UNRESOLVED: 28_regex/algorithms/regex_search/ecma/flags.cc compilation failed to produce executable
FAIL: 28_regex/algorithms/regex_search/ecma/greedy.cc (test for excess errors)
UNRESOLVED: 28_regex/algorithms/regex_search/ecma/greedy.cc compilation failed to produce executable
FAIL: 28_regex/algorithms/regex_search/ecma/string_01.cc (test for excess errors)
UNRESOLVED: 28_regex/algorithms/regex_search/ecma/string_01.cc compilation failed to produce executable
FAIL: 28_regex/basic_regex/assign/char/cstring.cc (test for excess errors)
FAIL: 28_regex/basic_regex/assign/char/cstring_op.cc (test for excess errors)
FAIL: 28_regex/basic_regex/assign/char/moveable.cc (test for excess errors)
UNRESOLVED: 28_regex/basic_regex/assign/char/moveable.cc compilation failed to produce executable
FAIL: 28_regex/basic_regex/assign/char/pstring.cc (test for excess errors)
FAIL: 28_regex/basic_regex/assign/char/range.cc (test for excess errors)
FAIL: 28_regex/basic_regex/assign/char/string.cc (test for excess errors)
FAIL: 28_regex/basic_regex/assign/char/string_op.cc (test for excess errors)
FAIL: 28_regex/basic_regex/assign/wchar_t/cstring.cc (test for excess errors)
FAIL: 28_regex/basic_regex/assign/wchar_t/cstring_op.cc (test for excess errors)
FAIL: 28_regex/basic_regex/assign/wchar_t/pstring.cc (test for excess errors)
FAIL: 28_regex/basic_regex/assign/wchar_t/range.cc (test for excess errors)
FAIL: 28_regex/basic_regex/assign/wchar_t/string.cc (test for excess errors)
FAIL: 28_regex/basic_regex/assign/wchar_t/string_op.cc (test for excess errors)
FAIL: 28_regex/basic_regex/ctors/47724.cc (test for excess errors)
UNRESOLVED: 28_regex/basic_regex/ctors/47724.cc compilation failed to produce executable
FAIL: 28_regex/basic_regex/ctors/basic/cstring.cc (test for excess errors)
FAIL: 28_regex/basic_regex/ctors/basic/pstring_char.cc (test for excess errors)
UNRESOLVED: 28_regex/basic_regex/ctors/basic/pstring_char.cc compilation failed to produce executable
FAIL: 28_regex/basic_regex/ctors/basic/pstring_wchar_t.cc (test for excess errors)
UNRESOLVED: 28_regex/basic_regex/ctors/basic/pstring_wchar_t.cc compilation failed to produce executable
FAIL: 28_regex/basic_regex/ctors/basic/raw_string.cc (test for excess errors)
UNRESOLVED: 28_regex/basic_regex/ctors/basic/raw_string.cc compilation failed to produce executable
FAIL: 28_regex/basic_regex/ctors/basic/string_range_01_02_03.cc (test for excess errors)
UNRESOLVED: 28_regex/basic_regex/ctors/basic/string_range_01_02_03.cc compilation failed to produce executable
FAIL: 28_regex/basic_regex/ctors/char/cstring.cc (test for excess errors)
FAIL: 28_regex/basic_regex/ctors/char/cstring_awk.cc (test for excess errors)
FAIL: 28_regex/basic_regex/ctors/char/cstring_ecma.cc (test for excess errors)
FAIL: 28_regex/basic_regex/ctors/char/cstring_egrep.cc (test for excess errors)
FAIL: 28_regex/basic_regex/ctors/char/cstring_grep.cc (test for excess errors)
FAIL: 28_regex/basic_regex/ctors/char/range.cc (test for excess errors)
FAIL: 28_regex/basic_regex/ctors/copy_char.cc (test for excess errors)
UNRESOLVED: 28_regex/basic_regex/ctors/copy_char.cc compilation failed to produce executable
FAIL: 28_regex/basic_regex/ctors/extended/cstring.cc (test for excess errors)
UNRESOLVED: 28_regex/basic_regex/ctors/extended/cstring.cc compilation failed to produce executable
FAIL: 28_regex/basic_regex/ctors/extended/string_range_01_02_03.cc (test for excess errors)
UNRESOLVED: 28_regex/basic_regex/ctors/extended/string_range_01_02_03.cc compilation failed to produce executable
FAIL: 28_regex/basic_regex/ctors/move_char.cc (test for excess errors)
UNRESOLVED: 28_regex/basic_regex/ctors/move_char.cc compilation failed to produce executable
FAIL: 28_regex/basic_regex/ctors/string_char.cc (test for excess errors)
FAIL: 28_regex/basic_regex/ctors/string_wchar_t.cc (test for excess errors)
FAIL: 28_regex/basic_regex/ctors/wchar_t/cstring.cc (test for excess errors)
FAIL: 28_regex/basic_regex/ctors/wchar_t/range.cc (test for excess errors)
FAIL: 28_regex/basic_regex/multiple_quantifiers.cc (test for excess errors)
UNRESOLVED: 28_regex/basic_regex/multiple_quantifiers.cc compilation failed to produce executable
FAIL: 28_regex/constants/syntax_option_type.cc (test for excess errors)
UNRESOLVED: 28_regex/constants/syntax_option_type.cc compilation failed to produce executable
FAIL: 28_regex/init-list.cc (test for excess errors)
UNRESOLVED: 28_regex/init-list.cc compilation failed to produce executable
FAIL: 28_regex/iterators/regex_iterator/char/string_01.cc (test for excess errors)
UNRESOLVED: 28_regex/iterators/regex_iterator/char/string_01.cc compilation failed to produce executable
FAIL: 28_regex/iterators/regex_iterator/char/string_position_01.cc (test for excess errors)
UNRESOLVED: 28_regex/iterators/regex_iterator/char/string_position_01.cc compilation failed to produce executable
FAIL: 28_regex/iterators/regex_iterator/wchar_t/string_01.cc (test for excess errors)
UNRESOLVED: 28_regex/iterators/regex_iterator/wchar_t/string_01.cc compilation failed to produce executable
FAIL: 28_regex/iterators/regex_iterator/wchar_t/string_02.cc (test for excess errors)
UNRESOLVED: 28_regex/iterators/regex_iterator/wchar_t/string_02.cc compilation failed to produce executable
FAIL: 28_regex/iterators/regex_token_iterator/char/string_01.cc (test for excess errors)
UNRESOLVED: 28_regex/iterators/regex_token_iterator/char/string_01.cc compilation failed to produce executable
FAIL: 28_regex/iterators/regex_token_iterator/wchar_t/string_01.cc (test for excess errors)
UNRESOLVED: 28_regex/iterators/regex_token_iterator/wchar_t/string_01.cc compilation failed to produce executable
FAIL: 28_regex/iterators/regex_token_iterator/wchar_t/wstring_02.cc (test for excess errors)
UNRESOLVED: 28_regex/iterators/regex_token_iterator/wchar_t/wstring_02.cc compilation failed to produce executable
FAIL: 28_regex/match_results/format.cc (test for excess errors)
UNRESOLVED: 28_regex/match_results/format.cc compilation failed to produce executable
FAIL: 28_regex/traits/char/user_defined.cc (test for excess errors)
UNRESOLVED: 28_regex/traits/char/user_defined.cc compilation failed to produce executable
FAIL: 28_regex/traits/wchar_t/user_defined.cc (test for excess errors)
UNRESOLVED: 28_regex/traits/wchar_t/user_defined.cc compilation failed to produce executable
=== libstdc++ Summary ===
# of expected passes 10210
# of unexpected failures 89
# of expected failures 68
# of unresolved testcases 62
# of unsupported tests 225
Compiler version: 5.0.0 20141118 (experimental) [trunk revision 217718] (GCC)
Platform: i686-pc-linux-gnu
configure flags: --with-arch=core-avx-i --with-cpu=core-avx-i ORIGINAL_AS_FOR_TARGET=/usr/local/i686-linux/bin/as ORIGINAL_LD_FOR_TARGET=/usr/local/i686-linux/bin/ld --prefix=/usr/local --enable-clocale=gnu --with-system-zlib --enable-shared --with-demangler-in-ld --enable-cloog-backend=isl --with-ppl=/opt/gnu --with-cloog=/opt/gnu i686-linux --with-fpmath=sse --enable-languages=c,c++,fortran,java,lto,objc