This is the mail archive of the gcc-testresults@gcc.gnu.org mailing list for the GCC project.


Index Nav: [Date Index] [Subject Index] [Author Index] [Thread Index]
Message Nav: [Date Prev] [Date Next] [Thread Prev] [Thread Next]
Other format: [Raw text]

Results for 5.0.0 20141118 (experimental) [trunk revision 217694] (GCC) testsuite on x86_64-apple-darwin14.0.0


LAST_UPDATED: Tue Nov 18 09:51:31 UTC 2014 (revision 217694)
with patch at https://gcc.gnu.org/bugzilla/show_bug.cgi?id=63534#c50


Native configuration is x86_64-apple-darwin14.0.0

		=== g++ tests ===


Running target unix/-m32
FAIL: c-c++-common/asan/global-overflow-1.c   -O0  output pattern test, is =================================================================
FAIL: c-c++-common/asan/global-overflow-1.c   -O1  output pattern test, is =================================================================
FAIL: c-c++-common/asan/global-overflow-1.c   -O2  output pattern test, is =================================================================
FAIL: c-c++-common/asan/global-overflow-1.c   -O3 -fomit-frame-pointer  output pattern test, is =================================================================
FAIL: c-c++-common/asan/global-overflow-1.c   -O3 -g  output pattern test, is =================================================================
FAIL: c-c++-common/asan/global-overflow-1.c   -Os  output pattern test, is =================================================================
FAIL: c-c++-common/asan/heap-overflow-1.c   -O0  output pattern test, is =================================================================
FAIL: c-c++-common/asan/heap-overflow-1.c   -O1  output pattern test, is =================================================================
FAIL: c-c++-common/asan/heap-overflow-1.c   -O2  output pattern test, is =================================================================
FAIL: c-c++-common/asan/heap-overflow-1.c   -O3 -fomit-frame-pointer  output pattern test, is =================================================================
FAIL: c-c++-common/asan/heap-overflow-1.c   -O3 -g  output pattern test, is =================================================================
FAIL: c-c++-common/asan/heap-overflow-1.c   -Os  output pattern test, is =================================================================
FAIL: c-c++-common/asan/memcmp-1.c   -O0  output pattern test, is =================================================================
FAIL: c-c++-common/asan/memcmp-1.c   -O1  output pattern test, is =================================================================
FAIL: c-c++-common/asan/memcmp-1.c   -O2  output pattern test, is =================================================================
FAIL: c-c++-common/asan/memcmp-1.c   -O3 -fomit-frame-pointer  output pattern test, is =================================================================
FAIL: c-c++-common/asan/memcmp-1.c   -O3 -g  output pattern test, is =================================================================
FAIL: c-c++-common/asan/memcmp-1.c   -Os  output pattern test, is =================================================================
FAIL: c-c++-common/asan/misalign-1.c   -O0  output pattern test, is =================================================================
FAIL: c-c++-common/asan/misalign-1.c   -O1  output pattern test, is =================================================================
FAIL: c-c++-common/asan/misalign-1.c   -O2  output pattern test, is =================================================================
FAIL: c-c++-common/asan/misalign-1.c   -O3 -fomit-frame-pointer  output pattern test, is =================================================================
FAIL: c-c++-common/asan/misalign-1.c   -O3 -g  output pattern test, is =================================================================
FAIL: c-c++-common/asan/misalign-1.c   -Os  output pattern test, is =================================================================
FAIL: c-c++-common/asan/misalign-2.c   -O0  output pattern test, is =================================================================
FAIL: c-c++-common/asan/misalign-2.c   -O1  output pattern test, is =================================================================
FAIL: c-c++-common/asan/misalign-2.c   -O2  output pattern test, is =================================================================
FAIL: c-c++-common/asan/misalign-2.c   -O3 -fomit-frame-pointer  output pattern test, is =================================================================
FAIL: c-c++-common/asan/misalign-2.c   -O3 -g  output pattern test, is =================================================================
FAIL: c-c++-common/asan/misalign-2.c   -Os  output pattern test, is =================================================================
FAIL: c-c++-common/asan/null-deref-1.c   -O0  output pattern test, is ASAN:SIGSEGV
FAIL: c-c++-common/asan/null-deref-1.c   -O1  output pattern test, is ASAN:SIGSEGV
FAIL: c-c++-common/asan/null-deref-1.c   -O2  output pattern test, is ASAN:SIGSEGV
FAIL: c-c++-common/asan/null-deref-1.c   -O3 -fomit-frame-pointer  output pattern test, is ASAN:SIGSEGV
FAIL: c-c++-common/asan/null-deref-1.c   -O3 -g  output pattern test, is ASAN:SIGSEGV
FAIL: c-c++-common/asan/null-deref-1.c   -Os  output pattern test, is ASAN:SIGSEGV
FAIL: c-c++-common/asan/stack-overflow-1.c   -O0  output pattern test, is =================================================================
FAIL: c-c++-common/asan/stack-overflow-1.c   -O1  output pattern test, is =================================================================
FAIL: c-c++-common/asan/stack-overflow-1.c   -O2  output pattern test, is =================================================================
FAIL: c-c++-common/asan/stack-overflow-1.c   -O3 -fomit-frame-pointer  output pattern test, is =================================================================
FAIL: c-c++-common/asan/stack-overflow-1.c   -O3 -g  output pattern test, is =================================================================
FAIL: c-c++-common/asan/stack-overflow-1.c   -Os  output pattern test, is =================================================================
FAIL: c-c++-common/asan/strlen-overflow-1.c   -O0  output pattern test, is =================================================================
FAIL: c-c++-common/asan/strlen-overflow-1.c   -O1  output pattern test, is =================================================================
FAIL: c-c++-common/asan/strlen-overflow-1.c   -O2  output pattern test, is =================================================================
FAIL: c-c++-common/asan/strlen-overflow-1.c   -O3 -fomit-frame-pointer  output pattern test, is =================================================================
FAIL: c-c++-common/asan/strlen-overflow-1.c   -O3 -g  output pattern test, is =================================================================
FAIL: c-c++-common/asan/strlen-overflow-1.c   -Os  output pattern test, is =================================================================
FAIL: c-c++-common/asan/strncpy-overflow-1.c   -O0  output pattern test, is =================================================================
FAIL: c-c++-common/asan/strncpy-overflow-1.c   -O1  output pattern test, is =================================================================
FAIL: c-c++-common/asan/strncpy-overflow-1.c   -O2  output pattern test, is =================================================================
FAIL: c-c++-common/asan/strncpy-overflow-1.c   -O3 -fomit-frame-pointer  output pattern test, is =================================================================
FAIL: c-c++-common/asan/strncpy-overflow-1.c   -O3 -g  output pattern test, is =================================================================
FAIL: c-c++-common/asan/strncpy-overflow-1.c   -Os  output pattern test, is =================================================================
FAIL: c-c++-common/asan/use-after-free-1.c   -O0  output pattern test, is =================================================================
FAIL: c-c++-common/asan/use-after-free-1.c   -O1  output pattern test, is =================================================================
FAIL: c-c++-common/asan/use-after-free-1.c   -O2  output pattern test, is =================================================================
FAIL: c-c++-common/asan/use-after-free-1.c   -O3 -fomit-frame-pointer  output pattern test, is =================================================================
FAIL: c-c++-common/asan/use-after-free-1.c   -O3 -g  output pattern test, is =================================================================
FAIL: c-c++-common/asan/use-after-free-1.c   -Os  output pattern test, is =================================================================
FAIL: g++.dg/asan/deep-stack-uaf-1.C   -O0  output pattern test, is =================================================================
FAIL: g++.dg/asan/deep-stack-uaf-1.C   -O1  output pattern test, is =================================================================
FAIL: g++.dg/asan/deep-stack-uaf-1.C   -O2  output pattern test, is =================================================================
FAIL: g++.dg/asan/deep-stack-uaf-1.C   -O3 -fomit-frame-pointer  output pattern test, is =================================================================
FAIL: g++.dg/asan/deep-stack-uaf-1.C   -O3 -g  output pattern test, is =================================================================
FAIL: g++.dg/asan/deep-stack-uaf-1.C   -Os  output pattern test, is =================================================================
FAIL: g++.dg/asan/deep-tail-call-1.C   -O0  output pattern test, is =================================================================
FAIL: g++.dg/asan/deep-tail-call-1.C   -O1  output pattern test, is =================================================================
FAIL: g++.dg/asan/deep-tail-call-1.C   -O2  output pattern test, is =================================================================
FAIL: g++.dg/asan/deep-tail-call-1.C   -O3 -fomit-frame-pointer  output pattern test, is =================================================================
FAIL: g++.dg/asan/deep-tail-call-1.C   -O3 -g  output pattern test, is =================================================================
FAIL: g++.dg/asan/deep-tail-call-1.C   -Os  output pattern test, is =================================================================
FAIL: g++.dg/asan/large-func-test-1.C   -O0  output pattern test, is =================================================================
FAIL: g++.dg/asan/large-func-test-1.C   -O1  output pattern test, is =================================================================
FAIL: g++.dg/asan/large-func-test-1.C   -O2  output pattern test, is =================================================================
FAIL: g++.dg/asan/large-func-test-1.C   -O3 -fomit-frame-pointer  output pattern test, is =================================================================
FAIL: g++.dg/asan/large-func-test-1.C   -O3 -g  output pattern test, is =================================================================
FAIL: g++.dg/asan/large-func-test-1.C   -Os  output pattern test, is =================================================================
FAIL: g++.dg/debug/dwarf2/deleted-member-function.C   scan-assembler-times  DW_AT_GNU_deleted 2
FAIL: g++.dg/debug/dwarf2/imported-decl-2.C  -std=gnu++11  scan-assembler-times ascii "AAAA\\\\\\\\0".*ascii "BBBB\\\\\\\\0".*DIE .0x[0-9a-f]*. DW_TAG_imported_declaration 1
FAIL: g++.dg/debug/dwarf2/imported-decl-2.C  -std=gnu++14  scan-assembler-times ascii "AAAA\\\\\\\\0".*ascii "BBBB\\\\\\\\0".*DIE .0x[0-9a-f]*. DW_TAG_imported_declaration 1
FAIL: g++.dg/debug/dwarf2/imported-decl-2.C  -std=gnu++98  scan-assembler-times ascii "AAAA\\\\\\\\0".*ascii "BBBB\\\\\\\\0".*DIE .0x[0-9a-f]*. DW_TAG_imported_declaration 1
FAIL: g++.dg/ext/sync-4.C  -std=gnu++11 execution test
FAIL: g++.dg/ext/sync-4.C  -std=gnu++14 execution test
FAIL: g++.dg/ext/sync-4.C  -std=gnu++98 execution test
FAIL: g++.dg/ipa/pr61160-1.C  -std=gnu++11 (internal compiler error)
FAIL: g++.dg/ipa/pr61160-1.C  -std=gnu++11 (test for excess errors)
FAIL: g++.dg/ipa/pr61160-1.C  -std=gnu++14 (internal compiler error)
FAIL: g++.dg/ipa/pr61160-1.C  -std=gnu++14 (test for excess errors)
FAIL: g++.dg/ipa/pr61160-1.C  -std=gnu++98 (internal compiler error)
FAIL: g++.dg/ipa/pr61160-1.C  -std=gnu++98 (test for excess errors)
FAIL: g++.dg/ipa/pr61160-2.C  -std=gnu++11 (internal compiler error)
FAIL: g++.dg/ipa/pr61160-2.C  -std=gnu++11 (test for excess errors)
WARNING: g++.dg/ipa/pr61160-2.C  -std=gnu++11 compilation failed to produce executable
FAIL: g++.dg/ipa/pr61160-2.C  -std=gnu++14 (internal compiler error)
FAIL: g++.dg/ipa/pr61160-2.C  -std=gnu++14 (test for excess errors)
WARNING: g++.dg/ipa/pr61160-2.C  -std=gnu++14 compilation failed to produce executable
FAIL: g++.dg/ipa/pr61160-2.C  -std=gnu++98 (internal compiler error)
FAIL: g++.dg/ipa/pr61160-2.C  -std=gnu++98 (test for excess errors)
WARNING: g++.dg/ipa/pr61160-2.C  -std=gnu++98 compilation failed to produce executable
FAIL: g++.dg/opt/vt4.C  -std=gnu++11  scan-assembler-not _ZTV.A
FAIL: g++.dg/opt/vt4.C  -std=gnu++14  scan-assembler-not _ZTV.A
FAIL: g++.dg/opt/vt4.C  -std=gnu++98  scan-assembler-not _ZTV.A
FAIL: g++.dg/pch/pch.C  -O2 -I. -Dwith_PCH (test for excess errors)
FAIL: g++.dg/pch/pch.C -O2 assembly comparison
WARNING: program timed out.
FAIL: c-c++-common/ubsan/object-size-10.c   -O2  output pattern test, is c-c++-common/ubsan/object-size-10.c:19:19: runtime error: index 128 out of bounds for type 'char [128]'

		=== g++ Summary for unix/-m32 ===

# of expected passes		83136
# of unexpected failures	103
# of expected failures		245
# of unsupported tests		3430

Running target unix/-m64
FAIL: c-c++-common/asan/global-overflow-1.c   -O0  output pattern test, is =================================================================
FAIL: c-c++-common/asan/global-overflow-1.c   -O1  output pattern test, is =================================================================
FAIL: c-c++-common/asan/global-overflow-1.c   -O2  output pattern test, is =================================================================
FAIL: c-c++-common/asan/global-overflow-1.c   -O3 -fomit-frame-pointer  output pattern test, is =================================================================
FAIL: c-c++-common/asan/global-overflow-1.c   -O3 -g  output pattern test, is =================================================================
FAIL: c-c++-common/asan/global-overflow-1.c   -Os  output pattern test, is =================================================================
FAIL: c-c++-common/asan/heap-overflow-1.c   -O0  output pattern test, is =================================================================
FAIL: c-c++-common/asan/heap-overflow-1.c   -O1  output pattern test, is =================================================================
FAIL: c-c++-common/asan/heap-overflow-1.c   -O2  output pattern test, is =================================================================
FAIL: c-c++-common/asan/heap-overflow-1.c   -O3 -fomit-frame-pointer  output pattern test, is =================================================================
FAIL: c-c++-common/asan/heap-overflow-1.c   -O3 -g  output pattern test, is =================================================================
FAIL: c-c++-common/asan/heap-overflow-1.c   -Os  output pattern test, is =================================================================
FAIL: c-c++-common/asan/memcmp-1.c   -O0  output pattern test, is =================================================================
FAIL: c-c++-common/asan/memcmp-1.c   -O1  output pattern test, is =================================================================
FAIL: c-c++-common/asan/memcmp-1.c   -O2  output pattern test, is =================================================================
FAIL: c-c++-common/asan/memcmp-1.c   -O3 -fomit-frame-pointer  output pattern test, is =================================================================
FAIL: c-c++-common/asan/memcmp-1.c   -O3 -g  output pattern test, is =================================================================
FAIL: c-c++-common/asan/memcmp-1.c   -Os  output pattern test, is =================================================================
FAIL: c-c++-common/asan/misalign-1.c   -O0  output pattern test, is =================================================================
FAIL: c-c++-common/asan/misalign-1.c   -O1  output pattern test, is =================================================================
FAIL: c-c++-common/asan/misalign-1.c   -O2  output pattern test, is =================================================================
FAIL: c-c++-common/asan/misalign-1.c   -O3 -fomit-frame-pointer  output pattern test, is =================================================================
FAIL: c-c++-common/asan/misalign-1.c   -O3 -g  output pattern test, is =================================================================
FAIL: c-c++-common/asan/misalign-1.c   -Os  output pattern test, is =================================================================
FAIL: c-c++-common/asan/misalign-2.c   -O0  output pattern test, is =================================================================
FAIL: c-c++-common/asan/misalign-2.c   -O1  output pattern test, is =================================================================
FAIL: c-c++-common/asan/misalign-2.c   -O2  output pattern test, is =================================================================
FAIL: c-c++-common/asan/misalign-2.c   -O3 -fomit-frame-pointer  output pattern test, is =================================================================
FAIL: c-c++-common/asan/misalign-2.c   -O3 -g  output pattern test, is =================================================================
FAIL: c-c++-common/asan/misalign-2.c   -Os  output pattern test, is =================================================================
FAIL: c-c++-common/asan/null-deref-1.c   -O0  output pattern test, is ASAN:SIGSEGV
FAIL: c-c++-common/asan/null-deref-1.c   -O1  output pattern test, is ASAN:SIGSEGV
FAIL: c-c++-common/asan/null-deref-1.c   -O2  output pattern test, is ASAN:SIGSEGV
FAIL: c-c++-common/asan/null-deref-1.c   -O3 -fomit-frame-pointer  output pattern test, is ASAN:SIGSEGV
FAIL: c-c++-common/asan/null-deref-1.c   -O3 -g  output pattern test, is ASAN:SIGSEGV
FAIL: c-c++-common/asan/null-deref-1.c   -Os  output pattern test, is ASAN:SIGSEGV
FAIL: c-c++-common/asan/stack-overflow-1.c   -O0  output pattern test, is =================================================================
FAIL: c-c++-common/asan/stack-overflow-1.c   -O1  output pattern test, is =================================================================
FAIL: c-c++-common/asan/stack-overflow-1.c   -O2  output pattern test, is =================================================================
FAIL: c-c++-common/asan/stack-overflow-1.c   -O3 -fomit-frame-pointer  output pattern test, is =================================================================
FAIL: c-c++-common/asan/stack-overflow-1.c   -O3 -g  output pattern test, is =================================================================
FAIL: c-c++-common/asan/stack-overflow-1.c   -Os  output pattern test, is =================================================================
FAIL: c-c++-common/asan/strlen-overflow-1.c   -O0  output pattern test, is =================================================================
FAIL: c-c++-common/asan/strlen-overflow-1.c   -O1  output pattern test, is =================================================================
FAIL: c-c++-common/asan/strlen-overflow-1.c   -O2  output pattern test, is =================================================================
FAIL: c-c++-common/asan/strlen-overflow-1.c   -O3 -fomit-frame-pointer  output pattern test, is =================================================================
FAIL: c-c++-common/asan/strlen-overflow-1.c   -O3 -g  output pattern test, is =================================================================
FAIL: c-c++-common/asan/strlen-overflow-1.c   -Os  output pattern test, is =================================================================
FAIL: c-c++-common/asan/strncpy-overflow-1.c   -O0  output pattern test, is =================================================================
FAIL: c-c++-common/asan/strncpy-overflow-1.c   -O1  output pattern test, is =================================================================
FAIL: c-c++-common/asan/strncpy-overflow-1.c   -O2  output pattern test, is =================================================================
FAIL: c-c++-common/asan/strncpy-overflow-1.c   -O3 -fomit-frame-pointer  output pattern test, is =================================================================
FAIL: c-c++-common/asan/strncpy-overflow-1.c   -O3 -g  output pattern test, is =================================================================
FAIL: c-c++-common/asan/strncpy-overflow-1.c   -Os  output pattern test, is =================================================================
FAIL: c-c++-common/asan/use-after-free-1.c   -O0  output pattern test, is =================================================================
FAIL: c-c++-common/asan/use-after-free-1.c   -O1  output pattern test, is =================================================================
FAIL: c-c++-common/asan/use-after-free-1.c   -O2  output pattern test, is =================================================================
FAIL: c-c++-common/asan/use-after-free-1.c   -O3 -fomit-frame-pointer  output pattern test, is =================================================================
FAIL: c-c++-common/asan/use-after-free-1.c   -O3 -g  output pattern test, is =================================================================
FAIL: c-c++-common/asan/use-after-free-1.c   -Os  output pattern test, is =================================================================
FAIL: g++.dg/asan/deep-stack-uaf-1.C   -O0  output pattern test, is =================================================================
FAIL: g++.dg/asan/deep-stack-uaf-1.C   -O1  output pattern test, is =================================================================
FAIL: g++.dg/asan/deep-stack-uaf-1.C   -O2  output pattern test, is =================================================================
FAIL: g++.dg/asan/deep-stack-uaf-1.C   -O3 -fomit-frame-pointer  output pattern test, is =================================================================
FAIL: g++.dg/asan/deep-stack-uaf-1.C   -O3 -g  output pattern test, is =================================================================
FAIL: g++.dg/asan/deep-stack-uaf-1.C   -Os  output pattern test, is =================================================================
FAIL: g++.dg/asan/deep-tail-call-1.C   -O0  output pattern test, is =================================================================
FAIL: g++.dg/asan/deep-tail-call-1.C   -O1  output pattern test, is =================================================================
FAIL: g++.dg/asan/deep-tail-call-1.C   -O2  output pattern test, is =================================================================
FAIL: g++.dg/asan/deep-tail-call-1.C   -O3 -fomit-frame-pointer  output pattern test, is =================================================================
FAIL: g++.dg/asan/deep-tail-call-1.C   -O3 -g  output pattern test, is =================================================================
FAIL: g++.dg/asan/deep-tail-call-1.C   -Os  output pattern test, is =================================================================
FAIL: g++.dg/asan/large-func-test-1.C   -O0  output pattern test, is =================================================================
FAIL: g++.dg/asan/large-func-test-1.C   -O1  output pattern test, is =================================================================
FAIL: g++.dg/asan/large-func-test-1.C   -O2  output pattern test, is =================================================================
FAIL: g++.dg/asan/large-func-test-1.C   -O3 -fomit-frame-pointer  output pattern test, is =================================================================
FAIL: g++.dg/asan/large-func-test-1.C   -O3 -g  output pattern test, is =================================================================
FAIL: g++.dg/asan/large-func-test-1.C   -Os  output pattern test, is =================================================================
FAIL: g++.dg/debug/dwarf2/deleted-member-function.C   scan-assembler-times  DW_AT_GNU_deleted 2
FAIL: g++.dg/debug/dwarf2/imported-decl-2.C  -std=gnu++11  scan-assembler-times ascii "AAAA\\\\\\\\0".*ascii "BBBB\\\\\\\\0".*DIE .0x[0-9a-f]*. DW_TAG_imported_declaration 1
FAIL: g++.dg/debug/dwarf2/imported-decl-2.C  -std=gnu++14  scan-assembler-times ascii "AAAA\\\\\\\\0".*ascii "BBBB\\\\\\\\0".*DIE .0x[0-9a-f]*. DW_TAG_imported_declaration 1
FAIL: g++.dg/debug/dwarf2/imported-decl-2.C  -std=gnu++98  scan-assembler-times ascii "AAAA\\\\\\\\0".*ascii "BBBB\\\\\\\\0".*DIE .0x[0-9a-f]*. DW_TAG_imported_declaration 1
FAIL: g++.dg/ext/sync-4.C  -std=gnu++11 execution test
FAIL: g++.dg/ext/sync-4.C  -std=gnu++14 execution test
FAIL: g++.dg/ext/sync-4.C  -std=gnu++98 execution test
FAIL: g++.dg/opt/vt4.C  -std=gnu++11  scan-assembler-not _ZTV.A
FAIL: g++.dg/opt/vt4.C  -std=gnu++14  scan-assembler-not _ZTV.A
FAIL: g++.dg/opt/vt4.C  -std=gnu++98  scan-assembler-not _ZTV.A
FAIL: g++.dg/pch/pch.C  -g -I. -Dwith_PCH (internal compiler error)
FAIL: g++.dg/pch/pch.C  -g -I. -Dwith_PCH (test for excess errors)
FAIL: g++.dg/pch/pch.C  -g assembly comparison
FAIL: g++.dg/tree-prof/partition1.C compilation,  -fprofile-use -D_PROFILE_USE
UNRESOLVED: g++.dg/tree-prof/partition1.C execution,    -fprofile-use -D_PROFILE_USE
FAIL: g++.dg/tree-prof/pr57451.C compilation,  -fprofile-use -D_PROFILE_USE
UNRESOLVED: g++.dg/tree-prof/pr57451.C execution,    -fprofile-use -D_PROFILE_USE
FAIL: c-c++-common/ubsan/object-size-10.c   -O2  output pattern test, is c-c++-common/ubsan/object-size-10.c:19:19: runtime error: index 128 out of bounds for type 'char [128]'

		=== g++ Summary for unix/-m64 ===

# of expected passes		84595
# of unexpected failures	94
# of expected failures		245
# of unresolved testcases	2
# of unsupported tests		3640

		=== g++ Summary ===

# of expected passes		167731
# of unexpected failures	197
# of expected failures		490
# of unresolved testcases	2
# of unsupported tests		7070
/Users/fx/devel/gcc/ibin2/gcc/testsuite/g++/../../xg++  version 5.0.0 20141118 (experimental) [trunk revision 217694] (GCC) 

		=== gcc tests ===


Running target unix/-m32
FAIL: c-c++-common/asan/global-overflow-1.c   -O0  output pattern test, is =================================================================
FAIL: c-c++-common/asan/global-overflow-1.c   -O1  output pattern test, is =================================================================
FAIL: c-c++-common/asan/global-overflow-1.c   -O2  output pattern test, is =================================================================
FAIL: c-c++-common/asan/global-overflow-1.c   -O3 -fomit-frame-pointer  output pattern test, is =================================================================
FAIL: c-c++-common/asan/global-overflow-1.c   -O3 -g  output pattern test, is =================================================================
FAIL: c-c++-common/asan/global-overflow-1.c   -Os  output pattern test, is =================================================================
FAIL: c-c++-common/asan/heap-overflow-1.c   -O0  output pattern test, is =================================================================
FAIL: c-c++-common/asan/heap-overflow-1.c   -O1  output pattern test, is =================================================================
FAIL: c-c++-common/asan/heap-overflow-1.c   -O2  output pattern test, is =================================================================
FAIL: c-c++-common/asan/heap-overflow-1.c   -O3 -fomit-frame-pointer  output pattern test, is =================================================================
FAIL: c-c++-common/asan/heap-overflow-1.c   -O3 -g  output pattern test, is =================================================================
FAIL: c-c++-common/asan/heap-overflow-1.c   -Os  output pattern test, is =================================================================
FAIL: c-c++-common/asan/memcmp-1.c   -O0  output pattern test, is =================================================================
FAIL: c-c++-common/asan/memcmp-1.c   -O1  output pattern test, is =================================================================
FAIL: c-c++-common/asan/memcmp-1.c   -O2  output pattern test, is =================================================================
FAIL: c-c++-common/asan/memcmp-1.c   -O3 -fomit-frame-pointer  output pattern test, is =================================================================
FAIL: c-c++-common/asan/memcmp-1.c   -O3 -g  output pattern test, is =================================================================
FAIL: c-c++-common/asan/memcmp-1.c   -Os  output pattern test, is =================================================================
FAIL: c-c++-common/asan/misalign-1.c   -O0  output pattern test, is =================================================================
FAIL: c-c++-common/asan/misalign-1.c   -O1  output pattern test, is =================================================================
FAIL: c-c++-common/asan/misalign-1.c   -O2  output pattern test, is =================================================================
FAIL: c-c++-common/asan/misalign-1.c   -O3 -fomit-frame-pointer  output pattern test, is =================================================================
FAIL: c-c++-common/asan/misalign-1.c   -O3 -g  output pattern test, is =================================================================
FAIL: c-c++-common/asan/misalign-1.c   -Os  output pattern test, is =================================================================
FAIL: c-c++-common/asan/misalign-2.c   -O0  output pattern test, is =================================================================
FAIL: c-c++-common/asan/misalign-2.c   -O1  output pattern test, is =================================================================
FAIL: c-c++-common/asan/misalign-2.c   -O2  output pattern test, is =================================================================
FAIL: c-c++-common/asan/misalign-2.c   -O3 -fomit-frame-pointer  output pattern test, is =================================================================
FAIL: c-c++-common/asan/misalign-2.c   -O3 -g  output pattern test, is =================================================================
FAIL: c-c++-common/asan/misalign-2.c   -Os  output pattern test, is =================================================================
FAIL: c-c++-common/asan/null-deref-1.c   -O0  output pattern test, is ASAN:SIGSEGV
FAIL: c-c++-common/asan/null-deref-1.c   -O1  output pattern test, is ASAN:SIGSEGV
FAIL: c-c++-common/asan/null-deref-1.c   -O2  output pattern test, is ASAN:SIGSEGV
FAIL: c-c++-common/asan/null-deref-1.c   -O3 -fomit-frame-pointer  output pattern test, is ASAN:SIGSEGV
FAIL: c-c++-common/asan/null-deref-1.c   -O3 -g  output pattern test, is ASAN:SIGSEGV
FAIL: c-c++-common/asan/null-deref-1.c   -Os  output pattern test, is ASAN:SIGSEGV
FAIL: c-c++-common/asan/stack-overflow-1.c   -O0  output pattern test, is =================================================================
FAIL: c-c++-common/asan/stack-overflow-1.c   -O1  output pattern test, is =================================================================
FAIL: c-c++-common/asan/stack-overflow-1.c   -O2  output pattern test, is =================================================================
FAIL: c-c++-common/asan/stack-overflow-1.c   -O3 -fomit-frame-pointer  output pattern test, is =================================================================
FAIL: c-c++-common/asan/stack-overflow-1.c   -O3 -g  output pattern test, is =================================================================
FAIL: c-c++-common/asan/stack-overflow-1.c   -Os  output pattern test, is =================================================================
FAIL: c-c++-common/asan/strlen-overflow-1.c   -O0  output pattern test, is =================================================================
FAIL: c-c++-common/asan/strlen-overflow-1.c   -O1  output pattern test, is =================================================================
FAIL: c-c++-common/asan/strlen-overflow-1.c   -O2  output pattern test, is =================================================================
FAIL: c-c++-common/asan/strlen-overflow-1.c   -O3 -fomit-frame-pointer  output pattern test, is =================================================================
FAIL: c-c++-common/asan/strlen-overflow-1.c   -O3 -g  output pattern test, is =================================================================
FAIL: c-c++-common/asan/strlen-overflow-1.c   -Os  output pattern test, is =================================================================
FAIL: c-c++-common/asan/strncpy-overflow-1.c   -O0  output pattern test, is =================================================================
FAIL: c-c++-common/asan/strncpy-overflow-1.c   -O1  output pattern test, is =================================================================
FAIL: c-c++-common/asan/strncpy-overflow-1.c   -O2  output pattern test, is =================================================================
FAIL: c-c++-common/asan/strncpy-overflow-1.c   -O3 -fomit-frame-pointer  output pattern test, is =================================================================
FAIL: c-c++-common/asan/strncpy-overflow-1.c   -O3 -g  output pattern test, is =================================================================
FAIL: c-c++-common/asan/strncpy-overflow-1.c   -Os  output pattern test, is =================================================================
FAIL: c-c++-common/asan/use-after-free-1.c   -O0  output pattern test, is =================================================================
FAIL: c-c++-common/asan/use-after-free-1.c   -O1  output pattern test, is =================================================================
FAIL: c-c++-common/asan/use-after-free-1.c   -O2  output pattern test, is =================================================================
FAIL: c-c++-common/asan/use-after-free-1.c   -O3 -fomit-frame-pointer  output pattern test, is =================================================================
FAIL: c-c++-common/asan/use-after-free-1.c   -O3 -g  output pattern test, is =================================================================
FAIL: c-c++-common/asan/use-after-free-1.c   -Os  output pattern test, is =================================================================
FAIL: gcc.dg/20021014-1.c execution test
FAIL: gcc.dg/darwin-weakimport-3.c scan-assembler-not coalesced
FAIL: gcc.dg/framework-1.c (test for excess errors)
FAIL: gcc.dg/pr43643.c execution test
FAIL: gcc.dg/pr61053.c (test for excess errors)
FAIL: gcc.dg/sibcall-3.c execution test
FAIL: gcc.dg/pch/save-temps-1.c   -O1  -I. -Dwith_PCH (test for excess errors)
FAIL: gcc.dg/pch/save-temps-1.c  -O1  assembly comparison
FAIL: gcc.dg/torture/builtin-self.c   -O0   scan-assembler-not \\tcall
FAIL: gcc.dg/torture/fp-int-convert-float128-timode.c   -O0  execution test
FAIL: gcc.dg/torture/fp-int-convert-float128-timode.c   -O1  execution test
FAIL: gcc.dg/torture/fp-int-convert-float128-timode.c   -O2  execution test
FAIL: gcc.dg/torture/fp-int-convert-float128-timode.c   -O3 -fomit-frame-pointer  execution test
FAIL: gcc.dg/torture/fp-int-convert-float128-timode.c   -O3 -g  execution test
FAIL: gcc.dg/torture/fp-int-convert-float128-timode.c   -Os  execution test
FAIL: gcc.dg/torture/fp-int-convert-float128.c   -O0  execution test
FAIL: gcc.dg/torture/fp-int-convert-float128.c   -O1  execution test
FAIL: gcc.dg/torture/fp-int-convert-float128.c   -O2  execution test
FAIL: gcc.dg/torture/fp-int-convert-float128.c   -O3 -fomit-frame-pointer  execution test
FAIL: gcc.dg/torture/fp-int-convert-float128.c   -O3 -g  execution test
FAIL: gcc.dg/torture/fp-int-convert-float128.c   -Os  execution test
FAIL: gcc.dg/torture/ftrapv-1.c   -O0  execution test
FAIL: gcc.dg/torture/ftrapv-1.c   -O1  execution test
FAIL: gcc.dg/torture/ftrapv-1.c   -O2  execution test
FAIL: gcc.dg/torture/ftrapv-1.c   -O3 -fomit-frame-pointer  execution test
FAIL: gcc.dg/torture/ftrapv-1.c   -O3 -fomit-frame-pointer -funroll-all-loops -finline-functions  execution test
FAIL: gcc.dg/torture/ftrapv-1.c   -O3 -fomit-frame-pointer -funroll-loops  execution test
FAIL: gcc.dg/torture/ftrapv-1.c   -O3 -g  execution test
FAIL: gcc.dg/torture/ftrapv-1.c   -Os  execution test
FAIL: gcc.dg/torture/vector-2.c   -O1  execution test
FAIL: gcc.dg/tree-prof/crossmodule-indircall-1a.c compilation,  -fprofile-generate -D_PROFILE_GENERATE
UNRESOLVED: gcc.dg/tree-prof/crossmodule-indircall-1a.c compilation,  -fprofile-use -D_PROFILE_USE
UNRESOLVED: gcc.dg/tree-prof/crossmodule-indircall-1a.c execution,    -fprofile-generate -D_PROFILE_GENERATE
UNRESOLVED: gcc.dg/tree-prof/crossmodule-indircall-1a.c execution,    -fprofile-use -D_PROFILE_USE
UNRESOLVED: gcc.dg/tree-prof/peel-1.c scan-rtl-dump loop2_unroll "Considering simply peeling loop"
FAIL: gcc.dg/tree-ssa/forwprop-29.c  (test for errors, line 21)
FAIL: c-c++-common/ubsan/float-cast-overflow-1.c   -O0  output pattern test, is llvm-symbolizer: Unknown command line argument '--default-arch=i386'.  Try: '/Users/fx/anaconda/bin/llvm-symbolizer -help'
FAIL: c-c++-common/ubsan/float-cast-overflow-8.c   -O2  output pattern test, is llvm-symbolizer: Unknown command line argument '--default-arch=i386'.  Try: '/Users/fx/anaconda/bin/llvm-symbolizer -help'
FAIL: c-c++-common/ubsan/object-size-10.c   -O2  output pattern test, is c-c++-common/ubsan/object-size-10.c:19:11: runtime error: index 128 out of bounds for type 'char [128]'
FAIL: gcc.target/i386/avx512f-kandnw-1.c scan-assembler-times kandnw[ \\\\t]+[^\\n]*%k[1-7] 1
FAIL: gcc.target/i386/avx512vl-vmovdqa64-1.c scan-assembler-times vmovdqa64[ \\\\t]+[^\\n]*%ymm[0-9][^\\n^x^y]*\\\\( 2
FAIL: gcc.target/i386/avx512vl-vmovdqa64-1.c scan-assembler-times vmovdqa64[ \\\\t]+\\\\([^\\n]*%xmm[0-9][^{] 1
FAIL: gcc.target/i386/avx512vl-vmovdqa64-1.c scan-assembler-times vmovdqa64[ \\\\t]+\\\\([^\\n]*%ymm[0-9][^{] 1
FAIL: gcc.target/i386/fuse-caller-save-rec.c scan-assembler-not pop
FAIL: gcc.target/i386/fuse-caller-save-rec.c scan-assembler-not push
FAIL: gcc.target/i386/fuse-caller-save-rec.c scan-assembler-times addl\\t%[re]?dx, %[re]?ax 1
FAIL: gcc.target/i386/fuse-caller-save-xmm.c scan-assembler-times addpd\\t%xmm1, %xmm0 1
FAIL: gcc.target/i386/fuse-caller-save-xmm.c scan-assembler-times movapd\\t%xmm0, %xmm1 1
FAIL: gcc.target/i386/fuse-caller-save.c scan-assembler-not pop
FAIL: gcc.target/i386/fuse-caller-save.c scan-assembler-not push
FAIL: gcc.target/i386/fuse-caller-save.c scan-assembler-times addl\\t%[re]?d[ix], %[re]?ax 1
FAIL: gcc.target/i386/memcpy-strategy-3.c scan-assembler-times memcpy 2
FAIL: gcc.target/i386/memset-strategy-1.c scan-assembler-times memset 2
FAIL: gcc.target/i386/pr49095.c scan-assembler-not test[lq]
FAIL: gcc.target/i386/pr57275.c (test for excess errors)
WARNING: gcc.target/i386/pr57275.c compilation failed to produce executable

		=== gcc Summary for unix/-m32 ===

# of expected passes		88267
# of unexpected failures	111
# of expected failures		184
# of unresolved testcases	4
# of unsupported tests		3384

Running target unix/-m64
FAIL: c-c++-common/asan/global-overflow-1.c   -O0  output pattern test, is =================================================================
FAIL: c-c++-common/asan/global-overflow-1.c   -O1  output pattern test, is =================================================================
FAIL: c-c++-common/asan/global-overflow-1.c   -O2  output pattern test, is =================================================================
FAIL: c-c++-common/asan/global-overflow-1.c   -O3 -fomit-frame-pointer  output pattern test, is =================================================================
FAIL: c-c++-common/asan/global-overflow-1.c   -O3 -g  output pattern test, is =================================================================
FAIL: c-c++-common/asan/global-overflow-1.c   -Os  output pattern test, is =================================================================
FAIL: c-c++-common/asan/heap-overflow-1.c   -O0  output pattern test, is =================================================================
FAIL: c-c++-common/asan/heap-overflow-1.c   -O1  output pattern test, is =================================================================
FAIL: c-c++-common/asan/heap-overflow-1.c   -O2  output pattern test, is =================================================================
FAIL: c-c++-common/asan/heap-overflow-1.c   -O3 -fomit-frame-pointer  output pattern test, is =================================================================
FAIL: c-c++-common/asan/heap-overflow-1.c   -O3 -g  output pattern test, is =================================================================
FAIL: c-c++-common/asan/heap-overflow-1.c   -Os  output pattern test, is =================================================================
FAIL: c-c++-common/asan/memcmp-1.c   -O0  output pattern test, is =================================================================
FAIL: c-c++-common/asan/memcmp-1.c   -O1  output pattern test, is =================================================================
FAIL: c-c++-common/asan/memcmp-1.c   -O2  output pattern test, is =================================================================
FAIL: c-c++-common/asan/memcmp-1.c   -O3 -fomit-frame-pointer  output pattern test, is =================================================================
FAIL: c-c++-common/asan/memcmp-1.c   -O3 -g  output pattern test, is =================================================================
FAIL: c-c++-common/asan/memcmp-1.c   -Os  output pattern test, is =================================================================
FAIL: c-c++-common/asan/misalign-1.c   -O0  output pattern test, is =================================================================
FAIL: c-c++-common/asan/misalign-1.c   -O1  output pattern test, is =================================================================
FAIL: c-c++-common/asan/misalign-1.c   -O2  output pattern test, is =================================================================
FAIL: c-c++-common/asan/misalign-1.c   -O3 -fomit-frame-pointer  output pattern test, is =================================================================
FAIL: c-c++-common/asan/misalign-1.c   -O3 -g  output pattern test, is =================================================================
FAIL: c-c++-common/asan/misalign-1.c   -Os  output pattern test, is =================================================================
FAIL: c-c++-common/asan/misalign-2.c   -O0  output pattern test, is =================================================================
FAIL: c-c++-common/asan/misalign-2.c   -O1  output pattern test, is =================================================================
FAIL: c-c++-common/asan/misalign-2.c   -O2  output pattern test, is =================================================================
FAIL: c-c++-common/asan/misalign-2.c   -O3 -fomit-frame-pointer  output pattern test, is =================================================================
FAIL: c-c++-common/asan/misalign-2.c   -O3 -g  output pattern test, is =================================================================
FAIL: c-c++-common/asan/misalign-2.c   -Os  output pattern test, is =================================================================
FAIL: c-c++-common/asan/null-deref-1.c   -O0  output pattern test, is ASAN:SIGSEGV
FAIL: c-c++-common/asan/null-deref-1.c   -O1  output pattern test, is ASAN:SIGSEGV
FAIL: c-c++-common/asan/null-deref-1.c   -O2  output pattern test, is ASAN:SIGSEGV
FAIL: c-c++-common/asan/null-deref-1.c   -O3 -fomit-frame-pointer  output pattern test, is ASAN:SIGSEGV
FAIL: c-c++-common/asan/null-deref-1.c   -O3 -g  output pattern test, is ASAN:SIGSEGV
FAIL: c-c++-common/asan/null-deref-1.c   -Os  output pattern test, is ASAN:SIGSEGV
FAIL: c-c++-common/asan/stack-overflow-1.c   -O0  output pattern test, is =================================================================
FAIL: c-c++-common/asan/stack-overflow-1.c   -O1  output pattern test, is =================================================================
FAIL: c-c++-common/asan/stack-overflow-1.c   -O2  output pattern test, is =================================================================
FAIL: c-c++-common/asan/stack-overflow-1.c   -O3 -fomit-frame-pointer  output pattern test, is =================================================================
FAIL: c-c++-common/asan/stack-overflow-1.c   -O3 -g  output pattern test, is =================================================================
FAIL: c-c++-common/asan/stack-overflow-1.c   -Os  output pattern test, is =================================================================
FAIL: c-c++-common/asan/strlen-overflow-1.c   -O0  output pattern test, is =================================================================
FAIL: c-c++-common/asan/strlen-overflow-1.c   -O1  output pattern test, is =================================================================
FAIL: c-c++-common/asan/strlen-overflow-1.c   -O2  output pattern test, is =================================================================
FAIL: c-c++-common/asan/strlen-overflow-1.c   -O3 -fomit-frame-pointer  output pattern test, is =================================================================
FAIL: c-c++-common/asan/strlen-overflow-1.c   -O3 -g  output pattern test, is =================================================================
FAIL: c-c++-common/asan/strlen-overflow-1.c   -Os  output pattern test, is =================================================================
FAIL: c-c++-common/asan/strncpy-overflow-1.c   -O0  execution test
FAIL: c-c++-common/asan/strncpy-overflow-1.c   -O1  output pattern test, is =================================================================
FAIL: c-c++-common/asan/strncpy-overflow-1.c   -O2  output pattern test, is =================================================================
FAIL: c-c++-common/asan/strncpy-overflow-1.c   -O3 -fomit-frame-pointer  output pattern test, is =================================================================
FAIL: c-c++-common/asan/strncpy-overflow-1.c   -O3 -g  output pattern test, is =================================================================
FAIL: c-c++-common/asan/strncpy-overflow-1.c   -Os  output pattern test, is =================================================================
FAIL: c-c++-common/asan/use-after-free-1.c   -O0  output pattern test, is =================================================================
FAIL: c-c++-common/asan/use-after-free-1.c   -O1  output pattern test, is =================================================================
FAIL: c-c++-common/asan/use-after-free-1.c   -O2  output pattern test, is =================================================================
FAIL: c-c++-common/asan/use-after-free-1.c   -O3 -fomit-frame-pointer  output pattern test, is =================================================================
FAIL: c-c++-common/asan/use-after-free-1.c   -O3 -g  output pattern test, is =================================================================
FAIL: c-c++-common/asan/use-after-free-1.c   -Os  output pattern test, is =================================================================
FAIL: gcc.dg/framework-1.c (test for excess errors)
FAIL: gcc.dg/pch/save-temps-1.c   -Os  -I. -Dwith_PCH (test for excess errors)
FAIL: gcc.dg/pch/save-temps-1.c  -Os  assembly comparison
WARNING: program timed out.
FAIL: gcc.dg/torture/ftrapv-1.c   -O0  execution test
FAIL: gcc.dg/torture/ftrapv-1.c   -O1  execution test
FAIL: gcc.dg/torture/ftrapv-1.c   -O2  execution test
FAIL: gcc.dg/torture/ftrapv-1.c   -O3 -fomit-frame-pointer  execution test
FAIL: gcc.dg/torture/ftrapv-1.c   -O3 -fomit-frame-pointer -funroll-all-loops -finline-functions  execution test
FAIL: gcc.dg/torture/ftrapv-1.c   -O3 -fomit-frame-pointer -funroll-loops  execution test
FAIL: gcc.dg/torture/ftrapv-1.c   -O3 -g  execution test
FAIL: gcc.dg/torture/ftrapv-1.c   -Os  execution test
FAIL: gcc.dg/tree-prof/20041218-1.c compilation,  -fprofile-use -D_PROFILE_USE
UNRESOLVED: gcc.dg/tree-prof/20041218-1.c execution,    -fprofile-use -D_PROFILE_USE
UNRESOLVED: gcc.dg/tree-prof/peel-1.c scan-rtl-dump loop2_unroll "Considering simply peeling loop"
FAIL: gcc.dg/tree-prof/pr34999.c compilation,  -fprofile-use -D_PROFILE_USE
UNRESOLVED: gcc.dg/tree-prof/pr34999.c execution,    -fprofile-use -D_PROFILE_USE
FAIL: gcc.dg/tree-prof/pr45354.c compilation,  -fprofile-use -D_PROFILE_USE
UNRESOLVED: gcc.dg/tree-prof/pr45354.c execution,    -fprofile-use -D_PROFILE_USE
FAIL: gcc.dg/tree-prof/pr49299-1.c compilation,  -fprofile-use -D_PROFILE_USE
UNRESOLVED: gcc.dg/tree-prof/pr49299-1.c execution,    -fprofile-use -D_PROFILE_USE
FAIL: gcc.dg/tree-prof/pr49299-2.c compilation,  -fprofile-use -D_PROFILE_USE
UNRESOLVED: gcc.dg/tree-prof/pr49299-2.c execution,    -fprofile-use -D_PROFILE_USE
FAIL: gcc.dg/tree-prof/pr50907.c compilation,  -fprofile-use -D_PROFILE_USE
UNRESOLVED: gcc.dg/tree-prof/pr50907.c execution,    -fprofile-use -D_PROFILE_USE
FAIL: gcc.dg/tree-ssa/20030714-1.c (test for excess errors)
UNRESOLVED: gcc.dg/tree-ssa/20030714-1.c scan-tree-dump-times dom2 "\\\\(short unsigned int\\\\)" 0
FAIL: gcc.dg/tree-ssa/forwprop-29.c  (test for errors, line 21)
FAIL: c-c++-common/ubsan/null-2.c   -Os  output pattern test, is llvm-symbolizer: Unknown command line argument '--default-arch=x86_64'.  Try: '/Users/fx/anaconda/bin/llvm-symbolizer -help'
FAIL: c-c++-common/ubsan/object-size-10.c   -O2  output pattern test, is c-c++-common/ubsan/object-size-10.c:19:11: runtime error: index 128 out of bounds for type 'char [128]'
FAIL: gcc.target/i386/avx512vl-vmovdqa64-1.c scan-assembler-times vmovdqa64[ \\\\t]+[^\\n]*%ymm[0-9][^\\n^x^y]*\\\\( 2
FAIL: gcc.target/i386/avx512vl-vmovdqa64-1.c scan-assembler-times vmovdqa64[ \\\\t]+\\\\([^\\n]*%xmm[0-9][^{] 1
FAIL: gcc.target/i386/avx512vl-vmovdqa64-1.c scan-assembler-times vmovdqa64[ \\\\t]+\\\\([^\\n]*%ymm[0-9][^{] 1
FAIL: gcc.target/i386/avx512vl-vpbroadcastd-1.c scan-assembler-times vpbroadcastd[ \\\\t]+%e[^\\n]*%ymm[0-9]{%k[1-7]}[^{] 1
FAIL: gcc.target/i386/memcpy-strategy-3.c scan-assembler-times memcpy 2
FAIL: gcc.target/i386/memset-strategy-1.c scan-assembler-times memset 2
FAIL: gcc.target/i386/pr49866.c (test for excess errors)
FAIL: gcc.target/i386/pr57275.c (test for excess errors)
WARNING: gcc.target/i386/pr57275.c compilation failed to produce executable
FAIL: gcc.target/i386/pr61599-1.c (test for excess errors)
WARNING: gcc.target/i386/pr61599-1.c compilation failed to produce executable
FAIL: gcc.target/i386/pr63538.c scan-assembler movabs

		=== gcc Summary for unix/-m64 ===

# of expected passes		89214
# of unexpected failures	91
# of expected failures		187
# of unresolved testcases	8
# of unsupported tests		3541

		=== gcc Summary ===

# of expected passes		177481
# of unexpected failures	202
# of expected failures		371
# of unresolved testcases	12
# of unsupported tests		6925
/Users/fx/devel/gcc/ibin2/gcc/xgcc  version 5.0.0 20141118 (experimental) [trunk revision 217694] (GCC) 

		=== gfortran tests ===


Running target unix/-m32
FAIL: gfortran.dg/assumed_rank_10.f90   -O3 -fomit-frame-pointer -funroll-all-loops -finline-functions  execution test
FAIL: gfortran.dg/assumed_rank_10.f90   -O3 -fomit-frame-pointer -funroll-loops  execution test
FAIL: gfortran.dg/assumed_rank_8.f90   -O2  execution test
FAIL: gfortran.dg/assumed_rank_8.f90   -O3 -fomit-frame-pointer  execution test
FAIL: gfortran.dg/assumed_rank_8.f90   -O3 -fomit-frame-pointer -funroll-all-loops -finline-functions  execution test
FAIL: gfortran.dg/assumed_rank_8.f90   -O3 -fomit-frame-pointer -funroll-loops  execution test
FAIL: gfortran.dg/assumed_rank_8.f90   -O3 -g  execution test
FAIL: gfortran.dg/assumed_rank_8.f90   -Os  execution test
FAIL: gfortran.dg/assumed_rank_9.f90   -O2  execution test
FAIL: gfortran.dg/assumed_rank_9.f90   -O3 -fomit-frame-pointer  execution test
FAIL: gfortran.dg/assumed_rank_9.f90   -O3 -fomit-frame-pointer -funroll-all-loops -finline-functions  execution test
FAIL: gfortran.dg/assumed_rank_9.f90   -O3 -fomit-frame-pointer -funroll-loops  execution test
FAIL: gfortran.dg/assumed_rank_9.f90   -O3 -g  execution test
FAIL: gfortran.dg/assumed_rank_9.f90   -Os  execution test
FAIL: gfortran.dg/erf_3.F90   -O0  execution test
FAIL: gfortran.dg/erf_3.F90   -O1  execution test
FAIL: gfortran.dg/erf_3.F90   -O2  execution test
FAIL: gfortran.dg/erf_3.F90   -O3 -fomit-frame-pointer  execution test
FAIL: gfortran.dg/erf_3.F90   -O3 -fomit-frame-pointer -funroll-all-loops -finline-functions  execution test
FAIL: gfortran.dg/erf_3.F90   -O3 -fomit-frame-pointer -funroll-loops  execution test
FAIL: gfortran.dg/erf_3.F90   -O3 -g  execution test
FAIL: gfortran.dg/erf_3.F90   -Os  execution test

		=== gfortran Summary for unix/-m32 ===

# of expected passes		46155
# of unexpected failures	22
# of expected failures		42
# of unsupported tests		214

Running target unix/-m64
FAIL: gfortran.dg/assumed_rank_8.f90   -O2  execution test
FAIL: gfortran.dg/assumed_rank_8.f90   -O3 -fomit-frame-pointer  execution test
FAIL: gfortran.dg/assumed_rank_8.f90   -O3 -fomit-frame-pointer -funroll-all-loops -finline-functions  execution test
FAIL: gfortran.dg/assumed_rank_8.f90   -O3 -fomit-frame-pointer -funroll-loops  execution test
FAIL: gfortran.dg/assumed_rank_8.f90   -O3 -g  execution test
FAIL: gfortran.dg/assumed_rank_8.f90   -Os  execution test
FAIL: gfortran.dg/assumed_rank_9.f90   -O2  execution test
FAIL: gfortran.dg/assumed_rank_9.f90   -O3 -fomit-frame-pointer  execution test
FAIL: gfortran.dg/assumed_rank_9.f90   -O3 -fomit-frame-pointer -funroll-all-loops -finline-functions  execution test
FAIL: gfortran.dg/assumed_rank_9.f90   -O3 -fomit-frame-pointer -funroll-loops  execution test
FAIL: gfortran.dg/assumed_rank_9.f90   -O3 -g  execution test
FAIL: gfortran.dg/assumed_rank_9.f90   -Os  execution test

		=== gfortran Summary for unix/-m64 ===

# of expected passes		46454
# of unexpected failures	12
# of expected failures		42
# of unsupported tests		74

		=== gfortran Summary ===

# of expected passes		92609
# of unexpected failures	34
# of expected failures		84
# of unsupported tests		288
/Users/fx/devel/gcc/ibin2/gcc/testsuite/gfortran/../../gfortran  version 5.0.0 20141118 (experimental) [trunk revision 217694] (GCC) 

		=== obj-c++ tests ===


Running target unix/-m32
FAIL: obj-c++.dg/cxx-ivars-3.mm -fnext-runtime (test for excess errors)
WARNING: obj-c++.dg/cxx-ivars-3.mm -fnext-runtime compilation failed to produce executable
FAIL: obj-c++.dg/gnu-api-2-objc.mm -fnext-runtime execution test
FAIL: obj-c++.dg/proto-lossage-7.mm -fnext-runtime (test for excess errors)
FAIL: obj-c++.dg/syntax-error-1.mm -fnext-runtime (test for excess errors)
FAIL: obj-c++.dg/strings/const-cfstring-2.mm -fnext-runtime (test for excess errors)
FAIL: obj-c++.dg/strings/const-cfstring-5.mm -fnext-runtime (test for excess errors)
FAIL: obj-c++.dg/strings/const-str-12.mm -fnext-runtime (test for excess errors)
FAIL: obj-c++.dg/torture/strings/const-cfstring-1.mm   -O0  -fnext-runtime (test for excess errors)
WARNING: obj-c++.dg/torture/strings/const-cfstring-1.mm   -O0  -fnext-runtime compilation failed to produce executable
FAIL: obj-c++.dg/torture/strings/const-cfstring-1.mm   -O1  -fnext-runtime (test for excess errors)
WARNING: obj-c++.dg/torture/strings/const-cfstring-1.mm   -O1  -fnext-runtime compilation failed to produce executable
FAIL: obj-c++.dg/torture/strings/const-cfstring-1.mm   -O2  -fnext-runtime (test for excess errors)
WARNING: obj-c++.dg/torture/strings/const-cfstring-1.mm   -O2  -fnext-runtime compilation failed to produce executable
FAIL: obj-c++.dg/torture/strings/const-cfstring-1.mm   -O3 -fomit-frame-pointer  -fnext-runtime (test for excess errors)
WARNING: obj-c++.dg/torture/strings/const-cfstring-1.mm   -O3 -fomit-frame-pointer  -fnext-runtime compilation failed to produce executable
FAIL: obj-c++.dg/torture/strings/const-cfstring-1.mm   -O3 -g  -fnext-runtime (test for excess errors)
WARNING: obj-c++.dg/torture/strings/const-cfstring-1.mm   -O3 -g  -fnext-runtime compilation failed to produce executable
FAIL: obj-c++.dg/torture/strings/const-cfstring-1.mm   -Os  -fnext-runtime (test for excess errors)
WARNING: obj-c++.dg/torture/strings/const-cfstring-1.mm   -Os  -fnext-runtime compilation failed to produce executable
FAIL: obj-c++.dg/torture/strings/const-str-10.mm   -O0  -fnext-runtime (test for excess errors)
UNRESOLVED: obj-c++.dg/torture/strings/const-str-10.mm   -O0  -fnext-runtime  scan-assembler .section __OBJC, __cstring_object
UNRESOLVED: obj-c++.dg/torture/strings/const-str-10.mm   -O0  -fnext-runtime  scan-assembler .long\\t__NSConstantStringClassReference\\n\\t.long\\t.*\\n\\t.long\\t5\\n\\t.data
FAIL: obj-c++.dg/torture/strings/const-str-10.mm   -O1  -fnext-runtime (test for excess errors)
UNRESOLVED: obj-c++.dg/torture/strings/const-str-10.mm   -O1  -fnext-runtime  scan-assembler .section __OBJC, __cstring_object
UNRESOLVED: obj-c++.dg/torture/strings/const-str-10.mm   -O1  -fnext-runtime  scan-assembler .long\\t__NSConstantStringClassReference\\n\\t.long\\t.*\\n\\t.long\\t5\\n\\t.data
FAIL: obj-c++.dg/torture/strings/const-str-10.mm   -O2  -fnext-runtime (test for excess errors)
UNRESOLVED: obj-c++.dg/torture/strings/const-str-10.mm   -O2  -fnext-runtime  scan-assembler .section __OBJC, __cstring_object
UNRESOLVED: obj-c++.dg/torture/strings/const-str-10.mm   -O2  -fnext-runtime  scan-assembler .long\\t__NSConstantStringClassReference\\n\\t.long\\t.*\\n\\t.long\\t5\\n\\t.data
FAIL: obj-c++.dg/torture/strings/const-str-10.mm   -O3 -fomit-frame-pointer  -fnext-runtime (test for excess errors)
UNRESOLVED: obj-c++.dg/torture/strings/const-str-10.mm   -O3 -fomit-frame-pointer  -fnext-runtime  scan-assembler .section __OBJC, __cstring_object
UNRESOLVED: obj-c++.dg/torture/strings/const-str-10.mm   -O3 -fomit-frame-pointer  -fnext-runtime  scan-assembler .long\\t__NSConstantStringClassReference\\n\\t.long\\t.*\\n\\t.long\\t5\\n\\t.data
FAIL: obj-c++.dg/torture/strings/const-str-10.mm   -O3 -g  -fnext-runtime (test for excess errors)
UNRESOLVED: obj-c++.dg/torture/strings/const-str-10.mm   -O3 -g  -fnext-runtime  scan-assembler .section __OBJC, __cstring_object
UNRESOLVED: obj-c++.dg/torture/strings/const-str-10.mm   -O3 -g  -fnext-runtime  scan-assembler .long\\t__NSConstantStringClassReference\\n\\t.long\\t.*\\n\\t.long\\t5\\n\\t.data
FAIL: obj-c++.dg/torture/strings/const-str-10.mm   -Os  -fnext-runtime (test for excess errors)
UNRESOLVED: obj-c++.dg/torture/strings/const-str-10.mm   -Os  -fnext-runtime  scan-assembler .section __OBJC, __cstring_object
UNRESOLVED: obj-c++.dg/torture/strings/const-str-10.mm   -Os  -fnext-runtime  scan-assembler .long\\t__NSConstantStringClassReference\\n\\t.long\\t.*\\n\\t.long\\t5\\n\\t.data
FAIL: obj-c++.dg/torture/strings/const-str-11.mm   -O0  -fnext-runtime (test for excess errors)
UNRESOLVED: obj-c++.dg/torture/strings/const-str-11.mm   -O0  -fnext-runtime  scan-assembler .section __OBJC, __cstring_object
UNRESOLVED: obj-c++.dg/torture/strings/const-str-11.mm   -O0  -fnext-runtime  scan-assembler .long\\t__XStrClassReference\\n\\t.long\\t.*\\n\\t.long\\t5\\n\\t.data
FAIL: obj-c++.dg/torture/strings/const-str-11.mm   -O1  -fnext-runtime (test for excess errors)
UNRESOLVED: obj-c++.dg/torture/strings/const-str-11.mm   -O1  -fnext-runtime  scan-assembler .section __OBJC, __cstring_object
UNRESOLVED: obj-c++.dg/torture/strings/const-str-11.mm   -O1  -fnext-runtime  scan-assembler .long\\t__XStrClassReference\\n\\t.long\\t.*\\n\\t.long\\t5\\n\\t.data
FAIL: obj-c++.dg/torture/strings/const-str-11.mm   -O2  -fnext-runtime (test for excess errors)
UNRESOLVED: obj-c++.dg/torture/strings/const-str-11.mm   -O2  -fnext-runtime  scan-assembler .section __OBJC, __cstring_object
UNRESOLVED: obj-c++.dg/torture/strings/const-str-11.mm   -O2  -fnext-runtime  scan-assembler .long\\t__XStrClassReference\\n\\t.long\\t.*\\n\\t.long\\t5\\n\\t.data
FAIL: obj-c++.dg/torture/strings/const-str-11.mm   -O3 -fomit-frame-pointer  -fnext-runtime (test for excess errors)
UNRESOLVED: obj-c++.dg/torture/strings/const-str-11.mm   -O3 -fomit-frame-pointer  -fnext-runtime  scan-assembler .section __OBJC, __cstring_object
UNRESOLVED: obj-c++.dg/torture/strings/const-str-11.mm   -O3 -fomit-frame-pointer  -fnext-runtime  scan-assembler .long\\t__XStrClassReference\\n\\t.long\\t.*\\n\\t.long\\t5\\n\\t.data
FAIL: obj-c++.dg/torture/strings/const-str-11.mm   -O3 -g  -fnext-runtime (test for excess errors)
UNRESOLVED: obj-c++.dg/torture/strings/const-str-11.mm   -O3 -g  -fnext-runtime  scan-assembler .section __OBJC, __cstring_object
UNRESOLVED: obj-c++.dg/torture/strings/const-str-11.mm   -O3 -g  -fnext-runtime  scan-assembler .long\\t__XStrClassReference\\n\\t.long\\t.*\\n\\t.long\\t5\\n\\t.data
FAIL: obj-c++.dg/torture/strings/const-str-11.mm   -Os  -fnext-runtime (test for excess errors)
UNRESOLVED: obj-c++.dg/torture/strings/const-str-11.mm   -Os  -fnext-runtime  scan-assembler .section __OBJC, __cstring_object
UNRESOLVED: obj-c++.dg/torture/strings/const-str-11.mm   -Os  -fnext-runtime  scan-assembler .long\\t__XStrClassReference\\n\\t.long\\t.*\\n\\t.long\\t5\\n\\t.data
FAIL: obj-c++.dg/torture/strings/const-str-9.mm   -O0  -fnext-runtime (test for excess errors)
UNRESOLVED: obj-c++.dg/torture/strings/const-str-9.mm   -O0  -fnext-runtime  scan-assembler .section __OBJC, __cstring_object
UNRESOLVED: obj-c++.dg/torture/strings/const-str-9.mm   -O0  -fnext-runtime  scan-assembler .long\\t__NSConstantStringClassReference\\n\\t.long\\t.*\\n\\t.long\\t5\\n\\t.data
FAIL: obj-c++.dg/torture/strings/const-str-9.mm   -O1  -fnext-runtime (test for excess errors)
UNRESOLVED: obj-c++.dg/torture/strings/const-str-9.mm   -O1  -fnext-runtime  scan-assembler .section __OBJC, __cstring_object
UNRESOLVED: obj-c++.dg/torture/strings/const-str-9.mm   -O1  -fnext-runtime  scan-assembler .long\\t__NSConstantStringClassReference\\n\\t.long\\t.*\\n\\t.long\\t5\\n\\t.data
FAIL: obj-c++.dg/torture/strings/const-str-9.mm   -O2  -fnext-runtime (test for excess errors)
UNRESOLVED: obj-c++.dg/torture/strings/const-str-9.mm   -O2  -fnext-runtime  scan-assembler .section __OBJC, __cstring_object
UNRESOLVED: obj-c++.dg/torture/strings/const-str-9.mm   -O2  -fnext-runtime  scan-assembler .long\\t__NSConstantStringClassReference\\n\\t.long\\t.*\\n\\t.long\\t5\\n\\t.data
FAIL: obj-c++.dg/torture/strings/const-str-9.mm   -O3 -fomit-frame-pointer  -fnext-runtime (test for excess errors)
UNRESOLVED: obj-c++.dg/torture/strings/const-str-9.mm   -O3 -fomit-frame-pointer  -fnext-runtime  scan-assembler .section __OBJC, __cstring_object
UNRESOLVED: obj-c++.dg/torture/strings/const-str-9.mm   -O3 -fomit-frame-pointer  -fnext-runtime  scan-assembler .long\\t__NSConstantStringClassReference\\n\\t.long\\t.*\\n\\t.long\\t5\\n\\t.data
FAIL: obj-c++.dg/torture/strings/const-str-9.mm   -O3 -g  -fnext-runtime (test for excess errors)
UNRESOLVED: obj-c++.dg/torture/strings/const-str-9.mm   -O3 -g  -fnext-runtime  scan-assembler .section __OBJC, __cstring_object
UNRESOLVED: obj-c++.dg/torture/strings/const-str-9.mm   -O3 -g  -fnext-runtime  scan-assembler .long\\t__NSConstantStringClassReference\\n\\t.long\\t.*\\n\\t.long\\t5\\n\\t.data
FAIL: obj-c++.dg/torture/strings/const-str-9.mm   -Os  -fnext-runtime (test for excess errors)
UNRESOLVED: obj-c++.dg/torture/strings/const-str-9.mm   -Os  -fnext-runtime  scan-assembler .section __OBJC, __cstring_object
UNRESOLVED: obj-c++.dg/torture/strings/const-str-9.mm   -Os  -fnext-runtime  scan-assembler .long\\t__NSConstantStringClassReference\\n\\t.long\\t.*\\n\\t.long\\t5\\n\\t.data

		=== obj-c++ Summary for unix/-m32 ===

# of expected passes		2943
# of unexpected failures	31
# of expected failures		2
# of unresolved testcases	36
# of unsupported tests		56

Running target unix/-m64
FAIL: obj-c++.dg/cxx-ivars-3.mm -fnext-runtime (test for excess errors)
WARNING: obj-c++.dg/cxx-ivars-3.mm -fnext-runtime compilation failed to produce executable
FAIL: obj-c++.dg/encode-5.mm -fnext-runtime (test for excess errors)
WARNING: obj-c++.dg/encode-5.mm -fnext-runtime compilation failed to produce executable
FAIL: obj-c++.dg/gnu-api-2-objc.mm -fnext-runtime execution test
FAIL: obj-c++.dg/isa-field-1.mm -fnext-runtime (test for excess errors)
FAIL: obj-c++.dg/proto-lossage-3.mm -fnext-runtime (test for excess errors)
WARNING: obj-c++.dg/proto-lossage-3.mm -fnext-runtime compilation failed to produce executable
FAIL: obj-c++.dg/proto-lossage-7.mm -fnext-runtime (test for excess errors)
FAIL: obj-c++.dg/proto-qual-1.mm -fnext-runtime (test for excess errors)
WARNING: obj-c++.dg/proto-qual-1.mm -fnext-runtime compilation failed to produce executable
FAIL: obj-c++.dg/syntax-error-1.mm -fnext-runtime (test for excess errors)
FAIL: obj-c++.dg/try-catch-2.mm -fnext-runtime execution test
FAIL: obj-c++.dg/try-catch-9.mm -fnext-runtime execution test
FAIL: obj-c++.dg/strings/const-cfstring-2.mm -fnext-runtime (test for excess errors)
FAIL: obj-c++.dg/strings/const-cfstring-5.mm -fnext-runtime (test for excess errors)
FAIL: obj-c++.dg/strings/const-str-12.mm -fnext-runtime (test for excess errors)
FAIL: obj-c++.dg/torture/strings/const-cfstring-1.mm   -O0  -fnext-runtime (test for excess errors)
WARNING: obj-c++.dg/torture/strings/const-cfstring-1.mm   -O0  -fnext-runtime compilation failed to produce executable
FAIL: obj-c++.dg/torture/strings/const-cfstring-1.mm   -O1  -fnext-runtime (test for excess errors)
WARNING: obj-c++.dg/torture/strings/const-cfstring-1.mm   -O1  -fnext-runtime compilation failed to produce executable
FAIL: obj-c++.dg/torture/strings/const-cfstring-1.mm   -O2  -fnext-runtime (test for excess errors)
WARNING: obj-c++.dg/torture/strings/const-cfstring-1.mm   -O2  -fnext-runtime compilation failed to produce executable
FAIL: obj-c++.dg/torture/strings/const-cfstring-1.mm   -O3 -fomit-frame-pointer  -fnext-runtime (test for excess errors)
WARNING: obj-c++.dg/torture/strings/const-cfstring-1.mm   -O3 -fomit-frame-pointer  -fnext-runtime compilation failed to produce executable
FAIL: obj-c++.dg/torture/strings/const-cfstring-1.mm   -O3 -g  -fnext-runtime (test for excess errors)
WARNING: obj-c++.dg/torture/strings/const-cfstring-1.mm   -O3 -g  -fnext-runtime compilation failed to produce executable
FAIL: obj-c++.dg/torture/strings/const-cfstring-1.mm   -Os  -fnext-runtime (test for excess errors)
WARNING: obj-c++.dg/torture/strings/const-cfstring-1.mm   -Os  -fnext-runtime compilation failed to produce executable
FAIL: obj-c++.dg/torture/strings/const-str-10.mm   -O0  -fnext-runtime (test for excess errors)
UNRESOLVED: obj-c++.dg/torture/strings/const-str-10.mm   -O0  -fnext-runtime  scan-assembler .section __DATA, __objc_stringobj
UNRESOLVED: obj-c++.dg/torture/strings/const-str-10.mm   -O0  -fnext-runtime  scan-assembler .quad\\t_OBJC_CLASS_._NSConstantString\\n\\t.quad\\t.*\\n\\t.long\\t5\\n\\t.space
FAIL: obj-c++.dg/torture/strings/const-str-10.mm   -O1  -fnext-runtime (test for excess errors)
UNRESOLVED: obj-c++.dg/torture/strings/const-str-10.mm   -O1  -fnext-runtime  scan-assembler .section __DATA, __objc_stringobj
UNRESOLVED: obj-c++.dg/torture/strings/const-str-10.mm   -O1  -fnext-runtime  scan-assembler .quad\\t_OBJC_CLASS_._NSConstantString\\n\\t.quad\\t.*\\n\\t.long\\t5\\n\\t.space
FAIL: obj-c++.dg/torture/strings/const-str-10.mm   -O2  -fnext-runtime (test for excess errors)
UNRESOLVED: obj-c++.dg/torture/strings/const-str-10.mm   -O2  -fnext-runtime  scan-assembler .section __DATA, __objc_stringobj
UNRESOLVED: obj-c++.dg/torture/strings/const-str-10.mm   -O2  -fnext-runtime  scan-assembler .quad\\t_OBJC_CLASS_._NSConstantString\\n\\t.quad\\t.*\\n\\t.long\\t5\\n\\t.space
FAIL: obj-c++.dg/torture/strings/const-str-10.mm   -O3 -fomit-frame-pointer  -fnext-runtime (test for excess errors)
UNRESOLVED: obj-c++.dg/torture/strings/const-str-10.mm   -O3 -fomit-frame-pointer  -fnext-runtime  scan-assembler .section __DATA, __objc_stringobj
UNRESOLVED: obj-c++.dg/torture/strings/const-str-10.mm   -O3 -fomit-frame-pointer  -fnext-runtime  scan-assembler .quad\\t_OBJC_CLASS_._NSConstantString\\n\\t.quad\\t.*\\n\\t.long\\t5\\n\\t.space
FAIL: obj-c++.dg/torture/strings/const-str-10.mm   -O3 -g  -fnext-runtime (test for excess errors)
UNRESOLVED: obj-c++.dg/torture/strings/const-str-10.mm   -O3 -g  -fnext-runtime  scan-assembler .section __DATA, __objc_stringobj
UNRESOLVED: obj-c++.dg/torture/strings/const-str-10.mm   -O3 -g  -fnext-runtime  scan-assembler .quad\\t_OBJC_CLASS_._NSConstantString\\n\\t.quad\\t.*\\n\\t.long\\t5\\n\\t.space
FAIL: obj-c++.dg/torture/strings/const-str-10.mm   -Os  -fnext-runtime (test for excess errors)
UNRESOLVED: obj-c++.dg/torture/strings/const-str-10.mm   -Os  -fnext-runtime  scan-assembler .section __DATA, __objc_stringobj
UNRESOLVED: obj-c++.dg/torture/strings/const-str-10.mm   -Os  -fnext-runtime  scan-assembler .quad\\t_OBJC_CLASS_._NSConstantString\\n\\t.quad\\t.*\\n\\t.long\\t5\\n\\t.space
FAIL: obj-c++.dg/torture/strings/const-str-11.mm   -O0  -fnext-runtime (test for excess errors)
UNRESOLVED: obj-c++.dg/torture/strings/const-str-11.mm   -O0  -fnext-runtime  scan-assembler .section __DATA, __objc_stringobj
UNRESOLVED: obj-c++.dg/torture/strings/const-str-11.mm   -O0  -fnext-runtime  scan-assembler .quad\\t_OBJC_CLASS_._XStr\\n\\t.quad\\t.*\\n\\t.long\\t5\\n\\t.space
FAIL: obj-c++.dg/torture/strings/const-str-11.mm   -O1  -fnext-runtime (test for excess errors)
UNRESOLVED: obj-c++.dg/torture/strings/const-str-11.mm   -O1  -fnext-runtime  scan-assembler .section __DATA, __objc_stringobj
UNRESOLVED: obj-c++.dg/torture/strings/const-str-11.mm   -O1  -fnext-runtime  scan-assembler .quad\\t_OBJC_CLASS_._XStr\\n\\t.quad\\t.*\\n\\t.long\\t5\\n\\t.space
FAIL: obj-c++.dg/torture/strings/const-str-11.mm   -O2  -fnext-runtime (test for excess errors)
UNRESOLVED: obj-c++.dg/torture/strings/const-str-11.mm   -O2  -fnext-runtime  scan-assembler .section __DATA, __objc_stringobj
UNRESOLVED: obj-c++.dg/torture/strings/const-str-11.mm   -O2  -fnext-runtime  scan-assembler .quad\\t_OBJC_CLASS_._XStr\\n\\t.quad\\t.*\\n\\t.long\\t5\\n\\t.space
FAIL: obj-c++.dg/torture/strings/const-str-11.mm   -O3 -fomit-frame-pointer  -fnext-runtime (test for excess errors)
UNRESOLVED: obj-c++.dg/torture/strings/const-str-11.mm   -O3 -fomit-frame-pointer  -fnext-runtime  scan-assembler .section __DATA, __objc_stringobj
UNRESOLVED: obj-c++.dg/torture/strings/const-str-11.mm   -O3 -fomit-frame-pointer  -fnext-runtime  scan-assembler .quad\\t_OBJC_CLASS_._XStr\\n\\t.quad\\t.*\\n\\t.long\\t5\\n\\t.space
FAIL: obj-c++.dg/torture/strings/const-str-11.mm   -O3 -g  -fnext-runtime (test for excess errors)
UNRESOLVED: obj-c++.dg/torture/strings/const-str-11.mm   -O3 -g  -fnext-runtime  scan-assembler .section __DATA, __objc_stringobj
UNRESOLVED: obj-c++.dg/torture/strings/const-str-11.mm   -O3 -g  -fnext-runtime  scan-assembler .quad\\t_OBJC_CLASS_._XStr\\n\\t.quad\\t.*\\n\\t.long\\t5\\n\\t.space
FAIL: obj-c++.dg/torture/strings/const-str-11.mm   -Os  -fnext-runtime (test for excess errors)
UNRESOLVED: obj-c++.dg/torture/strings/const-str-11.mm   -Os  -fnext-runtime  scan-assembler .section __DATA, __objc_stringobj
UNRESOLVED: obj-c++.dg/torture/strings/const-str-11.mm   -Os  -fnext-runtime  scan-assembler .quad\\t_OBJC_CLASS_._XStr\\n\\t.quad\\t.*\\n\\t.long\\t5\\n\\t.space
FAIL: obj-c++.dg/torture/strings/const-str-9.mm   -O0  -fnext-runtime (test for excess errors)
UNRESOLVED: obj-c++.dg/torture/strings/const-str-9.mm   -O0  -fnext-runtime  scan-assembler .section __DATA, __objc_stringobj
UNRESOLVED: obj-c++.dg/torture/strings/const-str-9.mm   -O0  -fnext-runtime  scan-assembler .quad\\t_OBJC_CLASS_._NSConstantString\\n\\t.quad\\t.*\\n\\t.long\\t5\\n\\t.space
FAIL: obj-c++.dg/torture/strings/const-str-9.mm   -O1  -fnext-runtime (test for excess errors)
UNRESOLVED: obj-c++.dg/torture/strings/const-str-9.mm   -O1  -fnext-runtime  scan-assembler .section __DATA, __objc_stringobj
UNRESOLVED: obj-c++.dg/torture/strings/const-str-9.mm   -O1  -fnext-runtime  scan-assembler .quad\\t_OBJC_CLASS_._NSConstantString\\n\\t.quad\\t.*\\n\\t.long\\t5\\n\\t.space
FAIL: obj-c++.dg/torture/strings/const-str-9.mm   -O2  -fnext-runtime (test for excess errors)
UNRESOLVED: obj-c++.dg/torture/strings/const-str-9.mm   -O2  -fnext-runtime  scan-assembler .section __DATA, __objc_stringobj
UNRESOLVED: obj-c++.dg/torture/strings/const-str-9.mm   -O2  -fnext-runtime  scan-assembler .quad\\t_OBJC_CLASS_._NSConstantString\\n\\t.quad\\t.*\\n\\t.long\\t5\\n\\t.space
FAIL: obj-c++.dg/torture/strings/const-str-9.mm   -O3 -fomit-frame-pointer  -fnext-runtime (test for excess errors)
UNRESOLVED: obj-c++.dg/torture/strings/const-str-9.mm   -O3 -fomit-frame-pointer  -fnext-runtime  scan-assembler .section __DATA, __objc_stringobj
UNRESOLVED: obj-c++.dg/torture/strings/const-str-9.mm   -O3 -fomit-frame-pointer  -fnext-runtime  scan-assembler .quad\\t_OBJC_CLASS_._NSConstantString\\n\\t.quad\\t.*\\n\\t.long\\t5\\n\\t.space
FAIL: obj-c++.dg/torture/strings/const-str-9.mm   -O3 -g  -fnext-runtime (test for excess errors)
UNRESOLVED: obj-c++.dg/torture/strings/const-str-9.mm   -O3 -g  -fnext-runtime  scan-assembler .section __DATA, __objc_stringobj
UNRESOLVED: obj-c++.dg/torture/strings/const-str-9.mm   -O3 -g  -fnext-runtime  scan-assembler .quad\\t_OBJC_CLASS_._NSConstantString\\n\\t.quad\\t.*\\n\\t.long\\t5\\n\\t.space
FAIL: obj-c++.dg/torture/strings/const-str-9.mm   -Os  -fnext-runtime (test for excess errors)
UNRESOLVED: obj-c++.dg/torture/strings/const-str-9.mm   -Os  -fnext-runtime  scan-assembler .section __DATA, __objc_stringobj
UNRESOLVED: obj-c++.dg/torture/strings/const-str-9.mm   -Os  -fnext-runtime  scan-assembler .quad\\t_OBJC_CLASS_._NSConstantString\\n\\t.quad\\t.*\\n\\t.long\\t5\\n\\t.space

		=== obj-c++ Summary for unix/-m64 ===

# of expected passes		2900
# of unexpected failures	37
# of expected failures		18
# of unresolved testcases	36
# of unsupported tests		60

		=== obj-c++ Summary ===

# of expected passes		5843
# of unexpected failures	68
# of expected failures		20
# of unresolved testcases	72
# of unsupported tests		116
/Users/fx/devel/gcc/ibin2/gcc/testsuite/obj-c++/../../xg++  version 5.0.0 20141118 (experimental) [trunk revision 217694] (GCC) 

		=== objc tests ===


Running target unix/-m32
FAIL: objc.dg/call-super-2.m -fnext-runtime  (test for warnings, line 104)
FAIL: objc.dg/call-super-2.m -fnext-runtime  (test for warnings, line 74)
FAIL: objc.dg/gnu-api-2-objc.m -fnext-runtime execution test
FAIL: objc.dg/headers.m -fnext-runtime (test for excess errors)
UNRESOLVED: objc.dg/image-info.m -fnext-runtime  scan-assembler \\t.section __OBJC, __image_info.*\\n\\t.align.*\\nL_OBJC_ImageInfo.*:\\n\\t.long\\t0\\n\\t.long\\t1
FAIL: objc.dg/image-info.m -fnext-runtime (test for excess errors)
FAIL: objc.dg/ivar-scope-4.m -fnext-runtime execution test
FAIL: objc.dg/method-6.m -fnext-runtime (test for excess errors)
UNRESOLVED: objc.dg/no-extra-load.m -fnext-runtime  scan-assembler-not L_objc_msgSend\\\\\$non_lazy_ptr
FAIL: objc.dg/no-extra-load.m -fnext-runtime (test for excess errors)
FAIL: objc.dg/objc-foreach-4.m -fnext-runtime (test for excess errors)
WARNING: objc.dg/objc-foreach-4.m -fnext-runtime compilation failed to produce executable
UNRESOLVED: objc.dg/objc-foreach-5.m -fnext-runtime  scan-assembler _addStuffUp:
FAIL: objc.dg/objc-foreach-5.m -fnext-runtime (test for excess errors)
FAIL: objc.dg/proto-lossage-7.m -fnext-runtime (test for excess errors)
UNRESOLVED: objc.dg/symtab-1.m -fnext-runtime  scan-assembler L_OBJC_Symbols.*:\\n\\t.long\\t0\\n\\t.long\\t0\\n\\t.word\\t2\\n\\t.word\\t0\\n\\t.long\\tL_OBJC_Class_Derived.*\\n\\t.long\\tL_OBJC_Class_Base.*\\n
FAIL: objc.dg/symtab-1.m -fnext-runtime (test for excess errors)
UNRESOLVED: objc.dg/zero-link-1.m -fnext-runtime  scan-assembler objc_getClass
UNRESOLVED: objc.dg/zero-link-1.m -fnext-runtime  scan-assembler-not _OBJC_ClassRefs_0
FAIL: objc.dg/zero-link-1.m -fnext-runtime (test for excess errors)
UNRESOLVED: objc.dg/zero-link-2.m -fnext-runtime  scan-assembler _OBJC_ClassRefs_0
UNRESOLVED: objc.dg/zero-link-2.m -fnext-runtime  scan-assembler-not objc_getClass
FAIL: objc.dg/zero-link-2.m -fnext-runtime (test for excess errors)
FAIL: objc.dg/zero-link-3.m -fnext-runtime (test for excess errors)
WARNING: objc.dg/zero-link-3.m -fnext-runtime compilation failed to produce executable
FAIL: objc.dg/strings/const-cfstring-2.m -fnext-runtime (test for excess errors)
FAIL: objc.dg/strings/const-cfstring-5.m -fnext-runtime (test for excess errors)
FAIL: objc.dg/strings/const-str-12b.m -fnext-runtime (test for excess errors)
FAIL: objc.dg/torture/strings/const-cfstring-1.m   -O0  -fnext-runtime (test for excess errors)
WARNING: objc.dg/torture/strings/const-cfstring-1.m   -O0  -fnext-runtime compilation failed to produce executable
FAIL: objc.dg/torture/strings/const-cfstring-1.m   -O1  -fnext-runtime (test for excess errors)
WARNING: objc.dg/torture/strings/const-cfstring-1.m   -O1  -fnext-runtime compilation failed to produce executable
FAIL: objc.dg/torture/strings/const-cfstring-1.m   -O2  -fnext-runtime (test for excess errors)
WARNING: objc.dg/torture/strings/const-cfstring-1.m   -O2  -fnext-runtime compilation failed to produce executable
FAIL: objc.dg/torture/strings/const-cfstring-1.m   -O3 -fomit-frame-pointer  -fnext-runtime (test for excess errors)
WARNING: objc.dg/torture/strings/const-cfstring-1.m   -O3 -fomit-frame-pointer  -fnext-runtime compilation failed to produce executable
FAIL: objc.dg/torture/strings/const-cfstring-1.m   -O3 -g  -fnext-runtime (test for excess errors)
WARNING: objc.dg/torture/strings/const-cfstring-1.m   -O3 -g  -fnext-runtime compilation failed to produce executable
FAIL: objc.dg/torture/strings/const-cfstring-1.m   -Os  -fnext-runtime (test for excess errors)
WARNING: objc.dg/torture/strings/const-cfstring-1.m   -Os  -fnext-runtime compilation failed to produce executable
UNRESOLVED: objc.dg/torture/strings/const-str-10.m   -O0  -fnext-runtime  scan-assembler .long\\t__NSConstantStringClassReference\\n\\t.long\\t.*\\n\\t.long\\t5\\n\\t.data
UNRESOLVED: objc.dg/torture/strings/const-str-10.m   -O0  -fnext-runtime  scan-assembler .section __OBJC, __cstring_object
FAIL: objc.dg/torture/strings/const-str-10.m   -O0  -fnext-runtime (test for excess errors)
UNRESOLVED: objc.dg/torture/strings/const-str-10.m   -O1  -fnext-runtime  scan-assembler .long\\t__NSConstantStringClassReference\\n\\t.long\\t.*\\n\\t.long\\t5\\n\\t.data
UNRESOLVED: objc.dg/torture/strings/const-str-10.m   -O1  -fnext-runtime  scan-assembler .section __OBJC, __cstring_object
FAIL: objc.dg/torture/strings/const-str-10.m   -O1  -fnext-runtime (test for excess errors)
UNRESOLVED: objc.dg/torture/strings/const-str-10.m   -O2  -fnext-runtime  scan-assembler .long\\t__NSConstantStringClassReference\\n\\t.long\\t.*\\n\\t.long\\t5\\n\\t.data
UNRESOLVED: objc.dg/torture/strings/const-str-10.m   -O2  -fnext-runtime  scan-assembler .section __OBJC, __cstring_object
FAIL: objc.dg/torture/strings/const-str-10.m   -O2  -fnext-runtime (test for excess errors)
UNRESOLVED: objc.dg/torture/strings/const-str-10.m   -O3 -fomit-frame-pointer  -fnext-runtime  scan-assembler .long\\t__NSConstantStringClassReference\\n\\t.long\\t.*\\n\\t.long\\t5\\n\\t.data
UNRESOLVED: objc.dg/torture/strings/const-str-10.m   -O3 -fomit-frame-pointer  -fnext-runtime  scan-assembler .section __OBJC, __cstring_object
FAIL: objc.dg/torture/strings/const-str-10.m   -O3 -fomit-frame-pointer  -fnext-runtime (test for excess errors)
UNRESOLVED: objc.dg/torture/strings/const-str-10.m   -O3 -g  -fnext-runtime  scan-assembler .long\\t__NSConstantStringClassReference\\n\\t.long\\t.*\\n\\t.long\\t5\\n\\t.data
UNRESOLVED: objc.dg/torture/strings/const-str-10.m   -O3 -g  -fnext-runtime  scan-assembler .section __OBJC, __cstring_object
FAIL: objc.dg/torture/strings/const-str-10.m   -O3 -g  -fnext-runtime (test for excess errors)
UNRESOLVED: objc.dg/torture/strings/const-str-10.m   -Os  -fnext-runtime  scan-assembler .long\\t__NSConstantStringClassReference\\n\\t.long\\t.*\\n\\t.long\\t5\\n\\t.data
UNRESOLVED: objc.dg/torture/strings/const-str-10.m   -Os  -fnext-runtime  scan-assembler .section __OBJC, __cstring_object
FAIL: objc.dg/torture/strings/const-str-10.m   -Os  -fnext-runtime (test for excess errors)
UNRESOLVED: objc.dg/torture/strings/const-str-11.m   -O0  -fnext-runtime  scan-assembler .long\\t__XStrClassReference\\n\\t.long\\t.*\\n\\t.long\\t5\\n\\t.data
UNRESOLVED: objc.dg/torture/strings/const-str-11.m   -O0  -fnext-runtime  scan-assembler .section __OBJC, __cstring_object
FAIL: objc.dg/torture/strings/const-str-11.m   -O0  -fnext-runtime (test for excess errors)
UNRESOLVED: objc.dg/torture/strings/const-str-11.m   -O1  -fnext-runtime  scan-assembler .long\\t__XStrClassReference\\n\\t.long\\t.*\\n\\t.long\\t5\\n\\t.data
UNRESOLVED: objc.dg/torture/strings/const-str-11.m   -O1  -fnext-runtime  scan-assembler .section __OBJC, __cstring_object
FAIL: objc.dg/torture/strings/const-str-11.m   -O1  -fnext-runtime (test for excess errors)
UNRESOLVED: objc.dg/torture/strings/const-str-11.m   -O2  -fnext-runtime  scan-assembler .long\\t__XStrClassReference\\n\\t.long\\t.*\\n\\t.long\\t5\\n\\t.data
UNRESOLVED: objc.dg/torture/strings/const-str-11.m   -O2  -fnext-runtime  scan-assembler .section __OBJC, __cstring_object
FAIL: objc.dg/torture/strings/const-str-11.m   -O2  -fnext-runtime (test for excess errors)
UNRESOLVED: objc.dg/torture/strings/const-str-11.m   -O3 -fomit-frame-pointer  -fnext-runtime  scan-assembler .long\\t__XStrClassReference\\n\\t.long\\t.*\\n\\t.long\\t5\\n\\t.data
UNRESOLVED: objc.dg/torture/strings/const-str-11.m   -O3 -fomit-frame-pointer  -fnext-runtime  scan-assembler .section __OBJC, __cstring_object
FAIL: objc.dg/torture/strings/const-str-11.m   -O3 -fomit-frame-pointer  -fnext-runtime (test for excess errors)
UNRESOLVED: objc.dg/torture/strings/const-str-11.m   -O3 -g  -fnext-runtime  scan-assembler .long\\t__XStrClassReference\\n\\t.long\\t.*\\n\\t.long\\t5\\n\\t.data
UNRESOLVED: objc.dg/torture/strings/const-str-11.m   -O3 -g  -fnext-runtime  scan-assembler .section __OBJC, __cstring_object
FAIL: objc.dg/torture/strings/const-str-11.m   -O3 -g  -fnext-runtime (test for excess errors)
UNRESOLVED: objc.dg/torture/strings/const-str-11.m   -Os  -fnext-runtime  scan-assembler .long\\t__XStrClassReference\\n\\t.long\\t.*\\n\\t.long\\t5\\n\\t.data
UNRESOLVED: objc.dg/torture/strings/const-str-11.m   -Os  -fnext-runtime  scan-assembler .section __OBJC, __cstring_object
FAIL: objc.dg/torture/strings/const-str-11.m   -Os  -fnext-runtime (test for excess errors)
UNRESOLVED: objc.dg/torture/strings/const-str-9.m   -O0  -fnext-runtime  scan-assembler .long\\t__NSConstantStringClassReference\\n\\t.long\\t.*\\n\\t.long\\t5\\n\\t.data
UNRESOLVED: objc.dg/torture/strings/const-str-9.m   -O0  -fnext-runtime  scan-assembler .section __OBJC, __cstring_object
FAIL: objc.dg/torture/strings/const-str-9.m   -O0  -fnext-runtime (test for excess errors)
UNRESOLVED: objc.dg/torture/strings/const-str-9.m   -O1  -fnext-runtime  scan-assembler .long\\t__NSConstantStringClassReference\\n\\t.long\\t.*\\n\\t.long\\t5\\n\\t.data
UNRESOLVED: objc.dg/torture/strings/const-str-9.m   -O1  -fnext-runtime  scan-assembler .section __OBJC, __cstring_object
FAIL: objc.dg/torture/strings/const-str-9.m   -O1  -fnext-runtime (test for excess errors)
UNRESOLVED: objc.dg/torture/strings/const-str-9.m   -O2  -fnext-runtime  scan-assembler .long\\t__NSConstantStringClassReference\\n\\t.long\\t.*\\n\\t.long\\t5\\n\\t.data
UNRESOLVED: objc.dg/torture/strings/const-str-9.m   -O2  -fnext-runtime  scan-assembler .section __OBJC, __cstring_object
FAIL: objc.dg/torture/strings/const-str-9.m   -O2  -fnext-runtime (test for excess errors)
UNRESOLVED: objc.dg/torture/strings/const-str-9.m   -O3 -fomit-frame-pointer  -fnext-runtime  scan-assembler .long\\t__NSConstantStringClassReference\\n\\t.long\\t.*\\n\\t.long\\t5\\n\\t.data
UNRESOLVED: objc.dg/torture/strings/const-str-9.m   -O3 -fomit-frame-pointer  -fnext-runtime  scan-assembler .section __OBJC, __cstring_object
FAIL: objc.dg/torture/strings/const-str-9.m   -O3 -fomit-frame-pointer  -fnext-runtime (test for excess errors)
UNRESOLVED: objc.dg/torture/strings/const-str-9.m   -O3 -g  -fnext-runtime  scan-assembler .long\\t__NSConstantStringClassReference\\n\\t.long\\t.*\\n\\t.long\\t5\\n\\t.data
UNRESOLVED: objc.dg/torture/strings/const-str-9.m   -O3 -g  -fnext-runtime  scan-assembler .section __OBJC, __cstring_object
FAIL: objc.dg/torture/strings/const-str-9.m   -O3 -g  -fnext-runtime (test for excess errors)
UNRESOLVED: objc.dg/torture/strings/const-str-9.m   -Os  -fnext-runtime  scan-assembler .long\\t__NSConstantStringClassReference\\n\\t.long\\t.*\\n\\t.long\\t5\\n\\t.data
UNRESOLVED: objc.dg/torture/strings/const-str-9.m   -Os  -fnext-runtime  scan-assembler .section __OBJC, __cstring_object
FAIL: objc.dg/torture/strings/const-str-9.m   -Os  -fnext-runtime (test for excess errors)

		=== objc Summary for unix/-m32 ===

# of expected passes		5870
# of unexpected failures	42
# of expected failures		6
# of unresolved testcases	44
# of unsupported tests		73

Running target unix/-m64
FAIL: objc.dg/call-super-2.m -fnext-runtime  (test for warnings, line 104)
FAIL: objc.dg/call-super-2.m -fnext-runtime  (test for warnings, line 74)
FAIL: objc.dg/encode-7-next-64bit.m -fnext-runtime (test for excess errors)
WARNING: objc.dg/encode-7-next-64bit.m -fnext-runtime compilation failed to produce executable
FAIL: objc.dg/exceptions-2.m -fnext-runtime execution test
FAIL: objc.dg/gnu-api-2-objc.m -fnext-runtime execution test
FAIL: objc.dg/headers.m -fnext-runtime (test for excess errors)
UNRESOLVED: objc.dg/image-info.m -fnext-runtime  scan-assembler \\t.section __DATA, __objc_imageinfo.*\\n\\t.align.*\\nL_OBJC_ImageInfo.*:\\n\\t.long\\t0\\n\\t.long\\t17
FAIL: objc.dg/image-info.m -fnext-runtime (test for excess errors)
FAIL: objc.dg/isa-field-1.m -fnext-runtime (test for excess errors)
FAIL: objc.dg/method-6.m -fnext-runtime (test for excess errors)
UNRESOLVED: objc.dg/no-extra-load.m -fnext-runtime  scan-assembler-not L_objc_msgSend\\\\\$non_lazy_ptr
FAIL: objc.dg/no-extra-load.m -fnext-runtime (test for excess errors)
FAIL: objc.dg/objc-foreach-4.m -fnext-runtime (test for excess errors)
WARNING: objc.dg/objc-foreach-4.m -fnext-runtime compilation failed to produce executable
UNRESOLVED: objc.dg/objc-foreach-5.m -fnext-runtime  scan-assembler _addStuffUp:
FAIL: objc.dg/objc-foreach-5.m -fnext-runtime (test for excess errors)
FAIL: objc.dg/pr23214.m -fnext-runtime (test for excess errors)
WARNING: objc.dg/pr23214.m -fnext-runtime compilation failed to produce executable
FAIL: objc.dg/proto-lossage-7.m -fnext-runtime (test for excess errors)
FAIL: objc.dg/proto-qual-1.m -fnext-runtime (test for excess errors)
WARNING: objc.dg/proto-qual-1.m -fnext-runtime compilation failed to produce executable
UNRESOLVED: objc.dg/symtab-1.m -fnext-runtime  scan-assembler-not L_OBJC_Symbols
FAIL: objc.dg/symtab-1.m -fnext-runtime (test for excess errors)
UNRESOLVED: objc.dg/zero-link-1.m -fnext-runtime  scan-assembler objc_getClass
UNRESOLVED: objc.dg/zero-link-1.m -fnext-runtime  scan-assembler-not _OBJC_ClassRef_Base
FAIL: objc.dg/zero-link-1.m -fnext-runtime (test for excess errors)
UNRESOLVED: objc.dg/zero-link-2.m -fnext-runtime  scan-assembler _OBJC_ClassRef_Base
UNRESOLVED: objc.dg/zero-link-2.m -fnext-runtime  scan-assembler-not objc_getClass
FAIL: objc.dg/zero-link-2.m -fnext-runtime (test for excess errors)
FAIL: objc.dg/zero-link-3.m -fnext-runtime (test for excess errors)
WARNING: objc.dg/zero-link-3.m -fnext-runtime compilation failed to produce executable
FAIL: objc.dg/strings/const-cfstring-2.m -fnext-runtime (test for excess errors)
FAIL: objc.dg/strings/const-cfstring-5.m -fnext-runtime (test for excess errors)
FAIL: objc.dg/strings/const-str-12b.m -fnext-runtime (test for excess errors)
FAIL: objc.dg/torture/forward-1.m   -O0  -fnext-runtime execution test
FAIL: objc.dg/torture/forward-1.m   -O1  -fnext-runtime execution test
FAIL: objc.dg/torture/forward-1.m   -O2  -fnext-runtime execution test
FAIL: objc.dg/torture/forward-1.m   -O3 -fomit-frame-pointer  -fnext-runtime execution test
FAIL: objc.dg/torture/forward-1.m   -O3 -fomit-frame-pointer -funroll-all-loops -finline-functions  -fnext-runtime execution test
FAIL: objc.dg/torture/forward-1.m   -O3 -fomit-frame-pointer -funroll-loops  -fnext-runtime execution test
FAIL: objc.dg/torture/forward-1.m   -O3 -g  -fnext-runtime execution test
FAIL: objc.dg/torture/forward-1.m   -Os  -fnext-runtime execution test
FAIL: objc.dg/torture/strings/const-cfstring-1.m   -O0  -fnext-runtime (test for excess errors)
WARNING: objc.dg/torture/strings/const-cfstring-1.m   -O0  -fnext-runtime compilation failed to produce executable
FAIL: objc.dg/torture/strings/const-cfstring-1.m   -O1  -fnext-runtime (test for excess errors)
WARNING: objc.dg/torture/strings/const-cfstring-1.m   -O1  -fnext-runtime compilation failed to produce executable
FAIL: objc.dg/torture/strings/const-cfstring-1.m   -O2  -fnext-runtime (test for excess errors)
WARNING: objc.dg/torture/strings/const-cfstring-1.m   -O2  -fnext-runtime compilation failed to produce executable
FAIL: objc.dg/torture/strings/const-cfstring-1.m   -O3 -fomit-frame-pointer  -fnext-runtime (test for excess errors)
WARNING: objc.dg/torture/strings/const-cfstring-1.m   -O3 -fomit-frame-pointer  -fnext-runtime compilation failed to produce executable
FAIL: objc.dg/torture/strings/const-cfstring-1.m   -O3 -g  -fnext-runtime (test for excess errors)
WARNING: objc.dg/torture/strings/const-cfstring-1.m   -O3 -g  -fnext-runtime compilation failed to produce executable
FAIL: objc.dg/torture/strings/const-cfstring-1.m   -Os  -fnext-runtime (test for excess errors)
WARNING: objc.dg/torture/strings/const-cfstring-1.m   -Os  -fnext-runtime compilation failed to produce executable
UNRESOLVED: objc.dg/torture/strings/const-str-10.m   -O0  -fnext-runtime  scan-assembler .quad\\t_OBJC_CLASS_._NSConstantString\\n\\t.quad\\t.*\\n\\t.long\\t5\\n\\t.space
UNRESOLVED: objc.dg/torture/strings/const-str-10.m   -O0  -fnext-runtime  scan-assembler .section __DATA, __objc_stringobj
FAIL: objc.dg/torture/strings/const-str-10.m   -O0  -fnext-runtime (test for excess errors)
UNRESOLVED: objc.dg/torture/strings/const-str-10.m   -O1  -fnext-runtime  scan-assembler .quad\\t_OBJC_CLASS_._NSConstantString\\n\\t.quad\\t.*\\n\\t.long\\t5\\n\\t.space
UNRESOLVED: objc.dg/torture/strings/const-str-10.m   -O1  -fnext-runtime  scan-assembler .section __DATA, __objc_stringobj
FAIL: objc.dg/torture/strings/const-str-10.m   -O1  -fnext-runtime (test for excess errors)
UNRESOLVED: objc.dg/torture/strings/const-str-10.m   -O2  -fnext-runtime  scan-assembler .quad\\t_OBJC_CLASS_._NSConstantString\\n\\t.quad\\t.*\\n\\t.long\\t5\\n\\t.space
UNRESOLVED: objc.dg/torture/strings/const-str-10.m   -O2  -fnext-runtime  scan-assembler .section __DATA, __objc_stringobj
FAIL: objc.dg/torture/strings/const-str-10.m   -O2  -fnext-runtime (test for excess errors)
UNRESOLVED: objc.dg/torture/strings/const-str-10.m   -O3 -fomit-frame-pointer  -fnext-runtime  scan-assembler .quad\\t_OBJC_CLASS_._NSConstantString\\n\\t.quad\\t.*\\n\\t.long\\t5\\n\\t.space
UNRESOLVED: objc.dg/torture/strings/const-str-10.m   -O3 -fomit-frame-pointer  -fnext-runtime  scan-assembler .section __DATA, __objc_stringobj
FAIL: objc.dg/torture/strings/const-str-10.m   -O3 -fomit-frame-pointer  -fnext-runtime (test for excess errors)
UNRESOLVED: objc.dg/torture/strings/const-str-10.m   -O3 -g  -fnext-runtime  scan-assembler .quad\\t_OBJC_CLASS_._NSConstantString\\n\\t.quad\\t.*\\n\\t.long\\t5\\n\\t.space
UNRESOLVED: objc.dg/torture/strings/const-str-10.m   -O3 -g  -fnext-runtime  scan-assembler .section __DATA, __objc_stringobj
FAIL: objc.dg/torture/strings/const-str-10.m   -O3 -g  -fnext-runtime (test for excess errors)
UNRESOLVED: objc.dg/torture/strings/const-str-10.m   -Os  -fnext-runtime  scan-assembler .quad\\t_OBJC_CLASS_._NSConstantString\\n\\t.quad\\t.*\\n\\t.long\\t5\\n\\t.space
UNRESOLVED: objc.dg/torture/strings/const-str-10.m   -Os  -fnext-runtime  scan-assembler .section __DATA, __objc_stringobj
FAIL: objc.dg/torture/strings/const-str-10.m   -Os  -fnext-runtime (test for excess errors)
UNRESOLVED: objc.dg/torture/strings/const-str-11.m   -O0  -fnext-runtime  scan-assembler .quad\\t_OBJC_CLASS_._XStr\\n\\t.quad\\t.*\\n\\t.long\\t5\\n\\t.space
UNRESOLVED: objc.dg/torture/strings/const-str-11.m   -O0  -fnext-runtime  scan-assembler .section __DATA, __objc_stringobj
FAIL: objc.dg/torture/strings/const-str-11.m   -O0  -fnext-runtime (test for excess errors)
UNRESOLVED: objc.dg/torture/strings/const-str-11.m   -O1  -fnext-runtime  scan-assembler .quad\\t_OBJC_CLASS_._XStr\\n\\t.quad\\t.*\\n\\t.long\\t5\\n\\t.space
UNRESOLVED: objc.dg/torture/strings/const-str-11.m   -O1  -fnext-runtime  scan-assembler .section __DATA, __objc_stringobj
FAIL: objc.dg/torture/strings/const-str-11.m   -O1  -fnext-runtime (test for excess errors)
UNRESOLVED: objc.dg/torture/strings/const-str-11.m   -O2  -fnext-runtime  scan-assembler .quad\\t_OBJC_CLASS_._XStr\\n\\t.quad\\t.*\\n\\t.long\\t5\\n\\t.space
UNRESOLVED: objc.dg/torture/strings/const-str-11.m   -O2  -fnext-runtime  scan-assembler .section __DATA, __objc_stringobj
FAIL: objc.dg/torture/strings/const-str-11.m   -O2  -fnext-runtime (test for excess errors)
UNRESOLVED: objc.dg/torture/strings/const-str-11.m   -O3 -fomit-frame-pointer  -fnext-runtime  scan-assembler .quad\\t_OBJC_CLASS_._XStr\\n\\t.quad\\t.*\\n\\t.long\\t5\\n\\t.space
UNRESOLVED: objc.dg/torture/strings/const-str-11.m   -O3 -fomit-frame-pointer  -fnext-runtime  scan-assembler .section __DATA, __objc_stringobj
FAIL: objc.dg/torture/strings/const-str-11.m   -O3 -fomit-frame-pointer  -fnext-runtime (test for excess errors)
UNRESOLVED: objc.dg/torture/strings/const-str-11.m   -O3 -g  -fnext-runtime  scan-assembler .quad\\t_OBJC_CLASS_._XStr\\n\\t.quad\\t.*\\n\\t.long\\t5\\n\\t.space
UNRESOLVED: objc.dg/torture/strings/const-str-11.m   -O3 -g  -fnext-runtime  scan-assembler .section __DATA, __objc_stringobj
FAIL: objc.dg/torture/strings/const-str-11.m   -O3 -g  -fnext-runtime (test for excess errors)
UNRESOLVED: objc.dg/torture/strings/const-str-11.m   -Os  -fnext-runtime  scan-assembler .quad\\t_OBJC_CLASS_._XStr\\n\\t.quad\\t.*\\n\\t.long\\t5\\n\\t.space
UNRESOLVED: objc.dg/torture/strings/const-str-11.m   -Os  -fnext-runtime  scan-assembler .section __DATA, __objc_stringobj
FAIL: objc.dg/torture/strings/const-str-11.m   -Os  -fnext-runtime (test for excess errors)
UNRESOLVED: objc.dg/torture/strings/const-str-9.m   -O0  -fnext-runtime  scan-assembler .quad\\t_OBJC_CLASS_._NSConstantString\\n\\t.quad\\t.*\\n\\t.long\\t5\\n\\t.space
UNRESOLVED: objc.dg/torture/strings/const-str-9.m   -O0  -fnext-runtime  scan-assembler .section __DATA, __objc_stringobj
FAIL: objc.dg/torture/strings/const-str-9.m   -O0  -fnext-runtime (test for excess errors)
UNRESOLVED: objc.dg/torture/strings/const-str-9.m   -O1  -fnext-runtime  scan-assembler .quad\\t_OBJC_CLASS_._NSConstantString\\n\\t.quad\\t.*\\n\\t.long\\t5\\n\\t.space
UNRESOLVED: objc.dg/torture/strings/const-str-9.m   -O1  -fnext-runtime  scan-assembler .section __DATA, __objc_stringobj
FAIL: objc.dg/torture/strings/const-str-9.m   -O1  -fnext-runtime (test for excess errors)
UNRESOLVED: objc.dg/torture/strings/const-str-9.m   -O2  -fnext-runtime  scan-assembler .quad\\t_OBJC_CLASS_._NSConstantString\\n\\t.quad\\t.*\\n\\t.long\\t5\\n\\t.space
UNRESOLVED: objc.dg/torture/strings/const-str-9.m   -O2  -fnext-runtime  scan-assembler .section __DATA, __objc_stringobj
FAIL: objc.dg/torture/strings/const-str-9.m   -O2  -fnext-runtime (test for excess errors)
UNRESOLVED: objc.dg/torture/strings/const-str-9.m   -O3 -fomit-frame-pointer  -fnext-runtime  scan-assembler .quad\\t_OBJC_CLASS_._NSConstantString\\n\\t.quad\\t.*\\n\\t.long\\t5\\n\\t.space
UNRESOLVED: objc.dg/torture/strings/const-str-9.m   -O3 -fomit-frame-pointer  -fnext-runtime  scan-assembler .section __DATA, __objc_stringobj
FAIL: objc.dg/torture/strings/const-str-9.m   -O3 -fomit-frame-pointer  -fnext-runtime (test for excess errors)
UNRESOLVED: objc.dg/torture/strings/const-str-9.m   -O3 -g  -fnext-runtime  scan-assembler .quad\\t_OBJC_CLASS_._NSConstantString\\n\\t.quad\\t.*\\n\\t.long\\t5\\n\\t.space
UNRESOLVED: objc.dg/torture/strings/const-str-9.m   -O3 -g  -fnext-runtime  scan-assembler .section __DATA, __objc_stringobj
FAIL: objc.dg/torture/strings/const-str-9.m   -O3 -g  -fnext-runtime (test for excess errors)
UNRESOLVED: objc.dg/torture/strings/const-str-9.m   -Os  -fnext-runtime  scan-assembler .quad\\t_OBJC_CLASS_._NSConstantString\\n\\t.quad\\t.*\\n\\t.long\\t5\\n\\t.space
UNRESOLVED: objc.dg/torture/strings/const-str-9.m   -Os  -fnext-runtime  scan-assembler .section __DATA, __objc_stringobj
FAIL: objc.dg/torture/strings/const-str-9.m   -Os  -fnext-runtime (test for excess errors)
FAIL: objc/execute/formal_protocol-5.m compilation,  -O0 -fnext-runtime
FAIL: objc/execute/formal_protocol-5.m compilation,  -O1 -fnext-runtime
FAIL: objc/execute/formal_protocol-5.m compilation,  -O2 -fnext-runtime
FAIL: objc/execute/formal_protocol-5.m compilation,  -O3 -fomit-frame-pointer -fnext-runtime
FAIL: objc/execute/formal_protocol-5.m compilation,  -O3 -g -fnext-runtime
FAIL: objc/execute/formal_protocol-5.m compilation,  -Os -fnext-runtime
UNRESOLVED: objc/execute/formal_protocol-5.m execution,  -O0 -fnext-runtime
UNRESOLVED: objc/execute/formal_protocol-5.m execution,  -O1 -fnext-runtime
UNRESOLVED: objc/execute/formal_protocol-5.m execution,  -O2 -fnext-runtime
UNRESOLVED: objc/execute/formal_protocol-5.m execution,  -O3 -fomit-frame-pointer -fnext-runtime
UNRESOLVED: objc/execute/formal_protocol-5.m execution,  -O3 -g -fnext-runtime
UNRESOLVED: objc/execute/formal_protocol-5.m execution,  -Os -fnext-runtime
FAIL: objc/execute/formal_protocol-6.m compilation,  -O0 -fnext-runtime
FAIL: objc/execute/formal_protocol-6.m compilation,  -O1 -fnext-runtime
FAIL: objc/execute/formal_protocol-6.m compilation,  -O2 -fnext-runtime
FAIL: objc/execute/formal_protocol-6.m compilation,  -O3 -fomit-frame-pointer -fnext-runtime
FAIL: objc/execute/formal_protocol-6.m compilation,  -O3 -g -fnext-runtime
FAIL: objc/execute/formal_protocol-6.m compilation,  -Os -fnext-runtime
UNRESOLVED: objc/execute/formal_protocol-6.m execution,  -O0 -fnext-runtime
UNRESOLVED: objc/execute/formal_protocol-6.m execution,  -O1 -fnext-runtime
UNRESOLVED: objc/execute/formal_protocol-6.m execution,  -O2 -fnext-runtime
UNRESOLVED: objc/execute/formal_protocol-6.m execution,  -O3 -fomit-frame-pointer -fnext-runtime
UNRESOLVED: objc/execute/formal_protocol-6.m execution,  -O3 -g -fnext-runtime
UNRESOLVED: objc/execute/formal_protocol-6.m execution,  -Os -fnext-runtime
FAIL: objc/execute/formal_protocol-7.m compilation,  -O0 -fnext-runtime
FAIL: objc/execute/formal_protocol-7.m compilation,  -O1 -fnext-runtime
FAIL: objc/execute/formal_protocol-7.m compilation,  -O2 -fnext-runtime
FAIL: objc/execute/formal_protocol-7.m compilation,  -O3 -fomit-frame-pointer -fnext-runtime
FAIL: objc/execute/formal_protocol-7.m compilation,  -O3 -g -fnext-runtime
FAIL: objc/execute/formal_protocol-7.m compilation,  -Os -fnext-runtime
UNRESOLVED: objc/execute/formal_protocol-7.m execution,  -O0 -fnext-runtime
UNRESOLVED: objc/execute/formal_protocol-7.m execution,  -O1 -fnext-runtime
UNRESOLVED: objc/execute/formal_protocol-7.m execution,  -O2 -fnext-runtime
UNRESOLVED: objc/execute/formal_protocol-7.m execution,  -O3 -fomit-frame-pointer -fnext-runtime
UNRESOLVED: objc/execute/formal_protocol-7.m execution,  -O3 -g -fnext-runtime
UNRESOLVED: objc/execute/formal_protocol-7.m execution,  -Os -fnext-runtime
FAIL: objc/execute/protocol-isEqual-1.m compilation,  -O0 -fnext-runtime
FAIL: objc/execute/protocol-isEqual-1.m compilation,  -O1 -fnext-runtime
FAIL: objc/execute/protocol-isEqual-1.m compilation,  -O2 -fnext-runtime
FAIL: objc/execute/protocol-isEqual-1.m compilation,  -O3 -fomit-frame-pointer -fnext-runtime
FAIL: objc/execute/protocol-isEqual-1.m compilation,  -O3 -g -fnext-runtime
FAIL: objc/execute/protocol-isEqual-1.m compilation,  -Os -fnext-runtime
UNRESOLVED: objc/execute/protocol-isEqual-1.m execution,  -O0 -fnext-runtime
UNRESOLVED: objc/execute/protocol-isEqual-1.m execution,  -O1 -fnext-runtime
UNRESOLVED: objc/execute/protocol-isEqual-1.m execution,  -O2 -fnext-runtime
UNRESOLVED: objc/execute/protocol-isEqual-1.m execution,  -O3 -fomit-frame-pointer -fnext-runtime
UNRESOLVED: objc/execute/protocol-isEqual-1.m execution,  -O3 -g -fnext-runtime
UNRESOLVED: objc/execute/protocol-isEqual-1.m execution,  -Os -fnext-runtime
FAIL: objc/execute/protocol-isEqual-2.m compilation,  -O0 -fnext-runtime
FAIL: objc/execute/protocol-isEqual-2.m compilation,  -O1 -fnext-runtime
FAIL: objc/execute/protocol-isEqual-2.m compilation,  -O2 -fnext-runtime
FAIL: objc/execute/protocol-isEqual-2.m compilation,  -O3 -fomit-frame-pointer -fnext-runtime
FAIL: objc/execute/protocol-isEqual-2.m compilation,  -O3 -g -fnext-runtime
FAIL: objc/execute/protocol-isEqual-2.m compilation,  -Os -fnext-runtime
UNRESOLVED: objc/execute/protocol-isEqual-2.m execution,  -O0 -fnext-runtime
UNRESOLVED: objc/execute/protocol-isEqual-2.m execution,  -O1 -fnext-runtime
UNRESOLVED: objc/execute/protocol-isEqual-2.m execution,  -O2 -fnext-runtime
UNRESOLVED: objc/execute/protocol-isEqual-2.m execution,  -O3 -fomit-frame-pointer -fnext-runtime
UNRESOLVED: objc/execute/protocol-isEqual-2.m execution,  -O3 -g -fnext-runtime
UNRESOLVED: objc/execute/protocol-isEqual-2.m execution,  -Os -fnext-runtime
FAIL: objc/execute/protocol-isEqual-3.m compilation,  -O0 -fnext-runtime
FAIL: objc/execute/protocol-isEqual-3.m compilation,  -O1 -fnext-runtime
FAIL: objc/execute/protocol-isEqual-3.m compilation,  -O2 -fnext-runtime
FAIL: objc/execute/protocol-isEqual-3.m compilation,  -O3 -fomit-frame-pointer -fnext-runtime
FAIL: objc/execute/protocol-isEqual-3.m compilation,  -O3 -g -fnext-runtime
FAIL: objc/execute/protocol-isEqual-3.m compilation,  -Os -fnext-runtime
UNRESOLVED: objc/execute/protocol-isEqual-3.m execution,  -O0 -fnext-runtime
UNRESOLVED: objc/execute/protocol-isEqual-3.m execution,  -O1 -fnext-runtime
UNRESOLVED: objc/execute/protocol-isEqual-3.m execution,  -O2 -fnext-runtime
UNRESOLVED: objc/execute/protocol-isEqual-3.m execution,  -O3 -fomit-frame-pointer -fnext-runtime
UNRESOLVED: objc/execute/protocol-isEqual-3.m execution,  -O3 -g -fnext-runtime
UNRESOLVED: objc/execute/protocol-isEqual-3.m execution,  -Os -fnext-runtime
FAIL: objc/execute/protocol-isEqual-4.m compilation,  -O0 -fnext-runtime
FAIL: objc/execute/protocol-isEqual-4.m compilation,  -O1 -fnext-runtime
FAIL: objc/execute/protocol-isEqual-4.m compilation,  -O2 -fnext-runtime
FAIL: objc/execute/protocol-isEqual-4.m compilation,  -O3 -fomit-frame-pointer -fnext-runtime
FAIL: objc/execute/protocol-isEqual-4.m compilation,  -O3 -g -fnext-runtime
FAIL: objc/execute/protocol-isEqual-4.m compilation,  -Os -fnext-runtime
UNRESOLVED: objc/execute/protocol-isEqual-4.m execution,  -O0 -fnext-runtime
UNRESOLVED: objc/execute/protocol-isEqual-4.m execution,  -O1 -fnext-runtime
UNRESOLVED: objc/execute/protocol-isEqual-4.m execution,  -O2 -fnext-runtime
UNRESOLVED: objc/execute/protocol-isEqual-4.m execution,  -O3 -fomit-frame-pointer -fnext-runtime
UNRESOLVED: objc/execute/protocol-isEqual-4.m execution,  -O3 -g -fnext-runtime
UNRESOLVED: objc/execute/protocol-isEqual-4.m execution,  -Os -fnext-runtime

		=== objc Summary for unix/-m64 ===

# of expected passes		5639
# of unexpected failures	96
# of expected failures		6
# of unresolved testcases	86
# of unsupported tests		77

		=== objc Summary ===

# of expected passes		11509
# of unexpected failures	138
# of expected failures		12
# of unresolved testcases	130
# of unsupported tests		150
/Users/fx/devel/gcc/ibin2/gcc/xgcc  version 5.0.0 20141118 (experimental) [trunk revision 217694] (GCC) 

		=== boehm-gc tests ===


Running target unix/-m32

		=== boehm-gc Summary for unix/-m32 ===

# of expected passes		12
# of unsupported tests		1

Running target unix/-m64

		=== boehm-gc Summary for unix/-m64 ===

# of expected passes		12
# of unsupported tests		1

		=== boehm-gc Summary ===

# of expected passes		24
# of unsupported tests		2
		=== libffi tests ===


Running target unix/-m32

		=== libffi Summary for unix/-m32 ===

# of expected passes		1819
# of unsupported tests		55

Running target unix/-m64

		=== libffi Summary for unix/-m64 ===

# of expected passes		1819
# of unsupported tests		55

		=== libffi Summary ===

# of expected passes		3638
# of unsupported tests		110
		=== libjava tests ===


Running target unix/-m32
FAIL: Thread_Sleep_2 output - source compiled test
FAIL: Thread_Sleep_2 -O3 -findirect-dispatch output - source compiled test

		=== libjava Summary for unix/-m32 ===

# of expected passes		2580
# of unexpected failures	2
# of expected failures		4

Running target unix/-m64
FAIL: Thread_Sleep_2 -findirect-dispatch output - source compiled test
FAIL: Throw_2 execution - source compiled test
FAIL: Throw_2 -findirect-dispatch execution - source compiled test
FAIL: Throw_2 -O3 execution - source compiled test
FAIL: Throw_2 -O3 -findirect-dispatch execution - source compiled test

		=== libjava Summary for unix/-m64 ===

# of expected passes		2573
# of unexpected failures	5
# of expected failures		4
# of untested testcases		4

		=== libjava Summary ===

# of expected passes		5153
# of unexpected failures	7
# of expected failures		8
# of untested testcases		4
		=== libstdc++ tests ===


Running target unix/-m32
FAIL: 18_support/numeric_limits/requirements/constexpr_functions.cc (test for excess errors)
FAIL: 28_regex/algorithms/regex_match/awk/cstring_01.cc (test for excess errors)
WARNING: 28_regex/algorithms/regex_match/awk/cstring_01.cc compilation failed to produce executable
FAIL: 28_regex/algorithms/regex_match/basic/empty_range.cc (test for excess errors)
WARNING: 28_regex/algorithms/regex_match/basic/empty_range.cc compilation failed to produce executable
FAIL: 28_regex/algorithms/regex_match/basic/string_01.cc (test for excess errors)
WARNING: 28_regex/algorithms/regex_match/basic/string_01.cc compilation failed to produce executable
FAIL: 28_regex/algorithms/regex_match/basic/string_range_00_03.cc (test for excess errors)
WARNING: 28_regex/algorithms/regex_match/basic/string_range_00_03.cc compilation failed to produce executable
FAIL: 28_regex/algorithms/regex_match/basic/string_range_01_03.cc (test for excess errors)
WARNING: 28_regex/algorithms/regex_match/basic/string_range_01_03.cc compilation failed to produce executable
FAIL: 28_regex/algorithms/regex_match/basic/string_range_02_03.cc (test for excess errors)
WARNING: 28_regex/algorithms/regex_match/basic/string_range_02_03.cc compilation failed to produce executable
FAIL: 28_regex/algorithms/regex_match/cstring_bracket_01.cc (test for excess errors)
WARNING: 28_regex/algorithms/regex_match/cstring_bracket_01.cc compilation failed to produce executable
FAIL: 28_regex/algorithms/regex_match/ecma/char/53622.cc (test for excess errors)
WARNING: 28_regex/algorithms/regex_match/ecma/char/53622.cc compilation failed to produce executable
FAIL: 28_regex/algorithms/regex_match/ecma/char/57173.cc (test for excess errors)
WARNING: 28_regex/algorithms/regex_match/ecma/char/57173.cc compilation failed to produce executable
FAIL: 28_regex/algorithms/regex_match/ecma/char/58576.cc (test for excess errors)
WARNING: 28_regex/algorithms/regex_match/ecma/char/58576.cc compilation failed to produce executable
FAIL: 28_regex/algorithms/regex_match/ecma/char/61601.cc (test for excess errors)
WARNING: 28_regex/algorithms/regex_match/ecma/char/61601.cc compilation failed to produce executable
FAIL: 28_regex/algorithms/regex_match/ecma/char/anymatcher.cc (test for excess errors)
WARNING: 28_regex/algorithms/regex_match/ecma/char/anymatcher.cc compilation failed to produce executable
FAIL: 28_regex/algorithms/regex_match/ecma/char/backref.cc (test for excess errors)
WARNING: 28_regex/algorithms/regex_match/ecma/char/backref.cc compilation failed to produce executable
FAIL: 28_regex/algorithms/regex_match/ecma/char/empty_range.cc (test for excess errors)
WARNING: 28_regex/algorithms/regex_match/ecma/char/empty_range.cc compilation failed to produce executable
FAIL: 28_regex/algorithms/regex_match/ecma/char/emptygroup.cc (test for excess errors)
WARNING: 28_regex/algorithms/regex_match/ecma/char/emptygroup.cc compilation failed to produce executable
FAIL: 28_regex/algorithms/regex_match/ecma/char/hex.cc (test for excess errors)
WARNING: 28_regex/algorithms/regex_match/ecma/char/hex.cc compilation failed to produce executable
FAIL: 28_regex/algorithms/regex_match/ecma/char/quoted_char.cc (test for excess errors)
WARNING: 28_regex/algorithms/regex_match/ecma/char/quoted_char.cc compilation failed to produce executable
FAIL: 28_regex/algorithms/regex_match/ecma/char/ungreedy.cc (test for excess errors)
WARNING: 28_regex/algorithms/regex_match/ecma/char/ungreedy.cc compilation failed to produce executable
FAIL: 28_regex/algorithms/regex_match/ecma/wchar_t/63199.cc (test for excess errors)
WARNING: 28_regex/algorithms/regex_match/ecma/wchar_t/63199.cc compilation failed to produce executable
FAIL: 28_regex/algorithms/regex_match/ecma/wchar_t/anymatcher.cc (test for excess errors)
WARNING: 28_regex/algorithms/regex_match/ecma/wchar_t/anymatcher.cc compilation failed to produce executable
FAIL: 28_regex/algorithms/regex_match/ecma/wchar_t/cjk_match.cc (test for excess errors)
WARNING: 28_regex/algorithms/regex_match/ecma/wchar_t/cjk_match.cc compilation failed to produce executable
FAIL: 28_regex/algorithms/regex_match/ecma/wchar_t/hex.cc (test for excess errors)
WARNING: 28_regex/algorithms/regex_match/ecma/wchar_t/hex.cc compilation failed to produce executable
FAIL: 28_regex/algorithms/regex_match/extended/cstring_plus.cc (test for excess errors)
WARNING: 28_regex/algorithms/regex_match/extended/cstring_plus.cc compilation failed to produce executable
FAIL: 28_regex/algorithms/regex_match/extended/cstring_questionmark.cc (test for excess errors)
WARNING: 28_regex/algorithms/regex_match/extended/cstring_questionmark.cc compilation failed to produce executable
FAIL: 28_regex/algorithms/regex_match/extended/cstring_range.cc (test for excess errors)
WARNING: 28_regex/algorithms/regex_match/extended/cstring_range.cc compilation failed to produce executable
FAIL: 28_regex/algorithms/regex_match/extended/string_any.cc (test for excess errors)
WARNING: 28_regex/algorithms/regex_match/extended/string_any.cc compilation failed to produce executable
FAIL: 28_regex/algorithms/regex_match/extended/string_range_00_03.cc (test for excess errors)
WARNING: 28_regex/algorithms/regex_match/extended/string_range_00_03.cc compilation failed to produce executable
FAIL: 28_regex/algorithms/regex_match/extended/string_range_01_03.cc (test for excess errors)
WARNING: 28_regex/algorithms/regex_match/extended/string_range_01_03.cc compilation failed to produce executable
FAIL: 28_regex/algorithms/regex_match/extended/string_range_02_03.cc (test for excess errors)
WARNING: 28_regex/algorithms/regex_match/extended/string_range_02_03.cc compilation failed to produce executable
FAIL: 28_regex/algorithms/regex_replace/char/51711.cc (test for excess errors)
FAIL: 28_regex/algorithms/regex_replace/char/basic_replace.cc (test for excess errors)
WARNING: 28_regex/algorithms/regex_replace/char/basic_replace.cc compilation failed to produce executable
FAIL: 28_regex/algorithms/regex_replace/char/dr2213.cc (test for excess errors)
WARNING: 28_regex/algorithms/regex_replace/char/dr2213.cc compilation failed to produce executable
FAIL: 28_regex/algorithms/regex_replace/wchar_t/51711.cc (test for excess errors)
FAIL: 28_regex/algorithms/regex_search/61424.cc (test for excess errors)
WARNING: 28_regex/algorithms/regex_search/61424.cc compilation failed to produce executable
FAIL: 28_regex/algorithms/regex_search/61720.cc (test for excess errors)
WARNING: 28_regex/algorithms/regex_search/61720.cc compilation failed to produce executable
FAIL: 28_regex/algorithms/regex_search/basic/string_01.cc (test for excess errors)
WARNING: 28_regex/algorithms/regex_search/basic/string_01.cc compilation failed to produce executable
FAIL: 28_regex/algorithms/regex_search/ecma/assertion.cc (test for excess errors)
WARNING: 28_regex/algorithms/regex_search/ecma/assertion.cc compilation failed to produce executable
FAIL: 28_regex/algorithms/regex_search/ecma/flags.cc (test for excess errors)
WARNING: 28_regex/algorithms/regex_search/ecma/flags.cc compilation failed to produce executable
FAIL: 28_regex/algorithms/regex_search/ecma/greedy.cc (test for excess errors)
WARNING: 28_regex/algorithms/regex_search/ecma/greedy.cc compilation failed to produce executable
FAIL: 28_regex/algorithms/regex_search/ecma/string_01.cc (test for excess errors)
WARNING: 28_regex/algorithms/regex_search/ecma/string_01.cc compilation failed to produce executable
FAIL: 28_regex/basic_regex/assign/char/cstring.cc (test for excess errors)
FAIL: 28_regex/basic_regex/assign/char/cstring_op.cc (test for excess errors)
FAIL: 28_regex/basic_regex/assign/char/moveable.cc (test for excess errors)
WARNING: 28_regex/basic_regex/assign/char/moveable.cc compilation failed to produce executable
FAIL: 28_regex/basic_regex/assign/char/pstring.cc (test for excess errors)
FAIL: 28_regex/basic_regex/assign/char/range.cc (test for excess errors)
FAIL: 28_regex/basic_regex/assign/char/string.cc (test for excess errors)
FAIL: 28_regex/basic_regex/assign/char/string_op.cc (test for excess errors)
FAIL: 28_regex/basic_regex/assign/wchar_t/cstring.cc (test for excess errors)
FAIL: 28_regex/basic_regex/assign/wchar_t/cstring_op.cc (test for excess errors)
FAIL: 28_regex/basic_regex/assign/wchar_t/pstring.cc (test for excess errors)
FAIL: 28_regex/basic_regex/assign/wchar_t/range.cc (test for excess errors)
FAIL: 28_regex/basic_regex/assign/wchar_t/string.cc (test for excess errors)
FAIL: 28_regex/basic_regex/assign/wchar_t/string_op.cc (test for excess errors)
FAIL: 28_regex/basic_regex/ctors/47724.cc (test for excess errors)
WARNING: 28_regex/basic_regex/ctors/47724.cc compilation failed to produce executable
FAIL: 28_regex/basic_regex/ctors/basic/cstring.cc (test for excess errors)
FAIL: 28_regex/basic_regex/ctors/basic/pstring_char.cc (test for excess errors)
WARNING: 28_regex/basic_regex/ctors/basic/pstring_char.cc compilation failed to produce executable
FAIL: 28_regex/basic_regex/ctors/basic/pstring_wchar_t.cc (test for excess errors)
WARNING: 28_regex/basic_regex/ctors/basic/pstring_wchar_t.cc compilation failed to produce executable
FAIL: 28_regex/basic_regex/ctors/basic/raw_string.cc (test for excess errors)
WARNING: 28_regex/basic_regex/ctors/basic/raw_string.cc compilation failed to produce executable
FAIL: 28_regex/basic_regex/ctors/basic/string_range_01_02_03.cc (test for excess errors)
WARNING: 28_regex/basic_regex/ctors/basic/string_range_01_02_03.cc compilation failed to produce executable
FAIL: 28_regex/basic_regex/ctors/char/cstring.cc (test for excess errors)
FAIL: 28_regex/basic_regex/ctors/char/cstring_awk.cc (test for excess errors)
FAIL: 28_regex/basic_regex/ctors/char/cstring_ecma.cc (test for excess errors)
FAIL: 28_regex/basic_regex/ctors/char/cstring_egrep.cc (test for excess errors)
FAIL: 28_regex/basic_regex/ctors/char/cstring_grep.cc (test for excess errors)
FAIL: 28_regex/basic_regex/ctors/char/range.cc (test for excess errors)
FAIL: 28_regex/basic_regex/ctors/copy_char.cc (test for excess errors)
WARNING: 28_regex/basic_regex/ctors/copy_char.cc compilation failed to produce executable
FAIL: 28_regex/basic_regex/ctors/extended/cstring.cc (test for excess errors)
WARNING: 28_regex/basic_regex/ctors/extended/cstring.cc compilation failed to produce executable
FAIL: 28_regex/basic_regex/ctors/extended/string_range_01_02_03.cc (test for excess errors)
WARNING: 28_regex/basic_regex/ctors/extended/string_range_01_02_03.cc compilation failed to produce executable
FAIL: 28_regex/basic_regex/ctors/move_char.cc (test for excess errors)
WARNING: 28_regex/basic_regex/ctors/move_char.cc compilation failed to produce executable
FAIL: 28_regex/basic_regex/ctors/string_char.cc (test for excess errors)
FAIL: 28_regex/basic_regex/ctors/string_wchar_t.cc (test for excess errors)
FAIL: 28_regex/basic_regex/ctors/wchar_t/cstring.cc (test for excess errors)
FAIL: 28_regex/basic_regex/ctors/wchar_t/range.cc (test for excess errors)
FAIL: 28_regex/basic_regex/multiple_quantifiers.cc (test for excess errors)
WARNING: 28_regex/basic_regex/multiple_quantifiers.cc compilation failed to produce executable
FAIL: 28_regex/constants/syntax_option_type.cc (test for excess errors)
WARNING: 28_regex/constants/syntax_option_type.cc compilation failed to produce executable
FAIL: 28_regex/init-list.cc (test for excess errors)
WARNING: 28_regex/init-list.cc compilation failed to produce executable
FAIL: 28_regex/iterators/regex_iterator/char/string_01.cc (test for excess errors)
WARNING: 28_regex/iterators/regex_iterator/char/string_01.cc compilation failed to produce executable
FAIL: 28_regex/iterators/regex_iterator/char/string_position_01.cc (test for excess errors)
WARNING: 28_regex/iterators/regex_iterator/char/string_position_01.cc compilation failed to produce executable
FAIL: 28_regex/iterators/regex_iterator/wchar_t/string_01.cc (test for excess errors)
WARNING: 28_regex/iterators/regex_iterator/wchar_t/string_01.cc compilation failed to produce executable
FAIL: 28_regex/iterators/regex_token_iterator/char/string_01.cc (test for excess errors)
WARNING: 28_regex/iterators/regex_token_iterator/char/string_01.cc compilation failed to produce executable
FAIL: 28_regex/iterators/regex_token_iterator/wchar_t/string_01.cc (test for excess errors)
WARNING: 28_regex/iterators/regex_token_iterator/wchar_t/string_01.cc compilation failed to produce executable
FAIL: 28_regex/match_results/format.cc (test for excess errors)
WARNING: 28_regex/match_results/format.cc compilation failed to produce executable
FAIL: 28_regex/traits/char/user_defined.cc (test for excess errors)
WARNING: 28_regex/traits/char/user_defined.cc compilation failed to produce executable
FAIL: 28_regex/traits/wchar_t/user_defined.cc (test for excess errors)
WARNING: 28_regex/traits/wchar_t/user_defined.cc compilation failed to produce executable

		=== libstdc++ Summary for unix/-m32 ===

# of expected passes		8990
# of unexpected failures	85
# of expected failures		68
# of unsupported tests		675

Running target unix/-m64

		=== libstdc++ Summary for unix/-m64 ===

# of expected passes		9132
# of expected failures		68
# of unsupported tests		676

		=== libstdc++ Summary ===

# of expected passes		18122
# of unexpected failures	85
# of expected failures		136
# of unsupported tests		1351

Compiler version: 5.0.0 20141118 (experimental) [trunk revision 217694] (GCC) 
Platform: x86_64-apple-darwin14.0.0
configure flags: --with-gmp=/opt/gcc-4.8 --prefix=/Users/fx/devel/gcc/irun2 --enable-languages=c,c++,fortran,objc,obj-c++,java


Index Nav: [Date Index] [Subject Index] [Author Index] [Thread Index]
Message Nav: [Date Prev] [Date Next] [Thread Prev] [Thread Next]