This is the mail archive of the gcc-testresults@gcc.gnu.org mailing list for the GCC project.


Index Nav: [Date Index] [Subject Index] [Author Index] [Thread Index]
Message Nav: [Date Prev] [Date Next] [Thread Prev] [Thread Next]
Other format: [Raw text]

Results for 5.0.0 20141116 (experimental) [trunk revision 217626] (GCC) testsuite on x86_64-unknown-linux-gnu


Native configuration is x86_64-unknown-linux-gnu

		=== gcc tests ===


Running target unix/-mx32
XPASS: gcc.dg/guality/example.c   -O0  execution test
XPASS: gcc.dg/guality/guality.c   -O0  execution test
XPASS: gcc.dg/guality/guality.c   -O1  execution test
XPASS: gcc.dg/guality/guality.c   -O2  execution test
XPASS: gcc.dg/guality/guality.c   -O2 -flto -fno-use-linker-plugin -flto-partition=none  execution test
XPASS: gcc.dg/guality/guality.c   -O2 -flto -fuse-linker-plugin -fno-fat-lto-objects  execution test
XPASS: gcc.dg/guality/guality.c   -O3 -fomit-frame-pointer  execution test
XPASS: gcc.dg/guality/guality.c   -O3 -g  execution test
XPASS: gcc.dg/guality/guality.c   -Os  execution test
XPASS: gcc.dg/guality/inline-params.c   -O2  execution test
XPASS: gcc.dg/guality/inline-params.c   -O2 -flto -fno-use-linker-plugin -flto-partition=none  execution test
XPASS: gcc.dg/guality/inline-params.c   -O3 -fomit-frame-pointer  execution test
XPASS: gcc.dg/guality/inline-params.c   -O3 -g  execution test
XPASS: gcc.dg/guality/inline-params.c   -Os  execution test
FAIL: gcc.dg/guality/param-3.c   -O1  line 20 str.pa == 31415927
FAIL: gcc.dg/guality/param-3.c   -O1  line 20 str.pb == 27182818
XPASS: gcc.dg/guality/pr41353-1.c   -O0  line 28 j == 28 + 37
XPASS: gcc.dg/guality/pr41447-1.c   -O0  execution test
XPASS: gcc.dg/guality/pr41447-1.c   -O1  execution test
XPASS: gcc.dg/guality/pr41447-1.c   -O2 -flto -fuse-linker-plugin -fno-fat-lto-objects  execution test
XPASS: gcc.dg/guality/pr41616-1.c   -O0  execution test
XPASS: gcc.dg/guality/pr41616-1.c   -O1  execution test
XPASS: gcc.dg/guality/pr41616-1.c   -O2  execution test
XPASS: gcc.dg/guality/pr41616-1.c   -O2 -flto -fno-use-linker-plugin -flto-partition=none  execution test
XPASS: gcc.dg/guality/pr41616-1.c   -O3 -fomit-frame-pointer  execution test
XPASS: gcc.dg/guality/pr41616-1.c   -O3 -g  execution test
XPASS: gcc.dg/guality/pr41616-1.c   -Os  execution test
FAIL: gcc.dg/guality/pr43051-1.c   -O1  line 34 c == &a[0]
FAIL: gcc.dg/guality/pr43051-1.c   -O1  line 41 e == &a[1]
FAIL: gcc.dg/guality/pr43051-1.c   -O2  line 36 e == &a[1]
FAIL: gcc.dg/guality/pr43051-1.c   -O2  line 39 c == &a[0]
FAIL: gcc.dg/guality/pr43051-1.c   -O2  line 41 e == &a[1]
FAIL: gcc.dg/guality/pr43051-1.c   -O2 -flto -fno-use-linker-plugin -flto-partition=none  line 36 e == &a[1]
FAIL: gcc.dg/guality/pr43051-1.c   -O2 -flto -fno-use-linker-plugin -flto-partition=none  line 39 c == &a[0]
FAIL: gcc.dg/guality/pr43051-1.c   -O2 -flto -fno-use-linker-plugin -flto-partition=none  line 41 e == &a[1]
FAIL: gcc.dg/guality/pr43051-1.c   -O2 -flto -fuse-linker-plugin -fno-fat-lto-objects  line 36 e == &a[1]
FAIL: gcc.dg/guality/pr43051-1.c   -O2 -flto -fuse-linker-plugin -fno-fat-lto-objects  line 39 c == &a[0]
FAIL: gcc.dg/guality/pr43051-1.c   -O2 -flto -fuse-linker-plugin -fno-fat-lto-objects  line 41 e == &a[1]
FAIL: gcc.dg/guality/pr43051-1.c   -O3 -fomit-frame-pointer  line 35 v == 1
FAIL: gcc.dg/guality/pr43051-1.c   -O3 -fomit-frame-pointer  line 36 e == &a[1]
FAIL: gcc.dg/guality/pr43051-1.c   -O3 -fomit-frame-pointer  line 39 c == &a[0]
FAIL: gcc.dg/guality/pr43051-1.c   -O3 -fomit-frame-pointer  line 40 v == 1
FAIL: gcc.dg/guality/pr43051-1.c   -O3 -fomit-frame-pointer  line 41 e == &a[1]
FAIL: gcc.dg/guality/pr43051-1.c   -O3 -fomit-frame-pointer -funroll-all-loops -finline-functions  line 35 v == 1
FAIL: gcc.dg/guality/pr43051-1.c   -O3 -fomit-frame-pointer -funroll-all-loops -finline-functions  line 36 e == &a[1]
FAIL: gcc.dg/guality/pr43051-1.c   -O3 -fomit-frame-pointer -funroll-all-loops -finline-functions  line 39 c == &a[0]
FAIL: gcc.dg/guality/pr43051-1.c   -O3 -fomit-frame-pointer -funroll-all-loops -finline-functions  line 40 v == 1
FAIL: gcc.dg/guality/pr43051-1.c   -O3 -fomit-frame-pointer -funroll-all-loops -finline-functions  line 41 e == &a[1]
FAIL: gcc.dg/guality/pr43051-1.c   -O3 -fomit-frame-pointer -funroll-loops  line 35 v == 1
FAIL: gcc.dg/guality/pr43051-1.c   -O3 -fomit-frame-pointer -funroll-loops  line 36 e == &a[1]
FAIL: gcc.dg/guality/pr43051-1.c   -O3 -fomit-frame-pointer -funroll-loops  line 39 c == &a[0]
FAIL: gcc.dg/guality/pr43051-1.c   -O3 -fomit-frame-pointer -funroll-loops  line 40 v == 1
FAIL: gcc.dg/guality/pr43051-1.c   -O3 -fomit-frame-pointer -funroll-loops  line 41 e == &a[1]
FAIL: gcc.dg/guality/pr43051-1.c   -O3 -g  line 35 v == 1
FAIL: gcc.dg/guality/pr43051-1.c   -O3 -g  line 36 e == &a[1]
FAIL: gcc.dg/guality/pr43051-1.c   -O3 -g  line 39 c == &a[0]
FAIL: gcc.dg/guality/pr43051-1.c   -O3 -g  line 40 v == 1
FAIL: gcc.dg/guality/pr43051-1.c   -O3 -g  line 41 e == &a[1]
FAIL: gcc.dg/guality/pr43051-1.c   -Os  line 35 v == 1
FAIL: gcc.dg/guality/pr43051-1.c   -Os  line 36 e == &a[1]
FAIL: gcc.dg/guality/pr43051-1.c   -Os  line 39 c == &a[0]
FAIL: gcc.dg/guality/pr43051-1.c   -Os  line 40 v == 1
FAIL: gcc.dg/guality/pr43051-1.c   -Os  line 41 e == &a[1]
FAIL: gcc.dg/guality/pr43177.c   -O2  line 15 l == 10
FAIL: gcc.dg/guality/pr43177.c   -O2  line 15 x == 7
FAIL: gcc.dg/guality/pr43177.c   -O2  line 24 l == 10
FAIL: gcc.dg/guality/pr43177.c   -O2  line 24 x == 7
FAIL: gcc.dg/guality/pr43177.c   -O2 -flto -fno-use-linker-plugin -flto-partition=none  line 15 l == 10
FAIL: gcc.dg/guality/pr43177.c   -O2 -flto -fno-use-linker-plugin -flto-partition=none  line 15 x == 7
FAIL: gcc.dg/guality/pr43177.c   -O2 -flto -fuse-linker-plugin -fno-fat-lto-objects  line 15 l == 10
FAIL: gcc.dg/guality/pr43177.c   -O2 -flto -fuse-linker-plugin -fno-fat-lto-objects  line 15 x == 7
FAIL: gcc.dg/guality/pr43177.c   -O3 -fomit-frame-pointer  line 15 l == 10
FAIL: gcc.dg/guality/pr43177.c   -O3 -fomit-frame-pointer  line 15 x == 7
FAIL: gcc.dg/guality/pr43177.c   -O3 -fomit-frame-pointer  line 24 l == 10
FAIL: gcc.dg/guality/pr43177.c   -O3 -fomit-frame-pointer  line 24 x == 7
FAIL: gcc.dg/guality/pr43177.c   -O3 -g  line 15 l == 10
FAIL: gcc.dg/guality/pr43177.c   -O3 -g  line 15 x == 7
FAIL: gcc.dg/guality/pr43177.c   -O3 -g  line 24 l == 10
FAIL: gcc.dg/guality/pr43177.c   -O3 -g  line 24 x == 7
FAIL: gcc.dg/guality/pr43177.c   -Os  line 15 l == 10
FAIL: gcc.dg/guality/pr43177.c   -Os  line 15 x == 7
FAIL: gcc.dg/guality/pr43177.c   -Os  line 24 l == 10
FAIL: gcc.dg/guality/pr43177.c   -Os  line 24 x == 7
FAIL: gcc.dg/guality/pr43479.c   -O1  line 13 h == 9
FAIL: gcc.dg/guality/pr43479.c   -O1  line 18 h == 9
FAIL: gcc.dg/guality/pr43479.c   -O2  line 13 h == 9
FAIL: gcc.dg/guality/pr43479.c   -O2  line 18 h == 9
FAIL: gcc.dg/guality/pr43479.c   -O2 -flto -fno-use-linker-plugin -flto-partition=none  line 13 h == 9
FAIL: gcc.dg/guality/pr43479.c   -O2 -flto -fno-use-linker-plugin -flto-partition=none  line 18 h == 9
FAIL: gcc.dg/guality/pr43479.c   -O2 -flto -fuse-linker-plugin -fno-fat-lto-objects  line 13 h == 9
FAIL: gcc.dg/guality/pr43479.c   -O2 -flto -fuse-linker-plugin -fno-fat-lto-objects  line 18 h == 9
FAIL: gcc.dg/guality/pr43479.c   -O3 -fomit-frame-pointer  line 13 h == 9
FAIL: gcc.dg/guality/pr43479.c   -O3 -fomit-frame-pointer  line 18 h == 9
FAIL: gcc.dg/guality/pr43479.c   -O3 -g  line 13 h == 9
FAIL: gcc.dg/guality/pr43479.c   -O3 -g  line 18 h == 9
FAIL: gcc.dg/guality/pr43479.c   -Os  line 13 h == 9
FAIL: gcc.dg/guality/pr43479.c   -Os  line 18 h == 9
FAIL: gcc.dg/guality/pr45882.c   -O2 -flto -fuse-linker-plugin -fno-fat-lto-objects  line 16 d == 112
FAIL: gcc.dg/guality/pr45882.c   -O2 -flto -fuse-linker-plugin -fno-fat-lto-objects  line 16 e == 142
FAIL: gcc.dg/guality/pr54200.c   -Os  line 20 z == 3
FAIL: gcc.dg/guality/pr54519-1.c   -O2 -flto -fno-use-linker-plugin -flto-partition=none  line 20 y == 25
FAIL: gcc.dg/guality/pr54519-1.c   -O2 -flto -fno-use-linker-plugin -flto-partition=none  line 20 z == 6
FAIL: gcc.dg/guality/pr54519-1.c   -O2 -flto -fno-use-linker-plugin -flto-partition=none  line 23 y == 117
FAIL: gcc.dg/guality/pr54519-1.c   -O2 -flto -fno-use-linker-plugin -flto-partition=none  line 23 z == 8
FAIL: gcc.dg/guality/pr54519-2.c   -O2 -flto -fno-use-linker-plugin -flto-partition=none  line 17 y == 25
FAIL: gcc.dg/guality/pr54519-2.c   -O2 -flto -fuse-linker-plugin -fno-fat-lto-objects  line 17 y == 25
FAIL: gcc.dg/guality/pr54519-3.c   -O2 -flto -fno-use-linker-plugin -flto-partition=none  line 20 y == 25
FAIL: gcc.dg/guality/pr54519-3.c   -O2 -flto -fno-use-linker-plugin -flto-partition=none  line 20 z == 6
FAIL: gcc.dg/guality/pr54519-3.c   -O2 -flto -fno-use-linker-plugin -flto-partition=none  line 23 y == 117
FAIL: gcc.dg/guality/pr54519-3.c   -O2 -flto -fno-use-linker-plugin -flto-partition=none  line 23 z == 8
FAIL: gcc.dg/guality/pr54519-3.c   -O2 -flto -fuse-linker-plugin -fno-fat-lto-objects  line 20 x == 36
FAIL: gcc.dg/guality/pr54519-3.c   -O2 -flto -fuse-linker-plugin -fno-fat-lto-objects  line 20 y == 25
FAIL: gcc.dg/guality/pr54519-3.c   -O2 -flto -fuse-linker-plugin -fno-fat-lto-objects  line 20 z == 6
FAIL: gcc.dg/guality/pr54519-3.c   -O2 -flto -fuse-linker-plugin -fno-fat-lto-objects  line 23 x == 98
FAIL: gcc.dg/guality/pr54519-3.c   -O2 -flto -fuse-linker-plugin -fno-fat-lto-objects  line 23 y == 117
FAIL: gcc.dg/guality/pr54519-3.c   -O2 -flto -fuse-linker-plugin -fno-fat-lto-objects  line 23 z == 8
FAIL: gcc.dg/guality/pr54519-4.c   -O2 -flto -fno-use-linker-plugin -flto-partition=none  line 17 y == 25
FAIL: gcc.dg/guality/pr54519-4.c   -O2 -flto -fuse-linker-plugin -fno-fat-lto-objects  line 17 x == 6
FAIL: gcc.dg/guality/pr54519-4.c   -O2 -flto -fuse-linker-plugin -fno-fat-lto-objects  line 17 y == 25
FAIL: gcc.dg/guality/pr54519-5.c   -O2 -flto -fno-use-linker-plugin -flto-partition=none  line 17 y == 25
FAIL: gcc.dg/guality/pr54519-5.c   -O2 -flto -fuse-linker-plugin -fno-fat-lto-objects  line 17 y == 25
FAIL: gcc.dg/guality/sra-1.c   -O2  line 43 a.i == 4
FAIL: gcc.dg/guality/sra-1.c   -O2  line 43 a.j == 14
FAIL: gcc.dg/guality/sra-1.c   -O2 -flto -fno-use-linker-plugin -flto-partition=none  line 21 a.i == 4
FAIL: gcc.dg/guality/sra-1.c   -O2 -flto -fno-use-linker-plugin -flto-partition=none  line 21 a.j == 14
FAIL: gcc.dg/guality/sra-1.c   -O2 -flto -fno-use-linker-plugin -flto-partition=none  line 43 a.i == 4
FAIL: gcc.dg/guality/sra-1.c   -O2 -flto -fno-use-linker-plugin -flto-partition=none  line 43 a.j == 14
FAIL: gcc.dg/guality/sra-1.c   -O2 -flto -fuse-linker-plugin -fno-fat-lto-objects  line 21 a.i == 4
FAIL: gcc.dg/guality/sra-1.c   -O2 -flto -fuse-linker-plugin -fno-fat-lto-objects  line 43 a.i == 4
FAIL: gcc.dg/guality/sra-1.c   -O3 -fomit-frame-pointer  line 43 a.i == 4
FAIL: gcc.dg/guality/sra-1.c   -O3 -fomit-frame-pointer  line 43 a.j == 14
FAIL: gcc.dg/guality/sra-1.c   -O3 -g  line 43 a.i == 4
FAIL: gcc.dg/guality/sra-1.c   -O3 -g  line 43 a.j == 14
FAIL: gcc.dg/guality/sra-1.c   -Os  line 43 a.i == 4
FAIL: gcc.dg/guality/sra-1.c   -Os  line 43 a.j == 14
FAIL: gcc.dg/guality/vla-2.c   -O2  line 25 sizeof (a) == 6 * sizeof (int)
FAIL: gcc.dg/guality/vla-2.c   -O2 -flto -fno-use-linker-plugin -flto-partition=none  line 25 sizeof (a) == 6 * sizeof (int)
FAIL: gcc.dg/guality/vla-2.c   -O2 -flto -fuse-linker-plugin -fno-fat-lto-objects  line 25 sizeof (a) == 6 * sizeof (int)
FAIL: gcc.dg/guality/vla-2.c   -O3 -fomit-frame-pointer  line 25 sizeof (a) == 6 * sizeof (int)
FAIL: gcc.dg/guality/vla-2.c   -O3 -g  line 25 sizeof (a) == 6 * sizeof (int)
FAIL: gcc.dg/guality/vla-2.c   -Os  line 25 sizeof (a) == 6 * sizeof (int)
UNRESOLVED: gcc.dg/tree-prof/peel-1.c scan-rtl-dump loop2_unroll "Considering simply peeling loop"

		=== gcc Summary ===

# of expected passes		113612
# of unexpected failures	116
# of unexpected successes	25
# of expected failures		273
# of unresolved testcases	1
# of unsupported tests		1869
/export/gnu/import/git/gcc-test-x32/bld/gcc/xgcc  version 5.0.0 20141116 (experimental) [trunk revision 217626] (GCC) 

		=== gfortran tests ===


Running target unix/-mx32

		=== gfortran Summary ===

# of expected passes		46787
# of expected failures		42
# of unsupported tests		54
/export/gnu/import/git/gcc-test-x32/bld/gcc/testsuite/gfortran/../../gfortran  version 5.0.0 20141116 (experimental) [trunk revision 217626] (GCC) 

		=== g++ tests ===


Running target unix/-mx32
FAIL: g++.dg/guality/pr55665.C   -O2  line 23 p == 40
FAIL: g++.dg/guality/pr55665.C   -O3 -fomit-frame-pointer  line 23 p == 40
FAIL: g++.dg/guality/pr55665.C   -O3 -g  line 23 p == 40
XPASS: g++.dg/tls/thread_local-order2.C  -std=c++11 execution test
XPASS: g++.dg/tls/thread_local-order2.C  -std=c++14 execution test

		=== g++ Summary ===

# of expected passes		90490
# of unexpected failures	3
# of unexpected successes	2
# of expected failures		248
# of unsupported tests		3358
/export/gnu/import/git/gcc-test-x32/bld/gcc/testsuite/g++/../../xg++  version 5.0.0 20141116 (experimental) [trunk revision 217626] (GCC) 

		=== objc tests ===


Running target unix/-mx32

		=== objc Summary ===

# of expected passes		3004
# of expected failures		6
# of unsupported tests		74
/export/gnu/import/git/gcc-test-x32/bld/gcc/xgcc  version 5.0.0 20141116 (experimental) [trunk revision 217626] (GCC) 

		=== boehm-gc tests ===


Running target unix/-mx32

		=== boehm-gc Summary ===

# of expected passes		12
# of unsupported tests		1
		=== libatomic tests ===


Running target unix/-mx32

		=== libatomic Summary ===

# of expected passes		54
		=== libffi tests ===


Running target unix/-mx32

		=== libffi Summary ===

# of expected passes		1819
# of unsupported tests		55
		=== libgomp tests ===


Running target unix/-mx32
FAIL: libgomp.c/examples-4/e.50.1.c (test for excess errors)
FAIL: libgomp.c/examples-4/e.50.2.c (test for excess errors)
FAIL: libgomp.c/examples-4/e.50.3.c (test for excess errors)
FAIL: libgomp.c/examples-4/e.50.4.c (test for excess errors)
FAIL: libgomp.c/examples-4/e.51.1.c (test for excess errors)
FAIL: libgomp.c/examples-4/e.51.2.c (test for excess errors)
FAIL: libgomp.c/examples-4/e.51.3.c (test for excess errors)
FAIL: libgomp.c/examples-4/e.51.4.c (test for excess errors)
FAIL: libgomp.c/examples-4/e.52.1.c (test for excess errors)
FAIL: libgomp.c/examples-4/e.52.2.c (test for excess errors)
FAIL: libgomp.c/examples-4/e.53.1.c (test for excess errors)
FAIL: libgomp.c/examples-4/e.53.3.c (test for excess errors)
FAIL: libgomp.c/examples-4/e.53.4.c (test for excess errors)
FAIL: libgomp.c/examples-4/e.53.5.c (test for excess errors)
FAIL: libgomp.c/examples-4/e.54.2.c (test for excess errors)
FAIL: libgomp.c/examples-4/e.54.3.c (test for excess errors)
FAIL: libgomp.c/examples-4/e.54.4.c (test for excess errors)
FAIL: libgomp.c/examples-4/e.54.5.c (test for excess errors)
FAIL: libgomp.c/examples-4/e.54.6.c (test for excess errors)
FAIL: libgomp.c/examples-4/e.55.1.c (test for excess errors)
FAIL: libgomp.c/examples-4/e.56.3.c (test for excess errors)
FAIL: libgomp.c/examples-4/e.56.4.c (test for excess errors)
FAIL: libgomp.c/for-3.c (test for excess errors)
FAIL: libgomp.c/target-1.c (test for excess errors)
FAIL: libgomp.c/target-2.c (test for excess errors)
FAIL: libgomp.c/target-3.c (test for excess errors)
FAIL: libgomp.c/target-4.c (test for excess errors)
FAIL: libgomp.c/target-5.c (test for excess errors)
FAIL: libgomp.c/target-6.c (test for excess errors)
FAIL: libgomp.c/target-7.c (test for excess errors)
FAIL: libgomp.c/target-8.c (test for excess errors)
FAIL: libgomp.c/thread-limit-2.c (test for excess errors)
FAIL: libgomp.c/thread-limit-3.c (test for excess errors)
FAIL: libgomp.c++/examples-4/e.51.5.C (test for excess errors)
FAIL: libgomp.c++/for-11.C (test for excess errors)
FAIL: libgomp.c++/pr63248.C (test for excess errors)
FAIL: libgomp.c++/target-1.C (test for excess errors)
FAIL: libgomp.c++/target-2.C (test for excess errors)
FAIL: libgomp.c++/target-3.C (test for excess errors)
FAIL: libgomp.fortran/examples-4/e.50.1.f90   -O0  (test for excess errors)
FAIL: libgomp.fortran/examples-4/e.50.1.f90   -O1  (test for excess errors)
FAIL: libgomp.fortran/examples-4/e.50.1.f90   -O2  (test for excess errors)
FAIL: libgomp.fortran/examples-4/e.50.1.f90   -O3 -fomit-frame-pointer  (test for excess errors)
FAIL: libgomp.fortran/examples-4/e.50.1.f90   -O3 -fomit-frame-pointer -funroll-loops  (test for excess errors)
FAIL: libgomp.fortran/examples-4/e.50.1.f90   -O3 -fomit-frame-pointer -funroll-all-loops -finline-functions  (test for excess errors)
FAIL: libgomp.fortran/examples-4/e.50.1.f90   -O3 -g  (test for excess errors)
FAIL: libgomp.fortran/examples-4/e.50.1.f90   -Os  (test for excess errors)
FAIL: libgomp.fortran/examples-4/e.50.2.f90   -O0  (test for excess errors)
FAIL: libgomp.fortran/examples-4/e.50.2.f90   -O1  (test for excess errors)
FAIL: libgomp.fortran/examples-4/e.50.2.f90   -O2  (test for excess errors)
FAIL: libgomp.fortran/examples-4/e.50.2.f90   -O3 -fomit-frame-pointer  (test for excess errors)
FAIL: libgomp.fortran/examples-4/e.50.2.f90   -O3 -fomit-frame-pointer -funroll-loops  (test for excess errors)
FAIL: libgomp.fortran/examples-4/e.50.2.f90   -O3 -fomit-frame-pointer -funroll-all-loops -finline-functions  (test for excess errors)
FAIL: libgomp.fortran/examples-4/e.50.2.f90   -O3 -g  (test for excess errors)
FAIL: libgomp.fortran/examples-4/e.50.2.f90   -Os  (test for excess errors)
FAIL: libgomp.fortran/examples-4/e.50.3.f90   -O0  (test for excess errors)
FAIL: libgomp.fortran/examples-4/e.50.3.f90   -O1  (test for excess errors)
FAIL: libgomp.fortran/examples-4/e.50.3.f90   -O2  (test for excess errors)
FAIL: libgomp.fortran/examples-4/e.50.3.f90   -O3 -fomit-frame-pointer  (test for excess errors)
FAIL: libgomp.fortran/examples-4/e.50.3.f90   -O3 -fomit-frame-pointer -funroll-loops  (test for excess errors)
FAIL: libgomp.fortran/examples-4/e.50.3.f90   -O3 -fomit-frame-pointer -funroll-all-loops -finline-functions  (test for excess errors)
FAIL: libgomp.fortran/examples-4/e.50.3.f90   -O3 -g  (test for excess errors)
FAIL: libgomp.fortran/examples-4/e.50.3.f90   -Os  (test for excess errors)
FAIL: libgomp.fortran/examples-4/e.50.4.f90   -O0  (test for excess errors)
FAIL: libgomp.fortran/examples-4/e.50.4.f90   -O1  (test for excess errors)
FAIL: libgomp.fortran/examples-4/e.50.4.f90   -O2  (test for excess errors)
FAIL: libgomp.fortran/examples-4/e.50.4.f90   -O3 -fomit-frame-pointer  (test for excess errors)
FAIL: libgomp.fortran/examples-4/e.50.4.f90   -O3 -fomit-frame-pointer -funroll-loops  (test for excess errors)
FAIL: libgomp.fortran/examples-4/e.50.4.f90   -O3 -fomit-frame-pointer -funroll-all-loops -finline-functions  (test for excess errors)
FAIL: libgomp.fortran/examples-4/e.50.4.f90   -O3 -g  (test for excess errors)
FAIL: libgomp.fortran/examples-4/e.50.4.f90   -Os  (test for excess errors)
FAIL: libgomp.fortran/examples-4/e.51.1.f90   -O0  (test for excess errors)
FAIL: libgomp.fortran/examples-4/e.51.1.f90   -O1  (test for excess errors)
FAIL: libgomp.fortran/examples-4/e.51.1.f90   -O2  (test for excess errors)
FAIL: libgomp.fortran/examples-4/e.51.1.f90   -O3 -fomit-frame-pointer  (test for excess errors)
FAIL: libgomp.fortran/examples-4/e.51.1.f90   -O3 -fomit-frame-pointer -funroll-loops  (test for excess errors)
FAIL: libgomp.fortran/examples-4/e.51.1.f90   -O3 -fomit-frame-pointer -funroll-all-loops -finline-functions  (test for excess errors)
FAIL: libgomp.fortran/examples-4/e.51.1.f90   -O3 -g  (test for excess errors)
FAIL: libgomp.fortran/examples-4/e.51.1.f90   -Os  (test for excess errors)
FAIL: libgomp.fortran/examples-4/e.51.2.f90   -O0  (test for excess errors)
FAIL: libgomp.fortran/examples-4/e.51.2.f90   -O1  (test for excess errors)
FAIL: libgomp.fortran/examples-4/e.51.2.f90   -O2  (test for excess errors)
FAIL: libgomp.fortran/examples-4/e.51.2.f90   -O3 -fomit-frame-pointer  (test for excess errors)
FAIL: libgomp.fortran/examples-4/e.51.2.f90   -O3 -fomit-frame-pointer -funroll-loops  (test for excess errors)
FAIL: libgomp.fortran/examples-4/e.51.2.f90   -O3 -fomit-frame-pointer -funroll-all-loops -finline-functions  (test for excess errors)
FAIL: libgomp.fortran/examples-4/e.51.2.f90   -O3 -g  (test for excess errors)
FAIL: libgomp.fortran/examples-4/e.51.2.f90   -Os  (test for excess errors)
FAIL: libgomp.fortran/examples-4/e.51.3.f90   -O0  (test for excess errors)
FAIL: libgomp.fortran/examples-4/e.51.3.f90   -O1  (test for excess errors)
FAIL: libgomp.fortran/examples-4/e.51.3.f90   -O2  (test for excess errors)
FAIL: libgomp.fortran/examples-4/e.51.3.f90   -O3 -fomit-frame-pointer  (test for excess errors)
FAIL: libgomp.fortran/examples-4/e.51.3.f90   -O3 -fomit-frame-pointer -funroll-loops  (test for excess errors)
FAIL: libgomp.fortran/examples-4/e.51.3.f90   -O3 -fomit-frame-pointer -funroll-all-loops -finline-functions  (test for excess errors)
FAIL: libgomp.fortran/examples-4/e.51.3.f90   -O3 -g  (test for excess errors)
FAIL: libgomp.fortran/examples-4/e.51.3.f90   -Os  (test for excess errors)
FAIL: libgomp.fortran/examples-4/e.51.4.f90   -O0  (test for excess errors)
FAIL: libgomp.fortran/examples-4/e.51.4.f90   -O1  (test for excess errors)
FAIL: libgomp.fortran/examples-4/e.51.4.f90   -O2  (test for excess errors)
FAIL: libgomp.fortran/examples-4/e.51.4.f90   -O3 -fomit-frame-pointer  (test for excess errors)
FAIL: libgomp.fortran/examples-4/e.51.4.f90   -O3 -fomit-frame-pointer -funroll-loops  (test for excess errors)
FAIL: libgomp.fortran/examples-4/e.51.4.f90   -O3 -fomit-frame-pointer -funroll-all-loops -finline-functions  (test for excess errors)
FAIL: libgomp.fortran/examples-4/e.51.4.f90   -O3 -g  (test for excess errors)
FAIL: libgomp.fortran/examples-4/e.51.4.f90   -Os  (test for excess errors)
FAIL: libgomp.fortran/examples-4/e.51.5.f90   -O0  (test for excess errors)
FAIL: libgomp.fortran/examples-4/e.51.5.f90   -O1  (test for excess errors)
FAIL: libgomp.fortran/examples-4/e.51.5.f90   -O2  (test for excess errors)
FAIL: libgomp.fortran/examples-4/e.51.5.f90   -O3 -fomit-frame-pointer  (test for excess errors)
FAIL: libgomp.fortran/examples-4/e.51.5.f90   -O3 -fomit-frame-pointer -funroll-loops  (test for excess errors)
FAIL: libgomp.fortran/examples-4/e.51.5.f90   -O3 -fomit-frame-pointer -funroll-all-loops -finline-functions  (test for excess errors)
FAIL: libgomp.fortran/examples-4/e.51.5.f90   -O3 -g  (test for excess errors)
FAIL: libgomp.fortran/examples-4/e.51.5.f90   -Os  (test for excess errors)
FAIL: libgomp.fortran/examples-4/e.52.1.f90   -O0  (test for excess errors)
FAIL: libgomp.fortran/examples-4/e.52.1.f90   -O1  (test for excess errors)
FAIL: libgomp.fortran/examples-4/e.52.1.f90   -O2  (test for excess errors)
FAIL: libgomp.fortran/examples-4/e.52.1.f90   -O3 -fomit-frame-pointer  (test for excess errors)
FAIL: libgomp.fortran/examples-4/e.52.1.f90   -O3 -fomit-frame-pointer -funroll-loops  (test for excess errors)
FAIL: libgomp.fortran/examples-4/e.52.1.f90   -O3 -fomit-frame-pointer -funroll-all-loops -finline-functions  (test for excess errors)
FAIL: libgomp.fortran/examples-4/e.52.1.f90   -O3 -g  (test for excess errors)
FAIL: libgomp.fortran/examples-4/e.52.1.f90   -Os  (test for excess errors)
FAIL: libgomp.fortran/examples-4/e.52.2.f90   -O0  (test for excess errors)
FAIL: libgomp.fortran/examples-4/e.52.2.f90   -O1  (test for excess errors)
FAIL: libgomp.fortran/examples-4/e.52.2.f90   -O2  (test for excess errors)
FAIL: libgomp.fortran/examples-4/e.52.2.f90   -O3 -fomit-frame-pointer  (test for excess errors)
FAIL: libgomp.fortran/examples-4/e.52.2.f90   -O3 -fomit-frame-pointer -funroll-loops  (test for excess errors)
FAIL: libgomp.fortran/examples-4/e.52.2.f90   -O3 -fomit-frame-pointer -funroll-all-loops -finline-functions  (test for excess errors)
FAIL: libgomp.fortran/examples-4/e.52.2.f90   -O3 -g  (test for excess errors)
FAIL: libgomp.fortran/examples-4/e.52.2.f90   -Os  (test for excess errors)
FAIL: libgomp.fortran/examples-4/e.53.1.f90   -O0  (test for excess errors)
FAIL: libgomp.fortran/examples-4/e.53.1.f90   -O1  (test for excess errors)
FAIL: libgomp.fortran/examples-4/e.53.1.f90   -O2  (test for excess errors)
FAIL: libgomp.fortran/examples-4/e.53.1.f90   -O3 -fomit-frame-pointer  (test for excess errors)
FAIL: libgomp.fortran/examples-4/e.53.1.f90   -O3 -fomit-frame-pointer -funroll-loops  (test for excess errors)
FAIL: libgomp.fortran/examples-4/e.53.1.f90   -O3 -fomit-frame-pointer -funroll-all-loops -finline-functions  (test for excess errors)
FAIL: libgomp.fortran/examples-4/e.53.1.f90   -O3 -g  (test for excess errors)
FAIL: libgomp.fortran/examples-4/e.53.1.f90   -Os  (test for excess errors)
FAIL: libgomp.fortran/examples-4/e.53.2.f90   -O0  (test for excess errors)
FAIL: libgomp.fortran/examples-4/e.53.2.f90   -O1  (test for excess errors)
FAIL: libgomp.fortran/examples-4/e.53.2.f90   -O2  (test for excess errors)
FAIL: libgomp.fortran/examples-4/e.53.2.f90   -O3 -fomit-frame-pointer  (test for excess errors)
FAIL: libgomp.fortran/examples-4/e.53.2.f90   -O3 -fomit-frame-pointer -funroll-loops  (test for excess errors)
FAIL: libgomp.fortran/examples-4/e.53.2.f90   -O3 -fomit-frame-pointer -funroll-all-loops -finline-functions  (test for excess errors)
FAIL: libgomp.fortran/examples-4/e.53.2.f90   -O3 -g  (test for excess errors)
FAIL: libgomp.fortran/examples-4/e.53.2.f90   -Os  (test for excess errors)
FAIL: libgomp.fortran/examples-4/e.53.3.f90   -O0  (test for excess errors)
FAIL: libgomp.fortran/examples-4/e.53.3.f90   -O1  (test for excess errors)
FAIL: libgomp.fortran/examples-4/e.53.3.f90   -O2  (test for excess errors)
FAIL: libgomp.fortran/examples-4/e.53.3.f90   -O3 -fomit-frame-pointer  (test for excess errors)
FAIL: libgomp.fortran/examples-4/e.53.3.f90   -O3 -fomit-frame-pointer -funroll-loops  (test for excess errors)
FAIL: libgomp.fortran/examples-4/e.53.3.f90   -O3 -fomit-frame-pointer -funroll-all-loops -finline-functions  (test for excess errors)
FAIL: libgomp.fortran/examples-4/e.53.3.f90   -O3 -g  (test for excess errors)
FAIL: libgomp.fortran/examples-4/e.53.3.f90   -Os  (test for excess errors)
FAIL: libgomp.fortran/examples-4/e.53.4.f90   -O0  (test for excess errors)
FAIL: libgomp.fortran/examples-4/e.53.4.f90   -O1  (test for excess errors)
FAIL: libgomp.fortran/examples-4/e.53.4.f90   -O2  (test for excess errors)
FAIL: libgomp.fortran/examples-4/e.53.4.f90   -O3 -fomit-frame-pointer  (test for excess errors)
FAIL: libgomp.fortran/examples-4/e.53.4.f90   -O3 -fomit-frame-pointer -funroll-loops  (test for excess errors)
FAIL: libgomp.fortran/examples-4/e.53.4.f90   -O3 -fomit-frame-pointer -funroll-all-loops -finline-functions  (test for excess errors)
FAIL: libgomp.fortran/examples-4/e.53.4.f90   -O3 -g  (test for excess errors)
FAIL: libgomp.fortran/examples-4/e.53.4.f90   -Os  (test for excess errors)
FAIL: libgomp.fortran/examples-4/e.53.5.f90   -O0  (test for excess errors)
FAIL: libgomp.fortran/examples-4/e.53.5.f90   -O1  (test for excess errors)
FAIL: libgomp.fortran/examples-4/e.53.5.f90   -O2  (test for excess errors)
FAIL: libgomp.fortran/examples-4/e.53.5.f90   -O3 -fomit-frame-pointer  (test for excess errors)
FAIL: libgomp.fortran/examples-4/e.53.5.f90   -O3 -fomit-frame-pointer -funroll-loops  (test for excess errors)
FAIL: libgomp.fortran/examples-4/e.53.5.f90   -O3 -fomit-frame-pointer -funroll-all-loops -finline-functions  (test for excess errors)
FAIL: libgomp.fortran/examples-4/e.53.5.f90   -O3 -g  (test for excess errors)
FAIL: libgomp.fortran/examples-4/e.53.5.f90   -Os  (test for excess errors)
FAIL: libgomp.fortran/examples-4/e.54.2.f90   -O0  (test for excess errors)
FAIL: libgomp.fortran/examples-4/e.54.2.f90   -O1  (test for excess errors)
FAIL: libgomp.fortran/examples-4/e.54.2.f90   -O2  (test for excess errors)
FAIL: libgomp.fortran/examples-4/e.54.2.f90   -O3 -fomit-frame-pointer  (test for excess errors)
FAIL: libgomp.fortran/examples-4/e.54.2.f90   -O3 -fomit-frame-pointer -funroll-loops  (test for excess errors)
FAIL: libgomp.fortran/examples-4/e.54.2.f90   -O3 -fomit-frame-pointer -funroll-all-loops -finline-functions  (test for excess errors)
FAIL: libgomp.fortran/examples-4/e.54.2.f90   -O3 -g  (test for excess errors)
FAIL: libgomp.fortran/examples-4/e.54.2.f90   -Os  (test for excess errors)
FAIL: libgomp.fortran/examples-4/e.54.3.f90   -O0  (test for excess errors)
FAIL: libgomp.fortran/examples-4/e.54.3.f90   -O1  (test for excess errors)
FAIL: libgomp.fortran/examples-4/e.54.3.f90   -O2  (test for excess errors)
FAIL: libgomp.fortran/examples-4/e.54.3.f90   -O3 -fomit-frame-pointer  (test for excess errors)
FAIL: libgomp.fortran/examples-4/e.54.3.f90   -O3 -fomit-frame-pointer -funroll-loops  (test for excess errors)
FAIL: libgomp.fortran/examples-4/e.54.3.f90   -O3 -fomit-frame-pointer -funroll-all-loops -finline-functions  (test for excess errors)
FAIL: libgomp.fortran/examples-4/e.54.3.f90   -O3 -g  (test for excess errors)
FAIL: libgomp.fortran/examples-4/e.54.3.f90   -Os  (test for excess errors)
FAIL: libgomp.fortran/examples-4/e.54.4.f90   -O0  (test for excess errors)
FAIL: libgomp.fortran/examples-4/e.54.4.f90   -O1  (test for excess errors)
FAIL: libgomp.fortran/examples-4/e.54.4.f90   -O2  (test for excess errors)
FAIL: libgomp.fortran/examples-4/e.54.4.f90   -O3 -fomit-frame-pointer  (test for excess errors)
FAIL: libgomp.fortran/examples-4/e.54.4.f90   -O3 -fomit-frame-pointer -funroll-loops  (test for excess errors)
FAIL: libgomp.fortran/examples-4/e.54.4.f90   -O3 -fomit-frame-pointer -funroll-all-loops -finline-functions  (test for excess errors)
FAIL: libgomp.fortran/examples-4/e.54.4.f90   -O3 -g  (test for excess errors)
FAIL: libgomp.fortran/examples-4/e.54.4.f90   -Os  (test for excess errors)
FAIL: libgomp.fortran/examples-4/e.54.5.f90   -O0  (test for excess errors)
FAIL: libgomp.fortran/examples-4/e.54.5.f90   -O1  (test for excess errors)
FAIL: libgomp.fortran/examples-4/e.54.5.f90   -O2  (test for excess errors)
FAIL: libgomp.fortran/examples-4/e.54.5.f90   -O3 -fomit-frame-pointer  (test for excess errors)
FAIL: libgomp.fortran/examples-4/e.54.5.f90   -O3 -fomit-frame-pointer -funroll-loops  (test for excess errors)
FAIL: libgomp.fortran/examples-4/e.54.5.f90   -O3 -fomit-frame-pointer -funroll-all-loops -finline-functions  (test for excess errors)
FAIL: libgomp.fortran/examples-4/e.54.5.f90   -O3 -g  (test for excess errors)
FAIL: libgomp.fortran/examples-4/e.54.5.f90   -Os  (test for excess errors)
FAIL: libgomp.fortran/examples-4/e.54.6.f90   -O0  (test for excess errors)
FAIL: libgomp.fortran/examples-4/e.54.6.f90   -O1  (test for excess errors)
FAIL: libgomp.fortran/examples-4/e.54.6.f90   -O2  (test for excess errors)
FAIL: libgomp.fortran/examples-4/e.54.6.f90   -O3 -fomit-frame-pointer  (test for excess errors)
FAIL: libgomp.fortran/examples-4/e.54.6.f90   -O3 -fomit-frame-pointer -funroll-loops  (test for excess errors)
FAIL: libgomp.fortran/examples-4/e.54.6.f90   -O3 -fomit-frame-pointer -funroll-all-loops -finline-functions  (test for excess errors)
FAIL: libgomp.fortran/examples-4/e.54.6.f90   -O3 -g  (test for excess errors)
FAIL: libgomp.fortran/examples-4/e.54.6.f90   -Os  (test for excess errors)
FAIL: libgomp.fortran/examples-4/e.55.1.f90   -O0  (test for excess errors)
FAIL: libgomp.fortran/examples-4/e.55.1.f90   -O1  (test for excess errors)
FAIL: libgomp.fortran/examples-4/e.55.1.f90   -O2  (test for excess errors)
FAIL: libgomp.fortran/examples-4/e.55.1.f90   -O3 -fomit-frame-pointer  (test for excess errors)
FAIL: libgomp.fortran/examples-4/e.55.1.f90   -O3 -fomit-frame-pointer -funroll-loops  (test for excess errors)
FAIL: libgomp.fortran/examples-4/e.55.1.f90   -O3 -fomit-frame-pointer -funroll-all-loops -finline-functions  (test for excess errors)
FAIL: libgomp.fortran/examples-4/e.55.1.f90   -O3 -g  (test for excess errors)
FAIL: libgomp.fortran/examples-4/e.55.1.f90   -Os  (test for excess errors)
FAIL: libgomp.fortran/examples-4/e.56.3.f90   -O0  (test for excess errors)
FAIL: libgomp.fortran/examples-4/e.56.3.f90   -O1  (test for excess errors)
FAIL: libgomp.fortran/examples-4/e.56.3.f90   -O2  (test for excess errors)
FAIL: libgomp.fortran/examples-4/e.56.3.f90   -O3 -fomit-frame-pointer  (test for excess errors)
FAIL: libgomp.fortran/examples-4/e.56.3.f90   -O3 -fomit-frame-pointer -funroll-loops  (test for excess errors)
FAIL: libgomp.fortran/examples-4/e.56.3.f90   -O3 -fomit-frame-pointer -funroll-all-loops -finline-functions  (test for excess errors)
FAIL: libgomp.fortran/examples-4/e.56.3.f90   -O3 -g  (test for excess errors)
FAIL: libgomp.fortran/examples-4/e.56.3.f90   -Os  (test for excess errors)
FAIL: libgomp.fortran/examples-4/e.56.4.f90   -O0  (test for excess errors)
FAIL: libgomp.fortran/examples-4/e.56.4.f90   -O1  (test for excess errors)
FAIL: libgomp.fortran/examples-4/e.56.4.f90   -O2  (test for excess errors)
FAIL: libgomp.fortran/examples-4/e.56.4.f90   -O3 -fomit-frame-pointer  (test for excess errors)
FAIL: libgomp.fortran/examples-4/e.56.4.f90   -O3 -fomit-frame-pointer -funroll-loops  (test for excess errors)
FAIL: libgomp.fortran/examples-4/e.56.4.f90   -O3 -fomit-frame-pointer -funroll-all-loops -finline-functions  (test for excess errors)
FAIL: libgomp.fortran/examples-4/e.56.4.f90   -O3 -g  (test for excess errors)
FAIL: libgomp.fortran/examples-4/e.56.4.f90   -Os  (test for excess errors)
FAIL: libgomp.fortran/nestedfn5.f90   -O0  (test for excess errors)
FAIL: libgomp.fortran/nestedfn5.f90   -O1  (test for excess errors)
FAIL: libgomp.fortran/nestedfn5.f90   -O2  (test for excess errors)
FAIL: libgomp.fortran/nestedfn5.f90   -O3 -fomit-frame-pointer  (test for excess errors)
FAIL: libgomp.fortran/nestedfn5.f90   -O3 -fomit-frame-pointer -funroll-loops  (test for excess errors)
FAIL: libgomp.fortran/nestedfn5.f90   -O3 -fomit-frame-pointer -funroll-all-loops -finline-functions  (test for excess errors)
FAIL: libgomp.fortran/nestedfn5.f90   -O3 -g  (test for excess errors)
FAIL: libgomp.fortran/nestedfn5.f90   -Os  (test for excess errors)
FAIL: libgomp.fortran/target1.f90   -O0  (test for excess errors)
FAIL: libgomp.fortran/target1.f90   -O1  (test for excess errors)
FAIL: libgomp.fortran/target1.f90   -O2  (test for excess errors)
FAIL: libgomp.fortran/target1.f90   -O3 -fomit-frame-pointer  (test for excess errors)
FAIL: libgomp.fortran/target1.f90   -O3 -fomit-frame-pointer -funroll-loops  (test for excess errors)
FAIL: libgomp.fortran/target1.f90   -O3 -fomit-frame-pointer -funroll-all-loops -finline-functions  (test for excess errors)
FAIL: libgomp.fortran/target1.f90   -O3 -g  (test for excess errors)
FAIL: libgomp.fortran/target1.f90   -Os  (test for excess errors)
FAIL: libgomp.fortran/target2.f90   -O0  (test for excess errors)
FAIL: libgomp.fortran/target2.f90   -O1  (test for excess errors)
FAIL: libgomp.fortran/target2.f90   -O2  (test for excess errors)
FAIL: libgomp.fortran/target2.f90   -O3 -fomit-frame-pointer  (test for excess errors)
FAIL: libgomp.fortran/target2.f90   -O3 -fomit-frame-pointer -funroll-loops  (test for excess errors)
FAIL: libgomp.fortran/target2.f90   -O3 -fomit-frame-pointer -funroll-all-loops -finline-functions  (test for excess errors)
FAIL: libgomp.fortran/target2.f90   -O3 -g  (test for excess errors)
FAIL: libgomp.fortran/target2.f90   -Os  (test for excess errors)
FAIL: libgomp.fortran/target3.f90   -O0  (test for excess errors)
FAIL: libgomp.fortran/target3.f90   -O1  (test for excess errors)
FAIL: libgomp.fortran/target3.f90   -O2  (test for excess errors)
FAIL: libgomp.fortran/target3.f90   -O3 -fomit-frame-pointer  (test for excess errors)
FAIL: libgomp.fortran/target3.f90   -O3 -fomit-frame-pointer -funroll-loops  (test for excess errors)
FAIL: libgomp.fortran/target3.f90   -O3 -fomit-frame-pointer -funroll-all-loops -finline-functions  (test for excess errors)
FAIL: libgomp.fortran/target3.f90   -O3 -g  (test for excess errors)
FAIL: libgomp.fortran/target3.f90   -Os  (test for excess errors)
FAIL: libgomp.fortran/target4.f90   -O0  (test for excess errors)
FAIL: libgomp.fortran/target4.f90   -O1  (test for excess errors)
FAIL: libgomp.fortran/target4.f90   -O2  (test for excess errors)
FAIL: libgomp.fortran/target4.f90   -O3 -fomit-frame-pointer  (test for excess errors)
FAIL: libgomp.fortran/target4.f90   -O3 -fomit-frame-pointer -funroll-loops  (test for excess errors)
FAIL: libgomp.fortran/target4.f90   -O3 -fomit-frame-pointer -funroll-all-loops -finline-functions  (test for excess errors)
FAIL: libgomp.fortran/target4.f90   -O3 -g  (test for excess errors)
FAIL: libgomp.fortran/target4.f90   -Os  (test for excess errors)
FAIL: libgomp.fortran/target6.f90   -O0  (test for excess errors)
FAIL: libgomp.fortran/target6.f90   -O1  (test for excess errors)
FAIL: libgomp.fortran/target6.f90   -O2  (test for excess errors)
FAIL: libgomp.fortran/target6.f90   -O3 -fomit-frame-pointer  (test for excess errors)
FAIL: libgomp.fortran/target6.f90   -O3 -fomit-frame-pointer -funroll-loops  (test for excess errors)
FAIL: libgomp.fortran/target6.f90   -O3 -fomit-frame-pointer -funroll-all-loops -finline-functions  (test for excess errors)
FAIL: libgomp.fortran/target6.f90   -O3 -g  (test for excess errors)
FAIL: libgomp.fortran/target6.f90   -Os  (test for excess errors)
FAIL: libgomp.fortran/target7.f90   -O0  (test for excess errors)
FAIL: libgomp.fortran/target7.f90   -O1  (test for excess errors)
FAIL: libgomp.fortran/target7.f90   -O2  (test for excess errors)
FAIL: libgomp.fortran/target7.f90   -O3 -fomit-frame-pointer  (test for excess errors)
FAIL: libgomp.fortran/target7.f90   -O3 -fomit-frame-pointer -funroll-loops  (test for excess errors)
FAIL: libgomp.fortran/target7.f90   -O3 -fomit-frame-pointer -funroll-all-loops -finline-functions  (test for excess errors)
FAIL: libgomp.fortran/target7.f90   -O3 -g  (test for excess errors)
FAIL: libgomp.fortran/target7.f90   -Os  (test for excess errors)
FAIL: libgomp.fortran/target8.f90   -O0  (test for excess errors)
FAIL: libgomp.fortran/target8.f90   -O1  (test for excess errors)
FAIL: libgomp.fortran/target8.f90   -O2  (test for excess errors)
FAIL: libgomp.fortran/target8.f90   -O3 -fomit-frame-pointer  (test for excess errors)
FAIL: libgomp.fortran/target8.f90   -O3 -fomit-frame-pointer -funroll-loops  (test for excess errors)
FAIL: libgomp.fortran/target8.f90   -O3 -fomit-frame-pointer -funroll-all-loops -finline-functions  (test for excess errors)
FAIL: libgomp.fortran/target8.f90   -O3 -g  (test for excess errors)
FAIL: libgomp.fortran/target8.f90   -Os  (test for excess errors)

		=== libgomp Summary ===

# of expected passes		3367
# of unexpected failures	295
# of unsupported tests		83
		=== libitm tests ===


Running target unix/-mx32

		=== libitm Summary ===

# of expected passes		26
# of expected failures		3
# of unsupported tests		1
		=== libjava tests ===


Running target unix/-mx32

		=== libjava Summary ===

# of expected passes		2582
# of expected failures		4
		=== libstdc++ tests ===


Running target unix/-mx32
FAIL: libstdc++-abi/abi_check

		=== libstdc++ Summary ===

# of expected passes		10352
# of unexpected failures	1
# of expected failures		68
# of unsupported tests		229

Compiler version: 5.0.0 20141116 (experimental) [trunk revision 217626] (GCC) 
Platform: x86_64-unknown-linux-gnu
configure flags: --prefix=/usr/5.0.0 --enable-clocale=gnu --with-system-zlib --enable-shared --with-demangler-in-ld --with-multilib-list=m32,m64,mx32 --with-fpmath=sse --enable-languages=c,c++,fortran,java,lto,objc


Index Nav: [Date Index] [Subject Index] [Author Index] [Thread Index]
Message Nav: [Date Prev] [Date Next] [Thread Prev] [Thread Next]