This is the mail archive of the
gcc-testresults@gcc.gnu.org
mailing list for the GCC project.
Results for 5.0.0 20141113 (experimental) [trunk revision 217458] (GCC) testsuite on hppa2.0w-hp-hpux11.11
- From: John David Anglin <dave at hiauly3 dot hia dot nrc dot ca>
- To: dave at hiauly3 dot hia dot nrc dot ca, gcc-testresults at gcc dot gnu dot org
- Date: Sun, 16 Nov 2014 10:54:22 -0500 (EST)
- Subject: Results for 5.0.0 20141113 (experimental) [trunk revision 217458] (GCC) testsuite on hppa2.0w-hp-hpux11.11
- Authentication-results: sourceware.org; auth=none
Native configuration is hppa2.0w-hp-hpux11.11
=== g++ tests ===
Running target unix
FAIL: g++.dg/abi/anon3.C -std=c++98 scan-assembler .weak(_definition)?[ \\t]_?_ZTI4Heya
FAIL: g++.dg/abi/anon3.C -std=c++98 scan-assembler .weak(_definition)?[ \\t]_?_ZTIN4Heya1AE
FAIL: g++.dg/abi/anon3.C -std=c++11 scan-assembler .weak(_definition)?[ \\t]_?_ZTI4Heya
FAIL: g++.dg/abi/anon3.C -std=c++11 scan-assembler .weak(_definition)?[ \\t]_?_ZTIN4Heya1AE
FAIL: g++.dg/abi/anon3.C -std=c++14 scan-assembler .weak(_definition)?[ \\t]_?_ZTI4Heya
FAIL: g++.dg/abi/anon3.C -std=c++14 scan-assembler .weak(_definition)?[ \\t]_?_ZTIN4Heya1AE
FAIL: g++.dg/abi/rtti3.C -std=c++98 scan-assembler .weak[ \\t]_?_ZTSPP1A
FAIL: g++.dg/abi/rtti3.C -std=c++11 scan-assembler .weak[ \\t]_?_ZTSPP1A
FAIL: g++.dg/abi/rtti3.C -std=c++14 scan-assembler .weak[ \\t]_?_ZTSPP1A
FAIL: g++.dg/ipa/ipa-icf-2.C -std=gnu++98 scan-ipa-dump icf "Semantic equality hit:"
FAIL: g++.dg/ipa/ipa-icf-2.C -std=gnu++98 scan-ipa-dump icf "Equal symbols: 1"
FAIL: g++.dg/ipa/ipa-icf-2.C -std=gnu++11 scan-ipa-dump icf "Semantic equality hit:"
FAIL: g++.dg/ipa/ipa-icf-2.C -std=gnu++11 scan-ipa-dump icf "Equal symbols: 1"
FAIL: g++.dg/ipa/ipa-icf-2.C -std=gnu++14 scan-ipa-dump icf "Semantic equality hit:"
FAIL: g++.dg/ipa/ipa-icf-2.C -std=gnu++14 scan-ipa-dump icf "Equal symbols: 1"
FAIL: g++.dg/ipa/ipa-icf-3.C -std=gnu++98 scan-ipa-dump icf "Semantic equality hit:.*bar.*->.*foo.*"
FAIL: g++.dg/ipa/ipa-icf-3.C -std=gnu++98 scan-ipa-dump icf "Semantic equality hit:.*nula.*->.*zero.*"
FAIL: g++.dg/ipa/ipa-icf-3.C -std=gnu++98 scan-ipa-dump icf "Equal symbols: 2"
FAIL: g++.dg/ipa/ipa-icf-3.C -std=gnu++11 scan-ipa-dump icf "Semantic equality hit:.*bar.*->.*foo.*"
FAIL: g++.dg/ipa/ipa-icf-3.C -std=gnu++11 scan-ipa-dump icf "Semantic equality hit:.*nula.*->.*zero.*"
FAIL: g++.dg/ipa/ipa-icf-3.C -std=gnu++11 scan-ipa-dump icf "Equal symbols: 2"
FAIL: g++.dg/ipa/ipa-icf-3.C -std=gnu++14 scan-ipa-dump icf "Semantic equality hit:.*bar.*->.*foo.*"
FAIL: g++.dg/ipa/ipa-icf-3.C -std=gnu++14 scan-ipa-dump icf "Semantic equality hit:.*nula.*->.*zero.*"
FAIL: g++.dg/ipa/ipa-icf-3.C -std=gnu++14 scan-ipa-dump icf "Equal symbols: 2"
FAIL: g++.dg/ipa/ipa-icf-4.C -std=gnu++98 scan-ipa-dump icf "Equal symbols: 6"
FAIL: g++.dg/ipa/ipa-icf-4.C -std=gnu++11 scan-ipa-dump icf "Equal symbols: 6"
FAIL: g++.dg/ipa/ipa-icf-4.C -std=gnu++14 scan-ipa-dump icf "Equal symbols: 6"
FAIL: g++.dg/ipa/pr63580.C -std=gnu++98 scan-ipa-dump icf "Equal symbols: 1"
FAIL: g++.dg/ipa/pr63580.C -std=gnu++11 scan-ipa-dump icf "Equal symbols: 1"
FAIL: g++.dg/ipa/pr63580.C -std=gnu++14 scan-ipa-dump icf "Equal symbols: 1"
FAIL: g++.dg/ipa/pr63595.C -std=gnu++98 scan-ipa-dump icf "Equal symbols: 1"
FAIL: g++.dg/ipa/pr63595.C -std=gnu++11 scan-ipa-dump icf "Equal symbols: 1"
FAIL: g++.dg/ipa/pr63595.C -std=gnu++14 scan-ipa-dump icf "Equal symbols: 1"
WARNING: program timed out.
FAIL: c-c++-common/torture/builtin-arith-overflow-14.c -O0 execution test
FAIL: c-c++-common/torture/builtin-arith-overflow-14.c -O2 execution test
FAIL: c-c++-common/torture/builtin-arith-overflow-18.c -O0 execution test
FAIL: c-c++-common/torture/builtin-arith-overflow-18.c -O2 execution test
FAIL: c-c++-common/torture/builtin-arith-overflow-3.c -O0 execution test
FAIL: c-c++-common/torture/builtin-arith-overflow-3.c -O2 execution test
=== g++ Summary ===
# of expected passes 73621
# of unexpected failures 39
# of expected failures 248
# of unsupported tests 3787
/test/gnu/gcc/objdir/gcc/testsuite/g++/../../xg++ version 5.0.0 20141113 (experimental) [trunk revision 217458] (GCC)
=== gcc tests ===
Running target unix
FAIL: gcc.dg/atomic/c11-atomic-exec-5.c -O0 execution test
FAIL: gcc.dg/atomic/c11-atomic-exec-5.c -O1 execution test
FAIL: gcc.dg/atomic/c11-atomic-exec-5.c -O2 execution test
FAIL: gcc.dg/atomic/c11-atomic-exec-5.c -O3 -fomit-frame-pointer execution test
FAIL: gcc.dg/atomic/c11-atomic-exec-5.c -O3 -fomit-frame-pointer -funroll-loops execution test
FAIL: gcc.dg/atomic/c11-atomic-exec-5.c -O3 -fomit-frame-pointer -funroll-all-loops -finline-functions execution test
FAIL: gcc.dg/atomic/c11-atomic-exec-5.c -O3 -g execution test
FAIL: gcc.dg/atomic/c11-atomic-exec-5.c -Os execution test
WARNING: program timed out.
FAIL: gcc.dg/ipa/ipa-icf-1.c scan-ipa-dump icf "Semantic equality hit:x2->x1"
FAIL: gcc.dg/ipa/ipa-icf-1.c scan-ipa-dump icf "Equal symbols: 1"
FAIL: gcc.dg/ipa/ipa-icf-10.c scan-ipa-dump icf "Semantic equality hit:funkce->ferda"
FAIL: gcc.dg/ipa/ipa-icf-10.c scan-ipa-dump icf "Equal symbols: 1"
FAIL: gcc.dg/ipa/ipa-icf-11.c scan-ipa-dump icf "Semantic equality hit:f1->f0"
FAIL: gcc.dg/ipa/ipa-icf-11.c scan-ipa-dump icf "Equal symbols: 1"
FAIL: gcc.dg/ipa/ipa-icf-12.c scan-ipa-dump icf "Semantic equality hit:nsd->gcd"
FAIL: gcc.dg/ipa/ipa-icf-12.c scan-ipa-dump icf "Equal symbols: 1"
FAIL: gcc.dg/ipa/ipa-icf-13.c scan-ipa-dump icf "Semantic equality hit:s2->s1"
FAIL: gcc.dg/ipa/ipa-icf-13.c scan-ipa-dump icf "Semantic equality hit:nsd_different_result2->nsd_different_result"
FAIL: gcc.dg/ipa/ipa-icf-13.c scan-ipa-dump icf "Semantic equality hit:nsd->gcd"
FAIL: gcc.dg/ipa/ipa-icf-13.c scan-ipa-dump icf "Equal symbols: 3"
FAIL: gcc.dg/ipa/ipa-icf-16.c scan-ipa-dump icf "Semantic equality hit:bar->foo"
FAIL: gcc.dg/ipa/ipa-icf-16.c scan-ipa-dump icf "Equal symbols: 1"
FAIL: gcc.dg/ipa/ipa-icf-18.c scan-ipa-dump icf "Semantic equality hit:bar->foo"
FAIL: gcc.dg/ipa/ipa-icf-18.c scan-ipa-dump icf "Equal symbols: 1"
FAIL: gcc.dg/ipa/ipa-icf-2.c scan-ipa-dump icf "Semantic equality hit:f2->f1"
FAIL: gcc.dg/ipa/ipa-icf-2.c scan-ipa-dump icf "Equal symbols: 1"
FAIL: gcc.dg/ipa/ipa-icf-20.c scan-ipa-dump icf "Semantic equality hit:bar->foo"
FAIL: gcc.dg/ipa/ipa-icf-20.c scan-ipa-dump icf "Equal symbols: 1"
FAIL: gcc.dg/ipa/ipa-icf-23.c scan-ipa-dump icf "Semantic equality hit:bar->foo"
FAIL: gcc.dg/ipa/ipa-icf-23.c scan-ipa-dump icf "Equal symbols: 1"
FAIL: gcc.dg/ipa/ipa-icf-25.c scan-ipa-dump icf "Semantic equality hit:bar->foo"
FAIL: gcc.dg/ipa/ipa-icf-25.c scan-ipa-dump icf "Semantic equality hit:zap->zip"
FAIL: gcc.dg/ipa/ipa-icf-25.c scan-ipa-dump icf "Equal symbols: 2"
FAIL: gcc.dg/ipa/ipa-icf-26.c scan-ipa-dump icf "Semantic equality hit:bar->foo"
FAIL: gcc.dg/ipa/ipa-icf-26.c scan-ipa-dump icf "Semantic equality hit:remove->destroy"
FAIL: gcc.dg/ipa/ipa-icf-26.c scan-ipa-dump icf "Equal symbols: 2"
FAIL: gcc.dg/ipa/ipa-icf-27.c scan-ipa-dump icf "Semantic equality hit:remove->destroy"
FAIL: gcc.dg/ipa/ipa-icf-27.c scan-ipa-dump icf "Equal symbols: 1"
FAIL: gcc.dg/ipa/ipa-icf-28.c scan-ipa-dump icf "attribute values are different"
FAIL: gcc.dg/ipa/ipa-icf-3.c scan-ipa-dump icf "Semantic equality hit:bar->foo"
FAIL: gcc.dg/ipa/ipa-icf-3.c scan-ipa-dump icf "Equal symbols: 1"
FAIL: gcc.dg/ipa/ipa-icf-30.c scan-ipa-dump icf "Equal symbols: 1"
FAIL: gcc.dg/ipa/ipa-icf-5.c (test for excess errors)
UNRESOLVED: gcc.dg/ipa/ipa-icf-5.c scan-ipa-dump icf "Semantic equality hit:f2->f1"
UNRESOLVED: gcc.dg/ipa/ipa-icf-5.c scan-ipa-dump icf "Equal symbols: 1"
FAIL: gcc.dg/ipa/ipa-icf-7.c (test for excess errors)
UNRESOLVED: gcc.dg/ipa/ipa-icf-7.c scan-ipa-dump icf "Semantic equality hit:foo2->foo"
UNRESOLVED: gcc.dg/ipa/ipa-icf-7.c scan-ipa-dump icf "Equal symbols: 1"
FAIL: gcc.dg/ipa/ipa-icf-8.c scan-ipa-dump icf "Semantic equality hit:fce2->fce1"
FAIL: gcc.dg/ipa/ipa-icf-8.c scan-ipa-dump icf "Equal symbols: 1"
FAIL: gcc.dg/ipa/pr63595.c scan-ipa-dump icf "PHI results are different"
FAIL: c-c++-common/torture/builtin-arith-overflow-14.c -O0 execution test
FAIL: c-c++-common/torture/builtin-arith-overflow-14.c -O2 execution test
FAIL: c-c++-common/torture/builtin-arith-overflow-18.c -O0 execution test
FAIL: c-c++-common/torture/builtin-arith-overflow-18.c -O2 execution test
FAIL: c-c++-common/torture/builtin-arith-overflow-3.c -O0 execution test
FAIL: c-c++-common/torture/builtin-arith-overflow-3.c -O2 execution test
FAIL: gcc.dg/tree-prof/crossmodule-indircall-1a.c compilation, -fprofile-generate -D_PROFILE_GENERATE
UNRESOLVED: gcc.dg/tree-prof/crossmodule-indircall-1a.c execution, -fprofile-generate -D_PROFILE_GENERATE
UNRESOLVED: gcc.dg/tree-prof/crossmodule-indircall-1a.c compilation, -fprofile-use -D_PROFILE_USE
UNRESOLVED: gcc.dg/tree-prof/crossmodule-indircall-1a.c execution, -fprofile-use -D_PROFILE_USE
UNRESOLVED: gcc.dg/tree-prof/peel-1.c scan-rtl-dump loop2_unroll "Considering simply peeling loop"
FAIL: gcc.dg/tree-ssa/ivopts-lt-2.c scan-tree-dump-times ivopts "PHI <p_" 1
FAIL: gcc.dg/tree-ssa/ivopts-lt-2.c scan-tree-dump-times ivopts "p_[0-9]* <" 1
FAIL: gcc.dg/tree-ssa/pr61144.c (test for excess errors)
UNRESOLVED: gcc.dg/tree-ssa/pr61144.c scan-tree-dump-not optimized "return 0"
=== gcc Summary ===
# of expected passes 68318
# of unexpected failures 57
# of expected failures 116
# of unresolved testcases 9
# of unsupported tests 1824
/test/gnu/gcc/objdir/gcc/xgcc version 5.0.0 20141113 (experimental) [trunk revision 217458] (GCC)
=== gfortran tests ===
Running target unix
FAIL: gfortran.dg/coarray/alloc_comp_1.f90 -fcoarray=lib -O2 -lcaf_single (test for excess errors)
FAIL: gfortran.dg/coarray/alloc_comp_1.f90 -fcoarray=lib -O2 -lcaf_single execution test
FAIL: gfortran.dg/coarray/allocate_errgmsg.f90 -fcoarray=lib -O2 -lcaf_single (test for excess errors)
FAIL: gfortran.dg/coarray/allocate_errgmsg.f90 -fcoarray=lib -O2 -lcaf_single execution test
FAIL: gfortran.dg/coarray/atomic_1.f90 -fcoarray=lib -O2 -lcaf_single (test for excess errors)
FAIL: gfortran.dg/coarray/atomic_1.f90 -fcoarray=lib -O2 -lcaf_single execution test
FAIL: gfortran.dg/coarray/atomic_2.f90 -fcoarray=single -O2 (test for excess errors)
FAIL: gfortran.dg/coarray/atomic_2.f90 -fcoarray=single -O2 execution test
FAIL: gfortran.dg/coarray/atomic_2.f90 -fcoarray=lib -O2 -lcaf_single (test for excess errors)
FAIL: gfortran.dg/coarray/atomic_2.f90 -fcoarray=lib -O2 -lcaf_single execution test
FAIL: gfortran.dg/coarray/codimension.f90 -fcoarray=lib -O2 -lcaf_single (test for excess errors)
FAIL: gfortran.dg/coarray/codimension.f90 -fcoarray=lib -O2 -lcaf_single execution test
FAIL: gfortran.dg/coarray/coindexed_1.f90 -fcoarray=lib -O2 -lcaf_single (test for excess errors)
FAIL: gfortran.dg/coarray/coindexed_1.f90 -fcoarray=lib -O2 -lcaf_single execution test
FAIL: gfortran.dg/coarray/coindexed_3.f90 -fcoarray=lib -O2 -lcaf_single (test for excess errors)
FAIL: gfortran.dg/coarray/coindexed_3.f90 -fcoarray=lib -O2 -lcaf_single execution test
FAIL: gfortran.dg/coarray/collectives_1.f90 -fcoarray=lib -O2 -lcaf_single (test for excess errors)
FAIL: gfortran.dg/coarray/collectives_1.f90 -fcoarray=lib -O2 -lcaf_single execution test
FAIL: gfortran.dg/coarray/collectives_2.f90 -fcoarray=lib -O2 -lcaf_single (test for excess errors)
FAIL: gfortran.dg/coarray/collectives_2.f90 -fcoarray=lib -O2 -lcaf_single execution test
FAIL: gfortran.dg/coarray/collectives_3.f90 -fcoarray=lib -O2 -lcaf_single (test for excess errors)
FAIL: gfortran.dg/coarray/collectives_3.f90 -fcoarray=lib -O2 -lcaf_single execution test
FAIL: gfortran.dg/coarray/dummy_1.f90 -fcoarray=lib -O2 -lcaf_single (test for excess errors)
FAIL: gfortran.dg/coarray/dummy_1.f90 -fcoarray=lib -O2 -lcaf_single execution test
FAIL: gfortran.dg/coarray/get_array.f90 -fcoarray=lib -O2 -lcaf_single (test for excess errors)
FAIL: gfortran.dg/coarray/get_array.f90 -fcoarray=lib -O2 -lcaf_single execution test
FAIL: gfortran.dg/coarray/image_index_1.f90 -fcoarray=lib -O2 -lcaf_single (test for excess errors)
FAIL: gfortran.dg/coarray/image_index_1.f90 -fcoarray=lib -O2 -lcaf_single execution test
FAIL: gfortran.dg/coarray/image_index_2.f90 -fcoarray=lib -O2 -lcaf_single (test for excess errors)
FAIL: gfortran.dg/coarray/image_index_2.f90 -fcoarray=lib -O2 -lcaf_single execution test
FAIL: gfortran.dg/coarray/image_index_3.f90 -fcoarray=lib -O2 -lcaf_single (test for excess errors)
FAIL: gfortran.dg/coarray/image_index_3.f90 -fcoarray=lib -O2 -lcaf_single execution test
FAIL: gfortran.dg/coarray/lib_realloc_1.f90 -fcoarray=lib -O2 -lcaf_single (test for excess errors)
FAIL: gfortran.dg/coarray/lib_realloc_1.f90 -fcoarray=lib -O2 -lcaf_single execution test
FAIL: gfortran.dg/coarray/lock_1.f90 -fcoarray=lib -O2 -lcaf_single (test for excess errors)
FAIL: gfortran.dg/coarray/lock_1.f90 -fcoarray=lib -O2 -lcaf_single execution test
FAIL: gfortran.dg/coarray/move_alloc_1.f90 -fcoarray=lib -O2 -lcaf_single (test for excess errors)
FAIL: gfortran.dg/coarray/move_alloc_1.f90 -fcoarray=lib -O2 -lcaf_single execution test
FAIL: gfortran.dg/coarray/poly_run_1.f90 -fcoarray=lib -O2 -lcaf_single (test for excess errors)
FAIL: gfortran.dg/coarray/poly_run_1.f90 -fcoarray=lib -O2 -lcaf_single execution test
FAIL: gfortran.dg/coarray/poly_run_2.f90 -fcoarray=lib -O2 -lcaf_single (test for excess errors)
FAIL: gfortran.dg/coarray/poly_run_2.f90 -fcoarray=lib -O2 -lcaf_single execution test
FAIL: gfortran.dg/coarray/poly_run_3.f90 -fcoarray=lib -O2 -lcaf_single (test for excess errors)
FAIL: gfortran.dg/coarray/poly_run_3.f90 -fcoarray=lib -O2 -lcaf_single execution test
FAIL: gfortran.dg/coarray/registering_1.f90 -fcoarray=lib -O2 -lcaf_single (test for excess errors)
FAIL: gfortran.dg/coarray/registering_1.f90 -fcoarray=lib -O2 -lcaf_single execution test
FAIL: gfortran.dg/coarray/scalar_alloc_1.f90 -fcoarray=lib -O2 -lcaf_single (test for excess errors)
FAIL: gfortran.dg/coarray/scalar_alloc_1.f90 -fcoarray=lib -O2 -lcaf_single execution test
FAIL: gfortran.dg/coarray/scalar_alloc_2.f90 -fcoarray=lib -O2 -lcaf_single (test for excess errors)
FAIL: gfortran.dg/coarray/scalar_alloc_2.f90 -fcoarray=lib -O2 -lcaf_single execution test
FAIL: gfortran.dg/coarray/send_array.f90 -fcoarray=lib -O2 -lcaf_single (test for excess errors)
FAIL: gfortran.dg/coarray/send_array.f90 -fcoarray=lib -O2 -lcaf_single execution test
FAIL: gfortran.dg/coarray/sendget_array.f90 -fcoarray=lib -O2 -lcaf_single (test for excess errors)
FAIL: gfortran.dg/coarray/sendget_array.f90 -fcoarray=lib -O2 -lcaf_single execution test
FAIL: gfortran.dg/coarray/subobject_1.f90 -fcoarray=lib -O2 -lcaf_single (test for excess errors)
FAIL: gfortran.dg/coarray/subobject_1.f90 -fcoarray=lib -O2 -lcaf_single execution test
FAIL: gfortran.dg/coarray/sync_1.f90 -fcoarray=lib -O2 -lcaf_single (test for excess errors)
FAIL: gfortran.dg/coarray/sync_1.f90 -fcoarray=lib -O2 -lcaf_single execution test
FAIL: gfortran.dg/coarray/sync_3.f90 -fcoarray=lib -O2 -lcaf_single (test for excess errors)
FAIL: gfortran.dg/coarray/sync_3.f90 -fcoarray=lib -O2 -lcaf_single output pattern test, is remote_spawn failed, should match Fortran runtime error: Invalid image number -1 in SYNC IMAGES
FAIL: gfortran.dg/coarray/this_image_1.f90 -fcoarray=lib -O2 -lcaf_single (test for excess errors)
FAIL: gfortran.dg/coarray/this_image_1.f90 -fcoarray=lib -O2 -lcaf_single execution test
FAIL: gfortran.dg/coarray/this_image_2.f90 -fcoarray=lib -O2 -lcaf_single (test for excess errors)
FAIL: gfortran.dg/coarray/this_image_2.f90 -fcoarray=lib -O2 -lcaf_single execution test
FAIL: gfortran.dg/coarray_lib_comm_1.f90 -O0 (test for excess errors)
FAIL: gfortran.dg/coarray_lib_comm_1.f90 -O0 execution test
FAIL: gfortran.dg/coarray_lib_comm_1.f90 -O1 (test for excess errors)
FAIL: gfortran.dg/coarray_lib_comm_1.f90 -O1 execution test
FAIL: gfortran.dg/coarray_lib_comm_1.f90 -O2 (test for excess errors)
FAIL: gfortran.dg/coarray_lib_comm_1.f90 -O2 execution test
FAIL: gfortran.dg/coarray_lib_comm_1.f90 -O3 -fomit-frame-pointer (test for excess errors)
FAIL: gfortran.dg/coarray_lib_comm_1.f90 -O3 -fomit-frame-pointer execution test
FAIL: gfortran.dg/coarray_lib_comm_1.f90 -O3 -fomit-frame-pointer -funroll-loops (test for excess errors)
FAIL: gfortran.dg/coarray_lib_comm_1.f90 -O3 -fomit-frame-pointer -funroll-loops execution test
FAIL: gfortran.dg/coarray_lib_comm_1.f90 -O3 -fomit-frame-pointer -funroll-all-loops -finline-functions (test for excess errors)
FAIL: gfortran.dg/coarray_lib_comm_1.f90 -O3 -fomit-frame-pointer -funroll-all-loops -finline-functions execution test
FAIL: gfortran.dg/coarray_lib_comm_1.f90 -O3 -g (test for excess errors)
FAIL: gfortran.dg/coarray_lib_comm_1.f90 -O3 -g execution test
FAIL: gfortran.dg/coarray_lib_comm_1.f90 -Os (test for excess errors)
FAIL: gfortran.dg/coarray_lib_comm_1.f90 -Os execution test
FAIL: gfortran.dg/quad_2.f90 -O0 execution test
FAIL: gfortran.dg/quad_2.f90 -O1 execution test
FAIL: gfortran.dg/quad_2.f90 -O2 execution test
FAIL: gfortran.dg/quad_2.f90 -O3 -fomit-frame-pointer execution test
FAIL: gfortran.dg/quad_2.f90 -O3 -fomit-frame-pointer -funroll-loops execution test
FAIL: gfortran.dg/quad_2.f90 -O3 -fomit-frame-pointer -funroll-all-loops -finline-functions execution test
FAIL: gfortran.dg/quad_2.f90 -O3 -g execution test
FAIL: gfortran.dg/quad_2.f90 -Os execution test
=== gfortran Summary ===
# of expected passes 44835
# of unexpected failures 88
# of expected failures 47
# of unsupported tests 432
/test/gnu/gcc/objdir/gcc/testsuite/gfortran/../../gfortran version 5.0.0 20141113 (experimental) [trunk revision 217458] (GCC)
=== obj-c++ tests ===
Running target unix
=== obj-c++ Summary ===
# of expected passes 1405
# of expected failures 2
# of unsupported tests 69
/test/gnu/gcc/objdir/gcc/testsuite/obj-c++/../../xg++ version 5.0.0 20141113 (experimental) [trunk revision 217458] (GCC)
=== objc tests ===
Running target unix
=== objc Summary ===
# of expected passes 2928
# of unsupported tests 67
/test/gnu/gcc/objdir/gcc/xgcc version 5.0.0 20141113 (experimental) [trunk revision 217458] (GCC)
=== boehm-gc tests ===
Running target unix
=== boehm-gc Summary ===
# of expected passes 12
# of unsupported tests 1
=== libatomic tests ===
Running target unix
=== libatomic Summary ===
# of expected passes 44
# of unsupported tests 5
=== libffi tests ===
Running target unix
=== libffi Summary ===
# of expected passes 1819
# of unsupported tests 55
=== libgomp tests ===
Running target unix
=== libgomp Summary ===
# of expected passes 3180
# of unsupported tests 45
=== libjava tests ===
Running target unix
FAIL: LargeFile execution - source compiled test
FAIL: LargeFile -findirect-dispatch execution - source compiled test
FAIL: LargeFile -O3 execution - source compiled test
FAIL: LargeFile -O3 -findirect-dispatch execution - source compiled test
=== libjava Summary ===
# of expected passes 2574
# of unexpected failures 4
# of expected failures 4
# of untested testcases 4
=== libstdc++ tests ===
Running target unix
=== libstdc++ Summary ===
# of expected passes 8522
# of expected failures 68
# of unsupported tests 958
Compiler version: 5.0.0 20141113 (experimental) [trunk revision 217458] (GCC)
Platform: hppa2.0w-hp-hpux11.11
configure flags:Test Run By dave on Thu Nov 13 21:49:39 2014