This is the mail archive of the gcc-testresults@gcc.gnu.org mailing list for the GCC project.


Index Nav: [Date Index] [Subject Index] [Author Index] [Thread Index]
Message Nav: [Date Prev] [Date Next] [Thread Prev] [Thread Next]
Other format: [Raw text]

Results for 5.0.0 20141114 (experimental) [trunk revision 217559] (GCC) testsuite on x86_64-pc-solaris2.10


LAST_UPDATED: Fri Nov 14 13:30:46 UTC 2014 (revision 217559)

Native configuration is x86_64-pc-solaris2.10

		=== boehm-gc tests ===


Running target unix/-m32

		=== boehm-gc Summary for unix/-m32 ===

# of expected passes		12
# of unsupported tests		1

Running target unix

		=== boehm-gc Summary for unix ===

# of expected passes		12
# of unsupported tests		1

		=== boehm-gc Summary ===

# of expected passes		24
# of unsupported tests		2
		=== libatomic tests ===


Running target unix/-m32

		=== libatomic Summary for unix/-m32 ===

# of expected passes		44
# of unsupported tests		5

Running target unix

		=== libatomic Summary for unix ===

# of expected passes		54

		=== libatomic Summary ===

# of expected passes		98
# of unsupported tests		5
		=== libffi tests ===


Running target unix/-m32

		=== libffi Summary for unix/-m32 ===

# of expected passes		1819
# of unsupported tests		55

Running target unix

		=== libffi Summary for unix ===

# of expected passes		1819
# of unsupported tests		55

		=== libffi Summary ===

# of expected passes		3638
# of unsupported tests		110
		=== libgo tests ===


Running target unix

		=== libgo Summary for unix ===

# of expected passes		123

Running target unix/-m32
FAIL: net
FAIL: runtime
FAIL: log/syslog
FAIL: net/http

		=== libgo Summary for unix/-m32 ===

# of expected passes		119
# of unexpected failures	4

		=== libgo Summary ===

# of expected passes		242
# of unexpected failures	4
/var/gcc/regression/trunk/10-gcc-64/build/./gcc/gccgo version 5.0.0 20141114 (experimental) [trunk revision 217559] (GCC)

		=== libgomp tests ===


Running target unix/-m32

		=== libgomp Summary for unix/-m32 ===

# of expected passes		3705
# of unsupported tests		86

Running target unix

		=== libgomp Summary for unix ===

# of expected passes		3705
# of unsupported tests		86

		=== libgomp Summary ===

# of expected passes		7410
# of unsupported tests		172
		=== libitm tests ===


Running target unix/-m32

		=== libitm Summary for unix/-m32 ===

# of expected passes		26
# of expected failures		3
# of unsupported tests		1

Running target unix

		=== libitm Summary for unix ===

# of expected passes		26
# of expected failures		3
# of unsupported tests		1

		=== libitm Summary ===

# of expected passes		52
# of expected failures		6
# of unsupported tests		2
		=== libjava tests ===


Running target unix/-m32

		=== libjava Summary for unix/-m32 ===

# of expected passes		2582
# of expected failures		4

Running target unix

		=== libjava Summary for unix ===

# of expected passes		2582
# of expected failures		4

		=== libjava Summary ===

# of expected passes		5164
# of expected failures		8
		=== libstdc++ tests ===


Running target unix
FAIL: 27_io/basic_ostream/inserters_arithmetic/char/hexfloat.cc execution test

		=== libstdc++ Summary for unix ===

# of expected passes		9262
# of unexpected failures	1
# of expected failures		69
# of unsupported tests		626

Running target unix/-m32
FAIL: 27_io/basic_ostream/inserters_arithmetic/char/hexfloat.cc execution test

		=== libstdc++ Summary for unix/-m32 ===

# of expected passes		9262
# of unexpected failures	1
# of expected failures		69
# of unsupported tests		626

		=== libstdc++ Summary ===

# of expected passes		18524
# of unexpected failures	2
# of expected failures		138
# of unsupported tests		1252
		=== acats tests ===

		=== acats Summary ===
# of expected passes		2320
# of unexpected failures	0

		=== g++ tests ===


Running target unix

		=== g++ Summary for unix ===

# of expected passes		84048
# of expected failures		250
# of unsupported tests		3352

Running target unix/-m32
FAIL: g++.dg/cilk-plus/CK/catch_exc.cc  -O1 -fcilkplus execution test
FAIL: g++.dg/cilk-plus/CK/catch_exc.cc  -O3 -fcilkplus execution test
FAIL: g++.dg/cilk-plus/CK/catch_exc.cc  -g -O2 -fcilkplus execution test
FAIL: g++.dg/cilk-plus/CK/catch_exc.cc  -g -fcilkplus execution test

		=== g++ Summary for unix/-m32 ===

# of expected passes		82717
# of unexpected failures	4
# of expected failures		250
# of unsupported tests		3084

		=== g++ Summary ===

# of expected passes		166765
# of unexpected failures	4
# of expected failures		500
# of unsupported tests		6436
/var/gcc/regression/trunk/10-gcc-64/build/gcc/testsuite/g++/../../xg++  version 5.0.0 20141114 (experimental) [trunk revision 217559] (GCC) 

		=== gcc tests ===


Running target unix
UNRESOLVED: gcc.dg/graphite/isl-codegen-loop-dumping.c scan-tree-dump-times graphite "ISL AST generated by ISL: \\nfor \\\\(int c1 = 0; c1 < n - 1; c1 \\\\+= 1\\\\)\\n  for \\\\(int c3 = 0; c3 < n; c3 \\\\+= 1\\\\)\\n    S_4\\\\(c1, c3\\\\);" 1
FAIL: gcc.dg/graphite/vect-pr43423.c scan-tree-dump-times vect "vectorized 2 loops" 1
UNRESOLVED: gcc.dg/tree-prof/peel-1.c scan-rtl-dump loop2_unroll "Considering simply peeling loop"
FAIL: gcc.target/i386/pr58218.c (test for excess errors)
FAIL: gcc.target/i386/pr61599-1.c (test for excess errors)
WARNING: gcc.target/i386/pr61599-1.c compilation failed to produce executable

		=== gcc Summary for unix ===

# of expected passes		104753
# of unexpected failures	3
# of expected failures		257
# of unresolved testcases	2
# of unsupported tests		2563

Running target unix/-m32
UNRESOLVED: gcc.dg/graphite/isl-codegen-loop-dumping.c scan-tree-dump-times graphite "ISL AST generated by ISL: \\nfor \\\\(int c1 = 0; c1 < n - 1; c1 \\\\+= 1\\\\)\\n  for \\\\(int c3 = 0; c3 < n; c3 \\\\+= 1\\\\)\\n    S_4\\\\(c1, c3\\\\);" 1
FAIL: gcc.dg/graphite/vect-pr43423.c scan-tree-dump-times vect "vectorized 2 loops" 1
UNRESOLVED: gcc.dg/tree-prof/peel-1.c scan-rtl-dump loop2_unroll "Considering simply peeling loop"
FAIL: gcc.target/i386/pr49095.c scan-assembler-not test[lq]

		=== gcc Summary for unix/-m32 ===

# of expected passes		103906
# of unexpected failures	2
# of expected failures		255
# of unresolved testcases	2
# of unsupported tests		2338

		=== gcc Summary ===

# of expected passes		208659
# of unexpected failures	5
# of expected failures		512
# of unresolved testcases	4
# of unsupported tests		4901
/var/gcc/regression/trunk/10-gcc-64/build/gcc/xgcc  version 5.0.0 20141114 (experimental) [trunk revision 217559] (GCC) 

		=== gfortran tests ===


Running target unix
FAIL: gfortran.dg/graphite/pr42393.f90   -O  (test for excess errors)
WARNING: program timed out.

		=== gfortran Summary for unix ===

# of expected passes		46866
# of unexpected failures	1
# of expected failures		52
# of unsupported tests		75

Running target unix/-m32
FAIL: gfortran.dg/graphite/pr42393.f90   -O  (test for excess errors)
WARNING: program timed out.

		=== gfortran Summary for unix/-m32 ===

# of expected passes		46579
# of unexpected failures	1
# of expected failures		52
# of unsupported tests		213

		=== gfortran Summary ===

# of expected passes		93445
# of unexpected failures	2
# of expected failures		104
# of unsupported tests		288
/var/gcc/regression/trunk/10-gcc-64/build/gcc/testsuite/gfortran/../../gfortran  version 5.0.0 20141114 (experimental) [trunk revision 217559] (GCC) 

		=== gnat tests ===


Running target unix/-m32
FAIL: gnat.dg/derived_aggregate.adb (test for excess errors)
WARNING: gnat.dg/derived_aggregate.adb compilation failed to produce executable

		=== gnat Summary for unix/-m32 ===

# of expected passes		1298
# of unexpected failures	1
# of expected failures		20
# of unsupported tests		7

Running target unix

		=== gnat Summary for unix ===

# of expected passes		1300
# of expected failures		20
# of unsupported tests		7

		=== gnat Summary ===

# of expected passes		2598
# of unexpected failures	1
# of expected failures		40
# of unsupported tests		14
/var/gcc/regression/trunk/10-gcc-64/build/gcc/gnatmake version 5.0.0 20141114 (experimental) [trunk revision 217559]

		=== go tests ===


Running target unix
FAIL: go.test/test/recover.go execution,  -O2 -g 

		=== go Summary for unix ===

# of expected passes		7245
# of unexpected failures	1
# of expected failures		1
# of untested testcases		9
# of unsupported tests		1

Running target unix/-m32
FAIL: go.test/test/recover.go execution,  -O2 -g 

		=== go Summary for unix/-m32 ===

# of expected passes		7364
# of unexpected failures	1
# of expected failures		1
# of untested testcases		9
# of unsupported tests		2

		=== go Summary ===

# of expected passes		14609
# of unexpected failures	2
# of expected failures		2
# of untested testcases		18
# of unsupported tests		3
		=== obj-c++ tests ===


Running target unix/-m32

		=== obj-c++ Summary for unix/-m32 ===

# of expected passes		1447
# of expected failures		2
# of unsupported tests		86

Running target unix

		=== obj-c++ Summary for unix ===

# of expected passes		1439
# of expected failures		10
# of unsupported tests		86

		=== obj-c++ Summary ===

# of expected passes		2886
# of expected failures		12
# of unsupported tests		172
/var/gcc/regression/trunk/10-gcc-64/build/gcc/testsuite/obj-c++/../../xg++  version 5.0.0 20141114 (experimental) [trunk revision 217559] (GCC) 

		=== objc tests ===


Running target unix

		=== objc Summary for unix ===

# of expected passes		3004
# of expected failures		6
# of unsupported tests		74

Running target unix/-m32

		=== objc Summary for unix/-m32 ===

# of expected passes		3004
# of expected failures		6
# of unsupported tests		74

		=== objc Summary ===

# of expected passes		6008
# of expected failures		12
# of unsupported tests		148
/var/gcc/regression/trunk/10-gcc-64/build/gcc/xgcc  version 5.0.0 20141114 (experimental) [trunk revision 217559] (GCC) 


Compiler version: 5.0.0 20141114 (experimental) [trunk revision 217559] (GCC) 
Platform: x86_64-pc-solaris2.10
configure flags: --prefix=/vol/gcc --target=amd64-pc-solaris2.10 --enable-objc-gc --with-gmp-include=/vol/gcc/include --with-gmp-lib=/vol/gcc/lib/amd64 --with-mpfr-include=/vol/gcc/include --with-mpfr-lib=/vol/gcc/lib/amd64 --with-mpc-include=/vol/gcc/include --with-mpc-lib=/vol/gcc/lib/amd64 --enable-languages=all,ada,obj-c++,go --with-isl-include=/vol/gcc/include --with-isl-lib=/vol/gcc/lib/amd64 --with-cloog-include=/vol/gcc/include --with-cloog-lib=/vol/gcc/lib/amd64 --enable-cloog-backend=isl --build=amd64-pc-solaris2.10 --host=amd64-pc-solaris2.10
BOOT_CFLAGS=-g -O2


Index Nav: [Date Index] [Subject Index] [Author Index] [Thread Index]
Message Nav: [Date Prev] [Date Next] [Thread Prev] [Thread Next]