This is the mail archive of the gcc-testresults@gcc.gnu.org mailing list for the GCC project.


Index Nav: [Date Index] [Subject Index] [Author Index] [Thread Index]
Message Nav: [Date Prev] [Date Next] [Thread Prev] [Thread Next]
Other format: [Raw text]

Results for 5.0.0 20141112 (experimental) (GCC) testsuite on arm-none-linux-gnueabi


LAST_UPDATED: Wed Nov 12 08:10:14 UTC 2014 (/trunk revision 217404)

Target is arm-none-linux-gnueabi
Host   is i686-pc-linux-gnu

		=== g++ tests ===


Running target qemu-wheezy
FAIL: c-c++-common/asan/strlen-overflow-1.c   -O2  output pattern test, is =================================================================
FAIL: c-c++-common/asan/strlen-overflow-1.c   -O3 -fomit-frame-pointer  output pattern test, is =================================================================
FAIL: c-c++-common/asan/strlen-overflow-1.c   -O3 -g  output pattern test, is =================================================================
FAIL: c-c++-common/asan/strlen-overflow-1.c   -Os  output pattern test, is =================================================================
FAIL: c-c++-common/ubsan/object-size-1.c   -O2  output pattern test, is /scratch/gcc/nightly-2014-11-12-mainline/src/gcc-mainline/gcc/testsuite/c-c++-common/ubsan/object-size-1.c:16:15: runtime error: load of address 0x0065201c with insufficient space for an object of type 'char'
FAIL: c-c++-common/ubsan/object-size-1.c   -O2 -flto -fno-use-linker-plugin -flto-partition=none  output pattern test, is /scratch/gcc/nightly-2014-11-12-mainline/src/gcc-mainline/gcc/testsuite/c-c++-common/ubsan/object-size-1.c:16:15: runtime error: load of address 0x0124d01c with insufficient space for an object of type 'char'
FAIL: c-c++-common/ubsan/object-size-1.c   -O2 -flto -fuse-linker-plugin -fno-fat-lto-objects  output pattern test, is /scratch/gcc/nightly-2014-11-12-mainline/src/gcc-mainline/gcc/testsuite/c-c++-common/ubsan/object-size-1.c:16:15: runtime error: load of address 0x0025b01c with insufficient space for an object of type 'char'
FAIL: c-c++-common/ubsan/object-size-10.c   -O2  output pattern test, is /scratch/gcc/nightly-2014-11-12-mainline/src/gcc-mainline/gcc/testsuite/c-c++-common/ubsan/object-size-10.c:19:19: runtime error: index 128 out of bounds for type 'char [128]'
FAIL: c-c++-common/ubsan/object-size-10.c   -O2 -flto -fno-use-linker-plugin -flto-partition=none  output pattern test, is /scratch/gcc/nightly-2014-11-12-mainline/src/gcc-mainline/gcc/testsuite/c-c++-common/ubsan/object-size-10.c:19:19: runtime error: index 128 out of bounds for type 'char [128]'
FAIL: c-c++-common/ubsan/object-size-10.c   -O2 -flto -fuse-linker-plugin -fno-fat-lto-objects  output pattern test, is /scratch/gcc/nightly-2014-11-12-mainline/src/gcc-mainline/gcc/testsuite/c-c++-common/ubsan/object-size-10.c:19:19: runtime error: index 128 out of bounds for type 'char [128]'
FAIL: c-c++-common/ubsan/object-size-4.c   -O2  output pattern test, is /scratch/gcc/nightly-2014-11-12-mainline/src/gcc-mainline/gcc/testsuite/c-c++-common/ubsan/object-size-4.c:16:13: runtime error: load of address 0x007dc010 with insufficient space for an object of type 'int'
FAIL: c-c++-common/ubsan/object-size-4.c   -O2 -flto -fno-use-linker-plugin -flto-partition=none  output pattern test, is /scratch/gcc/nightly-2014-11-12-mainline/src/gcc-mainline/gcc/testsuite/c-c++-common/ubsan/object-size-4.c:16:13: runtime error: load of address 0x001db010 with insufficient space for an object of type 'int'
FAIL: c-c++-common/ubsan/object-size-4.c   -O2 -flto -fuse-linker-plugin -fno-fat-lto-objects  output pattern test, is /scratch/gcc/nightly-2014-11-12-mainline/src/gcc-mainline/gcc/testsuite/c-c++-common/ubsan/object-size-4.c:16:13: runtime error: load of address 0x01e99010 with insufficient space for an object of type 'int'
FAIL: c-c++-common/ubsan/object-size-5.c   -O2  output pattern test, is /scratch/gcc/nightly-2014-11-12-mainline/src/gcc-mainline/gcc/testsuite/c-c++-common/ubsan/object-size-5.c:18:12: runtime error: load of address 0x019bd01c with insufficient space for an object of type 'char'
FAIL: c-c++-common/ubsan/object-size-5.c   -O2 -flto -fno-use-linker-plugin -flto-partition=none  output pattern test, is /scratch/gcc/nightly-2014-11-12-mainline/src/gcc-mainline/gcc/testsuite/c-c++-common/ubsan/object-size-5.c:18:12: runtime error: load of address 0x01fa501c with insufficient space for an object of type 'char'
FAIL: c-c++-common/ubsan/object-size-5.c   -O2 -flto -fuse-linker-plugin -fno-fat-lto-objects  output pattern test, is /scratch/gcc/nightly-2014-11-12-mainline/src/gcc-mainline/gcc/testsuite/c-c++-common/ubsan/object-size-5.c:18:12: runtime error: load of address 0x00e3101c with insufficient space for an object of type 'char'
FAIL: c-c++-common/ubsan/object-size-7.c   -O2  output pattern test, is /scratch/gcc/nightly-2014-11-12-mainline/src/gcc-mainline/gcc/testsuite/c-c++-common/ubsan/object-size-7.c:15:11: runtime error: load of address 0xbeec3a08 with insufficient space for an object of type 'const struct S'
FAIL: c-c++-common/ubsan/object-size-7.c   -O2 -flto -fno-use-linker-plugin -flto-partition=none  output pattern test, is /scratch/gcc/nightly-2014-11-12-mainline/src/gcc-mainline/gcc/testsuite/c-c++-common/ubsan/object-size-7.c:15:11: runtime error: load of address 0xbeb49a08 with insufficient space for an object of type 'const struct S'
FAIL: c-c++-common/ubsan/object-size-7.c   -O2 -flto -fuse-linker-plugin -fno-fat-lto-objects  output pattern test, is /scratch/gcc/nightly-2014-11-12-mainline/src/gcc-mainline/gcc/testsuite/c-c++-common/ubsan/object-size-7.c:15:11: runtime error: load of address 0xbee75a08 with insufficient space for an object of type 'const struct S'
FAIL: c-c++-common/ubsan/object-size-8.c   -O2  output pattern test, is /scratch/gcc/nightly-2014-11-12-mainline/src/gcc-mainline/gcc/testsuite/c-c++-common/ubsan/object-size-8.c:12:13: runtime error: load of address 0x000e600c with insufficient space for an object of type 'int'
FAIL: c-c++-common/ubsan/object-size-8.c   -O2 -flto -fno-use-linker-plugin -flto-partition=none  output pattern test, is /scratch/gcc/nightly-2014-11-12-mainline/src/gcc-mainline/gcc/testsuite/c-c++-common/ubsan/object-size-8.c:12:13: runtime error: load of address 0x00bbd00c with insufficient space for an object of type 'int'
FAIL: c-c++-common/ubsan/object-size-8.c   -O2 -flto -fuse-linker-plugin -fno-fat-lto-objects  output pattern test, is /scratch/gcc/nightly-2014-11-12-mainline/src/gcc-mainline/gcc/testsuite/c-c++-common/ubsan/object-size-8.c:12:13: runtime error: load of address 0x01cef00c with insufficient space for an object of type 'int'
FAIL: c-c++-common/ubsan/object-size-9.c   -O2  output pattern test, is /scratch/gcc/nightly-2014-11-12-mainline/src/gcc-mainline/gcc/testsuite/c-c++-common/ubsan/object-size-9.c:21:11: runtime error: load of address 0xbef819f8 with insufficient space for an object of type 'char'
FAIL: c-c++-common/ubsan/object-size-9.c   -O2 -flto -fno-use-linker-plugin -flto-partition=none  output pattern test, is /scratch/gcc/nightly-2014-11-12-mainline/src/gcc-mainline/gcc/testsuite/c-c++-common/ubsan/object-size-9.c:21:11: runtime error: load of address 0xbed9e9f8 with insufficient space for an object of type 'char'
FAIL: c-c++-common/ubsan/object-size-9.c   -O2 -flto -fuse-linker-plugin -fno-fat-lto-objects  output pattern test, is /scratch/gcc/nightly-2014-11-12-mainline/src/gcc-mainline/gcc/testsuite/c-c++-common/ubsan/object-size-9.c:21:11: runtime error: load of address 0xbecb89f8 with insufficient space for an object of type 'char'
FAIL: g++.dg/ubsan/null-1.C   -O0  output pattern test, is /scratch/gcc/nightly-2014-11-12-mainline/src/gcc-mainline/gcc/testsuite/g++.dg/ubsan/null-1.C:12:13: runtime error: reference binding to null pointer of type 'int'
FAIL: g++.dg/ubsan/null-1.C   -O1  output pattern test, is /scratch/gcc/nightly-2014-11-12-mainline/src/gcc-mainline/gcc/testsuite/g++.dg/ubsan/null-1.C:12:13: runtime error: reference binding to null pointer of type 'int'
FAIL: g++.dg/ubsan/null-1.C   -O2  output pattern test, is /scratch/gcc/nightly-2014-11-12-mainline/src/gcc-mainline/gcc/testsuite/g++.dg/ubsan/null-1.C:12:13: runtime error: reference binding to null pointer of type 'int'
FAIL: g++.dg/ubsan/null-1.C   -O3 -fomit-frame-pointer  output pattern test, is /scratch/gcc/nightly-2014-11-12-mainline/src/gcc-mainline/gcc/testsuite/g++.dg/ubsan/null-1.C:12:13: runtime error: reference binding to null pointer of type 'int'
FAIL: g++.dg/ubsan/null-1.C   -O3 -g  output pattern test, is /scratch/gcc/nightly-2014-11-12-mainline/src/gcc-mainline/gcc/testsuite/g++.dg/ubsan/null-1.C:12:13: runtime error: reference binding to null pointer of type 'int'
FAIL: g++.dg/ubsan/null-1.C   -Os  output pattern test, is /scratch/gcc/nightly-2014-11-12-mainline/src/gcc-mainline/gcc/testsuite/g++.dg/ubsan/null-1.C:12:13: runtime error: reference binding to null pointer of type 'int'
FAIL: g++.dg/ubsan/null-1.C   -O2 -flto -fno-use-linker-plugin -flto-partition=none  output pattern test, is /scratch/gcc/nightly-2014-11-12-mainline/src/gcc-mainline/gcc/testsuite/g++.dg/ubsan/null-1.C:12:13: runtime error: reference binding to null pointer of type 'int'
FAIL: g++.dg/ubsan/null-1.C   -O2 -flto -fuse-linker-plugin -fno-fat-lto-objects  output pattern test, is /scratch/gcc/nightly-2014-11-12-mainline/src/gcc-mainline/gcc/testsuite/g++.dg/ubsan/null-1.C:12:13: runtime error: reference binding to null pointer of type 'int'
FAIL: g++.dg/ubsan/null-3.C   -O0  output pattern test, is /scratch/gcc/nightly-2014-11-12-mainline/src/gcc-mainline/gcc/testsuite/g++.dg/ubsan/null-3.C:9:14: runtime error: reference binding to null pointer of type 'int'
FAIL: g++.dg/ubsan/null-3.C   -O1  output pattern test, is /scratch/gcc/nightly-2014-11-12-mainline/src/gcc-mainline/gcc/testsuite/g++.dg/ubsan/null-3.C:9:14: runtime error: reference binding to null pointer of type 'int'
FAIL: g++.dg/ubsan/null-3.C   -O2  output pattern test, is /scratch/gcc/nightly-2014-11-12-mainline/src/gcc-mainline/gcc/testsuite/g++.dg/ubsan/null-3.C:9:14: runtime error: reference binding to null pointer of type 'int'
FAIL: g++.dg/ubsan/null-3.C   -O3 -fomit-frame-pointer  output pattern test, is /scratch/gcc/nightly-2014-11-12-mainline/src/gcc-mainline/gcc/testsuite/g++.dg/ubsan/null-3.C:9:14: runtime error: reference binding to null pointer of type 'int'
FAIL: g++.dg/ubsan/null-3.C   -O3 -g  output pattern test, is /scratch/gcc/nightly-2014-11-12-mainline/src/gcc-mainline/gcc/testsuite/g++.dg/ubsan/null-3.C:9:14: runtime error: reference binding to null pointer of type 'int'
FAIL: g++.dg/ubsan/null-3.C   -Os  output pattern test, is /scratch/gcc/nightly-2014-11-12-mainline/src/gcc-mainline/gcc/testsuite/g++.dg/ubsan/null-3.C:9:14: runtime error: reference binding to null pointer of type 'int'
FAIL: g++.dg/ubsan/null-3.C   -O2 -flto -fno-use-linker-plugin -flto-partition=none  output pattern test, is /scratch/gcc/nightly-2014-11-12-mainline/src/gcc-mainline/gcc/testsuite/g++.dg/ubsan/null-3.C:9:14: runtime error: reference binding to null pointer of type 'int'
FAIL: g++.dg/ubsan/null-3.C   -O2 -flto -fuse-linker-plugin -fno-fat-lto-objects  output pattern test, is /scratch/gcc/nightly-2014-11-12-mainline/src/gcc-mainline/gcc/testsuite/g++.dg/ubsan/null-3.C:9:14: runtime error: reference binding to null pointer of type 'int'
FAIL: g++.dg/ubsan/null-4.C   -O0  output pattern test, is /scratch/gcc/nightly-2014-11-12-mainline/src/gcc-mainline/gcc/testsuite/g++.dg/ubsan/null-4.C:11:14: runtime error: reference binding to null pointer of type 'int'
FAIL: g++.dg/ubsan/null-4.C   -O1  output pattern test, is /scratch/gcc/nightly-2014-11-12-mainline/src/gcc-mainline/gcc/testsuite/g++.dg/ubsan/null-4.C:11:14: runtime error: reference binding to null pointer of type 'int'
FAIL: g++.dg/ubsan/null-4.C   -O2  output pattern test, is /scratch/gcc/nightly-2014-11-12-mainline/src/gcc-mainline/gcc/testsuite/g++.dg/ubsan/null-4.C:11:14: runtime error: reference binding to null pointer of type 'int'
FAIL: g++.dg/ubsan/null-4.C   -O3 -fomit-frame-pointer  output pattern test, is /scratch/gcc/nightly-2014-11-12-mainline/src/gcc-mainline/gcc/testsuite/g++.dg/ubsan/null-4.C:11:14: runtime error: reference binding to null pointer of type 'int'
FAIL: g++.dg/ubsan/null-4.C   -O3 -g  output pattern test, is /scratch/gcc/nightly-2014-11-12-mainline/src/gcc-mainline/gcc/testsuite/g++.dg/ubsan/null-4.C:11:14: runtime error: reference binding to null pointer of type 'int'
FAIL: g++.dg/ubsan/null-4.C   -Os  output pattern test, is /scratch/gcc/nightly-2014-11-12-mainline/src/gcc-mainline/gcc/testsuite/g++.dg/ubsan/null-4.C:11:14: runtime error: reference binding to null pointer of type 'int'
FAIL: g++.dg/ubsan/null-4.C   -O2 -flto -fno-use-linker-plugin -flto-partition=none  output pattern test, is /scratch/gcc/nightly-2014-11-12-mainline/src/gcc-mainline/gcc/testsuite/g++.dg/ubsan/null-4.C:11:14: runtime error: reference binding to null pointer of type 'int'

		=== g++ Summary ===

# of expected passes		82538
# of unexpected failures	48
# of expected failures		246
# of unsupported tests		3668
/scratch/gcc/nightly-2014-11-12-mainline/arm-none-linux-gnueabi/obj/test-mainline-0-arm-none-linux-gnueabi/host-i686-pc-linux-gnu/fsf-mainline/bin/arm-none-linux-gnueabi-g++  version 5.0.0 20141112 (experimental) (GCC) 


		=== Summary adjusted for local xfails ===

# of unexpected failures        48
# of expected passes            82538
# of expected failures          246
# of unsupported tests          3668
Host   is i686-pc-linux-gnu

		=== gcc tests ===


Running target qemu-wheezy
FAIL: c-c++-common/asan/strlen-overflow-1.c   -O2  output pattern test, is =================================================================
FAIL: c-c++-common/asan/strlen-overflow-1.c   -O3 -fomit-frame-pointer  output pattern test, is =================================================================
FAIL: c-c++-common/asan/strlen-overflow-1.c   -O3 -g  output pattern test, is =================================================================
FAIL: c-c++-common/asan/strlen-overflow-1.c   -Os  output pattern test, is =================================================================
UNRESOLVED: gcc.dg/graphite/isl-codegen-loop-dumping.c scan-tree-dump-times graphite "ISL AST generated by ISL: \\nfor \\\\(int c1 = 0; c1 < n - 1; c1 \\\\+= 1\\\\)\\n  for \\\\(int c3 = 0; c3 < n; c3 \\\\+= 1\\\\)\\n    S_4\\\\(c1, c3\\\\);" 1
UNRESOLVED: gcc.dg/tree-prof/peel-1.c scan-rtl-dump loop2_unroll "Considering simply peeling loop"
FAIL: gcc.dg/tree-ssa/sra-12.c scan-tree-dump-times release_ssa "l;" 0
FAIL: c-c++-common/ubsan/object-size-1.c   -O2  output pattern test, is /scratch/gcc/nightly-2014-11-12-mainline/src/gcc-mainline/gcc/testsuite/c-c++-common/ubsan/object-size-1.c:16:7: runtime error: load of address 0x0096001c with insufficient space for an object of type 'char'
FAIL: c-c++-common/ubsan/object-size-1.c   -O2 -flto -fno-use-linker-plugin -flto-partition=none  output pattern test, is /scratch/gcc/nightly-2014-11-12-mainline/src/gcc-mainline/gcc/testsuite/c-c++-common/ubsan/object-size-1.c:16:7: runtime error: load of address 0x0069701c with insufficient space for an object of type 'char'
FAIL: c-c++-common/ubsan/object-size-1.c   -O2 -flto -fuse-linker-plugin -fno-fat-lto-objects  output pattern test, is /scratch/gcc/nightly-2014-11-12-mainline/src/gcc-mainline/gcc/testsuite/c-c++-common/ubsan/object-size-1.c:16:7: runtime error: load of address 0x0141801c with insufficient space for an object of type 'char'
FAIL: c-c++-common/ubsan/object-size-10.c   -O2  output pattern test, is /scratch/gcc/nightly-2014-11-12-mainline/src/gcc-mainline/gcc/testsuite/c-c++-common/ubsan/object-size-10.c:19:11: runtime error: index 128 out of bounds for type 'char [128]'
FAIL: c-c++-common/ubsan/object-size-10.c   -O2 -flto -fno-use-linker-plugin -flto-partition=none  output pattern test, is /scratch/gcc/nightly-2014-11-12-mainline/src/gcc-mainline/gcc/testsuite/c-c++-common/ubsan/object-size-10.c:19:11: runtime error: index 128 out of bounds for type 'char [128]'
FAIL: c-c++-common/ubsan/object-size-10.c   -O2 -flto -fuse-linker-plugin -fno-fat-lto-objects  output pattern test, is /scratch/gcc/nightly-2014-11-12-mainline/src/gcc-mainline/gcc/testsuite/c-c++-common/ubsan/object-size-10.c:19:11: runtime error: index 128 out of bounds for type 'char [128]'
FAIL: c-c++-common/ubsan/object-size-4.c   -O2  output pattern test, is /scratch/gcc/nightly-2014-11-12-mainline/src/gcc-mainline/gcc/testsuite/c-c++-common/ubsan/object-size-4.c:16:11: runtime error: load of address 0x001b0010 with insufficient space for an object of type 'int'
FAIL: c-c++-common/ubsan/object-size-4.c   -O2 -flto -fno-use-linker-plugin -flto-partition=none  output pattern test, is /scratch/gcc/nightly-2014-11-12-mainline/src/gcc-mainline/gcc/testsuite/c-c++-common/ubsan/object-size-4.c:16:11: runtime error: load of address 0x00d5b010 with insufficient space for an object of type 'int'
FAIL: c-c++-common/ubsan/object-size-4.c   -O2 -flto -fuse-linker-plugin -fno-fat-lto-objects  output pattern test, is /scratch/gcc/nightly-2014-11-12-mainline/src/gcc-mainline/gcc/testsuite/c-c++-common/ubsan/object-size-4.c:16:11: runtime error: load of address 0x00ad5010 with insufficient space for an object of type 'int'
FAIL: c-c++-common/ubsan/object-size-5.c   -O2  output pattern test, is /scratch/gcc/nightly-2014-11-12-mainline/src/gcc-mainline/gcc/testsuite/c-c++-common/ubsan/object-size-5.c:18:10: runtime error: load of address 0x0094701c with insufficient space for an object of type 'char'
FAIL: c-c++-common/ubsan/object-size-5.c   -O2 -flto -fno-use-linker-plugin -flto-partition=none  output pattern test, is /scratch/gcc/nightly-2014-11-12-mainline/src/gcc-mainline/gcc/testsuite/c-c++-common/ubsan/object-size-5.c:18:10: runtime error: load of address 0x00adb01c with insufficient space for an object of type 'char'
FAIL: c-c++-common/ubsan/object-size-5.c   -O2 -flto -fuse-linker-plugin -fno-fat-lto-objects  output pattern test, is /scratch/gcc/nightly-2014-11-12-mainline/src/gcc-mainline/gcc/testsuite/c-c++-common/ubsan/object-size-5.c:18:10: runtime error: load of address 0x00aec01c with insufficient space for an object of type 'char'
FAIL: c-c++-common/ubsan/object-size-7.c   -O2  output pattern test, is /scratch/gcc/nightly-2014-11-12-mainline/src/gcc-mainline/gcc/testsuite/c-c++-common/ubsan/object-size-7.c:15:5: runtime error: load of address 0xbef5ba08 with insufficient space for an object of type 'struct S'
FAIL: c-c++-common/ubsan/object-size-7.c   -O2 -flto -fno-use-linker-plugin -flto-partition=none  output pattern test, is /scratch/gcc/nightly-2014-11-12-mainline/src/gcc-mainline/gcc/testsuite/c-c++-common/ubsan/object-size-7.c:15:5: runtime error: load of address 0xbe923a08 with insufficient space for an object of type 'struct S'
FAIL: c-c++-common/ubsan/object-size-7.c   -O2 -flto -fuse-linker-plugin -fno-fat-lto-objects  output pattern test, is /scratch/gcc/nightly-2014-11-12-mainline/src/gcc-mainline/gcc/testsuite/c-c++-common/ubsan/object-size-7.c:15:5: runtime error: load of address 0xbec56a08 with insufficient space for an object of type 'struct S'
FAIL: c-c++-common/ubsan/object-size-8.c   -O2  output pattern test, is /scratch/gcc/nightly-2014-11-12-mainline/src/gcc-mainline/gcc/testsuite/c-c++-common/ubsan/object-size-8.c:12:10: runtime error: load of address 0x007b500c with insufficient space for an object of type 'int'
FAIL: c-c++-common/ubsan/object-size-8.c   -O2 -flto -fno-use-linker-plugin -flto-partition=none  output pattern test, is /scratch/gcc/nightly-2014-11-12-mainline/src/gcc-mainline/gcc/testsuite/c-c++-common/ubsan/object-size-8.c:12:10: runtime error: load of address 0x011e500c with insufficient space for an object of type 'int'
FAIL: c-c++-common/ubsan/object-size-8.c   -O2 -flto -fuse-linker-plugin -fno-fat-lto-objects  output pattern test, is /scratch/gcc/nightly-2014-11-12-mainline/src/gcc-mainline/gcc/testsuite/c-c++-common/ubsan/object-size-8.c:12:10: runtime error: load of address 0x0039e00c with insufficient space for an object of type 'int'
FAIL: c-c++-common/ubsan/object-size-9.c   -O2  output pattern test, is /scratch/gcc/nightly-2014-11-12-mainline/src/gcc-mainline/gcc/testsuite/c-c++-common/ubsan/object-size-9.c:21:10: runtime error: load of address 0xbe864a08 with insufficient space for an object of type 'char'
FAIL: c-c++-common/ubsan/object-size-9.c   -O2 -flto -fno-use-linker-plugin -flto-partition=none  output pattern test, is /scratch/gcc/nightly-2014-11-12-mainline/src/gcc-mainline/gcc/testsuite/c-c++-common/ubsan/object-size-9.c:21:10: runtime error: load of address 0xbe90fa08 with insufficient space for an object of type 'char'
FAIL: c-c++-common/ubsan/object-size-9.c   -O2 -flto -fuse-linker-plugin -fno-fat-lto-objects  output pattern test, is /scratch/gcc/nightly-2014-11-12-mainline/src/gcc-mainline/gcc/testsuite/c-c++-common/ubsan/object-size-9.c:21:10: runtime error: load of address 0xbeb74a08 with insufficient space for an object of type 'char'
FAIL: gcc.dg/ubsan/object-size-9.c   -O2  output pattern test, is /scratch/gcc/nightly-2014-11-12-mainline/src/gcc-mainline/gcc/testsuite/gcc.dg/ubsan/object-size-9.c:11:13: runtime error: load of address 0x00020a4a with insufficient space for an object of type 'char'
FAIL: gcc.dg/ubsan/object-size-9.c   -O2 -flto -fno-use-linker-plugin -flto-partition=none  output pattern test, is /scratch/gcc/nightly-2014-11-12-mainline/src/gcc-mainline/gcc/testsuite/gcc.dg/ubsan/object-size-9.c:11:13: runtime error: load of address 0x00020a4a with insufficient space for an object of type 'char'
FAIL: gcc.dg/ubsan/object-size-9.c   -O2 -flto -fuse-linker-plugin -fno-fat-lto-objects  output pattern test, is /scratch/gcc/nightly-2014-11-12-mainline/src/gcc-mainline/gcc/testsuite/gcc.dg/ubsan/object-size-9.c:11:13: runtime error: load of address 0x00020a0a with insufficient space for an object of type 'char'
FAIL: gcc.target/arm/pr42172-1.c scan-assembler-times ldr 1
FAIL: gcc.target/arm/pr42575.c scan-assembler-not mov
FAIL: gcc.target/arm/pr45701-1.c scan-assembler push\\t{r3
FAIL: gcc.target/arm/pr45701-2.c scan-assembler push\\t{r3
FAIL: gcc.target/arm/scd42-1.c scan-assembler movs[ \\t].*17
FAIL: gcc.target/arm/thumb-bitfld1.c (test for excess errors)
FAIL: gcc.target/arm/thumb-ltu.c (test for excess errors)
FAIL: gcc.target/arm/thumb-ltu.c scan-assembler-not uxtb

		=== gcc Summary ===

# of expected passes		89649
# of unexpected failures	37
# of expected failures		103
# of unresolved testcases	2
# of unsupported tests		4047
/scratch/gcc/nightly-2014-11-12-mainline/arm-none-linux-gnueabi/obj/test-mainline-0-arm-none-linux-gnueabi/host-i686-pc-linux-gnu/fsf-mainline/bin/arm-none-linux-gnueabi-gcc  version 5.0.0 20141112 (experimental) (GCC) 


		=== Summary adjusted for local xfails ===

# of unexpected failures        37
# of expected passes            89649
# of expected failures          103
# of unresolved testcases       2
# of unsupported tests          4047
Host   is i686-pc-linux-gnu

		=== gfortran tests ===


Running target qemu-wheezy
FAIL: gfortran.dg/select_type_4.f90   -O2  execution test
FAIL: gfortran.dg/select_type_4.f90   -O3 -fomit-frame-pointer  execution test
FAIL: gfortran.dg/select_type_4.f90   -O3 -fomit-frame-pointer -funroll-loops  execution test
FAIL: gfortran.dg/select_type_4.f90   -O3 -fomit-frame-pointer -funroll-all-loops -finline-functions  execution test
FAIL: gfortran.dg/select_type_4.f90   -O3 -g  execution test
WARNING: program timed out.
FAIL: gfortran.dg/graphite/pr42393.f90   -O  (test for excess errors)
FAIL: gfortran.dg/ieee/ieee_1.F90   -O0  execution test
FAIL: gfortran.dg/ieee/ieee_1.F90   -O1  execution test
FAIL: gfortran.dg/ieee/ieee_1.F90   -O2  execution test
FAIL: gfortran.dg/ieee/ieee_1.F90   -O3 -fomit-frame-pointer  execution test
FAIL: gfortran.dg/ieee/ieee_1.F90   -O3 -fomit-frame-pointer -funroll-loops  execution test
FAIL: gfortran.dg/ieee/ieee_1.F90   -O3 -fomit-frame-pointer -funroll-all-loops -finline-functions  execution test
FAIL: gfortran.dg/ieee/ieee_1.F90   -O3 -g  execution test
FAIL: gfortran.dg/ieee/ieee_1.F90   -Os  execution test
FAIL: gfortran.dg/ieee/ieee_2.f90   -O0  execution test
FAIL: gfortran.dg/ieee/ieee_2.f90   -O1  execution test
FAIL: gfortran.dg/ieee/ieee_2.f90   -O2  execution test
FAIL: gfortran.dg/ieee/ieee_2.f90   -O3 -fomit-frame-pointer  execution test
FAIL: gfortran.dg/ieee/ieee_2.f90   -O3 -fomit-frame-pointer -funroll-loops  execution test
FAIL: gfortran.dg/ieee/ieee_2.f90   -O3 -fomit-frame-pointer -funroll-all-loops -finline-functions  execution test
FAIL: gfortran.dg/ieee/ieee_2.f90   -O3 -g  execution test
FAIL: gfortran.dg/ieee/ieee_2.f90   -Os  execution test
FAIL: gfortran.dg/ieee/ieee_6.f90   -O0  execution test
FAIL: gfortran.dg/ieee/ieee_6.f90   -O1  execution test
FAIL: gfortran.dg/ieee/ieee_6.f90   -O2  execution test
FAIL: gfortran.dg/ieee/ieee_6.f90   -O3 -fomit-frame-pointer  execution test
FAIL: gfortran.dg/ieee/ieee_6.f90   -O3 -fomit-frame-pointer -funroll-loops  execution test
FAIL: gfortran.dg/ieee/ieee_6.f90   -O3 -fomit-frame-pointer -funroll-all-loops -finline-functions  execution test
FAIL: gfortran.dg/ieee/ieee_6.f90   -O3 -g  execution test
FAIL: gfortran.dg/ieee/ieee_6.f90   -Os  execution test
FAIL: gfortran.dg/ieee/rounding_1.f90   -O0  execution test
FAIL: gfortran.dg/ieee/rounding_1.f90   -O1  execution test
FAIL: gfortran.dg/ieee/rounding_1.f90   -O2  execution test
FAIL: gfortran.dg/ieee/rounding_1.f90   -O3 -fomit-frame-pointer  execution test
FAIL: gfortran.dg/ieee/rounding_1.f90   -O3 -fomit-frame-pointer -funroll-loops  execution test
FAIL: gfortran.dg/ieee/rounding_1.f90   -O3 -fomit-frame-pointer -funroll-all-loops -finline-functions  execution test
FAIL: gfortran.dg/ieee/rounding_1.f90   -O3 -g  execution test
FAIL: gfortran.dg/ieee/rounding_1.f90   -Os  execution test

		=== gfortran Summary ===

# of expected passes		45518
# of unexpected failures	38
# of expected failures		52
# of unsupported tests		406
/scratch/gcc/nightly-2014-11-12-mainline/arm-none-linux-gnueabi/obj/test-mainline-0-arm-none-linux-gnueabi/host-i686-pc-linux-gnu/fsf-mainline/bin/arm-none-linux-gnueabi-gfortran  version 5.0.0 20141112 (experimental) (GCC) 


		=== Summary adjusted for local xfails ===

# of unexpected failures        38
# of expected passes            45518
# of expected failures          52
# of unsupported tests          406
Host   is i686-pc-linux-gnu

		=== libatomic tests ===


Running target qemu-wheezy

		=== libatomic Summary ===

# of expected passes		44
# of unsupported tests		5

		=== Summary adjusted for local xfails ===

# of expected passes            44
# of unsupported tests          5
Host   is i686-pc-linux-gnu

		=== libgomp tests ===


Running target qemu-wheezy
WARNING: program timed out.
FAIL: libgomp.fortran/strassen.f90   -O  execution test
FAIL: libgomp.graphite/force-parallel-7.c execution test

		=== libgomp Summary ===

# of expected passes		3171
# of unexpected failures	2
# of unsupported tests		110

		=== Summary adjusted for local xfails ===

# of unexpected failures        2
# of expected passes            3171
# of unsupported tests          110
Host   is i686-pc-linux-gnu

		=== libitm tests ===


Running target qemu-wheezy

		=== libitm Summary ===

# of expected passes		26
# of expected failures		3
# of unsupported tests		1

		=== Summary adjusted for local xfails ===

# of expected passes            26
# of expected failures          3
# of unsupported tests          1
Host   is i686-pc-linux-gnu

		=== libstdc++ tests ===


Running target qemu-wheezy
FAIL: 22_locale/messages/members/char/1.cc execution test
FAIL: 22_locale/messages/members/char/2.cc execution test
FAIL: 22_locale/messages/members/char/wrapped_locale.cc execution test
FAIL: 22_locale/messages_byname/named_equivalence.cc execution test

		=== libstdc++ Summary ===

# of expected passes		9736
# of unexpected failures	4
# of expected failures		68
# of unsupported tests		368

		=== Summary adjusted for local xfails ===

# of unexpected failures        4
# of expected passes            9736
# of expected failures          68
# of unsupported tests          368
Host   is i686-pc-linux-gnu

		=== g++ tests ===


Running target qemu-wheezy-thumb/-mthumb
FAIL: c-c++-common/asan/null-deref-1.c   -O2  output pattern test, is ASAN:SIGSEGV
FAIL: c-c++-common/asan/null-deref-1.c   -O3 -fomit-frame-pointer  output pattern test, is ASAN:SIGSEGV
FAIL: c-c++-common/asan/null-deref-1.c   -O3 -g  output pattern test, is ASAN:SIGSEGV
FAIL: c-c++-common/asan/null-deref-1.c   -Os  output pattern test, is ASAN:SIGSEGV
FAIL: c-c++-common/asan/null-deref-1.c   -O2 -flto -fno-use-linker-plugin -flto-partition=none  output pattern test, is ASAN:SIGSEGV
FAIL: c-c++-common/asan/null-deref-1.c   -O2 -flto -fuse-linker-plugin -fno-fat-lto-objects  output pattern test, is ASAN:SIGSEGV
FAIL: g++.dg/ipa/pr60640-3.C  -std=gnu++98 execution test
FAIL: g++.dg/ipa/pr60640-3.C  -std=gnu++11 execution test
FAIL: g++.dg/ipa/pr60640-3.C  -std=gnu++14 execution test
FAIL: g++.dg/ipa/pr60640-4.C  -std=gnu++98 execution test
FAIL: g++.dg/ipa/pr60640-4.C  -std=gnu++11 execution test
FAIL: g++.dg/ipa/pr60640-4.C  -std=gnu++14 execution test
FAIL: g++.dg/ipa/pr61160-2.C  -std=gnu++98 execution test
FAIL: g++.dg/ipa/pr61160-2.C  -std=gnu++11 execution test
FAIL: g++.dg/ipa/pr61160-2.C  -std=gnu++14 execution test
FAIL: g++.dg/ipa/pr61160-3.C  -std=gnu++98 execution test
FAIL: g++.dg/ipa/pr61160-3.C  -std=gnu++11 execution test
FAIL: g++.dg/ipa/pr61160-3.C  -std=gnu++14 execution test
FAIL: g++.dg/torture/covariant-1.C   -O2 -flto -fno-use-linker-plugin -flto-partition=none  execution test
FAIL: g++.dg/torture/covariant-1.C   -O2 -flto -fuse-linker-plugin -fno-fat-lto-objects  execution test
FAIL: g++.dg/torture/pr45699.C   -O2 -flto -fuse-linker-plugin -fno-fat-lto-objects  execution test
FAIL: g++.dg/torture/pr46287.C   -O2 -flto -fuse-linker-plugin -fno-fat-lto-objects  execution test
FAIL: c-c++-common/ubsan/object-size-1.c   -O2  output pattern test, is /scratch/gcc/nightly-2014-11-12-mainline/src/gcc-mainline/gcc/testsuite/c-c++-common/ubsan/object-size-1.c:16:15: runtime error: load of address 0x00e6201c with insufficient space for an object of type 'char'
FAIL: c-c++-common/ubsan/object-size-1.c   -O2 -flto -fno-use-linker-plugin -flto-partition=none  output pattern test, is /scratch/gcc/nightly-2014-11-12-mainline/src/gcc-mainline/gcc/testsuite/c-c++-common/ubsan/object-size-1.c:16:15: runtime error: load of address 0x0105001c with insufficient space for an object of type 'char'
FAIL: c-c++-common/ubsan/object-size-1.c   -O2 -flto -fuse-linker-plugin -fno-fat-lto-objects  output pattern test, is /scratch/gcc/nightly-2014-11-12-mainline/src/gcc-mainline/gcc/testsuite/c-c++-common/ubsan/object-size-1.c:16:15: runtime error: load of address 0x0197401c with insufficient space for an object of type 'char'
FAIL: c-c++-common/ubsan/object-size-10.c   -O2  output pattern test, is /scratch/gcc/nightly-2014-11-12-mainline/src/gcc-mainline/gcc/testsuite/c-c++-common/ubsan/object-size-10.c:19:19: runtime error: index 128 out of bounds for type 'char [128]'
FAIL: c-c++-common/ubsan/object-size-10.c   -O2 -flto -fno-use-linker-plugin -flto-partition=none  output pattern test, is /scratch/gcc/nightly-2014-11-12-mainline/src/gcc-mainline/gcc/testsuite/c-c++-common/ubsan/object-size-10.c:19:19: runtime error: index 128 out of bounds for type 'char [128]'
FAIL: c-c++-common/ubsan/object-size-10.c   -O2 -flto -fuse-linker-plugin -fno-fat-lto-objects  output pattern test, is /scratch/gcc/nightly-2014-11-12-mainline/src/gcc-mainline/gcc/testsuite/c-c++-common/ubsan/object-size-10.c:19:19: runtime error: index 128 out of bounds for type 'char [128]'
FAIL: c-c++-common/ubsan/object-size-4.c   -O2  output pattern test, is /scratch/gcc/nightly-2014-11-12-mainline/src/gcc-mainline/gcc/testsuite/c-c++-common/ubsan/object-size-4.c:16:13: runtime error: load of address 0x01dcf010 with insufficient space for an object of type 'int'
FAIL: c-c++-common/ubsan/object-size-4.c   -O2 -flto -fno-use-linker-plugin -flto-partition=none  output pattern test, is /scratch/gcc/nightly-2014-11-12-mainline/src/gcc-mainline/gcc/testsuite/c-c++-common/ubsan/object-size-4.c:16:13: runtime error: load of address 0x00a7f010 with insufficient space for an object of type 'int'
FAIL: c-c++-common/ubsan/object-size-4.c   -O2 -flto -fuse-linker-plugin -fno-fat-lto-objects  output pattern test, is /scratch/gcc/nightly-2014-11-12-mainline/src/gcc-mainline/gcc/testsuite/c-c++-common/ubsan/object-size-4.c:16:13: runtime error: load of address 0x01105010 with insufficient space for an object of type 'int'
FAIL: c-c++-common/ubsan/object-size-5.c   -O2  output pattern test, is /scratch/gcc/nightly-2014-11-12-mainline/src/gcc-mainline/gcc/testsuite/c-c++-common/ubsan/object-size-5.c:18:12: runtime error: load of address 0x01b1a01c with insufficient space for an object of type 'char'
FAIL: c-c++-common/ubsan/object-size-5.c   -O2 -flto -fno-use-linker-plugin -flto-partition=none  output pattern test, is /scratch/gcc/nightly-2014-11-12-mainline/src/gcc-mainline/gcc/testsuite/c-c++-common/ubsan/object-size-5.c:18:12: runtime error: load of address 0x0146b01c with insufficient space for an object of type 'char'
FAIL: c-c++-common/ubsan/object-size-5.c   -O2 -flto -fuse-linker-plugin -fno-fat-lto-objects  output pattern test, is /scratch/gcc/nightly-2014-11-12-mainline/src/gcc-mainline/gcc/testsuite/c-c++-common/ubsan/object-size-5.c:18:12: runtime error: load of address 0x003e901c with insufficient space for an object of type 'char'
FAIL: c-c++-common/ubsan/object-size-7.c   -O2  output pattern test, is /scratch/gcc/nightly-2014-11-12-mainline/src/gcc-mainline/gcc/testsuite/c-c++-common/ubsan/object-size-7.c:15:11: runtime error: load of address 0xbef39a08 with insufficient space for an object of type 'const struct S'
FAIL: c-c++-common/ubsan/object-size-7.c   -O2 -flto -fno-use-linker-plugin -flto-partition=none  output pattern test, is /scratch/gcc/nightly-2014-11-12-mainline/src/gcc-mainline/gcc/testsuite/c-c++-common/ubsan/object-size-7.c:15:11: runtime error: load of address 0xbe963a08 with insufficient space for an object of type 'const struct S'
FAIL: c-c++-common/ubsan/object-size-7.c   -O2 -flto -fuse-linker-plugin -fno-fat-lto-objects  output pattern test, is /scratch/gcc/nightly-2014-11-12-mainline/src/gcc-mainline/gcc/testsuite/c-c++-common/ubsan/object-size-7.c:15:11: runtime error: load of address 0xbe80ea08 with insufficient space for an object of type 'const struct S'
FAIL: c-c++-common/ubsan/object-size-8.c   -O2  output pattern test, is /scratch/gcc/nightly-2014-11-12-mainline/src/gcc-mainline/gcc/testsuite/c-c++-common/ubsan/object-size-8.c:12:13: runtime error: load of address 0x0131d00c with insufficient space for an object of type 'int'
FAIL: c-c++-common/ubsan/object-size-8.c   -O2 -flto -fno-use-linker-plugin -flto-partition=none  output pattern test, is /scratch/gcc/nightly-2014-11-12-mainline/src/gcc-mainline/gcc/testsuite/c-c++-common/ubsan/object-size-8.c:12:13: runtime error: load of address 0x019bf00c with insufficient space for an object of type 'int'
FAIL: c-c++-common/ubsan/object-size-8.c   -O2 -flto -fuse-linker-plugin -fno-fat-lto-objects  output pattern test, is /scratch/gcc/nightly-2014-11-12-mainline/src/gcc-mainline/gcc/testsuite/c-c++-common/ubsan/object-size-8.c:12:13: runtime error: load of address 0x0097000c with insufficient space for an object of type 'int'
FAIL: c-c++-common/ubsan/object-size-9.c   -O2  output pattern test, is /scratch/gcc/nightly-2014-11-12-mainline/src/gcc-mainline/gcc/testsuite/c-c++-common/ubsan/object-size-9.c:21:11: runtime error: load of address 0xbedce9f8 with insufficient space for an object of type 'char'
FAIL: c-c++-common/ubsan/object-size-9.c   -O2 -flto -fno-use-linker-plugin -flto-partition=none  output pattern test, is /scratch/gcc/nightly-2014-11-12-mainline/src/gcc-mainline/gcc/testsuite/c-c++-common/ubsan/object-size-9.c:21:11: runtime error: load of address 0xbeea5a00 with insufficient space for an object of type 'char'
FAIL: c-c++-common/ubsan/object-size-9.c   -O2 -flto -fuse-linker-plugin -fno-fat-lto-objects  output pattern test, is /scratch/gcc/nightly-2014-11-12-mainline/src/gcc-mainline/gcc/testsuite/c-c++-common/ubsan/object-size-9.c:21:11: runtime error: load of address 0xbea009f8 with insufficient space for an object of type 'char'
FAIL: g++.dg/ubsan/null-1.C   -O0  output pattern test, is /scratch/gcc/nightly-2014-11-12-mainline/src/gcc-mainline/gcc/testsuite/g++.dg/ubsan/null-1.C:12:13: runtime error: reference binding to null pointer of type 'int'
FAIL: g++.dg/ubsan/null-1.C   -O1  output pattern test, is /scratch/gcc/nightly-2014-11-12-mainline/src/gcc-mainline/gcc/testsuite/g++.dg/ubsan/null-1.C:12:13: runtime error: reference binding to null pointer of type 'int'
FAIL: g++.dg/ubsan/null-1.C   -O2  output pattern test, is /scratch/gcc/nightly-2014-11-12-mainline/src/gcc-mainline/gcc/testsuite/g++.dg/ubsan/null-1.C:12:13: runtime error: reference binding to null pointer of type 'int'
FAIL: g++.dg/ubsan/null-1.C   -O3 -fomit-frame-pointer  output pattern test, is /scratch/gcc/nightly-2014-11-12-mainline/src/gcc-mainline/gcc/testsuite/g++.dg/ubsan/null-1.C:12:13: runtime error: reference binding to null pointer of type 'int'
FAIL: g++.dg/ubsan/null-1.C   -O3 -g  output pattern test, is /scratch/gcc/nightly-2014-11-12-mainline/src/gcc-mainline/gcc/testsuite/g++.dg/ubsan/null-1.C:12:13: runtime error: reference binding to null pointer of type 'int'
FAIL: g++.dg/ubsan/null-1.C   -Os  output pattern test, is /scratch/gcc/nightly-2014-11-12-mainline/src/gcc-mainline/gcc/testsuite/g++.dg/ubsan/null-1.C:12:13: runtime error: reference binding to null pointer of type 'int'
FAIL: g++.dg/ubsan/null-1.C   -O2 -flto -fno-use-linker-plugin -flto-partition=none  output pattern test, is /scratch/gcc/nightly-2014-11-12-mainline/src/gcc-mainline/gcc/testsuite/g++.dg/ubsan/null-1.C:12:13: runtime error: reference binding to null pointer of type 'int'
FAIL: g++.dg/ubsan/null-1.C   -O2 -flto -fuse-linker-plugin -fno-fat-lto-objects  output pattern test, is /scratch/gcc/nightly-2014-11-12-mainline/src/gcc-mainline/gcc/testsuite/g++.dg/ubsan/null-1.C:12:13: runtime error: reference binding to null pointer of type 'int'
FAIL: g++.dg/ubsan/null-3.C   -O0  output pattern test, is /scratch/gcc/nightly-2014-11-12-mainline/src/gcc-mainline/gcc/testsuite/g++.dg/ubsan/null-3.C:9:14: runtime error: reference binding to null pointer of type 'int'
FAIL: g++.dg/ubsan/null-3.C   -O1  output pattern test, is /scratch/gcc/nightly-2014-11-12-mainline/src/gcc-mainline/gcc/testsuite/g++.dg/ubsan/null-3.C:9:14: runtime error: reference binding to null pointer of type 'int'
FAIL: g++.dg/ubsan/null-3.C   -O2  output pattern test, is /scratch/gcc/nightly-2014-11-12-mainline/src/gcc-mainline/gcc/testsuite/g++.dg/ubsan/null-3.C:9:14: runtime error: reference binding to null pointer of type 'int'
FAIL: g++.dg/ubsan/null-3.C   -O3 -fomit-frame-pointer  output pattern test, is /scratch/gcc/nightly-2014-11-12-mainline/src/gcc-mainline/gcc/testsuite/g++.dg/ubsan/null-3.C:9:14: runtime error: reference binding to null pointer of type 'int'
FAIL: g++.dg/ubsan/null-3.C   -O3 -g  output pattern test, is /scratch/gcc/nightly-2014-11-12-mainline/src/gcc-mainline/gcc/testsuite/g++.dg/ubsan/null-3.C:9:14: runtime error: reference binding to null pointer of type 'int'
FAIL: g++.dg/ubsan/null-3.C   -Os  output pattern test, is /scratch/gcc/nightly-2014-11-12-mainline/src/gcc-mainline/gcc/testsuite/g++.dg/ubsan/null-3.C:9:14: runtime error: reference binding to null pointer of type 'int'
FAIL: g++.dg/ubsan/null-3.C   -O2 -flto -fno-use-linker-plugin -flto-partition=none  output pattern test, is /scratch/gcc/nightly-2014-11-12-mainline/src/gcc-mainline/gcc/testsuite/g++.dg/ubsan/null-3.C:9:14: runtime error: reference binding to null pointer of type 'int'
FAIL: g++.dg/ubsan/null-3.C   -O2 -flto -fuse-linker-plugin -fno-fat-lto-objects  output pattern test, is /scratch/gcc/nightly-2014-11-12-mainline/src/gcc-mainline/gcc/testsuite/g++.dg/ubsan/null-3.C:9:14: runtime error: reference binding to null pointer of type 'int'
FAIL: g++.dg/ubsan/null-4.C   -O0  output pattern test, is /scratch/gcc/nightly-2014-11-12-mainline/src/gcc-mainline/gcc/testsuite/g++.dg/ubsan/null-4.C:11:14: runtime error: reference binding to null pointer of type 'int'
FAIL: g++.dg/ubsan/null-4.C   -O1  output pattern test, is /scratch/gcc/nightly-2014-11-12-mainline/src/gcc-mainline/gcc/testsuite/g++.dg/ubsan/null-4.C:11:14: runtime error: reference binding to null pointer of type 'int'
FAIL: g++.dg/ubsan/null-4.C   -O2  output pattern test, is /scratch/gcc/nightly-2014-11-12-mainline/src/gcc-mainline/gcc/testsuite/g++.dg/ubsan/null-4.C:11:14: runtime error: reference binding to null pointer of type 'int'
FAIL: g++.dg/ubsan/null-4.C   -O3 -fomit-frame-pointer  output pattern test, is /scratch/gcc/nightly-2014-11-12-mainline/src/gcc-mainline/gcc/testsuite/g++.dg/ubsan/null-4.C:11:14: runtime error: reference binding to null pointer of type 'int'
FAIL: g++.dg/ubsan/null-4.C   -O3 -g  output pattern test, is /scratch/gcc/nightly-2014-11-12-mainline/src/gcc-mainline/gcc/testsuite/g++.dg/ubsan/null-4.C:11:14: runtime error: reference binding to null pointer of type 'int'
FAIL: g++.dg/ubsan/null-4.C   -Os  output pattern test, is /scratch/gcc/nightly-2014-11-12-mainline/src/gcc-mainline/gcc/testsuite/g++.dg/ubsan/null-4.C:11:14: runtime error: reference binding to null pointer of type 'int'
FAIL: g++.dg/ubsan/null-4.C   -O2 -flto -fno-use-linker-plugin -flto-partition=none  output pattern test, is /scratch/gcc/nightly-2014-11-12-mainline/src/gcc-mainline/gcc/testsuite/g++.dg/ubsan/null-4.C:11:14: runtime error: reference binding to null pointer of type 'int'

		=== g++ Summary ===

# of expected passes		82472
# of unexpected failures	66
# of expected failures		246
# of unsupported tests		3680
/scratch/gcc/nightly-2014-11-12-mainline/arm-none-linux-gnueabi/obj/test-mainline-0-arm-none-linux-gnueabi/host-i686-pc-linux-gnu/fsf-mainline/bin/arm-none-linux-gnueabi-g++  version 5.0.0 20141112 (experimental) (GCC) 


		=== Summary adjusted for local xfails ===

# of unexpected failures        66
# of expected passes            82472
# of expected failures          246
# of unsupported tests          3680
Host   is i686-pc-linux-gnu

		=== gcc tests ===


Running target qemu-wheezy-thumb/-mthumb
FAIL: c-c++-common/asan/null-deref-1.c   -O2  output pattern test, is ASAN:SIGSEGV
FAIL: c-c++-common/asan/null-deref-1.c   -O3 -fomit-frame-pointer  output pattern test, is ASAN:SIGSEGV
FAIL: c-c++-common/asan/null-deref-1.c   -O3 -g  output pattern test, is ASAN:SIGSEGV
FAIL: c-c++-common/asan/null-deref-1.c   -Os  output pattern test, is ASAN:SIGSEGV
FAIL: c-c++-common/asan/null-deref-1.c   -O2 -flto -fno-use-linker-plugin -flto-partition=none  output pattern test, is ASAN:SIGSEGV
FAIL: c-c++-common/asan/null-deref-1.c   -O2 -flto -fuse-linker-plugin -fno-fat-lto-objects  output pattern test, is ASAN:SIGSEGV
WARNING: program timed out.
FAIL: gcc.dg/atomic/c11-atomic-exec-4.c   -O0  execution test
WARNING: program timed out.
FAIL: gcc.dg/atomic/c11-atomic-exec-4.c   -Os  execution test
FAIL: gcc.dg/atomic/stdatomic-compare-exchange-4.c   -O0  execution test
FAIL: gcc.dg/atomic/stdatomic-compare-exchange-4.c   -O1  execution test
FAIL: gcc.dg/atomic/stdatomic-compare-exchange-4.c   -O2  execution test
FAIL: gcc.dg/atomic/stdatomic-compare-exchange-4.c   -O3 -fomit-frame-pointer  execution test
FAIL: gcc.dg/atomic/stdatomic-compare-exchange-4.c   -O3 -g  execution test
FAIL: gcc.dg/atomic/stdatomic-compare-exchange-4.c   -Os  execution test
FAIL: gcc.dg/atomic/stdatomic-compare-exchange-4.c   -O2 -flto -fno-use-linker-plugin -flto-partition=none  execution test
FAIL: gcc.dg/atomic/stdatomic-compare-exchange-4.c   -O2 -flto -fuse-linker-plugin -fno-fat-lto-objects  execution test
XPASS: gcc.dg/sibcall-3.c execution test
XPASS: gcc.dg/sibcall-4.c execution test
UNRESOLVED: gcc.dg/graphite/isl-codegen-loop-dumping.c scan-tree-dump-times graphite "ISL AST generated by ISL: \\nfor \\\\(int c1 = 0; c1 < n - 1; c1 \\\\+= 1\\\\)\\n  for \\\\(int c3 = 0; c3 < n; c3 \\\\+= 1\\\\)\\n    S_4\\\\(c1, c3\\\\);" 1
FAIL: gcc.dg/torture/tls/tls-reload-1.c   -O1  -pie -fpie  execution test
FAIL: gcc.dg/torture/tls/tls-reload-1.c   -O2  -pie -fpie  execution test
FAIL: gcc.dg/torture/tls/tls-reload-1.c   -O3 -fomit-frame-pointer  -pie -fpie  execution test
FAIL: gcc.dg/torture/tls/tls-reload-1.c   -O3 -g  -pie -fpie  execution test
FAIL: gcc.dg/torture/tls/tls-reload-1.c   -Os  -pie -fpie  execution test
FAIL: gcc.dg/torture/tls/tls-reload-1.c   -O1  -pie -fPIE  execution test
FAIL: gcc.dg/torture/tls/tls-reload-1.c   -O2  -pie -fPIE  execution test
FAIL: gcc.dg/torture/tls/tls-reload-1.c   -O3 -fomit-frame-pointer  -pie -fPIE  execution test
FAIL: gcc.dg/torture/tls/tls-reload-1.c   -O3 -g  -pie -fPIE  execution test
FAIL: gcc.dg/torture/tls/tls-reload-1.c   -Os  -pie -fPIE  execution test
UNRESOLVED: gcc.dg/tree-prof/peel-1.c scan-rtl-dump loop2_unroll "Considering simply peeling loop"
FAIL: gcc.dg/tree-ssa/sra-12.c scan-tree-dump-times release_ssa "l;" 0
FAIL: c-c++-common/ubsan/object-size-1.c   -O2  output pattern test, is /scratch/gcc/nightly-2014-11-12-mainline/src/gcc-mainline/gcc/testsuite/c-c++-common/ubsan/object-size-1.c:16:7: runtime error: load of address 0x0126501c with insufficient space for an object of type 'char'
FAIL: c-c++-common/ubsan/object-size-1.c   -O2 -flto -fno-use-linker-plugin -flto-partition=none  output pattern test, is /scratch/gcc/nightly-2014-11-12-mainline/src/gcc-mainline/gcc/testsuite/c-c++-common/ubsan/object-size-1.c:16:7: runtime error: load of address 0x00fa501c with insufficient space for an object of type 'char'
FAIL: c-c++-common/ubsan/object-size-1.c   -O2 -flto -fuse-linker-plugin -fno-fat-lto-objects  output pattern test, is /scratch/gcc/nightly-2014-11-12-mainline/src/gcc-mainline/gcc/testsuite/c-c++-common/ubsan/object-size-1.c:16:7: runtime error: load of address 0x0163a01c with insufficient space for an object of type 'char'
FAIL: c-c++-common/ubsan/object-size-10.c   -O2  output pattern test, is /scratch/gcc/nightly-2014-11-12-mainline/src/gcc-mainline/gcc/testsuite/c-c++-common/ubsan/object-size-10.c:19:11: runtime error: index 128 out of bounds for type 'char [128]'
FAIL: c-c++-common/ubsan/object-size-10.c   -O2 -flto -fno-use-linker-plugin -flto-partition=none  output pattern test, is /scratch/gcc/nightly-2014-11-12-mainline/src/gcc-mainline/gcc/testsuite/c-c++-common/ubsan/object-size-10.c:19:11: runtime error: index 128 out of bounds for type 'char [128]'
FAIL: c-c++-common/ubsan/object-size-10.c   -O2 -flto -fuse-linker-plugin -fno-fat-lto-objects  output pattern test, is /scratch/gcc/nightly-2014-11-12-mainline/src/gcc-mainline/gcc/testsuite/c-c++-common/ubsan/object-size-10.c:19:11: runtime error: index 128 out of bounds for type 'char [128]'
FAIL: c-c++-common/ubsan/object-size-4.c   -O2  output pattern test, is /scratch/gcc/nightly-2014-11-12-mainline/src/gcc-mainline/gcc/testsuite/c-c++-common/ubsan/object-size-4.c:16:11: runtime error: load of address 0x01e7d010 with insufficient space for an object of type 'int'
FAIL: c-c++-common/ubsan/object-size-4.c   -O2 -flto -fno-use-linker-plugin -flto-partition=none  output pattern test, is /scratch/gcc/nightly-2014-11-12-mainline/src/gcc-mainline/gcc/testsuite/c-c++-common/ubsan/object-size-4.c:16:11: runtime error: load of address 0x00e6d010 with insufficient space for an object of type 'int'
FAIL: c-c++-common/ubsan/object-size-4.c   -O2 -flto -fuse-linker-plugin -fno-fat-lto-objects  output pattern test, is /scratch/gcc/nightly-2014-11-12-mainline/src/gcc-mainline/gcc/testsuite/c-c++-common/ubsan/object-size-4.c:16:11: runtime error: load of address 0x008e6010 with insufficient space for an object of type 'int'
FAIL: c-c++-common/ubsan/object-size-5.c   -O2  output pattern test, is /scratch/gcc/nightly-2014-11-12-mainline/src/gcc-mainline/gcc/testsuite/c-c++-common/ubsan/object-size-5.c:18:10: runtime error: load of address 0x012e401c with insufficient space for an object of type 'char'
FAIL: c-c++-common/ubsan/object-size-5.c   -O2 -flto -fno-use-linker-plugin -flto-partition=none  output pattern test, is /scratch/gcc/nightly-2014-11-12-mainline/src/gcc-mainline/gcc/testsuite/c-c++-common/ubsan/object-size-5.c:18:10: runtime error: load of address 0x0088d01c with insufficient space for an object of type 'char'
FAIL: c-c++-common/ubsan/object-size-5.c   -O2 -flto -fuse-linker-plugin -fno-fat-lto-objects  output pattern test, is /scratch/gcc/nightly-2014-11-12-mainline/src/gcc-mainline/gcc/testsuite/c-c++-common/ubsan/object-size-5.c:18:10: runtime error: load of address 0x0109601c with insufficient space for an object of type 'char'
FAIL: c-c++-common/ubsan/object-size-7.c   -O2  output pattern test, is /scratch/gcc/nightly-2014-11-12-mainline/src/gcc-mainline/gcc/testsuite/c-c++-common/ubsan/object-size-7.c:15:5: runtime error: load of address 0xbeacda08 with insufficient space for an object of type 'struct S'
FAIL: c-c++-common/ubsan/object-size-7.c   -O2 -flto -fno-use-linker-plugin -flto-partition=none  output pattern test, is /scratch/gcc/nightly-2014-11-12-mainline/src/gcc-mainline/gcc/testsuite/c-c++-common/ubsan/object-size-7.c:15:5: runtime error: load of address 0xbeccfa08 with insufficient space for an object of type 'struct S'
FAIL: c-c++-common/ubsan/object-size-7.c   -O2 -flto -fuse-linker-plugin -fno-fat-lto-objects  output pattern test, is /scratch/gcc/nightly-2014-11-12-mainline/src/gcc-mainline/gcc/testsuite/c-c++-common/ubsan/object-size-7.c:15:5: runtime error: load of address 0xbee33a08 with insufficient space for an object of type 'struct S'
FAIL: c-c++-common/ubsan/object-size-8.c   -O2  output pattern test, is /scratch/gcc/nightly-2014-11-12-mainline/src/gcc-mainline/gcc/testsuite/c-c++-common/ubsan/object-size-8.c:12:10: runtime error: load of address 0x0033100c with insufficient space for an object of type 'int'
FAIL: c-c++-common/ubsan/object-size-8.c   -O2 -flto -fno-use-linker-plugin -flto-partition=none  output pattern test, is /scratch/gcc/nightly-2014-11-12-mainline/src/gcc-mainline/gcc/testsuite/c-c++-common/ubsan/object-size-8.c:12:10: runtime error: load of address 0x01bac00c with insufficient space for an object of type 'int'
FAIL: c-c++-common/ubsan/object-size-8.c   -O2 -flto -fuse-linker-plugin -fno-fat-lto-objects  output pattern test, is /scratch/gcc/nightly-2014-11-12-mainline/src/gcc-mainline/gcc/testsuite/c-c++-common/ubsan/object-size-8.c:12:10: runtime error: load of address 0x00d1d00c with insufficient space for an object of type 'int'
FAIL: c-c++-common/ubsan/object-size-9.c   -O2  output pattern test, is /scratch/gcc/nightly-2014-11-12-mainline/src/gcc-mainline/gcc/testsuite/c-c++-common/ubsan/object-size-9.c:21:10: runtime error: load of address 0xbe986a08 with insufficient space for an object of type 'char'
FAIL: c-c++-common/ubsan/object-size-9.c   -O2 -flto -fno-use-linker-plugin -flto-partition=none  output pattern test, is /scratch/gcc/nightly-2014-11-12-mainline/src/gcc-mainline/gcc/testsuite/c-c++-common/ubsan/object-size-9.c:21:10: runtime error: load of address 0xbefe8a08 with insufficient space for an object of type 'char'
FAIL: c-c++-common/ubsan/object-size-9.c   -O2 -flto -fuse-linker-plugin -fno-fat-lto-objects  output pattern test, is /scratch/gcc/nightly-2014-11-12-mainline/src/gcc-mainline/gcc/testsuite/c-c++-common/ubsan/object-size-9.c:21:10: runtime error: load of address 0xbe9d6a08 with insufficient space for an object of type 'char'
FAIL: gcc.dg/ubsan/object-size-9.c   -O2  output pattern test, is /scratch/gcc/nightly-2014-11-12-mainline/src/gcc-mainline/gcc/testsuite/gcc.dg/ubsan/object-size-9.c:11:13: runtime error: load of address 0x00020a2a with insufficient space for an object of type 'char'
FAIL: gcc.dg/ubsan/object-size-9.c   -O2 -flto -fno-use-linker-plugin -flto-partition=none  output pattern test, is /scratch/gcc/nightly-2014-11-12-mainline/src/gcc-mainline/gcc/testsuite/gcc.dg/ubsan/object-size-9.c:11:13: runtime error: load of address 0x00020a2a with insufficient space for an object of type 'char'
FAIL: gcc.dg/ubsan/object-size-9.c   -O2 -flto -fuse-linker-plugin -fno-fat-lto-objects  output pattern test, is /scratch/gcc/nightly-2014-11-12-mainline/src/gcc-mainline/gcc/testsuite/gcc.dg/ubsan/object-size-9.c:11:13: runtime error: load of address 0x00020a02 with insufficient space for an object of type 'char'
FAIL: gcc.target/arm/pr42172-1.c scan-assembler-times ldr 1
FAIL: gcc.target/arm/pr45701-1.c scan-assembler push\\t{r3
FAIL: gcc.target/arm/pr45701-2.c scan-assembler push\\t{r3
FAIL: gcc.target/arm/thumb-bitfld1.c (test for excess errors)
FAIL: gcc.target/arm/thumb-ltu.c (test for excess errors)
FAIL: gcc.target/arm/thumb-ltu.c scan-assembler-not uxtb
FAIL: gcc.target/arm/thumb1-far-jump-2.c (test for excess errors)

		=== gcc Summary ===

# of expected passes		89007
# of unexpected failures	58
# of unexpected successes	2
# of expected failures		103
# of unresolved testcases	2
# of unsupported tests		4174
/scratch/gcc/nightly-2014-11-12-mainline/arm-none-linux-gnueabi/obj/test-mainline-0-arm-none-linux-gnueabi/host-i686-pc-linux-gnu/fsf-mainline/bin/arm-none-linux-gnueabi-gcc  version 5.0.0 20141112 (experimental) (GCC) 


		=== Summary adjusted for local xfails ===

# of unexpected failures        58
# of expected passes            89007
# of unexpected successes       2
# of expected failures          103
# of unresolved testcases       2
# of unsupported tests          4174
Host   is i686-pc-linux-gnu

		=== gfortran tests ===


Running target qemu-wheezy-thumb/-mthumb
WARNING: program timed out.
FAIL: gfortran.dg/graphite/pr42393.f90   -O  (test for excess errors)
FAIL: gfortran.dg/ieee/ieee_1.F90   -O0  execution test
FAIL: gfortran.dg/ieee/ieee_1.F90   -O1  execution test
FAIL: gfortran.dg/ieee/ieee_1.F90   -O2  execution test
FAIL: gfortran.dg/ieee/ieee_1.F90   -O3 -fomit-frame-pointer  execution test
FAIL: gfortran.dg/ieee/ieee_1.F90   -O3 -fomit-frame-pointer -funroll-loops  execution test
FAIL: gfortran.dg/ieee/ieee_1.F90   -O3 -fomit-frame-pointer -funroll-all-loops -finline-functions  execution test
FAIL: gfortran.dg/ieee/ieee_1.F90   -O3 -g  execution test
FAIL: gfortran.dg/ieee/ieee_1.F90   -Os  execution test
FAIL: gfortran.dg/ieee/ieee_2.f90   -O0  execution test
FAIL: gfortran.dg/ieee/ieee_2.f90   -O1  execution test
FAIL: gfortran.dg/ieee/ieee_2.f90   -O2  execution test
FAIL: gfortran.dg/ieee/ieee_2.f90   -O3 -fomit-frame-pointer  execution test
FAIL: gfortran.dg/ieee/ieee_2.f90   -O3 -fomit-frame-pointer -funroll-loops  execution test
FAIL: gfortran.dg/ieee/ieee_2.f90   -O3 -fomit-frame-pointer -funroll-all-loops -finline-functions  execution test
FAIL: gfortran.dg/ieee/ieee_2.f90   -O3 -g  execution test
FAIL: gfortran.dg/ieee/ieee_2.f90   -Os  execution test
FAIL: gfortran.dg/ieee/ieee_6.f90   -O0  execution test
FAIL: gfortran.dg/ieee/ieee_6.f90   -O1  execution test
FAIL: gfortran.dg/ieee/ieee_6.f90   -O2  execution test
FAIL: gfortran.dg/ieee/ieee_6.f90   -O3 -fomit-frame-pointer  execution test
FAIL: gfortran.dg/ieee/ieee_6.f90   -O3 -fomit-frame-pointer -funroll-loops  execution test
FAIL: gfortran.dg/ieee/ieee_6.f90   -O3 -fomit-frame-pointer -funroll-all-loops -finline-functions  execution test
FAIL: gfortran.dg/ieee/ieee_6.f90   -O3 -g  execution test
FAIL: gfortran.dg/ieee/ieee_6.f90   -Os  execution test
FAIL: gfortran.dg/ieee/rounding_1.f90   -O0  execution test
FAIL: gfortran.dg/ieee/rounding_1.f90   -O1  execution test
FAIL: gfortran.dg/ieee/rounding_1.f90   -O2  execution test
FAIL: gfortran.dg/ieee/rounding_1.f90   -O3 -fomit-frame-pointer  execution test
FAIL: gfortran.dg/ieee/rounding_1.f90   -O3 -fomit-frame-pointer -funroll-loops  execution test
FAIL: gfortran.dg/ieee/rounding_1.f90   -O3 -fomit-frame-pointer -funroll-all-loops -finline-functions  execution test
FAIL: gfortran.dg/ieee/rounding_1.f90   -O3 -g  execution test
FAIL: gfortran.dg/ieee/rounding_1.f90   -Os  execution test

		=== gfortran Summary ===

# of expected passes		45523
# of unexpected failures	33
# of expected failures		52
# of unsupported tests		406
/scratch/gcc/nightly-2014-11-12-mainline/arm-none-linux-gnueabi/obj/test-mainline-0-arm-none-linux-gnueabi/host-i686-pc-linux-gnu/fsf-mainline/bin/arm-none-linux-gnueabi-gfortran  version 5.0.0 20141112 (experimental) (GCC) 


		=== Summary adjusted for local xfails ===

# of unexpected failures        33
# of expected passes            45523
# of expected failures          52
# of unsupported tests          406
Host   is i686-pc-linux-gnu

		=== libatomic tests ===


Running target qemu-wheezy-thumb/-mthumb

		=== libatomic Summary ===

# of expected passes		44
# of unsupported tests		5

		=== Summary adjusted for local xfails ===

# of expected passes            44
# of unsupported tests          5
Host   is i686-pc-linux-gnu

		=== libgomp tests ===


Running target qemu-wheezy-thumb/-mthumb
WARNING: program timed out.
FAIL: libgomp.fortran/strassen.f90   -O  execution test
FAIL: libgomp.graphite/force-parallel-7.c execution test

		=== libgomp Summary ===

# of expected passes		3171
# of unexpected failures	2
# of unsupported tests		110

		=== Summary adjusted for local xfails ===

# of unexpected failures        2
# of expected passes            3171
# of unsupported tests          110
Host   is i686-pc-linux-gnu

		=== libitm tests ===


Running target qemu-wheezy-thumb/-mthumb

		=== libitm Summary ===

# of expected passes		26
# of expected failures		3
# of unsupported tests		1

		=== Summary adjusted for local xfails ===

# of expected passes            26
# of expected failures          3
# of unsupported tests          1
Host   is i686-pc-linux-gnu

		=== libstdc++ tests ===


Running target qemu-wheezy-thumb/-mthumb
FAIL: 22_locale/messages/members/char/1.cc execution test
FAIL: 22_locale/messages/members/char/2.cc execution test
FAIL: 22_locale/messages/members/char/wrapped_locale.cc execution test
FAIL: 22_locale/messages_byname/named_equivalence.cc execution test

		=== libstdc++ Summary ===

# of expected passes		9736
# of unexpected failures	4
# of expected failures		68
# of unsupported tests		368

		=== Summary adjusted for local xfails ===

# of unexpected failures        4
# of expected passes            9736
# of expected failures          68
# of unsupported tests          368

Compiler version: 5.0.0 20141112 (experimental) (GCC) 
Platform: arm-none-linux-gnueabi
configure flags: --build=i686-pc-linux-gnu --host=i686-pc-linux-gnu --target=arm-none-linux-gnueabi --enable-threads --disable-libmudflap --disable-libssp --disable-libstdcxx-pch --with-gnu-as --with-gnu-ld --enable-languages=c,c++,fortran --enable-shared --enable-lto --enable-symvers=gnu --enable-__cxa_atexit --with-glibc-version=2.21 --disable-nls --prefix=/scratch/gcc/nightly-2014-11-12-mainline/arm-none-linux-gnueabi/install --with-sysroot=/scratch/gcc/nightly-2014-11-12-mainline/arm-none-linux-gnueabi/install/arm-none-linux-gnueabi/libc --with-gmp=/scratch/gcc/nightly-2014-11-12-mainline/arm-none-linux-gnueabi/obj/pkg-mainline-0-arm-none-linux-gnueabi/fsf-mainline-0-arm-none-linux-gnueabi.extras/host-libs-i686-pc-linux-gnu/usr --with-mpfr=/scratch/gcc/nightly-2014-11-12-mainline/arm-none-linux-gnueabi/obj/pkg-mainline-0-arm-none-linux-gnueabi/fsf-mainline-0-arm-none-linux-gnueabi.extras/host-libs-i686-pc-linux-gnu/usr --with-mpc=/scratch/gcc/nightly-2014-11-12-mainline/a
 rm-none-linux-gnueabi/obj/pkg-mainline-0-arm-none-linux-gnueabi/fsf-mainline-0-arm-none-linux-gnueabi.extras/host-libs-i686-pc-linux-gnu/usr --with-host-libstdcxx='-static-libgcc -Wl,-Bstatic,-lstdc++,-Bdynamic -lm' --with-isl=/scratch/gcc/nightly-2014-11-12-mainline/arm-none-linux-gnueabi/obj/pkg-mainline-0-arm-none-linux-gnueabi/fsf-mainline-0-arm-none-linux-gnueabi.extras/host-libs-i686-pc-linux-gnu/usr --with-cloog=/scratch/gcc/nightly-2014-11-12-mainline/arm-none-linux-gnueabi/obj/pkg-mainline-0-arm-none-linux-gnueabi/fsf-mainline-0-arm-none-linux-gnueabi.extras/host-libs-i686-pc-linux-gnu/usr --enable-libgomp --enable-libitm --enable-libatomic --disable-libssp --enable-poison-system-directories --with-build-time-tools=/scratch/gcc/nightly-2014-11-12-mainline/arm-none-linux-gnueabi/install/arm-none-linux-gnueabi/bin --with-build-time-tools=/scratch/gcc/nightly-2014-11-12-mainline/arm-none-linux-gnueabi/install/arm-none-linux-gnueabi/bin SED=sed


Index Nav: [Date Index] [Subject Index] [Author Index] [Thread Index]
Message Nav: [Date Prev] [Date Next] [Thread Prev] [Thread Next]