This is the mail archive of the gcc-testresults@gcc.gnu.org mailing list for the GCC project.


Index Nav: [Date Index] [Subject Index] [Author Index] [Thread Index]
Message Nav: [Date Prev] [Date Next] [Thread Prev] [Thread Next]
Other format: [Raw text]

Results for 5.0.0 20141112 (experimental) [trunk revision 217414] (GCC) testsuite on i686-pc-linux-gnu


LAST_UPDATED: Wed Nov 12 12:55:09 UTC 2014 (revision 217414)

Native configuration is i686-pc-linux-gnu

		=== gcc tests ===


Running target unix
FAIL: gcc.dg/builtin-bswap-8.c scan-rtl-dump-not combine "bswapsi"
XPASS: gcc.dg/guality/example.c   -O0  execution test
XPASS: gcc.dg/guality/example.c   -O1  execution test
XPASS: gcc.dg/guality/guality.c   -O0  execution test
XPASS: gcc.dg/guality/guality.c   -O1  execution test
XPASS: gcc.dg/guality/guality.c   -O2  execution test
XPASS: gcc.dg/guality/guality.c   -O2 -flto -fno-use-linker-plugin -flto-partition=none  execution test
XPASS: gcc.dg/guality/guality.c   -O2 -flto -fuse-linker-plugin -fno-fat-lto-objects  execution test
XPASS: gcc.dg/guality/guality.c   -O3 -fomit-frame-pointer  execution test
XPASS: gcc.dg/guality/guality.c   -O3 -g  execution test
XPASS: gcc.dg/guality/guality.c   -Os  execution test
XPASS: gcc.dg/guality/inline-params.c   -O2  execution test
XPASS: gcc.dg/guality/inline-params.c   -O2 -flto -fno-use-linker-plugin -flto-partition=none  execution test
XPASS: gcc.dg/guality/inline-params.c   -O3 -fomit-frame-pointer  execution test
XPASS: gcc.dg/guality/inline-params.c   -O3 -g  execution test
XPASS: gcc.dg/guality/inline-params.c   -Os  execution test
XPASS: gcc.dg/guality/pr41353-1.c   -O0  line 28 j == 28 + 37
XPASS: gcc.dg/guality/pr41353-1.c   -Os  line 28 j == 28 + 37
XPASS: gcc.dg/guality/pr41447-1.c   -O0  execution test
XPASS: gcc.dg/guality/pr41447-1.c   -O1  execution test
XPASS: gcc.dg/guality/pr41447-1.c   -O2 -flto -fuse-linker-plugin -fno-fat-lto-objects  execution test
XPASS: gcc.dg/guality/pr41447-1.c   -Os  execution test
XPASS: gcc.dg/guality/pr41616-1.c   -O0  execution test
XPASS: gcc.dg/guality/pr41616-1.c   -O1  execution test
XPASS: gcc.dg/guality/pr41616-1.c   -O2  execution test
XPASS: gcc.dg/guality/pr41616-1.c   -O2 -flto -fno-use-linker-plugin -flto-partition=none  execution test
XPASS: gcc.dg/guality/pr41616-1.c   -O3 -fomit-frame-pointer  execution test
XPASS: gcc.dg/guality/pr41616-1.c   -O3 -g  execution test
XPASS: gcc.dg/guality/pr41616-1.c   -Os  execution test
FAIL: gcc.dg/guality/pr43479.c   -O1  line 13 h == 9
FAIL: gcc.dg/guality/pr43479.c   -O1  line 18 h == 9
FAIL: gcc.dg/guality/pr43479.c   -O2  line 13 h == 9
FAIL: gcc.dg/guality/pr43479.c   -O2  line 18 h == 9
FAIL: gcc.dg/guality/pr43479.c   -O2 -flto -fno-use-linker-plugin -flto-partition=none  line 13 h == 9
FAIL: gcc.dg/guality/pr43479.c   -O2 -flto -fno-use-linker-plugin -flto-partition=none  line 18 h == 9
FAIL: gcc.dg/guality/pr43479.c   -O2 -flto -fuse-linker-plugin -fno-fat-lto-objects  line 13 h == 9
FAIL: gcc.dg/guality/pr43479.c   -O2 -flto -fuse-linker-plugin -fno-fat-lto-objects  line 18 h == 9
FAIL: gcc.dg/guality/pr43479.c   -O3 -fomit-frame-pointer  line 13 h == 9
FAIL: gcc.dg/guality/pr43479.c   -O3 -fomit-frame-pointer  line 18 h == 9
FAIL: gcc.dg/guality/pr43479.c   -O3 -g  line 13 h == 9
FAIL: gcc.dg/guality/pr43479.c   -O3 -g  line 18 h == 9
FAIL: gcc.dg/guality/pr43479.c   -Os  line 13 h == 9
FAIL: gcc.dg/guality/pr43479.c   -Os  line 18 h == 9
FAIL: gcc.dg/guality/pr45882.c   -O2 -flto -fuse-linker-plugin -fno-fat-lto-objects  line 16 d == 112
FAIL: gcc.dg/guality/pr45882.c   -O2 -flto -fuse-linker-plugin -fno-fat-lto-objects  line 16 e == 142
FAIL: gcc.dg/guality/pr54200.c   -O2 -flto -fuse-linker-plugin -fno-fat-lto-objects  line 20 z == 3
FAIL: gcc.dg/guality/pr54519-1.c   -O2 -flto -fno-use-linker-plugin -flto-partition=none  line 20 y == 25
FAIL: gcc.dg/guality/pr54519-1.c   -O2 -flto -fno-use-linker-plugin -flto-partition=none  line 20 z == 6
FAIL: gcc.dg/guality/pr54519-1.c   -O2 -flto -fno-use-linker-plugin -flto-partition=none  line 23 y == 117
FAIL: gcc.dg/guality/pr54519-1.c   -O2 -flto -fno-use-linker-plugin -flto-partition=none  line 23 z == 8
FAIL: gcc.dg/guality/pr54519-2.c   -O2 -flto -fno-use-linker-plugin -flto-partition=none  line 17 y == 25
FAIL: gcc.dg/guality/pr54519-2.c   -O2 -flto -fuse-linker-plugin -fno-fat-lto-objects  line 17 y == 25
FAIL: gcc.dg/guality/pr54519-3.c   -O2 -flto -fno-use-linker-plugin -flto-partition=none  line 20 y == 25
FAIL: gcc.dg/guality/pr54519-3.c   -O2 -flto -fno-use-linker-plugin -flto-partition=none  line 20 z == 6
FAIL: gcc.dg/guality/pr54519-3.c   -O2 -flto -fno-use-linker-plugin -flto-partition=none  line 23 y == 117
FAIL: gcc.dg/guality/pr54519-3.c   -O2 -flto -fno-use-linker-plugin -flto-partition=none  line 23 z == 8
FAIL: gcc.dg/guality/pr54519-3.c   -O2 -flto -fuse-linker-plugin -fno-fat-lto-objects  line 20 y == 25
FAIL: gcc.dg/guality/pr54519-3.c   -O2 -flto -fuse-linker-plugin -fno-fat-lto-objects  line 20 z == 6
FAIL: gcc.dg/guality/pr54519-3.c   -O2 -flto -fuse-linker-plugin -fno-fat-lto-objects  line 23 y == 117
FAIL: gcc.dg/guality/pr54519-3.c   -O2 -flto -fuse-linker-plugin -fno-fat-lto-objects  line 23 z == 8
FAIL: gcc.dg/guality/pr54519-4.c   -O2 -flto -fno-use-linker-plugin -flto-partition=none  line 17 y == 25
FAIL: gcc.dg/guality/pr54519-4.c   -O2 -flto -fuse-linker-plugin -fno-fat-lto-objects  line 17 y == 25
FAIL: gcc.dg/guality/pr54519-5.c   -O2 -flto -fno-use-linker-plugin -flto-partition=none  line 17 y == 25
FAIL: gcc.dg/guality/pr54519-5.c   -O2 -flto -fuse-linker-plugin -fno-fat-lto-objects  line 17 y == 25
FAIL: gcc.dg/guality/pr54970.c   -Os  line 15 a[0] == 1
FAIL: gcc.dg/guality/pr54970.c   -Os  line 20 a[0] == 1
FAIL: gcc.dg/guality/pr54970.c   -Os  line 25 a[0] == 1
FAIL: gcc.dg/guality/pr54970.c   -Os  line 31 *p == 6
FAIL: gcc.dg/guality/pr54970.c   -Os  line 31 *q == 5
FAIL: gcc.dg/guality/pr54970.c   -Os  line 36 *p == 26
FAIL: gcc.dg/guality/pr54970.c   -Os  line 36 *q == 5
FAIL: gcc.dg/guality/pr54970.c   -Os  line 45 *p == 26
FAIL: gcc.dg/guality/pr54970.c   -Os  line 45 *q == 25
FAIL: gcc.dg/guality/pr54970.c   -Os  line 45 p[-1] == 25
FAIL: gcc.dg/guality/pr54970.c   -Os  line 45 p[-2] == 4
FAIL: gcc.dg/guality/pr54970.c   -Os  line 45 q[-1] == 4
FAIL: gcc.dg/guality/pr54970.c   -Os  line 45 q[1] == 26
FAIL: gcc.dg/guality/sra-1.c   -O2  line 32 a[0] == 4
FAIL: gcc.dg/guality/sra-1.c   -O2  line 43 a.i == 4
FAIL: gcc.dg/guality/sra-1.c   -O2 -flto -fno-use-linker-plugin -flto-partition=none  line 21 a.i == 4
FAIL: gcc.dg/guality/sra-1.c   -O2 -flto -fno-use-linker-plugin -flto-partition=none  line 43 a.i == 4
FAIL: gcc.dg/guality/sra-1.c   -O2 -flto -fuse-linker-plugin -fno-fat-lto-objects  line 21 a.i == 4
FAIL: gcc.dg/guality/sra-1.c   -O3 -fomit-frame-pointer  line 32 a[0] == 4
FAIL: gcc.dg/guality/sra-1.c   -O3 -fomit-frame-pointer  line 43 a.i == 4
FAIL: gcc.dg/guality/sra-1.c   -O3 -g  line 32 a[0] == 4
FAIL: gcc.dg/guality/sra-1.c   -O3 -g  line 43 a.i == 4
FAIL: gcc.dg/guality/sra-1.c   -Os  line 32 a[0] == 4
FAIL: gcc.dg/guality/sra-1.c   -Os  line 43 a.i == 4
FAIL: gcc.dg/guality/vla-2.c   -O2  line 25 sizeof (a) == 6 * sizeof (int)
FAIL: gcc.dg/guality/vla-2.c   -O2 -flto -fno-use-linker-plugin -flto-partition=none  line 25 sizeof (a) == 6 * sizeof (int)
FAIL: gcc.dg/guality/vla-2.c   -O2 -flto -fuse-linker-plugin -fno-fat-lto-objects  line 25 sizeof (a) == 6 * sizeof (int)
FAIL: gcc.dg/guality/vla-2.c   -O3 -fomit-frame-pointer  line 25 sizeof (a) == 6 * sizeof (int)
FAIL: gcc.dg/guality/vla-2.c   -O3 -g  line 25 sizeof (a) == 6 * sizeof (int)
FAIL: gcc.dg/guality/vla-2.c   -Os  line 25 sizeof (a) == 6 * sizeof (int)
FAIL: gcc.dg/lto/pr55113 c_lto_pr55113_0.o assemble,  -flto -fshort-double -O0  (internal compiler error)
UNRESOLVED: gcc.dg/lto/pr55113 c_lto_pr55113_0.o-c_lto_pr55113_0.o execute  -flto -fshort-double -O0 
UNRESOLVED: gcc.dg/lto/pr55113 c_lto_pr55113_0.o-c_lto_pr55113_0.o link  -flto -fshort-double -O0 
UNRESOLVED: gcc.dg/tree-prof/peel-1.c scan-rtl-dump loop2_unroll "Considering simply peeling loop"
FAIL: c-c++-common/ubsan/object-size-1.c   -O2  output pattern test, is c-c++-common/ubsan/object-size-1.c:16:7: runtime error: load of address 0x0a00001c with insufficient space for an object of type 'char'
FAIL: c-c++-common/ubsan/object-size-1.c   -O2 -flto -fno-use-linker-plugin -flto-partition=none  output pattern test, is c-c++-common/ubsan/object-size-1.c:16:7: runtime error: load of address 0x08a5d01c with insufficient space for an object of type 'char'
FAIL: c-c++-common/ubsan/object-size-1.c   -O2 -flto -fuse-linker-plugin -fno-fat-lto-objects  output pattern test, is c-c++-common/ubsan/object-size-1.c:16:7: runtime error: load of address 0x0833101c with insufficient space for an object of type 'char'
FAIL: c-c++-common/ubsan/object-size-10.c   -O2  output pattern test, is c-c++-common/ubsan/object-size-10.c:19:11: runtime error: index 128 out of bounds for type 'char [128]'
FAIL: c-c++-common/ubsan/object-size-10.c   -O2 -flto -fno-use-linker-plugin -flto-partition=none  output pattern test, is c-c++-common/ubsan/object-size-10.c:19:11: runtime error: index 128 out of bounds for type 'char [128]'
FAIL: c-c++-common/ubsan/object-size-10.c   -O2 -flto -fuse-linker-plugin -fno-fat-lto-objects  output pattern test, is c-c++-common/ubsan/object-size-10.c:19:11: runtime error: index 128 out of bounds for type 'char [128]'
FAIL: c-c++-common/ubsan/object-size-4.c   -O2  output pattern test, is c-c++-common/ubsan/object-size-4.c:16:11: runtime error: load of address 0x09b00010 with insufficient space for an object of type 'int'
FAIL: c-c++-common/ubsan/object-size-4.c   -O2 -flto -fno-use-linker-plugin -flto-partition=none  output pattern test, is c-c++-common/ubsan/object-size-4.c:16:11: runtime error: load of address 0x096a1010 with insufficient space for an object of type 'int'
FAIL: c-c++-common/ubsan/object-size-4.c   -O2 -flto -fuse-linker-plugin -fno-fat-lto-objects  output pattern test, is c-c++-common/ubsan/object-size-4.c:16:11: runtime error: load of address 0x08e69010 with insufficient space for an object of type 'int'
FAIL: c-c++-common/ubsan/object-size-5.c   -O2  output pattern test, is c-c++-common/ubsan/object-size-5.c:18:10: runtime error: load of address 0x09e5401c with insufficient space for an object of type 'char'
FAIL: c-c++-common/ubsan/object-size-5.c   -O2 -flto -fno-use-linker-plugin -flto-partition=none  output pattern test, is c-c++-common/ubsan/object-size-5.c:18:10: runtime error: load of address 0x0989501c with insufficient space for an object of type 'char'
FAIL: c-c++-common/ubsan/object-size-5.c   -O2 -flto -fuse-linker-plugin -fno-fat-lto-objects  output pattern test, is c-c++-common/ubsan/object-size-5.c:18:10: runtime error: load of address 0x0899701c with insufficient space for an object of type 'char'
FAIL: c-c++-common/ubsan/object-size-7.c   -O2  output pattern test, is c-c++-common/ubsan/object-size-7.c:15:5: runtime error: load of address 0xffd179c0 with insufficient space for an object of type 'struct S'
FAIL: c-c++-common/ubsan/object-size-7.c   -O2 -flto -fno-use-linker-plugin -flto-partition=none  output pattern test, is c-c++-common/ubsan/object-size-7.c:15:5: runtime error: load of address 0xffa5f460 with insufficient space for an object of type 'struct S'
FAIL: c-c++-common/ubsan/object-size-7.c   -O2 -flto -fuse-linker-plugin -fno-fat-lto-objects  output pattern test, is c-c++-common/ubsan/object-size-7.c:15:5: runtime error: load of address 0xffa510a0 with insufficient space for an object of type 'struct S'
FAIL: c-c++-common/ubsan/object-size-8.c   -O2  output pattern test, is c-c++-common/ubsan/object-size-8.c:12:10: runtime error: load of address 0x0945b00c with insufficient space for an object of type 'int'
FAIL: c-c++-common/ubsan/object-size-8.c   -O2 -flto -fno-use-linker-plugin -flto-partition=none  output pattern test, is c-c++-common/ubsan/object-size-8.c:12:10: runtime error: load of address 0x080d800c with insufficient space for an object of type 'int'
FAIL: c-c++-common/ubsan/object-size-8.c   -O2 -flto -fuse-linker-plugin -fno-fat-lto-objects  output pattern test, is c-c++-common/ubsan/object-size-8.c:12:10: runtime error: load of address 0x0874b00c with insufficient space for an object of type 'int'
FAIL: c-c++-common/ubsan/object-size-9.c   -O2  output pattern test, is c-c++-common/ubsan/object-size-9.c:21:10: runtime error: load of address 0xfffa6740 with insufficient space for an object of type 'char'
FAIL: c-c++-common/ubsan/object-size-9.c   -O2 -flto -fno-use-linker-plugin -flto-partition=none  output pattern test, is c-c++-common/ubsan/object-size-9.c:21:10: runtime error: load of address 0xffb9a970 with insufficient space for an object of type 'char'
FAIL: c-c++-common/ubsan/object-size-9.c   -O2 -flto -fuse-linker-plugin -fno-fat-lto-objects  output pattern test, is c-c++-common/ubsan/object-size-9.c:21:10: runtime error: load of address 0xffb28390 with insufficient space for an object of type 'char'
FAIL: gcc.dg/ubsan/object-size-9.c   -O2  output pattern test, is gcc.dg/ubsan/object-size-9.c:11:13: runtime error: load of address 0x08049ad2 with insufficient space for an object of type 'char'
FAIL: gcc.dg/ubsan/object-size-9.c   -O2 -flto -fno-use-linker-plugin -flto-partition=none  output pattern test, is gcc.dg/ubsan/object-size-9.c:11:13: runtime error: load of address 0x08049ad2 with insufficient space for an object of type 'char'
FAIL: gcc.dg/ubsan/object-size-9.c   -O2 -flto -fuse-linker-plugin -fno-fat-lto-objects  output pattern test, is gcc.dg/ubsan/object-size-9.c:11:13: runtime error: load of address 0x08049a56 with insufficient space for an object of type 'char'
FAIL: gcc.dg/vect/bb-slp-pattern-1.c -flto -ffat-lto-objects  scan-tree-dump-times slp2 "pattern recognized" 8
FAIL: gcc.dg/vect/bb-slp-pattern-1.c -flto -ffat-lto-objects  scan-tree-dump-times slp2 "vect_recog_widen_mult_pattern: detected" 8
FAIL: gcc.dg/vect/bb-slp-pattern-1.c scan-tree-dump-times slp2 "pattern recognized" 8
FAIL: gcc.dg/vect/bb-slp-pattern-1.c scan-tree-dump-times slp2 "vect_recog_widen_mult_pattern: detected" 8
FAIL: gcc.dg/vect/no-section-anchors-vect-31.c scan-tree-dump-times vect "Alignment of access forced using peeling" 2
FAIL: gcc.dg/vect/no-section-anchors-vect-31.c scan-tree-dump-times vect "Vectorizing an unaligned access" 0
FAIL: gcc.dg/vect/slp-perm-9.c -flto -ffat-lto-objects  scan-tree-dump-times vect "vectorized 1 loops" 2
FAIL: gcc.dg/vect/slp-perm-9.c scan-tree-dump-times vect "vectorized 1 loops" 2
FAIL: gcc.dg/vect/vect-92.c -flto -ffat-lto-objects  scan-tree-dump-times vect "Alignment of access forced using peeling" 3
FAIL: gcc.dg/vect/vect-92.c -flto -ffat-lto-objects  scan-tree-dump-times vect "Vectorizing an unaligned access" 0
FAIL: gcc.dg/vect/vect-92.c scan-tree-dump-times vect "Alignment of access forced using peeling" 3
FAIL: gcc.dg/vect/vect-92.c scan-tree-dump-times vect "Vectorizing an unaligned access" 0
FAIL: gcc.dg/vect/vect-93.c -flto -ffat-lto-objects  scan-tree-dump-times vect "Vectorizing an unaligned access" 1
FAIL: gcc.dg/vect/vect-93.c scan-tree-dump-times vect "Vectorizing an unaligned access" 1
FAIL: gcc.dg/vect/vect-cselim-2.c -flto -ffat-lto-objects  scan-tree-dump-times vect "vectorized 1 loops" 0
FAIL: gcc.dg/vect/vect-cselim-2.c scan-tree-dump-times vect "vectorized 1 loops" 0
FAIL: gcc.target/i386/pr49095.c scan-assembler-not test[lq]
FAIL: gcc.target/i386/pr52252-atom-1.c scan-assembler palignr

		=== gcc Summary ===

# of expected passes		111953
# of unexpected failures	109
# of unexpected successes	28
# of expected failures		280
# of unresolved testcases	3
# of unsupported tests		2073
/export/users1/nightly/gcc.svn/test-intel32corei7avx2/gcc-build-trunk/bld/gcc/xgcc  version 5.0.0 20141112 (experimental) [trunk revision 217414] (GCC) 

		=== gfortran tests ===


Running target unix
FAIL: gfortran.dg/vect/fast-math-mgrid-resid.f   -O   scan-tree-dump-times pcom "Executing predictive commoning without unrolling" 2
FAIL: gfortran.dg/vect/fast-math-mgrid-resid.f   -O   scan-tree-dump-times pcom "Predictive commoning failed: no suitable chains" 0

		=== gfortran Summary ===

# of expected passes		46482
# of unexpected failures	2
# of expected failures		39
# of unsupported tests		205
/export/users1/nightly/gcc.svn/test-intel32corei7avx2/gcc-build-trunk/bld/gcc/testsuite/gfortran/../../gfortran  version 5.0.0 20141112 (experimental) [trunk revision 217414] (GCC) 

		=== g++ tests ===


Running target unix
FAIL: g++.dg/guality/pr55665.C   -O2  line 23 p == 40
FAIL: g++.dg/guality/pr55665.C   -O3 -fomit-frame-pointer  line 23 p == 40
FAIL: g++.dg/guality/pr55665.C   -O3 -g  line 23 p == 40
XPASS: g++.dg/tls/thread_local-order2.C  -std=c++11 execution test
XPASS: g++.dg/tls/thread_local-order2.C  -std=c++14 execution test
FAIL: c-c++-common/ubsan/object-size-1.c   -O2  output pattern test, is c-c++-common/ubsan/object-size-1.c:16:15: runtime error: load of address 0x090d001c with insufficient space for an object of type 'char'
FAIL: c-c++-common/ubsan/object-size-1.c   -O2 -flto -fno-use-linker-plugin -flto-partition=none  output pattern test, is c-c++-common/ubsan/object-size-1.c:16:15: runtime error: load of address 0x0960701c with insufficient space for an object of type 'char'
FAIL: c-c++-common/ubsan/object-size-1.c   -O2 -flto -fuse-linker-plugin -fno-fat-lto-objects  output pattern test, is c-c++-common/ubsan/object-size-1.c:16:15: runtime error: load of address 0x081f001c with insufficient space for an object of type 'char'
FAIL: c-c++-common/ubsan/object-size-10.c   -O2  output pattern test, is c-c++-common/ubsan/object-size-10.c:19:19: runtime error: index 128 out of bounds for type 'char [128]'
FAIL: c-c++-common/ubsan/object-size-10.c   -O2 -flto -fno-use-linker-plugin -flto-partition=none  output pattern test, is c-c++-common/ubsan/object-size-10.c:19:19: runtime error: index 128 out of bounds for type 'char [128]'
FAIL: c-c++-common/ubsan/object-size-10.c   -O2 -flto -fuse-linker-plugin -fno-fat-lto-objects  output pattern test, is c-c++-common/ubsan/object-size-10.c:19:19: runtime error: index 128 out of bounds for type 'char [128]'
FAIL: c-c++-common/ubsan/object-size-4.c   -O2  output pattern test, is c-c++-common/ubsan/object-size-4.c:16:13: runtime error: load of address 0x09963010 with insufficient space for an object of type 'int'
FAIL: c-c++-common/ubsan/object-size-4.c   -O2 -flto -fno-use-linker-plugin -flto-partition=none  output pattern test, is c-c++-common/ubsan/object-size-4.c:16:13: runtime error: load of address 0x091d5010 with insufficient space for an object of type 'int'
FAIL: c-c++-common/ubsan/object-size-4.c   -O2 -flto -fuse-linker-plugin -fno-fat-lto-objects  output pattern test, is c-c++-common/ubsan/object-size-4.c:16:13: runtime error: load of address 0x08ef9010 with insufficient space for an object of type 'int'
FAIL: c-c++-common/ubsan/object-size-5.c   -O2  output pattern test, is c-c++-common/ubsan/object-size-5.c:18:12: runtime error: load of address 0x092c901c with insufficient space for an object of type 'char'
FAIL: c-c++-common/ubsan/object-size-5.c   -O2 -flto -fno-use-linker-plugin -flto-partition=none  output pattern test, is c-c++-common/ubsan/object-size-5.c:18:12: runtime error: load of address 0x0872401c with insufficient space for an object of type 'char'
FAIL: c-c++-common/ubsan/object-size-5.c   -O2 -flto -fuse-linker-plugin -fno-fat-lto-objects  output pattern test, is c-c++-common/ubsan/object-size-5.c:18:12: runtime error: load of address 0x092f201c with insufficient space for an object of type 'char'
FAIL: c-c++-common/ubsan/object-size-7.c   -O2  output pattern test, is c-c++-common/ubsan/object-size-7.c:15:11: runtime error: load of address 0xfffed780 with insufficient space for an object of type 'const struct S'
FAIL: c-c++-common/ubsan/object-size-7.c   -O2 -flto -fno-use-linker-plugin -flto-partition=none  output pattern test, is c-c++-common/ubsan/object-size-7.c:15:11: runtime error: load of address 0xffd05990 with insufficient space for an object of type 'const struct S'
FAIL: c-c++-common/ubsan/object-size-7.c   -O2 -flto -fuse-linker-plugin -fno-fat-lto-objects  output pattern test, is c-c++-common/ubsan/object-size-7.c:15:11: runtime error: load of address 0xffca59f0 with insufficient space for an object of type 'const struct S'
FAIL: c-c++-common/ubsan/object-size-8.c   -O2  output pattern test, is c-c++-common/ubsan/object-size-8.c:12:13: runtime error: load of address 0x0816e00c with insufficient space for an object of type 'int'
FAIL: c-c++-common/ubsan/object-size-8.c   -O2 -flto -fno-use-linker-plugin -flto-partition=none  output pattern test, is c-c++-common/ubsan/object-size-8.c:12:13: runtime error: load of address 0x0970600c with insufficient space for an object of type 'int'
FAIL: c-c++-common/ubsan/object-size-8.c   -O2 -flto -fuse-linker-plugin -fno-fat-lto-objects  output pattern test, is c-c++-common/ubsan/object-size-8.c:12:13: runtime error: load of address 0x092a600c with insufficient space for an object of type 'int'
FAIL: c-c++-common/ubsan/object-size-9.c   -O2  output pattern test, is c-c++-common/ubsan/object-size-9.c:21:11: runtime error: load of address 0xffec5ef0 with insufficient space for an object of type 'char'
FAIL: c-c++-common/ubsan/object-size-9.c   -O2 -flto -fno-use-linker-plugin -flto-partition=none  output pattern test, is c-c++-common/ubsan/object-size-9.c:21:11: runtime error: load of address 0xffb5dea0 with insufficient space for an object of type 'char'
FAIL: c-c++-common/ubsan/object-size-9.c   -O2 -flto -fuse-linker-plugin -fno-fat-lto-objects  output pattern test, is c-c++-common/ubsan/object-size-9.c:21:11: runtime error: load of address 0xfff27aa0 with insufficient space for an object of type 'char'
FAIL: g++.dg/vect/slp-pr56812.cc  -std=c++11  scan-tree-dump-times slp1 "basic block vectorized" 1
FAIL: g++.dg/vect/slp-pr56812.cc  -std=c++14  scan-tree-dump-times slp1 "basic block vectorized" 1
FAIL: g++.dg/vect/slp-pr56812.cc  -std=c++98  scan-tree-dump-times slp1 "basic block vectorized" 1

		=== g++ Summary ===

# of expected passes		88616
# of unexpected failures	27
# of unexpected successes	2
# of expected failures		245
# of unsupported tests		3067
/export/users1/nightly/gcc.svn/test-intel32corei7avx2/gcc-build-trunk/bld/gcc/testsuite/g++/../../xg++  version 5.0.0 20141112 (experimental) [trunk revision 217414] (GCC) 

		=== objc tests ===


Running target unix

		=== objc Summary ===

# of expected passes		3004
# of expected failures		6
# of unsupported tests		74
/export/users1/nightly/gcc.svn/test-intel32corei7avx2/gcc-build-trunk/bld/gcc/xgcc  version 5.0.0 20141112 (experimental) [trunk revision 217414] (GCC) 

		=== boehm-gc tests ===


Running target unix

		=== boehm-gc Summary ===

# of expected passes		12
# of unsupported tests		1
		=== libatomic tests ===


Running target unix

		=== libatomic Summary ===

# of expected passes		44
# of unsupported tests		5
		=== libffi tests ===


Running target unix

		=== libffi Summary ===

# of expected passes		1819
# of unsupported tests		55
		=== libgomp tests ===


Running target unix

		=== libgomp Summary ===

# of expected passes		3232
# of unsupported tests		19
		=== libitm tests ===


Running target unix

		=== libitm Summary ===

# of expected passes		26
# of expected failures		3
# of unsupported tests		1
		=== libjava tests ===


Running target unix

		=== libjava Summary ===

# of expected passes		2582
# of expected failures		4
		=== libstdc++ tests ===


Running target unix

		=== libstdc++ Summary ===

# of expected passes		10351
# of expected failures		68
# of unsupported tests		225

Compiler version: 5.0.0 20141112 (experimental) [trunk revision 217414] (GCC) 
Platform: i686-pc-linux-gnu
configure flags: --with-arch=core-avx2 --with-cpu=core-avx2 ORIGINAL_AS_FOR_TARGET=/usr/local/i686-linux/bin/as ORIGINAL_LD_FOR_TARGET=/usr/local/i686-linux/bin/ld --prefix=/usr/local --enable-clocale=gnu --with-system-zlib --enable-shared --with-demangler-in-ld --enable-cloog-backend=isl --with-ppl=/opt/gnu --with-cloog=/opt/gnu i686-linux --with-fpmath=sse --enable-languages=c,c++,fortran,java,lto,objc


Index Nav: [Date Index] [Subject Index] [Author Index] [Thread Index]
Message Nav: [Date Prev] [Date Next] [Thread Prev] [Thread Next]