This is the mail archive of the gcc-testresults@gcc.gnu.org mailing list for the GCC project.


Index Nav: [Date Index] [Subject Index] [Author Index] [Thread Index]
Message Nav: [Date Prev] [Date Next] [Thread Prev] [Thread Next]
Other format: [Raw text]

Results for 5.0.0 20141107 (experimental) [trunk revision 217225] (GCC) testsuite on sparc-sun-solaris2.11


LAST_UPDATED: Fri Nov  7 13:57:37 UTC 2014 (revision 217225)

		=== acats tests ===

		=== acats Summary ===
# of expected passes		2320
# of unexpected failures	0
Native configuration is sparc-sun-solaris2.11

		=== g++ tests ===


Running target unix
FAIL: g++.dg/ipa/devirt-42.C  -std=gnu++11  scan-tree-dump-times optimized "return 2" 2
FAIL: g++.dg/ipa/devirt-42.C  -std=gnu++14  scan-tree-dump-times optimized "return 2" 2
FAIL: g++.dg/ipa/devirt-42.C  -std=gnu++98  scan-tree-dump-times optimized "return 2" 2
FAIL: g++.dg/ipa/pr63587-2.C  -std=gnu++11 (internal compiler error)
FAIL: g++.dg/ipa/pr63587-2.C  -std=gnu++11 (test for excess errors)
FAIL: g++.dg/ipa/pr63587-2.C  -std=gnu++14 (internal compiler error)
FAIL: g++.dg/ipa/pr63587-2.C  -std=gnu++14 (test for excess errors)
FAIL: g++.dg/torture/pr46367.C   -O1  (internal compiler error)
FAIL: g++.dg/torture/pr46367.C   -O1  (test for excess errors)
FAIL: g++.dg/torture/pr46367.C   -Os  (internal compiler error)
FAIL: g++.dg/torture/pr46367.C   -Os  (test for excess errors)

		=== g++ Summary for unix ===

# of expected passes		79271
# of unexpected failures	11
# of expected failures		248
# of unsupported tests		3404

Running target unix/-m64
FAIL: g++.dg/ipa/devirt-42.C  -std=gnu++11  scan-tree-dump-times optimized "return 2" 2
FAIL: g++.dg/ipa/devirt-42.C  -std=gnu++14  scan-tree-dump-times optimized "return 2" 2
FAIL: g++.dg/ipa/devirt-42.C  -std=gnu++98  scan-tree-dump-times optimized "return 2" 2
FAIL: g++.dg/torture/pr46367.C   -O1  (internal compiler error)
FAIL: g++.dg/torture/pr46367.C   -O1  (test for excess errors)
FAIL: g++.dg/torture/pr46367.C   -Os  (internal compiler error)
FAIL: g++.dg/torture/pr46367.C   -Os  (test for excess errors)

		=== g++ Summary for unix/-m64 ===

# of expected passes		81129
# of unexpected failures	7
# of expected failures		248
# of unsupported tests		3389

		=== g++ Summary ===

# of expected passes		160400
# of unexpected failures	18
# of expected failures		496
# of unsupported tests		6793
/var/gcc/regression/trunk/11-gcc-gas-gld/build/gcc/testsuite/g++/../../xg++  version 5.0.0 20141107 (experimental) [trunk revision 217225] (GCC) 

		=== gcc tests ===


Running target unix
FAIL: gcc.dg/atomic/c11-atomic-exec-3.c   -O3 -g  (test for excess errors)
WARNING: gcc.dg/atomic/c11-atomic-exec-3.c   -O3 -g  compilation failed to produce executable
WARNING: program timed out.
FAIL: gcc.dg/unroll_1.c  (test for warnings, line 24)
FAIL: gcc.dg/graphite/vect-pr43423.c scan-tree-dump-times vect "vectorized 2 loops" 1
FAIL: gcc.dg/simulate-thread/atomic-other-int.c   -O2 -g  thread simulation test
FAIL: gcc.dg/simulate-thread/atomic-other-int.c   -O3 -g  thread simulation test
FAIL: gcc.dg/simulate-thread/atomic-other-short.c   -O0 -g  thread simulation test
FAIL: gcc.dg/simulate-thread/speculative-store-4.c   -O0 -g  thread simulation test
FAIL: gcc.dg/simulate-thread/speculative-store-4.c   -O2 -g  thread simulation test
FAIL: gcc.dg/simulate-thread/speculative-store-4.c   -O3 -g  thread simulation test
FAIL: gcc.dg/simulate-thread/speculative-store.c   -O0 -g  thread simulation test
UNRESOLVED: gcc.dg/tree-prof/peel-1.c scan-rtl-dump loop2_unroll "Considering simply peeling loop"
FAIL: gcc.dg/vect/vect-33.c -flto -ffat-lto-objects  scan-tree-dump-times vect "Alignment of access forced using versioning" 1
FAIL: gcc.dg/vect/vect-33.c scan-tree-dump-times vect "Alignment of access forced using versioning" 1

		=== gcc Summary for unix ===

# of expected passes		87046
# of unexpected failures	12
# of expected failures		320
# of unresolved testcases	1
# of unsupported tests		1968

Running target unix/-m64
FAIL: gcc.dg/c11-atomic-2.c (test for excess errors)
FAIL: gcc.dg/pr63594-1.c (internal compiler error)
FAIL: gcc.dg/pr63594-1.c (test for excess errors)
FAIL: gcc.dg/pr63594-2.c (internal compiler error)
FAIL: gcc.dg/pr63594-2.c (test for excess errors)
WARNING: gcc.dg/pr63594-2.c compilation failed to produce executable
FAIL: gcc.dg/unroll_1.c  (test for warnings, line 24)
WARNING: program timed out.
FAIL: gcc.dg/graphite/vect-pr43423.c scan-tree-dump-times vect "vectorized 2 loops" 1
UNRESOLVED: gcc.dg/tree-prof/peel-1.c scan-rtl-dump loop2_unroll "Considering simply peeling loop"
FAIL: gcc.dg/tree-ssa/ivopts-lt-2.c scan-tree-dump-times ivopts "PHI" 1
FAIL: gcc.dg/tree-ssa/ivopts-lt-2.c scan-tree-dump-times ivopts "p_[0-9]* <" 1
FAIL: gcc.dg/vect/vect-33.c -flto -ffat-lto-objects  scan-tree-dump-times vect "Alignment of access forced using versioning" 1
FAIL: gcc.dg/vect/vect-33.c scan-tree-dump-times vect "Alignment of access forced using versioning" 1
FAIL: gcc.dg/vect/vect-singleton_1.c (internal compiler error)
FAIL: gcc.dg/vect/vect-singleton_1.c (test for excess errors)
FAIL: gcc.dg/vect/vect-singleton_1.c -flto -ffat-lto-objects (internal compiler error)
FAIL: gcc.dg/vect/vect-singleton_1.c -flto -ffat-lto-objects (test for excess errors)

		=== gcc Summary for unix/-m64 ===

# of expected passes		87827
# of unexpected failures	15
# of expected failures		309
# of unresolved testcases	1
# of unsupported tests		1904

		=== gcc Summary ===

# of expected passes		174873
# of unexpected failures	27
# of expected failures		629
# of unresolved testcases	2
# of unsupported tests		3872
/var/gcc/regression/trunk/11-gcc-gas-gld/build/gcc/xgcc  version 5.0.0 20141107 (experimental) [trunk revision 217225] (GCC) 

		=== gfortran tests ===


Running target unix
FAIL: gfortran.dg/graphite/pr42393.f90   -O  (test for excess errors)
WARNING: program timed out.

		=== gfortran Summary for unix ===

# of expected passes		46457
# of unexpected failures	1
# of expected failures		54
# of unsupported tests		273

Running target unix/-m64
FAIL: gfortran.dg/graphite/pr42393.f90   -O  (test for excess errors)
WARNING: program timed out.

		=== gfortran Summary for unix/-m64 ===

# of expected passes		46784
# of unexpected failures	1
# of expected failures		54
# of unsupported tests		112

		=== gfortran Summary ===

# of expected passes		93241
# of unexpected failures	2
# of expected failures		108
# of unsupported tests		385
/var/gcc/regression/trunk/11-gcc-gas-gld/build/gcc/testsuite/gfortran/../../gfortran  version 5.0.0 20141107 (experimental) [trunk revision 217225] (GCC) 

		=== gnat tests ===


Running target unix

		=== gnat Summary for unix ===

# of expected passes		1276
# of expected failures		20
# of unsupported tests		18

Running target unix/-m64

		=== gnat Summary for unix/-m64 ===

# of expected passes		1276
# of expected failures		20
# of unsupported tests		18

		=== gnat Summary ===

# of expected passes		2552
# of expected failures		40
# of unsupported tests		36
/var/gcc/regression/trunk/11-gcc-gas-gld/build/gcc/gnatmake version 5.0.0 20141107 (experimental) [trunk revision 217225]

		=== go tests ===


Running target unix
FAIL: ./index0-out.go compilation,  -O0 -g -fno-var-tracking-assignments 
WARNING: program timed out.

		=== go Summary for unix ===

# of expected passes		7360
# of unexpected failures	1
# of expected failures		1
# of untested testcases		11
# of unsupported tests		3

Running target unix/-m64
FAIL: ./index0-out.go compilation,  -O0 -g -fno-var-tracking-assignments 
FAIL: go.test/test/fixedbugs/issue4348.go   -O  (test for excess errors)
WARNING: program timed out.

		=== go Summary for unix/-m64 ===

# of expected passes		7239
# of unexpected failures	2
# of expected failures		1
# of untested testcases		11
# of unsupported tests		3

		=== go Summary ===

# of expected passes		14599
# of unexpected failures	3
# of expected failures		2
# of untested testcases		22
# of unsupported tests		6
/var/gcc/regression/trunk/11-gcc-gas-gld/build/gcc/testsuite/go/../../gccgo  version 5.0.0 20141107 (experimental) [trunk revision 217225] (GCC) 

		=== obj-c++ tests ===


Running target unix

		=== obj-c++ Summary for unix ===

# of expected passes		1447
# of expected failures		2
# of unsupported tests		86

Running target unix/-m64

		=== obj-c++ Summary for unix/-m64 ===

# of expected passes		1439
# of expected failures		10
# of unsupported tests		86

		=== obj-c++ Summary ===

# of expected passes		2886
# of expected failures		12
# of unsupported tests		172
/var/gcc/regression/trunk/11-gcc-gas-gld/build/gcc/testsuite/obj-c++/../../xg++  version 5.0.0 20141107 (experimental) [trunk revision 217225] (GCC) 

		=== objc tests ===


Running target unix

		=== objc Summary for unix ===

# of expected passes		3010
# of unsupported tests		74

Running target unix/-m64

		=== objc Summary for unix/-m64 ===

# of expected passes		3010
# of unsupported tests		74

		=== objc Summary ===

# of expected passes		6020
# of unsupported tests		148
/var/gcc/regression/trunk/11-gcc-gas-gld/build/gcc/xgcc  version 5.0.0 20141107 (experimental) [trunk revision 217225] (GCC) 

		=== boehm-gc tests ===


Running target unix

		=== boehm-gc Summary for unix ===

# of expected passes		12
# of unsupported tests		1

Running target unix/-m64

		=== boehm-gc Summary for unix/-m64 ===

# of expected passes		12
# of unsupported tests		1

		=== boehm-gc Summary ===

# of expected passes		24
# of unsupported tests		2
		=== libatomic tests ===


Running target unix

		=== libatomic Summary for unix ===

# of expected passes		44
# of unsupported tests		5

Running target unix/-m64

		=== libatomic Summary for unix/-m64 ===

# of expected passes		54

		=== libatomic Summary ===

# of expected passes		98
# of unsupported tests		5
		=== libffi tests ===


Running target unix

		=== libffi Summary for unix ===

# of expected passes		1819
# of unsupported tests		55

Running target unix/-m64

		=== libffi Summary for unix/-m64 ===

# of expected passes		1819
# of unsupported tests		55

		=== libffi Summary ===

# of expected passes		3638
# of unsupported tests		110
		=== libgo tests ===


Running target unix
FAIL: reflect
FAIL: runtime
FAIL: sync
FAIL: encoding/gob
FAIL: text/template
FAIL: testing/quick

		=== libgo Summary for unix ===

# of expected passes		117
# of unexpected failures	6

Running target unix/-m64
FAIL: regexp
FAIL: sync

		=== libgo Summary for unix/-m64 ===

# of expected passes		121
# of unexpected failures	2

		=== libgo Summary ===

# of expected passes		238
# of unexpected failures	8
/var/gcc/regression/trunk/11-gcc-gas-gld/build/./gcc/gccgo version 5.0.0 20141107 (experimental) [trunk revision 217225] (GCC)

		=== libgomp tests ===


Running target unix

		=== libgomp Summary for unix ===

# of expected passes		3243
# of unsupported tests		38

Running target unix/-m64

		=== libgomp Summary for unix/-m64 ===

# of expected passes		3243
# of unsupported tests		38

		=== libgomp Summary ===

# of expected passes		6486
# of unsupported tests		76
		=== libitm tests ===


Running target unix

		=== libitm Summary for unix ===

# of expected passes		26
# of expected failures		3
# of unsupported tests		1

Running target unix/-m64

		=== libitm Summary for unix/-m64 ===

# of expected passes		26
# of expected failures		3
# of unsupported tests		1

		=== libitm Summary ===

# of expected passes		52
# of expected failures		6
# of unsupported tests		2
		=== libjava tests ===


Running target unix

		=== libjava Summary for unix ===

# of expected passes		2582
# of expected failures		4

Running target unix/-m64

		=== libjava Summary for unix/-m64 ===

# of expected passes		2582
# of expected failures		4

		=== libjava Summary ===

# of expected passes		5164
# of expected failures		8
		=== libstdc++ tests ===


Running target unix
FAIL: 21_strings/basic_string/modifiers/replace/wchar_t/4.cc (test for excess errors)
WARNING: 21_strings/basic_string/modifiers/replace/wchar_t/4.cc compilation failed to produce executable
FAIL: 23_containers/deque/allocator/move_assign.cc execution test
FAIL: 23_containers/deque/requirements/dr438/assign_neg.cc  (test for errors, line 1859)
FAIL: 23_containers/deque/requirements/dr438/assign_neg.cc (test for excess errors)
FAIL: 23_containers/deque/requirements/dr438/constructor_1_neg.cc  (test for errors, line 1792)
FAIL: 23_containers/deque/requirements/dr438/constructor_1_neg.cc (test for excess errors)
FAIL: 23_containers/deque/requirements/dr438/constructor_2_neg.cc  (test for errors, line 1792)
FAIL: 23_containers/deque/requirements/dr438/constructor_2_neg.cc (test for excess errors)
FAIL: 23_containers/deque/requirements/dr438/insert_neg.cc  (test for errors, line 1943)
FAIL: 23_containers/deque/requirements/dr438/insert_neg.cc (test for excess errors)
FAIL: 27_io/basic_ostream/inserters_arithmetic/char/hexfloat.cc execution test

		=== libstdc++ Summary for unix ===

# of expected passes		9221
# of unexpected failures	11
# of expected failures		68
# of unsupported tests		639

Running target unix/-m64
FAIL: 23_containers/deque/allocator/move_assign.cc execution test
FAIL: 23_containers/deque/requirements/dr438/assign_neg.cc  (test for errors, line 1859)
FAIL: 23_containers/deque/requirements/dr438/assign_neg.cc (test for excess errors)
FAIL: 23_containers/deque/requirements/dr438/constructor_1_neg.cc  (test for errors, line 1792)
FAIL: 23_containers/deque/requirements/dr438/constructor_1_neg.cc (test for excess errors)
FAIL: 23_containers/deque/requirements/dr438/constructor_2_neg.cc  (test for errors, line 1792)
FAIL: 23_containers/deque/requirements/dr438/constructor_2_neg.cc (test for excess errors)
FAIL: 23_containers/deque/requirements/dr438/insert_neg.cc  (test for errors, line 1943)
FAIL: 23_containers/deque/requirements/dr438/insert_neg.cc (test for excess errors)
FAIL: 27_io/basic_ostream/inserters_arithmetic/char/hexfloat.cc execution test

		=== libstdc++ Summary for unix/-m64 ===

# of expected passes		9223
# of unexpected failures	10
# of expected failures		68
# of unsupported tests		639

		=== libstdc++ Summary ===

# of expected passes		18444
# of unexpected failures	21
# of expected failures		136
# of unsupported tests		1278

Compiler version: 5.0.0 20141107 (experimental) [trunk revision 217225] (GCC) 
Platform: sparc-sun-solaris2.11
configure flags: --prefix=/vol/gcc --target=sparc-sun-solaris2.11 --enable-objc-gc --enable-libmudflap --with-as=/vol/gcc/bin/gas-2.24 --with-gnu-as --with-ld=/vol/gcc/bin/gld-2.24 --with-gnu-ld --with-gmp-include=/vol/gcc/include --with-gmp-lib=/vol/gcc/lib --with-mpfr-include=/vol/gcc/include --with-mpfr-lib=/vol/gcc/lib --with-mpc-include=/vol/gcc/include --with-mpc-lib=/vol/gcc/lib --enable-languages=all,ada,obj-c++,go --with-isl-include=/vol/gcc/include --with-isl-lib=/vol/gcc/lib --with-cloog-include=/vol/gcc/include --with-cloog-lib=/vol/gcc/lib --enable-cloog-backend=isl
BOOT_CFLAGS=-g -O2


Index Nav: [Date Index] [Subject Index] [Author Index] [Thread Index]
Message Nav: [Date Prev] [Date Next] [Thread Prev] [Thread Next]