This is the mail archive of the gcc-testresults@gcc.gnu.org mailing list for the GCC project.


Index Nav: [Date Index] [Subject Index] [Author Index] [Thread Index]
Message Nav: [Date Prev] [Date Next] [Thread Prev] [Thread Next]
Other format: [Raw text]

Results for 5.0.0 20141107 (experimental) (GCC) testsuite on x86_64-apple-darwin14.0.0


Tested on x86_64-apple-darwin14 built against Xcode 6.1 using gcc
trunk at r217238 with

https://gcc.gnu.org/ml/gcc-patches/2014-11/msg00662.html
https://gcc.gnu.org/ml/gcc-patches/2014-11/msg00661.html

to avoid GCC poisoning ctype macros through safe-ctype.h by moving the
<string> header include forward.

https://gcc.gnu.org/bugzilla/attachment.cgi?id=33843 from
https://gcc.gnu.org/bugzilla/show_bug.cgi?id=63622#c3

to prevent alias creation on targets that don't support aliasing and

https://gcc.gnu.org/bugzilla/show_bug.cgi?id=63534#c50

to eliminate breakage of the asan tests at -m32

Native configuration is x86_64-apple-darwin14.0.0

=== g++ tests ===


Running target unix/-m32
FAIL: c-c++-common/asan/misalign-1.c   -O0  output pattern test, is
=================================================================
FAIL: c-c++-common/asan/misalign-1.c   -O1  output pattern test, is
=================================================================
FAIL: c-c++-common/asan/misalign-1.c   -O2  output pattern test, is
=================================================================
FAIL: c-c++-common/asan/misalign-1.c   -O3 -fomit-frame-pointer
output pattern test, is
=================================================================
FAIL: c-c++-common/asan/misalign-1.c   -O3 -g  output pattern test, is
=================================================================
FAIL: c-c++-common/asan/misalign-1.c   -Os  output pattern test, is
=================================================================
FAIL: c-c++-common/asan/misalign-1.c   -O2 -flto -flto-partition=none
output pattern test, is
=================================================================
FAIL: c-c++-common/asan/misalign-1.c   -O2 -flto  output pattern test,
is =================================================================
FAIL: c-c++-common/asan/misalign-2.c   -O0  output pattern test, is
=================================================================
FAIL: c-c++-common/asan/misalign-2.c   -O1  output pattern test, is
=================================================================
FAIL: c-c++-common/asan/misalign-2.c   -O2  output pattern test, is
=================================================================
FAIL: c-c++-common/asan/misalign-2.c   -O3 -fomit-frame-pointer
output pattern test, is
=================================================================
FAIL: c-c++-common/asan/misalign-2.c   -O3 -g  output pattern test, is
=================================================================
FAIL: c-c++-common/asan/misalign-2.c   -Os  output pattern test, is
=================================================================
FAIL: c-c++-common/asan/misalign-2.c   -O2 -flto -flto-partition=none
output pattern test, is
=================================================================
FAIL: c-c++-common/asan/misalign-2.c   -O2 -flto  output pattern test,
is =================================================================
FAIL: g++.dg/debug/dwarf2/deleted-member-function.C
scan-assembler-times  DW_AT_GNU_deleted 2
FAIL: g++.dg/debug/dwarf2/imported-decl-2.C  -std=gnu++98
scan-assembler-times ascii "AAAA\\\\\\\\0".*ascii "BBBB\\\\\\\\0".*DIE
.0x[0-9a-f]*. DW_TAG_imported_declaration 1
FAIL: g++.dg/debug/dwarf2/imported-decl-2.C  -std=gnu++11
scan-assembler-times ascii "AAAA\\\\\\\\0".*ascii "BBBB\\\\\\\\0".*DIE
.0x[0-9a-f]*. DW_TAG_imported_declaration 1
FAIL: g++.dg/debug/dwarf2/imported-decl-2.C  -std=gnu++14
scan-assembler-times ascii "AAAA\\\\\\\\0".*ascii "BBBB\\\\\\\\0".*DIE
.0x[0-9a-f]*. DW_TAG_imported_declaration 1
FAIL: g++.dg/ext/sync-4.C  -std=gnu++98 execution test
FAIL: g++.dg/ext/sync-4.C  -std=gnu++11 execution test
FAIL: g++.dg/ext/sync-4.C  -std=gnu++14 execution test
FAIL: g++.dg/ipa/devirt-42.C  -std=gnu++98  scan-tree-dump-times
optimized "return 2" 2
FAIL: g++.dg/ipa/devirt-42.C  -std=gnu++11  scan-tree-dump-times
optimized "return 2" 2
FAIL: g++.dg/ipa/devirt-42.C  -std=gnu++14  scan-tree-dump-times
optimized "return 2" 2
FAIL: g++.dg/ipa/ipa-icf-4.C  -std=gnu++98  scan-ipa-dump icf "Varpool
alias has been created"
FAIL: g++.dg/ipa/ipa-icf-4.C  -std=gnu++11  scan-ipa-dump icf "Varpool
alias has been created"
FAIL: g++.dg/ipa/ipa-icf-4.C  -std=gnu++14  scan-ipa-dump icf "Varpool
alias has been created"
FAIL: g++.dg/ipa/ipa-icf-5.C  -std=gnu++98 (test for excess errors)
UNRESOLVED: g++.dg/ipa/ipa-icf-5.C  -std=gnu++98  scan-ipa-dump icf
"Equal symbols: 0"
FAIL: g++.dg/ipa/ipa-icf-5.C  -std=gnu++11 (test for excess errors)
UNRESOLVED: g++.dg/ipa/ipa-icf-5.C  -std=gnu++11  scan-ipa-dump icf
"Equal symbols: 0"
FAIL: g++.dg/ipa/ipa-icf-5.C  -std=gnu++14 (test for excess errors)
UNRESOLVED: g++.dg/ipa/ipa-icf-5.C  -std=gnu++14  scan-ipa-dump icf
"Equal symbols: 0"
FAIL: g++.dg/ipa/pr61160-1.C  -std=gnu++98 (internal compiler error)
FAIL: g++.dg/ipa/pr61160-1.C  -std=gnu++98 (test for excess errors)
FAIL: g++.dg/ipa/pr61160-1.C  -std=gnu++11 (internal compiler error)
FAIL: g++.dg/ipa/pr61160-1.C  -std=gnu++11 (test for excess errors)
FAIL: g++.dg/ipa/pr61160-1.C  -std=gnu++14 (internal compiler error)
FAIL: g++.dg/ipa/pr61160-1.C  -std=gnu++14 (test for excess errors)
FAIL: g++.dg/ipa/pr61160-2.C  -std=gnu++98 (internal compiler error)
FAIL: g++.dg/ipa/pr61160-2.C  -std=gnu++98 (test for excess errors)
UNRESOLVED: g++.dg/ipa/pr61160-2.C  -std=gnu++98 compilation failed to
produce executable
FAIL: g++.dg/ipa/pr61160-2.C  -std=gnu++11 (internal compiler error)
FAIL: g++.dg/ipa/pr61160-2.C  -std=gnu++11 (test for excess errors)
UNRESOLVED: g++.dg/ipa/pr61160-2.C  -std=gnu++11 compilation failed to
produce executable
FAIL: g++.dg/ipa/pr61160-2.C  -std=gnu++14 (internal compiler error)
FAIL: g++.dg/ipa/pr61160-2.C  -std=gnu++14 (test for excess errors)
UNRESOLVED: g++.dg/ipa/pr61160-2.C  -std=gnu++14 compilation failed to
produce executable
FAIL: g++.dg/opt/vt4.C  -std=gnu++98  scan-assembler-not _ZTV.A
FAIL: g++.dg/opt/vt4.C  -std=gnu++11  scan-assembler-not _ZTV.A
FAIL: g++.dg/opt/vt4.C  -std=gnu++14  scan-assembler-not _ZTV.A

=== g++ Summary for unix/-m32 ===

# of expected passes 85710
# of unexpected failures 47
# of expected failures 242
# of unresolved testcases 6
# of unsupported tests 3400

Running target unix/-m64
FAIL: g++.dg/debug/dwarf2/deleted-member-function.C
scan-assembler-times  DW_AT_GNU_deleted 2
FAIL: g++.dg/debug/dwarf2/imported-decl-2.C  -std=gnu++98
scan-assembler-times ascii "AAAA\\\\\\\\0".*ascii "BBBB\\\\\\\\0".*DIE
.0x[0-9a-f]*. DW_TAG_imported_declaration 1
FAIL: g++.dg/debug/dwarf2/imported-decl-2.C  -std=gnu++11
scan-assembler-times ascii "AAAA\\\\\\\\0".*ascii "BBBB\\\\\\\\0".*DIE
.0x[0-9a-f]*. DW_TAG_imported_declaration 1
FAIL: g++.dg/debug/dwarf2/imported-decl-2.C  -std=gnu++14
scan-assembler-times ascii "AAAA\\\\\\\\0".*ascii "BBBB\\\\\\\\0".*DIE
.0x[0-9a-f]*. DW_TAG_imported_declaration 1
FAIL: g++.dg/ext/sync-4.C  -std=gnu++98 execution test
FAIL: g++.dg/ext/sync-4.C  -std=gnu++11 execution test
FAIL: g++.dg/ext/sync-4.C  -std=gnu++14 execution test
FAIL: g++.dg/ipa/devirt-42.C  -std=gnu++98  scan-tree-dump-times
optimized "return 2" 2
FAIL: g++.dg/ipa/devirt-42.C  -std=gnu++11  scan-tree-dump-times
optimized "return 2" 2
FAIL: g++.dg/ipa/devirt-42.C  -std=gnu++14  scan-tree-dump-times
optimized "return 2" 2
FAIL: g++.dg/ipa/ipa-icf-4.C  -std=gnu++98  scan-ipa-dump icf "Varpool
alias has been created"
FAIL: g++.dg/ipa/ipa-icf-4.C  -std=gnu++11  scan-ipa-dump icf "Varpool
alias has been created"
FAIL: g++.dg/ipa/ipa-icf-4.C  -std=gnu++14  scan-ipa-dump icf "Varpool
alias has been created"
FAIL: g++.dg/ipa/ipa-icf-5.C  -std=gnu++98 (test for excess errors)
UNRESOLVED: g++.dg/ipa/ipa-icf-5.C  -std=gnu++98  scan-ipa-dump icf
"Equal symbols: 0"
FAIL: g++.dg/ipa/ipa-icf-5.C  -std=gnu++11 (test for excess errors)
UNRESOLVED: g++.dg/ipa/ipa-icf-5.C  -std=gnu++11  scan-ipa-dump icf
"Equal symbols: 0"
FAIL: g++.dg/ipa/ipa-icf-5.C  -std=gnu++14 (test for excess errors)
UNRESOLVED: g++.dg/ipa/ipa-icf-5.C  -std=gnu++14  scan-ipa-dump icf
"Equal symbols: 0"
FAIL: g++.dg/opt/vt4.C  -std=gnu++98  scan-assembler-not _ZTV.A
FAIL: g++.dg/opt/vt4.C  -std=gnu++11  scan-assembler-not _ZTV.A
FAIL: g++.dg/opt/vt4.C  -std=gnu++14  scan-assembler-not _ZTV.A
FAIL: g++.dg/other/pr53811.C  -std=gnu++98 (internal compiler error)
FAIL: g++.dg/other/pr53811.C  -std=gnu++98 (test for excess errors)
FAIL: g++.dg/other/pr53811.C  -std=gnu++11 (internal compiler error)
FAIL: g++.dg/other/pr53811.C  -std=gnu++11 (test for excess errors)
FAIL: g++.dg/other/pr53811.C  -std=gnu++14 (internal compiler error)
FAIL: g++.dg/other/pr53811.C  -std=gnu++14 (test for excess errors)
FAIL: g++.dg/tree-prof/partition1.C compilation,  -fprofile-use -D_PROFILE_USE
UNRESOLVED: g++.dg/tree-prof/partition1.C execution,    -fprofile-use
-D_PROFILE_USE
FAIL: g++.dg/tree-prof/pr57451.C compilation,  -fprofile-use -D_PROFILE_USE
UNRESOLVED: g++.dg/tree-prof/pr57451.C execution,    -fprofile-use
-D_PROFILE_USE

=== g++ Summary for unix/-m64 ===

# of expected passes 87114
# of unexpected failures 27
# of expected failures 242
# of unresolved testcases 5
# of unsupported tests 3649

=== g++ Summary ===

# of expected passes 172824
# of unexpected failures 74
# of expected failures 484
# of unresolved testcases 11
# of unsupported tests 7049
/sw/src/fink.build/gcc50-5.0.0-1000/darwin_objdir/gcc/testsuite/g++/../../xg++
 version 5.0.0 20141107 (experimental) (GCC)

=== gcc tests ===


Running target unix/-m32
FAIL: c-c++-common/asan/misalign-1.c   -O0  output pattern test, is
=================================================================
FAIL: c-c++-common/asan/misalign-1.c   -O1  output pattern test, is
=================================================================
FAIL: c-c++-common/asan/misalign-1.c   -O2  output pattern test, is
=================================================================
FAIL: c-c++-common/asan/misalign-1.c   -O3 -fomit-frame-pointer
output pattern test, is
=================================================================
FAIL: c-c++-common/asan/misalign-1.c   -O3 -g  output pattern test, is
=================================================================
FAIL: c-c++-common/asan/misalign-1.c   -Os  output pattern test, is
=================================================================
FAIL: c-c++-common/asan/misalign-1.c   -O2 -flto -flto-partition=none
output pattern test, is
=================================================================
FAIL: c-c++-common/asan/misalign-1.c   -O2 -flto  output pattern test,
is =================================================================
FAIL: c-c++-common/asan/misalign-2.c   -O0  output pattern test, is
=================================================================
FAIL: c-c++-common/asan/misalign-2.c   -O1  output pattern test, is
=================================================================
FAIL: c-c++-common/asan/misalign-2.c   -O2  output pattern test, is
=================================================================
FAIL: c-c++-common/asan/misalign-2.c   -O3 -fomit-frame-pointer
output pattern test, is
=================================================================
FAIL: c-c++-common/asan/misalign-2.c   -O3 -g  output pattern test, is
=================================================================
FAIL: c-c++-common/asan/misalign-2.c   -Os  output pattern test, is
=================================================================
FAIL: c-c++-common/asan/misalign-2.c   -O2 -flto -flto-partition=none
output pattern test, is
=================================================================
FAIL: c-c++-common/asan/misalign-2.c   -O2 -flto  output pattern test,
is =================================================================
WARNING: program timed out.
FAIL: gcc.dg/atomic/c11-atomic-exec-5.c   -O0  execution test
WARNING: program timed out.
FAIL: gcc.dg/atomic/c11-atomic-exec-5.c   -O1  execution test
WARNING: program timed out.
FAIL: gcc.dg/atomic/c11-atomic-exec-5.c   -O2  execution test
WARNING: program timed out.
FAIL: gcc.dg/atomic/c11-atomic-exec-5.c   -O3 -fomit-frame-pointer
execution test
WARNING: program timed out.
FAIL: gcc.dg/atomic/c11-atomic-exec-5.c   -O3 -fomit-frame-pointer
-funroll-loops  execution test
WARNING: program timed out.
FAIL: gcc.dg/atomic/c11-atomic-exec-5.c   -O3 -fomit-frame-pointer
-funroll-all-loops -finline-functions  execution test
WARNING: program timed out.
FAIL: gcc.dg/atomic/c11-atomic-exec-5.c   -O3 -g  execution test
WARNING: program timed out.
FAIL: gcc.dg/atomic/c11-atomic-exec-5.c   -Os  execution test
WARNING: program timed out.
FAIL: gcc.dg/atomic/c11-atomic-exec-5.c   -O2 -flto
-flto-partition=none  execution test
WARNING: program timed out.
FAIL: gcc.dg/atomic/c11-atomic-exec-5.c   -O2 -flto  execution test
FAIL: gcc.dg/cpp/_Pragma3.c (test for excess errors)
FAIL: gcc.dg/20021014-1.c execution test
FAIL: gcc.dg/darwin-cfstring-format-1.c  (test for errors, line 21)
FAIL: gcc.dg/darwin-cfstring-format-1.c (test for excess errors)
FAIL: gcc.dg/darwin-weakimport-3.c scan-assembler-not coalesced
FAIL: gcc.dg/framework-1.c (test for excess errors)
FAIL: gcc.dg/pr43643.c execution test
FAIL: gcc.dg/pr61053.c (test for excess errors)
FAIL: gcc.dg/pubtypes-3.c (test for excess errors)
FAIL: gcc.dg/pubtypes-4.c (test for excess errors)
FAIL: gcc.dg/sibcall-3.c execution test
FAIL: gcc.dg/graphite/vect-pr43423.c scan-tree-dump-times vect
"vectorized 2 loops" 1
FAIL: gcc.dg/lto/pr60820 c_lto_pr60820_0.o assemble, -flto -r -nostdlib -O2
FAIL: gcc.dg/lto/pr60820 c_lto_pr60820_1.o assemble, -flto -r -nostdlib -O2
FAIL: gcc.dg/lto/pr60820 c_lto_pr60820_0.o-c_lto_pr60820_1.o link,
-flto -r -nostdlib -O2
UNRESOLVED: gcc.dg/lto/pr60820 c_lto_pr60820_0.o-c_lto_pr60820_1.o
execute -flto -r -nostdlib -O2
FAIL: gcc.dg/lto/pr61526 c_lto_pr61526_0.o-c_lto_pr61526_1.o link,
-fPIC -flto -flto-partition=1to1
UNRESOLVED: gcc.dg/lto/pr61526 c_lto_pr61526_0.o-c_lto_pr61526_1.o
execute  -fPIC -flto -flto-partition=1to1
FAIL: gcc.dg/torture/builtin-noret-1.c   -O2  (internal compiler error)
FAIL: gcc.dg/torture/builtin-noret-1.c   -O2  (test for excess errors)
FAIL: gcc.dg/torture/builtin-noret-1.c   -O3 -fomit-frame-pointer
(internal compiler error)
FAIL: gcc.dg/torture/builtin-noret-1.c   -O3 -fomit-frame-pointer
(test for excess errors)
FAIL: gcc.dg/torture/builtin-noret-1.c   -O3 -g  (internal compiler error)
FAIL: gcc.dg/torture/builtin-noret-1.c   -O3 -g  (test for excess errors)
FAIL: gcc.dg/torture/builtin-noret-1.c   -Os  (internal compiler error)
FAIL: gcc.dg/torture/builtin-noret-1.c   -Os  (test for excess errors)
FAIL: gcc.dg/torture/builtin-noret-1.c   -O2 -flto
-flto-partition=none  (internal compiler error)
FAIL: gcc.dg/torture/builtin-noret-1.c   -O2 -flto
-flto-partition=none  (test for excess errors)
FAIL: gcc.dg/torture/builtin-noret-1.c   -O2 -flto  (internal compiler error)
FAIL: gcc.dg/torture/builtin-noret-1.c   -O2 -flto  (test for excess errors)
FAIL: gcc.dg/torture/builtin-noret-2.c   -O2  (internal compiler error)
FAIL: gcc.dg/torture/builtin-noret-2.c   -O2  (test for excess errors)
FAIL: gcc.dg/torture/builtin-noret-2.c   -O3 -fomit-frame-pointer
(internal compiler error)
FAIL: gcc.dg/torture/builtin-noret-2.c   -O3 -fomit-frame-pointer
(test for excess errors)
FAIL: gcc.dg/torture/builtin-noret-2.c   -O3 -g  (internal compiler error)
FAIL: gcc.dg/torture/builtin-noret-2.c   -O3 -g  (test for excess errors)
FAIL: gcc.dg/torture/builtin-noret-2.c   -Os  (internal compiler error)
FAIL: gcc.dg/torture/builtin-noret-2.c   -Os  (test for excess errors)
FAIL: gcc.dg/torture/builtin-noret-2.c   -O2 -flto
-flto-partition=none  (internal compiler error)
FAIL: gcc.dg/torture/builtin-noret-2.c   -O2 -flto
-flto-partition=none  (test for excess errors)
FAIL: gcc.dg/torture/builtin-noret-2.c   -O2 -flto  (internal compiler error)
FAIL: gcc.dg/torture/builtin-noret-2.c   -O2 -flto  (test for excess errors)
FAIL: gcc.dg/torture/builtin-self.c   -O0   scan-assembler-not \\tcall
FAIL: gcc.dg/torture/ftrapv-1.c   -O0  execution test
FAIL: gcc.dg/torture/ftrapv-1.c   -O1  execution test
FAIL: gcc.dg/torture/ftrapv-1.c   -O2  execution test
FAIL: gcc.dg/torture/ftrapv-1.c   -O3 -fomit-frame-pointer  execution test
FAIL: gcc.dg/torture/ftrapv-1.c   -O3 -fomit-frame-pointer
-funroll-loops  execution test
FAIL: gcc.dg/torture/ftrapv-1.c   -O3 -fomit-frame-pointer
-funroll-all-loops -finline-functions  execution test
FAIL: gcc.dg/torture/ftrapv-1.c   -O3 -g  execution test
FAIL: gcc.dg/torture/ftrapv-1.c   -Os  execution test
FAIL: gcc.dg/torture/ftrapv-1.c   -O2 -flto -flto-partition=none  execution test
FAIL: gcc.dg/torture/ftrapv-1.c   -O2 -flto  execution test
FAIL: gcc.dg/torture/vector-2.c   -O1  execution test
UNRESOLVED: gcc.dg/tree-prof/peel-1.c scan-rtl-dump loop2_unroll
"Considering simply peeling loop"
FAIL: gcc.dg/tree-ssa/pr61144.c (test for excess errors)
FAIL: gcc.target/i386/avx512f-kandnw-1.c scan-assembler-times kandnw[
\\\\t]+[^\\n]*%k[1-7] 1
FAIL: gcc.target/i386/avx512vl-vmovdqa64-1.c scan-assembler-times
vmovdqa64[ \\\\t]+\\\\([^\\n]*%ymm[0-9][^{] 1
FAIL: gcc.target/i386/avx512vl-vmovdqa64-1.c scan-assembler-times
vmovdqa64[ \\\\t]+\\\\([^\\n]*%xmm[0-9][^{] 1
FAIL: gcc.target/i386/avx512vl-vmovdqa64-1.c scan-assembler-times
vmovdqa64[ \\\\t]+[^\\n]*%ymm[0-9][^\\n^x^y]*\\\\( 2
FAIL: gcc.target/i386/fuse-caller-save-rec.c scan-assembler-not push
FAIL: gcc.target/i386/fuse-caller-save-rec.c scan-assembler-not pop
FAIL: gcc.target/i386/fuse-caller-save-rec.c scan-assembler-times
addl\\t%[re]?dx, %[re]?ax 1
FAIL: gcc.target/i386/fuse-caller-save-xmm.c scan-assembler-times
addpd\\t%xmm1, %xmm0 1
FAIL: gcc.target/i386/fuse-caller-save-xmm.c scan-assembler-times
movapd\\t%xmm0, %xmm1 1
FAIL: gcc.target/i386/fuse-caller-save.c scan-assembler-not push
FAIL: gcc.target/i386/fuse-caller-save.c scan-assembler-not pop
FAIL: gcc.target/i386/fuse-caller-save.c scan-assembler-times
addl\\t%[re]?d[ix], %[re]?ax 1
FAIL: gcc.target/i386/memcpy-strategy-3.c scan-assembler-times memcpy 2
FAIL: gcc.target/i386/memset-strategy-1.c scan-assembler-times memset 2
FAIL: gcc.target/i386/pr49095.c scan-assembler-not test[lq]
FAIL: gcc.target/i386/sibcall-1.c scan-assembler-not mov

=== gcc Summary for unix/-m32 ===

# of expected passes 104741
# of unexpected failures 95
# of expected failures 252
# of unresolved testcases 3
# of unsupported tests 3546

Running target unix/-m64
FAIL: c-c++-common/asan/strncpy-overflow-1.c   -O0  execution test
WARNING: program timed out.
FAIL: gcc.dg/atomic/c11-atomic-exec-5.c   -O0  execution test
WARNING: program timed out.
FAIL: gcc.dg/atomic/c11-atomic-exec-5.c   -O1  execution test
WARNING: program timed out.
FAIL: gcc.dg/atomic/c11-atomic-exec-5.c   -O2  execution test
WARNING: program timed out.
FAIL: gcc.dg/atomic/c11-atomic-exec-5.c   -O3 -fomit-frame-pointer
execution test
WARNING: program timed out.
FAIL: gcc.dg/atomic/c11-atomic-exec-5.c   -O3 -fomit-frame-pointer
-funroll-loops  execution test
WARNING: program timed out.
FAIL: gcc.dg/atomic/c11-atomic-exec-5.c   -O3 -fomit-frame-pointer
-funroll-all-loops -finline-functions  execution test
WARNING: program timed out.
FAIL: gcc.dg/atomic/c11-atomic-exec-5.c   -O3 -g  execution test
WARNING: program timed out.
FAIL: gcc.dg/atomic/c11-atomic-exec-5.c   -Os  execution test
WARNING: program timed out.
FAIL: gcc.dg/atomic/c11-atomic-exec-5.c   -O2 -flto
-flto-partition=none  execution test
WARNING: program timed out.
FAIL: gcc.dg/atomic/c11-atomic-exec-5.c   -O2 -flto  execution test
WARNING: program timed out.
FAIL: gcc.dg/cpp/_Pragma3.c (test for excess errors)
FAIL: gcc.dg/darwin-cfstring-format-1.c  (test for errors, line 21)
FAIL: gcc.dg/darwin-cfstring-format-1.c (test for excess errors)
FAIL: gcc.dg/framework-1.c (test for excess errors)
FAIL: gcc.dg/pubtypes-3.c (test for excess errors)
FAIL: gcc.dg/pubtypes-4.c (test for excess errors)
FAIL: gcc.dg/graphite/vect-pr43423.c scan-tree-dump-times vect
"vectorized 2 loops" 1
FAIL: gcc.dg/lto/pr60820 c_lto_pr60820_0.o assemble, -flto -r -nostdlib -O2
FAIL: gcc.dg/lto/pr60820 c_lto_pr60820_1.o assemble, -flto -r -nostdlib -O2
FAIL: gcc.dg/lto/pr60820 c_lto_pr60820_0.o-c_lto_pr60820_1.o link,
-flto -r -nostdlib -O2
UNRESOLVED: gcc.dg/lto/pr60820 c_lto_pr60820_0.o-c_lto_pr60820_1.o
execute -flto -r -nostdlib -O2
FAIL: gcc.dg/lto/pr61526 c_lto_pr61526_0.o-c_lto_pr61526_1.o link,
-fPIC -flto -flto-partition=1to1
UNRESOLVED: gcc.dg/lto/pr61526 c_lto_pr61526_0.o-c_lto_pr61526_1.o
execute  -fPIC -flto -flto-partition=1to1
FAIL: gcc.dg/torture/builtin-noret-1.c   -O2  (internal compiler error)
FAIL: gcc.dg/torture/builtin-noret-1.c   -O2  (test for excess errors)
FAIL: gcc.dg/torture/builtin-noret-1.c   -O3 -fomit-frame-pointer
(internal compiler error)
FAIL: gcc.dg/torture/builtin-noret-1.c   -O3 -fomit-frame-pointer
(test for excess errors)
FAIL: gcc.dg/torture/builtin-noret-1.c   -O3 -g  (internal compiler error)
FAIL: gcc.dg/torture/builtin-noret-1.c   -O3 -g  (test for excess errors)
FAIL: gcc.dg/torture/builtin-noret-1.c   -Os  (internal compiler error)
FAIL: gcc.dg/torture/builtin-noret-1.c   -Os  (test for excess errors)
FAIL: gcc.dg/torture/builtin-noret-1.c   -O2 -flto
-flto-partition=none  (internal compiler error)
FAIL: gcc.dg/torture/builtin-noret-1.c   -O2 -flto
-flto-partition=none  (test for excess errors)
FAIL: gcc.dg/torture/builtin-noret-1.c   -O2 -flto  (internal compiler error)
FAIL: gcc.dg/torture/builtin-noret-1.c   -O2 -flto  (test for excess errors)
FAIL: gcc.dg/torture/builtin-noret-2.c   -O2  (internal compiler error)
FAIL: gcc.dg/torture/builtin-noret-2.c   -O2  (test for excess errors)
FAIL: gcc.dg/torture/builtin-noret-2.c   -O3 -fomit-frame-pointer
(internal compiler error)
FAIL: gcc.dg/torture/builtin-noret-2.c   -O3 -fomit-frame-pointer
(test for excess errors)
FAIL: gcc.dg/torture/builtin-noret-2.c   -O3 -g  (internal compiler error)
FAIL: gcc.dg/torture/builtin-noret-2.c   -O3 -g  (test for excess errors)
FAIL: gcc.dg/torture/builtin-noret-2.c   -Os  (internal compiler error)
FAIL: gcc.dg/torture/builtin-noret-2.c   -Os  (test for excess errors)
FAIL: gcc.dg/torture/builtin-noret-2.c   -O2 -flto
-flto-partition=none  (internal compiler error)
FAIL: gcc.dg/torture/builtin-noret-2.c   -O2 -flto
-flto-partition=none  (test for excess errors)
FAIL: gcc.dg/torture/builtin-noret-2.c   -O2 -flto  (internal compiler error)
FAIL: gcc.dg/torture/builtin-noret-2.c   -O2 -flto  (test for excess errors)
FAIL: gcc.dg/torture/ftrapv-1.c   -O0  execution test
FAIL: gcc.dg/torture/ftrapv-1.c   -O1  execution test
FAIL: gcc.dg/torture/ftrapv-1.c   -O2  execution test
FAIL: gcc.dg/torture/ftrapv-1.c   -O3 -fomit-frame-pointer  execution test
FAIL: gcc.dg/torture/ftrapv-1.c   -O3 -fomit-frame-pointer
-funroll-loops  execution test
FAIL: gcc.dg/torture/ftrapv-1.c   -O3 -fomit-frame-pointer
-funroll-all-loops -finline-functions  execution test
FAIL: gcc.dg/torture/ftrapv-1.c   -O3 -g  execution test
FAIL: gcc.dg/torture/ftrapv-1.c   -Os  execution test
FAIL: gcc.dg/torture/ftrapv-1.c   -O2 -flto -flto-partition=none  execution test
FAIL: gcc.dg/torture/ftrapv-1.c   -O2 -flto  execution test
FAIL: gcc.dg/tree-prof/20041218-1.c compilation,  -fprofile-use -D_PROFILE_USE
UNRESOLVED: gcc.dg/tree-prof/20041218-1.c execution,    -fprofile-use
-D_PROFILE_USE
FAIL: gcc.dg/tree-prof/crossmodule-indircall-1.c compilation,
-fprofile-use -D_PROFILE_USE
UNRESOLVED: gcc.dg/tree-prof/crossmodule-indircall-1.c execution,
-fprofile-use -D_PROFILE_USE
UNRESOLVED: gcc.dg/tree-prof/peel-1.c scan-rtl-dump loop2_unroll
"Considering simply peeling loop"
FAIL: gcc.dg/tree-prof/pr34999.c compilation,  -fprofile-use -D_PROFILE_USE
UNRESOLVED: gcc.dg/tree-prof/pr34999.c execution,    -fprofile-use
-D_PROFILE_USE
FAIL: gcc.dg/tree-prof/pr45354.c compilation,  -fprofile-use -D_PROFILE_USE
UNRESOLVED: gcc.dg/tree-prof/pr45354.c execution,    -fprofile-use
-D_PROFILE_USE
FAIL: gcc.dg/tree-prof/pr49299-1.c compilation,  -fprofile-use -D_PROFILE_USE
UNRESOLVED: gcc.dg/tree-prof/pr49299-1.c execution,    -fprofile-use
-D_PROFILE_USE
FAIL: gcc.dg/tree-prof/pr49299-2.c compilation,  -fprofile-use -D_PROFILE_USE
UNRESOLVED: gcc.dg/tree-prof/pr49299-2.c execution,    -fprofile-use
-D_PROFILE_USE
FAIL: gcc.dg/tree-prof/pr50907.c compilation,  -fprofile-use -D_PROFILE_USE
UNRESOLVED: gcc.dg/tree-prof/pr50907.c execution,    -fprofile-use
-D_PROFILE_USE
FAIL: gcc.dg/tree-ssa/pr61144.c (test for excess errors)
FAIL: gcc.target/i386/avx512vl-vmovdqa64-1.c scan-assembler-times
vmovdqa64[ \\\\t]+\\\\([^\\n]*%ymm[0-9][^{] 1
FAIL: gcc.target/i386/avx512vl-vmovdqa64-1.c scan-assembler-times
vmovdqa64[ \\\\t]+\\\\([^\\n]*%xmm[0-9][^{] 1
FAIL: gcc.target/i386/avx512vl-vmovdqa64-1.c scan-assembler-times
vmovdqa64[ \\\\t]+[^\\n]*%ymm[0-9][^\\n^x^y]*\\\\( 2
FAIL: gcc.target/i386/avx512vl-vpbroadcastd-1.c scan-assembler-times
vpbroadcastd[ \\\\t]+%e[^\\n]*%ymm[0-9]{%k[1-7]}[^{] 1
FAIL: gcc.target/i386/memcpy-strategy-3.c scan-assembler-times memcpy 2
FAIL: gcc.target/i386/memset-strategy-1.c scan-assembler-times memset 2
FAIL: gcc.target/i386/pr49866.c (test for excess errors)
FAIL: gcc.target/i386/pr61599-1.c (test for excess errors)
UNRESOLVED: gcc.target/i386/pr61599-1.c compilation failed to produce executable
FAIL: gcc.target/i386/pr63538.c scan-assembler movabs

=== gcc Summary for unix/-m64 ===

# of expected passes 105577
# of unexpected failures 73
# of expected failures 255
# of unresolved testcases 11
# of unsupported tests 3760

=== gcc Summary ===

# of expected passes 210318
# of unexpected failures 168
# of expected failures 507
# of unresolved testcases 14
# of unsupported tests 7306
/sw/src/fink.build/gcc50-5.0.0-1000/darwin_objdir/gcc/xgcc  version
5.0.0 20141107 (experimental) (GCC)

=== gfortran tests ===


Running target unix/-m32
FAIL: gfortran.dg/assumed_rank_10.f90   -O3 -fomit-frame-pointer
-funroll-loops  execution test
FAIL: gfortran.dg/assumed_rank_10.f90   -O3 -fomit-frame-pointer
-funroll-all-loops -finline-functions  execution test
FAIL: gfortran.dg/assumed_rank_8.f90   -O2  execution test
FAIL: gfortran.dg/assumed_rank_8.f90   -O3 -fomit-frame-pointer  execution test
FAIL: gfortran.dg/assumed_rank_8.f90   -O3 -fomit-frame-pointer
-funroll-loops  execution test
FAIL: gfortran.dg/assumed_rank_8.f90   -O3 -fomit-frame-pointer
-funroll-all-loops -finline-functions  execution test
FAIL: gfortran.dg/assumed_rank_8.f90   -O3 -g  execution test
FAIL: gfortran.dg/assumed_rank_8.f90   -Os  execution test
FAIL: gfortran.dg/assumed_rank_9.f90   -O2  execution test
FAIL: gfortran.dg/assumed_rank_9.f90   -O3 -fomit-frame-pointer  execution test
FAIL: gfortran.dg/assumed_rank_9.f90   -O3 -fomit-frame-pointer
-funroll-loops  execution test
FAIL: gfortran.dg/assumed_rank_9.f90   -O3 -fomit-frame-pointer
-funroll-all-loops -finline-functions  execution test
FAIL: gfortran.dg/assumed_rank_9.f90   -O3 -g  execution test
FAIL: gfortran.dg/assumed_rank_9.f90   -Os  execution test
FAIL: gfortran.dg/graphite/pr42393.f90   -O  (internal compiler error)
FAIL: gfortran.dg/graphite/pr42393.f90   -O  (test for excess errors)

=== gfortran Summary for unix/-m32 ===

# of expected passes 46508
# of unexpected failures 16
# of expected failures 52
# of unsupported tests 214

Running target unix/-m64
FAIL: gfortran.dg/assumed_rank_8.f90   -O2  execution test
FAIL: gfortran.dg/assumed_rank_8.f90   -O3 -fomit-frame-pointer  execution test
FAIL: gfortran.dg/assumed_rank_8.f90   -O3 -fomit-frame-pointer
-funroll-loops  execution test
FAIL: gfortran.dg/assumed_rank_8.f90   -O3 -fomit-frame-pointer
-funroll-all-loops -finline-functions  execution test
FAIL: gfortran.dg/assumed_rank_8.f90   -O3 -g  execution test
FAIL: gfortran.dg/assumed_rank_8.f90   -Os  execution test
FAIL: gfortran.dg/assumed_rank_9.f90   -O2  execution test
FAIL: gfortran.dg/assumed_rank_9.f90   -O3 -fomit-frame-pointer  execution test
FAIL: gfortran.dg/assumed_rank_9.f90   -O3 -fomit-frame-pointer
-funroll-loops  execution test
FAIL: gfortran.dg/assumed_rank_9.f90   -O3 -fomit-frame-pointer
-funroll-all-loops -finline-functions  execution test
FAIL: gfortran.dg/assumed_rank_9.f90   -O3 -g  execution test
FAIL: gfortran.dg/assumed_rank_9.f90   -Os  execution test
FAIL: gfortran.dg/graphite/pr42393.f90   -O  (internal compiler error)
FAIL: gfortran.dg/graphite/pr42393.f90   -O  (test for excess errors)

=== gfortran Summary for unix/-m64 ===

# of expected passes 46797
# of unexpected failures 14
# of expected failures 52
# of unsupported tests 76

=== gfortran Summary ===

# of expected passes 93305
# of unexpected failures 30
# of expected failures 104
# of unsupported tests 290
/sw/src/fink.build/gcc50-5.0.0-1000/darwin_objdir/gcc/testsuite/gfortran/../../gfortran
 version 5.0.0 20141107 (experimental) (GCC)

=== obj-c++ tests ===


Running target unix/-m32
FAIL: obj-c++.dg/cxx-ivars-3.mm -fnext-runtime (test for excess errors)
UNRESOLVED: obj-c++.dg/cxx-ivars-3.mm -fnext-runtime compilation
failed to produce executable
FAIL: obj-c++.dg/gnu-api-2-objc.mm -fnext-runtime execution test
FAIL: obj-c++.dg/proto-lossage-7.mm -fnext-runtime (test for excess errors)
FAIL: obj-c++.dg/syntax-error-1.mm -fnext-runtime (test for excess errors)
FAIL: obj-c++.dg/strings/const-cfstring-2.mm -fnext-runtime (test for
excess errors)
FAIL: obj-c++.dg/strings/const-cfstring-5.mm -fnext-runtime (test for
excess errors)
FAIL: obj-c++.dg/strings/const-str-12.mm -fnext-runtime (test for excess errors)
FAIL: obj-c++.dg/torture/strings/const-cfstring-1.mm   -O0
-fnext-runtime (test for excess errors)
UNRESOLVED: obj-c++.dg/torture/strings/const-cfstring-1.mm   -O0
-fnext-runtime compilation failed to produce executable
FAIL: obj-c++.dg/torture/strings/const-cfstring-1.mm   -O1
-fnext-runtime (test for excess errors)
UNRESOLVED: obj-c++.dg/torture/strings/const-cfstring-1.mm   -O1
-fnext-runtime compilation failed to produce executable
FAIL: obj-c++.dg/torture/strings/const-cfstring-1.mm   -O2
-fnext-runtime (test for excess errors)
UNRESOLVED: obj-c++.dg/torture/strings/const-cfstring-1.mm   -O2
-fnext-runtime compilation failed to produce executable
FAIL: obj-c++.dg/torture/strings/const-cfstring-1.mm   -O3
-fomit-frame-pointer  -fnext-runtime (test for excess errors)
UNRESOLVED: obj-c++.dg/torture/strings/const-cfstring-1.mm   -O3
-fomit-frame-pointer  -fnext-runtime compilation failed to produce
executable
FAIL: obj-c++.dg/torture/strings/const-cfstring-1.mm   -O3 -g
-fnext-runtime (test for excess errors)
UNRESOLVED: obj-c++.dg/torture/strings/const-cfstring-1.mm   -O3 -g
-fnext-runtime compilation failed to produce executable
FAIL: obj-c++.dg/torture/strings/const-cfstring-1.mm   -Os
-fnext-runtime (test for excess errors)
UNRESOLVED: obj-c++.dg/torture/strings/const-cfstring-1.mm   -Os
-fnext-runtime compilation failed to produce executable
FAIL: obj-c++.dg/torture/strings/const-cfstring-1.mm   -O2 -flto
-flto-partition=none  -fnext-runtime (test for excess errors)
UNRESOLVED: obj-c++.dg/torture/strings/const-cfstring-1.mm   -O2 -flto
-flto-partition=none  -fnext-runtime compilation failed to produce
executable
FAIL: obj-c++.dg/torture/strings/const-cfstring-1.mm   -O2 -flto
-fnext-runtime (test for excess errors)
UNRESOLVED: obj-c++.dg/torture/strings/const-cfstring-1.mm   -O2 -flto
 -fnext-runtime compilation failed to produce executable
FAIL: obj-c++.dg/torture/strings/const-str-10.mm   -O0  -fnext-runtime
(test for excess errors)
UNRESOLVED: obj-c++.dg/torture/strings/const-str-10.mm   -O0
-fnext-runtime  scan-assembler .section __OBJC, __cstring_object
UNRESOLVED: obj-c++.dg/torture/strings/const-str-10.mm   -O0
-fnext-runtime  scan-assembler
.long\\t__NSConstantStringClassReference\\n\\t.long\\t.*\\n\\t.long\\t5\\n\\t.data
FAIL: obj-c++.dg/torture/strings/const-str-10.mm   -O1  -fnext-runtime
(test for excess errors)
UNRESOLVED: obj-c++.dg/torture/strings/const-str-10.mm   -O1
-fnext-runtime  scan-assembler .section __OBJC, __cstring_object
UNRESOLVED: obj-c++.dg/torture/strings/const-str-10.mm   -O1
-fnext-runtime  scan-assembler
.long\\t__NSConstantStringClassReference\\n\\t.long\\t.*\\n\\t.long\\t5\\n\\t.data
FAIL: obj-c++.dg/torture/strings/const-str-10.mm   -O2  -fnext-runtime
(test for excess errors)
UNRESOLVED: obj-c++.dg/torture/strings/const-str-10.mm   -O2
-fnext-runtime  scan-assembler .section __OBJC, __cstring_object
UNRESOLVED: obj-c++.dg/torture/strings/const-str-10.mm   -O2
-fnext-runtime  scan-assembler
.long\\t__NSConstantStringClassReference\\n\\t.long\\t.*\\n\\t.long\\t5\\n\\t.data
FAIL: obj-c++.dg/torture/strings/const-str-10.mm   -O3
-fomit-frame-pointer  -fnext-runtime (test for excess errors)
UNRESOLVED: obj-c++.dg/torture/strings/const-str-10.mm   -O3
-fomit-frame-pointer  -fnext-runtime  scan-assembler .section __OBJC,
__cstring_object
UNRESOLVED: obj-c++.dg/torture/strings/const-str-10.mm   -O3
-fomit-frame-pointer  -fnext-runtime  scan-assembler
.long\\t__NSConstantStringClassReference\\n\\t.long\\t.*\\n\\t.long\\t5\\n\\t.data
FAIL: obj-c++.dg/torture/strings/const-str-10.mm   -O3 -g
-fnext-runtime (test for excess errors)
UNRESOLVED: obj-c++.dg/torture/strings/const-str-10.mm   -O3 -g
-fnext-runtime  scan-assembler .section __OBJC, __cstring_object
UNRESOLVED: obj-c++.dg/torture/strings/const-str-10.mm   -O3 -g
-fnext-runtime  scan-assembler
.long\\t__NSConstantStringClassReference\\n\\t.long\\t.*\\n\\t.long\\t5\\n\\t.data
FAIL: obj-c++.dg/torture/strings/const-str-10.mm   -Os  -fnext-runtime
(test for excess errors)
UNRESOLVED: obj-c++.dg/torture/strings/const-str-10.mm   -Os
-fnext-runtime  scan-assembler .section __OBJC, __cstring_object
UNRESOLVED: obj-c++.dg/torture/strings/const-str-10.mm   -Os
-fnext-runtime  scan-assembler
.long\\t__NSConstantStringClassReference\\n\\t.long\\t.*\\n\\t.long\\t5\\n\\t.data
FAIL: obj-c++.dg/torture/strings/const-str-10.mm   -O2 -flto
-flto-partition=none  -fnext-runtime (test for excess errors)
UNRESOLVED: obj-c++.dg/torture/strings/const-str-10.mm   -O2 -flto
-flto-partition=none  -fnext-runtime  scan-assembler .section __OBJC,
__cstring_object
UNRESOLVED: obj-c++.dg/torture/strings/const-str-10.mm   -O2 -flto
-flto-partition=none  -fnext-runtime  scan-assembler
.long\\t__NSConstantStringClassReference\\n\\t.long\\t.*\\n\\t.long\\t5\\n\\t.data
FAIL: obj-c++.dg/torture/strings/const-str-10.mm   -O2 -flto
-fnext-runtime (test for excess errors)
UNRESOLVED: obj-c++.dg/torture/strings/const-str-10.mm   -O2 -flto
-fnext-runtime  scan-assembler .section __OBJC, __cstring_object
UNRESOLVED: obj-c++.dg/torture/strings/const-str-10.mm   -O2 -flto
-fnext-runtime  scan-assembler
.long\\t__NSConstantStringClassReference\\n\\t.long\\t.*\\n\\t.long\\t5\\n\\t.data
FAIL: obj-c++.dg/torture/strings/const-str-11.mm   -O0  -fnext-runtime
(test for excess errors)
UNRESOLVED: obj-c++.dg/torture/strings/const-str-11.mm   -O0
-fnext-runtime  scan-assembler .section __OBJC, __cstring_object
UNRESOLVED: obj-c++.dg/torture/strings/const-str-11.mm   -O0
-fnext-runtime  scan-assembler
.long\\t__XStrClassReference\\n\\t.long\\t.*\\n\\t.long\\t5\\n\\t.data
FAIL: obj-c++.dg/torture/strings/const-str-11.mm   -O1  -fnext-runtime
(test for excess errors)
UNRESOLVED: obj-c++.dg/torture/strings/const-str-11.mm   -O1
-fnext-runtime  scan-assembler .section __OBJC, __cstring_object
UNRESOLVED: obj-c++.dg/torture/strings/const-str-11.mm   -O1
-fnext-runtime  scan-assembler
.long\\t__XStrClassReference\\n\\t.long\\t.*\\n\\t.long\\t5\\n\\t.data
FAIL: obj-c++.dg/torture/strings/const-str-11.mm   -O2  -fnext-runtime
(test for excess errors)
UNRESOLVED: obj-c++.dg/torture/strings/const-str-11.mm   -O2
-fnext-runtime  scan-assembler .section __OBJC, __cstring_object
UNRESOLVED: obj-c++.dg/torture/strings/const-str-11.mm   -O2
-fnext-runtime  scan-assembler
.long\\t__XStrClassReference\\n\\t.long\\t.*\\n\\t.long\\t5\\n\\t.data
FAIL: obj-c++.dg/torture/strings/const-str-11.mm   -O3
-fomit-frame-pointer  -fnext-runtime (test for excess errors)
UNRESOLVED: obj-c++.dg/torture/strings/const-str-11.mm   -O3
-fomit-frame-pointer  -fnext-runtime  scan-assembler .section __OBJC,
__cstring_object
UNRESOLVED: obj-c++.dg/torture/strings/const-str-11.mm   -O3
-fomit-frame-pointer  -fnext-runtime  scan-assembler
.long\\t__XStrClassReference\\n\\t.long\\t.*\\n\\t.long\\t5\\n\\t.data
FAIL: obj-c++.dg/torture/strings/const-str-11.mm   -O3 -g
-fnext-runtime (test for excess errors)
UNRESOLVED: obj-c++.dg/torture/strings/const-str-11.mm   -O3 -g
-fnext-runtime  scan-assembler .section __OBJC, __cstring_object
UNRESOLVED: obj-c++.dg/torture/strings/const-str-11.mm   -O3 -g
-fnext-runtime  scan-assembler
.long\\t__XStrClassReference\\n\\t.long\\t.*\\n\\t.long\\t5\\n\\t.data
FAIL: obj-c++.dg/torture/strings/const-str-11.mm   -Os  -fnext-runtime
(test for excess errors)
UNRESOLVED: obj-c++.dg/torture/strings/const-str-11.mm   -Os
-fnext-runtime  scan-assembler .section __OBJC, __cstring_object
UNRESOLVED: obj-c++.dg/torture/strings/const-str-11.mm   -Os
-fnext-runtime  scan-assembler
.long\\t__XStrClassReference\\n\\t.long\\t.*\\n\\t.long\\t5\\n\\t.data
FAIL: obj-c++.dg/torture/strings/const-str-11.mm   -O2 -flto
-flto-partition=none  -fnext-runtime (test for excess errors)
UNRESOLVED: obj-c++.dg/torture/strings/const-str-11.mm   -O2 -flto
-flto-partition=none  -fnext-runtime  scan-assembler .section __OBJC,
__cstring_object
UNRESOLVED: obj-c++.dg/torture/strings/const-str-11.mm   -O2 -flto
-flto-partition=none  -fnext-runtime  scan-assembler
.long\\t__XStrClassReference\\n\\t.long\\t.*\\n\\t.long\\t5\\n\\t.data
FAIL: obj-c++.dg/torture/strings/const-str-11.mm   -O2 -flto
-fnext-runtime (test for excess errors)
UNRESOLVED: obj-c++.dg/torture/strings/const-str-11.mm   -O2 -flto
-fnext-runtime  scan-assembler .section __OBJC, __cstring_object
UNRESOLVED: obj-c++.dg/torture/strings/const-str-11.mm   -O2 -flto
-fnext-runtime  scan-assembler
.long\\t__XStrClassReference\\n\\t.long\\t.*\\n\\t.long\\t5\\n\\t.data
FAIL: obj-c++.dg/torture/strings/const-str-9.mm   -O0  -fnext-runtime
(test for excess errors)
UNRESOLVED: obj-c++.dg/torture/strings/const-str-9.mm   -O0
-fnext-runtime  scan-assembler .section __OBJC, __cstring_object
UNRESOLVED: obj-c++.dg/torture/strings/const-str-9.mm   -O0
-fnext-runtime  scan-assembler
.long\\t__NSConstantStringClassReference\\n\\t.long\\t.*\\n\\t.long\\t5\\n\\t.data
FAIL: obj-c++.dg/torture/strings/const-str-9.mm   -O1  -fnext-runtime
(test for excess errors)
UNRESOLVED: obj-c++.dg/torture/strings/const-str-9.mm   -O1
-fnext-runtime  scan-assembler .section __OBJC, __cstring_object
UNRESOLVED: obj-c++.dg/torture/strings/const-str-9.mm   -O1
-fnext-runtime  scan-assembler
.long\\t__NSConstantStringClassReference\\n\\t.long\\t.*\\n\\t.long\\t5\\n\\t.data
FAIL: obj-c++.dg/torture/strings/const-str-9.mm   -O2  -fnext-runtime
(test for excess errors)
UNRESOLVED: obj-c++.dg/torture/strings/const-str-9.mm   -O2
-fnext-runtime  scan-assembler .section __OBJC, __cstring_object
UNRESOLVED: obj-c++.dg/torture/strings/const-str-9.mm   -O2
-fnext-runtime  scan-assembler
.long\\t__NSConstantStringClassReference\\n\\t.long\\t.*\\n\\t.long\\t5\\n\\t.data
FAIL: obj-c++.dg/torture/strings/const-str-9.mm   -O3
-fomit-frame-pointer  -fnext-runtime (test for excess errors)
UNRESOLVED: obj-c++.dg/torture/strings/const-str-9.mm   -O3
-fomit-frame-pointer  -fnext-runtime  scan-assembler .section __OBJC,
__cstring_object
UNRESOLVED: obj-c++.dg/torture/strings/const-str-9.mm   -O3
-fomit-frame-pointer  -fnext-runtime  scan-assembler
.long\\t__NSConstantStringClassReference\\n\\t.long\\t.*\\n\\t.long\\t5\\n\\t.data
FAIL: obj-c++.dg/torture/strings/const-str-9.mm   -O3 -g
-fnext-runtime (test for excess errors)
UNRESOLVED: obj-c++.dg/torture/strings/const-str-9.mm   -O3 -g
-fnext-runtime  scan-assembler .section __OBJC, __cstring_object
UNRESOLVED: obj-c++.dg/torture/strings/const-str-9.mm   -O3 -g
-fnext-runtime  scan-assembler
.long\\t__NSConstantStringClassReference\\n\\t.long\\t.*\\n\\t.long\\t5\\n\\t.data
FAIL: obj-c++.dg/torture/strings/const-str-9.mm   -Os  -fnext-runtime
(test for excess errors)
UNRESOLVED: obj-c++.dg/torture/strings/const-str-9.mm   -Os
-fnext-runtime  scan-assembler .section __OBJC, __cstring_object
UNRESOLVED: obj-c++.dg/torture/strings/const-str-9.mm   -Os
-fnext-runtime  scan-assembler
.long\\t__NSConstantStringClassReference\\n\\t.long\\t.*\\n\\t.long\\t5\\n\\t.data
FAIL: obj-c++.dg/torture/strings/const-str-9.mm   -O2 -flto
-flto-partition=none  -fnext-runtime (test for excess errors)
UNRESOLVED: obj-c++.dg/torture/strings/const-str-9.mm   -O2 -flto
-flto-partition=none  -fnext-runtime  scan-assembler .section __OBJC,
__cstring_object
UNRESOLVED: obj-c++.dg/torture/strings/const-str-9.mm   -O2 -flto
-flto-partition=none  -fnext-runtime  scan-assembler
.long\\t__NSConstantStringClassReference\\n\\t.long\\t.*\\n\\t.long\\t5\\n\\t.data
FAIL: obj-c++.dg/torture/strings/const-str-9.mm   -O2 -flto
-fnext-runtime (test for excess errors)
UNRESOLVED: obj-c++.dg/torture/strings/const-str-9.mm   -O2 -flto
-fnext-runtime  scan-assembler .section __OBJC, __cstring_object
UNRESOLVED: obj-c++.dg/torture/strings/const-str-9.mm   -O2 -flto
-fnext-runtime  scan-assembler
.long\\t__NSConstantStringClassReference\\n\\t.long\\t.*\\n\\t.long\\t5\\n\\t.data

=== obj-c++ Summary for unix/-m32 ===

# of expected passes 3057
# of unexpected failures 39
# of expected failures 2
# of unresolved testcases 57
# of unsupported tests 68

Running target unix/-m64
FAIL: obj-c++.dg/cxx-ivars-3.mm -fnext-runtime (test for excess errors)
UNRESOLVED: obj-c++.dg/cxx-ivars-3.mm -fnext-runtime compilation
failed to produce executable
FAIL: obj-c++.dg/encode-5.mm -fnext-runtime (test for excess errors)
UNRESOLVED: obj-c++.dg/encode-5.mm -fnext-runtime compilation failed
to produce executable
FAIL: obj-c++.dg/gnu-api-2-objc.mm -fnext-runtime execution test
FAIL: obj-c++.dg/isa-field-1.mm -fnext-runtime (test for excess errors)
FAIL: obj-c++.dg/proto-lossage-3.mm -fnext-runtime (test for excess errors)
UNRESOLVED: obj-c++.dg/proto-lossage-3.mm -fnext-runtime compilation
failed to produce executable
FAIL: obj-c++.dg/proto-lossage-7.mm -fnext-runtime (test for excess errors)
FAIL: obj-c++.dg/proto-qual-1.mm -fnext-runtime (test for excess errors)
UNRESOLVED: obj-c++.dg/proto-qual-1.mm -fnext-runtime compilation
failed to produce executable
FAIL: obj-c++.dg/syntax-error-1.mm -fnext-runtime (test for excess errors)
FAIL: obj-c++.dg/try-catch-2.mm -fnext-runtime execution test
FAIL: obj-c++.dg/try-catch-9.mm -fnext-runtime execution test
FAIL: obj-c++.dg/strings/const-cfstring-2.mm -fnext-runtime (test for
excess errors)
FAIL: obj-c++.dg/strings/const-cfstring-5.mm -fnext-runtime (test for
excess errors)
FAIL: obj-c++.dg/strings/const-str-12.mm -fnext-runtime (test for excess errors)
FAIL: obj-c++.dg/torture/strings/const-cfstring-1.mm   -O0
-fnext-runtime (test for excess errors)
UNRESOLVED: obj-c++.dg/torture/strings/const-cfstring-1.mm   -O0
-fnext-runtime compilation failed to produce executable
FAIL: obj-c++.dg/torture/strings/const-cfstring-1.mm   -O1
-fnext-runtime (test for excess errors)
UNRESOLVED: obj-c++.dg/torture/strings/const-cfstring-1.mm   -O1
-fnext-runtime compilation failed to produce executable
FAIL: obj-c++.dg/torture/strings/const-cfstring-1.mm   -O2
-fnext-runtime (test for excess errors)
UNRESOLVED: obj-c++.dg/torture/strings/const-cfstring-1.mm   -O2
-fnext-runtime compilation failed to produce executable
FAIL: obj-c++.dg/torture/strings/const-cfstring-1.mm   -O3
-fomit-frame-pointer  -fnext-runtime (test for excess errors)
UNRESOLVED: obj-c++.dg/torture/strings/const-cfstring-1.mm   -O3
-fomit-frame-pointer  -fnext-runtime compilation failed to produce
executable
FAIL: obj-c++.dg/torture/strings/const-cfstring-1.mm   -O3 -g
-fnext-runtime (test for excess errors)
UNRESOLVED: obj-c++.dg/torture/strings/const-cfstring-1.mm   -O3 -g
-fnext-runtime compilation failed to produce executable
FAIL: obj-c++.dg/torture/strings/const-cfstring-1.mm   -Os
-fnext-runtime (test for excess errors)
UNRESOLVED: obj-c++.dg/torture/strings/const-cfstring-1.mm   -Os
-fnext-runtime compilation failed to produce executable
FAIL: obj-c++.dg/torture/strings/const-cfstring-1.mm   -O2 -flto
-flto-partition=none  -fnext-runtime (test for excess errors)
UNRESOLVED: obj-c++.dg/torture/strings/const-cfstring-1.mm   -O2 -flto
-flto-partition=none  -fnext-runtime compilation failed to produce
executable
FAIL: obj-c++.dg/torture/strings/const-cfstring-1.mm   -O2 -flto
-fnext-runtime (test for excess errors)
UNRESOLVED: obj-c++.dg/torture/strings/const-cfstring-1.mm   -O2 -flto
 -fnext-runtime compilation failed to produce executable
FAIL: obj-c++.dg/torture/strings/const-str-10.mm   -O0  -fnext-runtime
(test for excess errors)
UNRESOLVED: obj-c++.dg/torture/strings/const-str-10.mm   -O0
-fnext-runtime  scan-assembler .section __DATA, __objc_stringobj
UNRESOLVED: obj-c++.dg/torture/strings/const-str-10.mm   -O0
-fnext-runtime  scan-assembler
.quad\\t_OBJC_CLASS_._NSConstantString\\n\\t.quad\\t.*\\n\\t.long\\t5\\n\\t.space
FAIL: obj-c++.dg/torture/strings/const-str-10.mm   -O1  -fnext-runtime
(test for excess errors)
UNRESOLVED: obj-c++.dg/torture/strings/const-str-10.mm   -O1
-fnext-runtime  scan-assembler .section __DATA, __objc_stringobj
UNRESOLVED: obj-c++.dg/torture/strings/const-str-10.mm   -O1
-fnext-runtime  scan-assembler
.quad\\t_OBJC_CLASS_._NSConstantString\\n\\t.quad\\t.*\\n\\t.long\\t5\\n\\t.space
FAIL: obj-c++.dg/torture/strings/const-str-10.mm   -O2  -fnext-runtime
(test for excess errors)
UNRESOLVED: obj-c++.dg/torture/strings/const-str-10.mm   -O2
-fnext-runtime  scan-assembler .section __DATA, __objc_stringobj
UNRESOLVED: obj-c++.dg/torture/strings/const-str-10.mm   -O2
-fnext-runtime  scan-assembler
.quad\\t_OBJC_CLASS_._NSConstantString\\n\\t.quad\\t.*\\n\\t.long\\t5\\n\\t.space
FAIL: obj-c++.dg/torture/strings/const-str-10.mm   -O3
-fomit-frame-pointer  -fnext-runtime (test for excess errors)
UNRESOLVED: obj-c++.dg/torture/strings/const-str-10.mm   -O3
-fomit-frame-pointer  -fnext-runtime  scan-assembler .section __DATA,
__objc_stringobj
UNRESOLVED: obj-c++.dg/torture/strings/const-str-10.mm   -O3
-fomit-frame-pointer  -fnext-runtime  scan-assembler
.quad\\t_OBJC_CLASS_._NSConstantString\\n\\t.quad\\t.*\\n\\t.long\\t5\\n\\t.space
FAIL: obj-c++.dg/torture/strings/const-str-10.mm   -O3 -g
-fnext-runtime (test for excess errors)
UNRESOLVED: obj-c++.dg/torture/strings/const-str-10.mm   -O3 -g
-fnext-runtime  scan-assembler .section __DATA, __objc_stringobj
UNRESOLVED: obj-c++.dg/torture/strings/const-str-10.mm   -O3 -g
-fnext-runtime  scan-assembler
.quad\\t_OBJC_CLASS_._NSConstantString\\n\\t.quad\\t.*\\n\\t.long\\t5\\n\\t.space
FAIL: obj-c++.dg/torture/strings/const-str-10.mm   -Os  -fnext-runtime
(test for excess errors)
UNRESOLVED: obj-c++.dg/torture/strings/const-str-10.mm   -Os
-fnext-runtime  scan-assembler .section __DATA, __objc_stringobj
UNRESOLVED: obj-c++.dg/torture/strings/const-str-10.mm   -Os
-fnext-runtime  scan-assembler
.quad\\t_OBJC_CLASS_._NSConstantString\\n\\t.quad\\t.*\\n\\t.long\\t5\\n\\t.space
FAIL: obj-c++.dg/torture/strings/const-str-10.mm   -O2 -flto
-flto-partition=none  -fnext-runtime (test for excess errors)
UNRESOLVED: obj-c++.dg/torture/strings/const-str-10.mm   -O2 -flto
-flto-partition=none  -fnext-runtime  scan-assembler .section __DATA,
__objc_stringobj
UNRESOLVED: obj-c++.dg/torture/strings/const-str-10.mm   -O2 -flto
-flto-partition=none  -fnext-runtime  scan-assembler
.quad\\t_OBJC_CLASS_._NSConstantString\\n\\t.quad\\t.*\\n\\t.long\\t5\\n\\t.space
FAIL: obj-c++.dg/torture/strings/const-str-10.mm   -O2 -flto
-fnext-runtime (test for excess errors)
UNRESOLVED: obj-c++.dg/torture/strings/const-str-10.mm   -O2 -flto
-fnext-runtime  scan-assembler .section __DATA, __objc_stringobj
UNRESOLVED: obj-c++.dg/torture/strings/const-str-10.mm   -O2 -flto
-fnext-runtime  scan-assembler
.quad\\t_OBJC_CLASS_._NSConstantString\\n\\t.quad\\t.*\\n\\t.long\\t5\\n\\t.space
FAIL: obj-c++.dg/torture/strings/const-str-11.mm   -O0  -fnext-runtime
(test for excess errors)
UNRESOLVED: obj-c++.dg/torture/strings/const-str-11.mm   -O0
-fnext-runtime  scan-assembler .section __DATA, __objc_stringobj
UNRESOLVED: obj-c++.dg/torture/strings/const-str-11.mm   -O0
-fnext-runtime  scan-assembler
.quad\\t_OBJC_CLASS_._XStr\\n\\t.quad\\t.*\\n\\t.long\\t5\\n\\t.space
FAIL: obj-c++.dg/torture/strings/const-str-11.mm   -O1  -fnext-runtime
(test for excess errors)
UNRESOLVED: obj-c++.dg/torture/strings/const-str-11.mm   -O1
-fnext-runtime  scan-assembler .section __DATA, __objc_stringobj
UNRESOLVED: obj-c++.dg/torture/strings/const-str-11.mm   -O1
-fnext-runtime  scan-assembler
.quad\\t_OBJC_CLASS_._XStr\\n\\t.quad\\t.*\\n\\t.long\\t5\\n\\t.space
FAIL: obj-c++.dg/torture/strings/const-str-11.mm   -O2  -fnext-runtime
(test for excess errors)
UNRESOLVED: obj-c++.dg/torture/strings/const-str-11.mm   -O2
-fnext-runtime  scan-assembler .section __DATA, __objc_stringobj
UNRESOLVED: obj-c++.dg/torture/strings/const-str-11.mm   -O2
-fnext-runtime  scan-assembler
.quad\\t_OBJC_CLASS_._XStr\\n\\t.quad\\t.*\\n\\t.long\\t5\\n\\t.space
FAIL: obj-c++.dg/torture/strings/const-str-11.mm   -O3
-fomit-frame-pointer  -fnext-runtime (test for excess errors)
UNRESOLVED: obj-c++.dg/torture/strings/const-str-11.mm   -O3
-fomit-frame-pointer  -fnext-runtime  scan-assembler .section __DATA,
__objc_stringobj
UNRESOLVED: obj-c++.dg/torture/strings/const-str-11.mm   -O3
-fomit-frame-pointer  -fnext-runtime  scan-assembler
.quad\\t_OBJC_CLASS_._XStr\\n\\t.quad\\t.*\\n\\t.long\\t5\\n\\t.space
FAIL: obj-c++.dg/torture/strings/const-str-11.mm   -O3 -g
-fnext-runtime (test for excess errors)
UNRESOLVED: obj-c++.dg/torture/strings/const-str-11.mm   -O3 -g
-fnext-runtime  scan-assembler .section __DATA, __objc_stringobj
UNRESOLVED: obj-c++.dg/torture/strings/const-str-11.mm   -O3 -g
-fnext-runtime  scan-assembler
.quad\\t_OBJC_CLASS_._XStr\\n\\t.quad\\t.*\\n\\t.long\\t5\\n\\t.space
FAIL: obj-c++.dg/torture/strings/const-str-11.mm   -Os  -fnext-runtime
(test for excess errors)
UNRESOLVED: obj-c++.dg/torture/strings/const-str-11.mm   -Os
-fnext-runtime  scan-assembler .section __DATA, __objc_stringobj
UNRESOLVED: obj-c++.dg/torture/strings/const-str-11.mm   -Os
-fnext-runtime  scan-assembler
.quad\\t_OBJC_CLASS_._XStr\\n\\t.quad\\t.*\\n\\t.long\\t5\\n\\t.space
FAIL: obj-c++.dg/torture/strings/const-str-11.mm   -O2 -flto
-flto-partition=none  -fnext-runtime (test for excess errors)
UNRESOLVED: obj-c++.dg/torture/strings/const-str-11.mm   -O2 -flto
-flto-partition=none  -fnext-runtime  scan-assembler .section __DATA,
__objc_stringobj
UNRESOLVED: obj-c++.dg/torture/strings/const-str-11.mm   -O2 -flto
-flto-partition=none  -fnext-runtime  scan-assembler
.quad\\t_OBJC_CLASS_._XStr\\n\\t.quad\\t.*\\n\\t.long\\t5\\n\\t.space
FAIL: obj-c++.dg/torture/strings/const-str-11.mm   -O2 -flto
-fnext-runtime (test for excess errors)
UNRESOLVED: obj-c++.dg/torture/strings/const-str-11.mm   -O2 -flto
-fnext-runtime  scan-assembler .section __DATA, __objc_stringobj
UNRESOLVED: obj-c++.dg/torture/strings/const-str-11.mm   -O2 -flto
-fnext-runtime  scan-assembler
.quad\\t_OBJC_CLASS_._XStr\\n\\t.quad\\t.*\\n\\t.long\\t5\\n\\t.space
FAIL: obj-c++.dg/torture/strings/const-str-9.mm   -O0  -fnext-runtime
(test for excess errors)
UNRESOLVED: obj-c++.dg/torture/strings/const-str-9.mm   -O0
-fnext-runtime  scan-assembler .section __DATA, __objc_stringobj
UNRESOLVED: obj-c++.dg/torture/strings/const-str-9.mm   -O0
-fnext-runtime  scan-assembler
.quad\\t_OBJC_CLASS_._NSConstantString\\n\\t.quad\\t.*\\n\\t.long\\t5\\n\\t.space
FAIL: obj-c++.dg/torture/strings/const-str-9.mm   -O1  -fnext-runtime
(test for excess errors)
UNRESOLVED: obj-c++.dg/torture/strings/const-str-9.mm   -O1
-fnext-runtime  scan-assembler .section __DATA, __objc_stringobj
UNRESOLVED: obj-c++.dg/torture/strings/const-str-9.mm   -O1
-fnext-runtime  scan-assembler
.quad\\t_OBJC_CLASS_._NSConstantString\\n\\t.quad\\t.*\\n\\t.long\\t5\\n\\t.space
FAIL: obj-c++.dg/torture/strings/const-str-9.mm   -O2  -fnext-runtime
(test for excess errors)
UNRESOLVED: obj-c++.dg/torture/strings/const-str-9.mm   -O2
-fnext-runtime  scan-assembler .section __DATA, __objc_stringobj
UNRESOLVED: obj-c++.dg/torture/strings/const-str-9.mm   -O2
-fnext-runtime  scan-assembler
.quad\\t_OBJC_CLASS_._NSConstantString\\n\\t.quad\\t.*\\n\\t.long\\t5\\n\\t.space
FAIL: obj-c++.dg/torture/strings/const-str-9.mm   -O3
-fomit-frame-pointer  -fnext-runtime (test for excess errors)
UNRESOLVED: obj-c++.dg/torture/strings/const-str-9.mm   -O3
-fomit-frame-pointer  -fnext-runtime  scan-assembler .section __DATA,
__objc_stringobj
UNRESOLVED: obj-c++.dg/torture/strings/const-str-9.mm   -O3
-fomit-frame-pointer  -fnext-runtime  scan-assembler
.quad\\t_OBJC_CLASS_._NSConstantString\\n\\t.quad\\t.*\\n\\t.long\\t5\\n\\t.space
FAIL: obj-c++.dg/torture/strings/const-str-9.mm   -O3 -g
-fnext-runtime (test for excess errors)
UNRESOLVED: obj-c++.dg/torture/strings/const-str-9.mm   -O3 -g
-fnext-runtime  scan-assembler .section __DATA, __objc_stringobj
UNRESOLVED: obj-c++.dg/torture/strings/const-str-9.mm   -O3 -g
-fnext-runtime  scan-assembler
.quad\\t_OBJC_CLASS_._NSConstantString\\n\\t.quad\\t.*\\n\\t.long\\t5\\n\\t.space
FAIL: obj-c++.dg/torture/strings/const-str-9.mm   -Os  -fnext-runtime
(test for excess errors)
UNRESOLVED: obj-c++.dg/torture/strings/const-str-9.mm   -Os
-fnext-runtime  scan-assembler .section __DATA, __objc_stringobj
UNRESOLVED: obj-c++.dg/torture/strings/const-str-9.mm   -Os
-fnext-runtime  scan-assembler
.quad\\t_OBJC_CLASS_._NSConstantString\\n\\t.quad\\t.*\\n\\t.long\\t5\\n\\t.space
FAIL: obj-c++.dg/torture/strings/const-str-9.mm   -O2 -flto
-flto-partition=none  -fnext-runtime (test for excess errors)
UNRESOLVED: obj-c++.dg/torture/strings/const-str-9.mm   -O2 -flto
-flto-partition=none  -fnext-runtime  scan-assembler .section __DATA,
__objc_stringobj
UNRESOLVED: obj-c++.dg/torture/strings/const-str-9.mm   -O2 -flto
-flto-partition=none  -fnext-runtime  scan-assembler
.quad\\t_OBJC_CLASS_._NSConstantString\\n\\t.quad\\t.*\\n\\t.long\\t5\\n\\t.space
FAIL: obj-c++.dg/torture/strings/const-str-9.mm   -O2 -flto
-fnext-runtime (test for excess errors)
UNRESOLVED: obj-c++.dg/torture/strings/const-str-9.mm   -O2 -flto
-fnext-runtime  scan-assembler .section __DATA, __objc_stringobj
UNRESOLVED: obj-c++.dg/torture/strings/const-str-9.mm   -O2 -flto
-fnext-runtime  scan-assembler
.quad\\t_OBJC_CLASS_._NSConstantString\\n\\t.quad\\t.*\\n\\t.long\\t5\\n\\t.space

=== obj-c++ Summary for unix/-m64 ===

# of expected passes 2990
# of unexpected failures 45
# of expected failures 18
# of unresolved testcases 60
# of unsupported tests 74

=== obj-c++ Summary ===

# of expected passes 6047
# of unexpected failures 84
# of expected failures 20
# of unresolved testcases 117
# of unsupported tests 142
/sw/src/fink.build/gcc50-5.0.0-1000/darwin_objdir/gcc/testsuite/obj-c++/../../xg++
 version 5.0.0 20141107 (experimental) (GCC)

=== objc tests ===


Running target unix/-m32
FAIL: objc.dg/call-super-2.m -fnext-runtime  (test for warnings, line 74)
FAIL: objc.dg/call-super-2.m -fnext-runtime  (test for warnings, line 104)
FAIL: objc.dg/gnu-api-2-objc.m -fnext-runtime execution test
FAIL: objc.dg/headers.m -fnext-runtime (test for excess errors)
FAIL: objc.dg/image-info.m -fnext-runtime (test for excess errors)
UNRESOLVED: objc.dg/image-info.m -fnext-runtime  scan-assembler
\\t.section __OBJC,
__image_info.*\\n\\t.align.*\\nL_OBJC_ImageInfo.*:\\n\\t.long\\t0\\n\\t.long\\t1
FAIL: objc.dg/ivar-scope-4.m -fnext-runtime execution test
FAIL: objc.dg/method-6.m -fnext-runtime (test for excess errors)
FAIL: objc.dg/no-extra-load.m -fnext-runtime (test for excess errors)
UNRESOLVED: objc.dg/no-extra-load.m -fnext-runtime  scan-assembler-not
L_objc_msgSend\\\\\$non_lazy_ptr
FAIL: objc.dg/objc-foreach-4.m -fnext-runtime (test for excess errors)
UNRESOLVED: objc.dg/objc-foreach-4.m -fnext-runtime compilation failed
to produce executable
FAIL: objc.dg/objc-foreach-5.m -fnext-runtime (test for excess errors)
UNRESOLVED: objc.dg/objc-foreach-5.m -fnext-runtime  scan-assembler _addStuffUp:
FAIL: objc.dg/proto-lossage-7.m -fnext-runtime (test for excess errors)
FAIL: objc.dg/symtab-1.m -fnext-runtime (test for excess errors)
UNRESOLVED: objc.dg/symtab-1.m -fnext-runtime  scan-assembler
L_OBJC_Symbols.*:\\n\\t.long\\t0\\n\\t.long\\t0\\n\\t.word\\t2\\n\\t.word\\t0\\n\\t.long\\tL_OBJC_Class_Derived.*\\n\\t.long\\tL_OBJC_Class_Base.*\\n
FAIL: objc.dg/zero-link-1.m -fnext-runtime (test for excess errors)
UNRESOLVED: objc.dg/zero-link-1.m -fnext-runtime  scan-assembler-not
_OBJC_ClassRefs_0
UNRESOLVED: objc.dg/zero-link-1.m -fnext-runtime  scan-assembler objc_getClass
FAIL: objc.dg/zero-link-2.m -fnext-runtime (test for excess errors)
UNRESOLVED: objc.dg/zero-link-2.m -fnext-runtime  scan-assembler
_OBJC_ClassRefs_0
UNRESOLVED: objc.dg/zero-link-2.m -fnext-runtime  scan-assembler-not
objc_getClass
FAIL: objc.dg/zero-link-3.m -fnext-runtime (test for excess errors)
UNRESOLVED: objc.dg/zero-link-3.m -fnext-runtime compilation failed to
produce executable
FAIL: objc.dg/strings/const-cfstring-2.m -fnext-runtime (test for excess errors)
FAIL: objc.dg/strings/const-cfstring-5.m -fnext-runtime (test for excess errors)
FAIL: objc.dg/strings/const-str-12b.m -fnext-runtime (test for excess errors)
FAIL: objc.dg/torture/strings/const-cfstring-1.m   -O0  -fnext-runtime
(test for excess errors)
UNRESOLVED: objc.dg/torture/strings/const-cfstring-1.m   -O0
-fnext-runtime compilation failed to produce executable
FAIL: objc.dg/torture/strings/const-cfstring-1.m   -O1  -fnext-runtime
(test for excess errors)
UNRESOLVED: objc.dg/torture/strings/const-cfstring-1.m   -O1
-fnext-runtime compilation failed to produce executable
FAIL: objc.dg/torture/strings/const-cfstring-1.m   -O2  -fnext-runtime
(test for excess errors)
UNRESOLVED: objc.dg/torture/strings/const-cfstring-1.m   -O2
-fnext-runtime compilation failed to produce executable
FAIL: objc.dg/torture/strings/const-cfstring-1.m   -O3
-fomit-frame-pointer  -fnext-runtime (test for excess errors)
UNRESOLVED: objc.dg/torture/strings/const-cfstring-1.m   -O3
-fomit-frame-pointer  -fnext-runtime compilation failed to produce
executable
FAIL: objc.dg/torture/strings/const-cfstring-1.m   -O3 -g
-fnext-runtime (test for excess errors)
UNRESOLVED: objc.dg/torture/strings/const-cfstring-1.m   -O3 -g
-fnext-runtime compilation failed to produce executable
FAIL: objc.dg/torture/strings/const-cfstring-1.m   -Os  -fnext-runtime
(test for excess errors)
UNRESOLVED: objc.dg/torture/strings/const-cfstring-1.m   -Os
-fnext-runtime compilation failed to produce executable
FAIL: objc.dg/torture/strings/const-cfstring-1.m   -O2 -flto
-flto-partition=none  -fnext-runtime (test for excess errors)
UNRESOLVED: objc.dg/torture/strings/const-cfstring-1.m   -O2 -flto
-flto-partition=none  -fnext-runtime compilation failed to produce
executable
FAIL: objc.dg/torture/strings/const-cfstring-1.m   -O2 -flto
-fnext-runtime (test for excess errors)
UNRESOLVED: objc.dg/torture/strings/const-cfstring-1.m   -O2 -flto
-fnext-runtime compilation failed to produce executable
FAIL: objc.dg/torture/strings/const-str-10.m   -O0  -fnext-runtime
(test for excess errors)
UNRESOLVED: objc.dg/torture/strings/const-str-10.m   -O0
-fnext-runtime  scan-assembler .section __OBJC, __cstring_object
UNRESOLVED: objc.dg/torture/strings/const-str-10.m   -O0
-fnext-runtime  scan-assembler
.long\\t__NSConstantStringClassReference\\n\\t.long\\t.*\\n\\t.long\\t5\\n\\t.data
FAIL: objc.dg/torture/strings/const-str-10.m   -O1  -fnext-runtime
(test for excess errors)
UNRESOLVED: objc.dg/torture/strings/const-str-10.m   -O1
-fnext-runtime  scan-assembler .section __OBJC, __cstring_object
UNRESOLVED: objc.dg/torture/strings/const-str-10.m   -O1
-fnext-runtime  scan-assembler
.long\\t__NSConstantStringClassReference\\n\\t.long\\t.*\\n\\t.long\\t5\\n\\t.data
FAIL: objc.dg/torture/strings/const-str-10.m   -O2  -fnext-runtime
(test for excess errors)
UNRESOLVED: objc.dg/torture/strings/const-str-10.m   -O2
-fnext-runtime  scan-assembler .section __OBJC, __cstring_object
UNRESOLVED: objc.dg/torture/strings/const-str-10.m   -O2
-fnext-runtime  scan-assembler
.long\\t__NSConstantStringClassReference\\n\\t.long\\t.*\\n\\t.long\\t5\\n\\t.data
FAIL: objc.dg/torture/strings/const-str-10.m   -O3
-fomit-frame-pointer  -fnext-runtime (test for excess errors)
UNRESOLVED: objc.dg/torture/strings/const-str-10.m   -O3
-fomit-frame-pointer  -fnext-runtime  scan-assembler .section __OBJC,
__cstring_object
UNRESOLVED: objc.dg/torture/strings/const-str-10.m   -O3
-fomit-frame-pointer  -fnext-runtime  scan-assembler
.long\\t__NSConstantStringClassReference\\n\\t.long\\t.*\\n\\t.long\\t5\\n\\t.data
FAIL: objc.dg/torture/strings/const-str-10.m   -O3 -g  -fnext-runtime
(test for excess errors)
UNRESOLVED: objc.dg/torture/strings/const-str-10.m   -O3 -g
-fnext-runtime  scan-assembler .section __OBJC, __cstring_object
UNRESOLVED: objc.dg/torture/strings/const-str-10.m   -O3 -g
-fnext-runtime  scan-assembler
.long\\t__NSConstantStringClassReference\\n\\t.long\\t.*\\n\\t.long\\t5\\n\\t.data
FAIL: objc.dg/torture/strings/const-str-10.m   -Os  -fnext-runtime
(test for excess errors)
UNRESOLVED: objc.dg/torture/strings/const-str-10.m   -Os
-fnext-runtime  scan-assembler .section __OBJC, __cstring_object
UNRESOLVED: objc.dg/torture/strings/const-str-10.m   -Os
-fnext-runtime  scan-assembler
.long\\t__NSConstantStringClassReference\\n\\t.long\\t.*\\n\\t.long\\t5\\n\\t.data
FAIL: objc.dg/torture/strings/const-str-10.m   -O2 -flto
-flto-partition=none  -fnext-runtime (test for excess errors)
UNRESOLVED: objc.dg/torture/strings/const-str-10.m   -O2 -flto
-flto-partition=none  -fnext-runtime  scan-assembler .section __OBJC,
__cstring_object
UNRESOLVED: objc.dg/torture/strings/const-str-10.m   -O2 -flto
-flto-partition=none  -fnext-runtime  scan-assembler
.long\\t__NSConstantStringClassReference\\n\\t.long\\t.*\\n\\t.long\\t5\\n\\t.data
FAIL: objc.dg/torture/strings/const-str-10.m   -O2 -flto
-fnext-runtime (test for excess errors)
UNRESOLVED: objc.dg/torture/strings/const-str-10.m   -O2 -flto
-fnext-runtime  scan-assembler .section __OBJC, __cstring_object
UNRESOLVED: objc.dg/torture/strings/const-str-10.m   -O2 -flto
-fnext-runtime  scan-assembler
.long\\t__NSConstantStringClassReference\\n\\t.long\\t.*\\n\\t.long\\t5\\n\\t.data
FAIL: objc.dg/torture/strings/const-str-11.m   -O0  -fnext-runtime
(test for excess errors)
UNRESOLVED: objc.dg/torture/strings/const-str-11.m   -O0
-fnext-runtime  scan-assembler .section __OBJC, __cstring_object
UNRESOLVED: objc.dg/torture/strings/const-str-11.m   -O0
-fnext-runtime  scan-assembler
.long\\t__XStrClassReference\\n\\t.long\\t.*\\n\\t.long\\t5\\n\\t.data
FAIL: objc.dg/torture/strings/const-str-11.m   -O1  -fnext-runtime
(test for excess errors)
UNRESOLVED: objc.dg/torture/strings/const-str-11.m   -O1
-fnext-runtime  scan-assembler .section __OBJC, __cstring_object
UNRESOLVED: objc.dg/torture/strings/const-str-11.m   -O1
-fnext-runtime  scan-assembler
.long\\t__XStrClassReference\\n\\t.long\\t.*\\n\\t.long\\t5\\n\\t.data
FAIL: objc.dg/torture/strings/const-str-11.m   -O2  -fnext-runtime
(test for excess errors)
UNRESOLVED: objc.dg/torture/strings/const-str-11.m   -O2
-fnext-runtime  scan-assembler .section __OBJC, __cstring_object
UNRESOLVED: objc.dg/torture/strings/const-str-11.m   -O2
-fnext-runtime  scan-assembler
.long\\t__XStrClassReference\\n\\t.long\\t.*\\n\\t.long\\t5\\n\\t.data
FAIL: objc.dg/torture/strings/const-str-11.m   -O3
-fomit-frame-pointer  -fnext-runtime (test for excess errors)
UNRESOLVED: objc.dg/torture/strings/const-str-11.m   -O3
-fomit-frame-pointer  -fnext-runtime  scan-assembler .section __OBJC,
__cstring_object
UNRESOLVED: objc.dg/torture/strings/const-str-11.m   -O3
-fomit-frame-pointer  -fnext-runtime  scan-assembler
.long\\t__XStrClassReference\\n\\t.long\\t.*\\n\\t.long\\t5\\n\\t.data
FAIL: objc.dg/torture/strings/const-str-11.m   -O3 -g  -fnext-runtime
(test for excess errors)
UNRESOLVED: objc.dg/torture/strings/const-str-11.m   -O3 -g
-fnext-runtime  scan-assembler .section __OBJC, __cstring_object
UNRESOLVED: objc.dg/torture/strings/const-str-11.m   -O3 -g
-fnext-runtime  scan-assembler
.long\\t__XStrClassReference\\n\\t.long\\t.*\\n\\t.long\\t5\\n\\t.data
FAIL: objc.dg/torture/strings/const-str-11.m   -Os  -fnext-runtime
(test for excess errors)
UNRESOLVED: objc.dg/torture/strings/const-str-11.m   -Os
-fnext-runtime  scan-assembler .section __OBJC, __cstring_object
UNRESOLVED: objc.dg/torture/strings/const-str-11.m   -Os
-fnext-runtime  scan-assembler
.long\\t__XStrClassReference\\n\\t.long\\t.*\\n\\t.long\\t5\\n\\t.data
FAIL: objc.dg/torture/strings/const-str-11.m   -O2 -flto
-flto-partition=none  -fnext-runtime (test for excess errors)
UNRESOLVED: objc.dg/torture/strings/const-str-11.m   -O2 -flto
-flto-partition=none  -fnext-runtime  scan-assembler .section __OBJC,
__cstring_object
UNRESOLVED: objc.dg/torture/strings/const-str-11.m   -O2 -flto
-flto-partition=none  -fnext-runtime  scan-assembler
.long\\t__XStrClassReference\\n\\t.long\\t.*\\n\\t.long\\t5\\n\\t.data
FAIL: objc.dg/torture/strings/const-str-11.m   -O2 -flto
-fnext-runtime (test for excess errors)
UNRESOLVED: objc.dg/torture/strings/const-str-11.m   -O2 -flto
-fnext-runtime  scan-assembler .section __OBJC, __cstring_object
UNRESOLVED: objc.dg/torture/strings/const-str-11.m   -O2 -flto
-fnext-runtime  scan-assembler
.long\\t__XStrClassReference\\n\\t.long\\t.*\\n\\t.long\\t5\\n\\t.data
FAIL: objc.dg/torture/strings/const-str-9.m   -O0  -fnext-runtime
(test for excess errors)
UNRESOLVED: objc.dg/torture/strings/const-str-9.m   -O0
-fnext-runtime  scan-assembler .section __OBJC, __cstring_object
UNRESOLVED: objc.dg/torture/strings/const-str-9.m   -O0
-fnext-runtime  scan-assembler
.long\\t__NSConstantStringClassReference\\n\\t.long\\t.*\\n\\t.long\\t5\\n\\t.data
FAIL: objc.dg/torture/strings/const-str-9.m   -O1  -fnext-runtime
(test for excess errors)
UNRESOLVED: objc.dg/torture/strings/const-str-9.m   -O1
-fnext-runtime  scan-assembler .section __OBJC, __cstring_object
UNRESOLVED: objc.dg/torture/strings/const-str-9.m   -O1
-fnext-runtime  scan-assembler
.long\\t__NSConstantStringClassReference\\n\\t.long\\t.*\\n\\t.long\\t5\\n\\t.data
FAIL: objc.dg/torture/strings/const-str-9.m   -O2  -fnext-runtime
(test for excess errors)
UNRESOLVED: objc.dg/torture/strings/const-str-9.m   -O2
-fnext-runtime  scan-assembler .section __OBJC, __cstring_object
UNRESOLVED: objc.dg/torture/strings/const-str-9.m   -O2
-fnext-runtime  scan-assembler
.long\\t__NSConstantStringClassReference\\n\\t.long\\t.*\\n\\t.long\\t5\\n\\t.data
FAIL: objc.dg/torture/strings/const-str-9.m   -O3 -fomit-frame-pointer
 -fnext-runtime (test for excess errors)
UNRESOLVED: objc.dg/torture/strings/const-str-9.m   -O3
-fomit-frame-pointer  -fnext-runtime  scan-assembler .section __OBJC,
__cstring_object
UNRESOLVED: objc.dg/torture/strings/const-str-9.m   -O3
-fomit-frame-pointer  -fnext-runtime  scan-assembler
.long\\t__NSConstantStringClassReference\\n\\t.long\\t.*\\n\\t.long\\t5\\n\\t.data
FAIL: objc.dg/torture/strings/const-str-9.m   -O3 -g  -fnext-runtime
(test for excess errors)
UNRESOLVED: objc.dg/torture/strings/const-str-9.m   -O3 -g
-fnext-runtime  scan-assembler .section __OBJC, __cstring_object
UNRESOLVED: objc.dg/torture/strings/const-str-9.m   -O3 -g
-fnext-runtime  scan-assembler
.long\\t__NSConstantStringClassReference\\n\\t.long\\t.*\\n\\t.long\\t5\\n\\t.data
FAIL: objc.dg/torture/strings/const-str-9.m   -Os  -fnext-runtime
(test for excess errors)
UNRESOLVED: objc.dg/torture/strings/const-str-9.m   -Os
-fnext-runtime  scan-assembler .section __OBJC, __cstring_object
UNRESOLVED: objc.dg/torture/strings/const-str-9.m   -Os
-fnext-runtime  scan-assembler
.long\\t__NSConstantStringClassReference\\n\\t.long\\t.*\\n\\t.long\\t5\\n\\t.data
FAIL: objc.dg/torture/strings/const-str-9.m   -O2 -flto
-flto-partition=none  -fnext-runtime (test for excess errors)
UNRESOLVED: objc.dg/torture/strings/const-str-9.m   -O2 -flto
-flto-partition=none  -fnext-runtime  scan-assembler .section __OBJC,
__cstring_object
UNRESOLVED: objc.dg/torture/strings/const-str-9.m   -O2 -flto
-flto-partition=none  -fnext-runtime  scan-assembler
.long\\t__NSConstantStringClassReference\\n\\t.long\\t.*\\n\\t.long\\t5\\n\\t.data
FAIL: objc.dg/torture/strings/const-str-9.m   -O2 -flto
-fnext-runtime (test for excess errors)
UNRESOLVED: objc.dg/torture/strings/const-str-9.m   -O2 -flto
-fnext-runtime  scan-assembler .section __OBJC, __cstring_object
UNRESOLVED: objc.dg/torture/strings/const-str-9.m   -O2 -flto
-fnext-runtime  scan-assembler
.long\\t__NSConstantStringClassReference\\n\\t.long\\t.*\\n\\t.long\\t5\\n\\t.data

=== objc Summary for unix/-m32 ===

# of expected passes 6016
# of unexpected failures 50
# of expected failures 6
# of unresolved testcases 66
# of unsupported tests 85

Running target unix/-m64
FAIL: objc/execute/formal_protocol-5.m compilation,  -O0 -fnext-runtime
UNRESOLVED: objc/execute/formal_protocol-5.m execution,  -O0 -fnext-runtime
FAIL: objc/execute/formal_protocol-5.m compilation,  -O1 -fnext-runtime
UNRESOLVED: objc/execute/formal_protocol-5.m execution,  -O1 -fnext-runtime
FAIL: objc/execute/formal_protocol-5.m compilation,  -O2 -fnext-runtime
UNRESOLVED: objc/execute/formal_protocol-5.m execution,  -O2 -fnext-runtime
FAIL: objc/execute/formal_protocol-5.m compilation,  -O3
-fomit-frame-pointer -fnext-runtime
UNRESOLVED: objc/execute/formal_protocol-5.m execution,  -O3
-fomit-frame-pointer -fnext-runtime
FAIL: objc/execute/formal_protocol-5.m compilation,  -O3 -g -fnext-runtime
UNRESOLVED: objc/execute/formal_protocol-5.m execution,  -O3 -g -fnext-runtime
FAIL: objc/execute/formal_protocol-5.m compilation,  -Os -fnext-runtime
UNRESOLVED: objc/execute/formal_protocol-5.m execution,  -Os -fnext-runtime
FAIL: objc/execute/formal_protocol-6.m compilation,  -O0 -fnext-runtime
UNRESOLVED: objc/execute/formal_protocol-6.m execution,  -O0 -fnext-runtime
FAIL: objc/execute/formal_protocol-6.m compilation,  -O1 -fnext-runtime
UNRESOLVED: objc/execute/formal_protocol-6.m execution,  -O1 -fnext-runtime
FAIL: objc/execute/formal_protocol-6.m compilation,  -O2 -fnext-runtime
UNRESOLVED: objc/execute/formal_protocol-6.m execution,  -O2 -fnext-runtime
FAIL: objc/execute/formal_protocol-6.m compilation,  -O3
-fomit-frame-pointer -fnext-runtime
UNRESOLVED: objc/execute/formal_protocol-6.m execution,  -O3
-fomit-frame-pointer -fnext-runtime
FAIL: objc/execute/formal_protocol-6.m compilation,  -O3 -g -fnext-runtime
UNRESOLVED: objc/execute/formal_protocol-6.m execution,  -O3 -g -fnext-runtime
FAIL: objc/execute/formal_protocol-6.m compilation,  -Os -fnext-runtime
UNRESOLVED: objc/execute/formal_protocol-6.m execution,  -Os -fnext-runtime
FAIL: objc/execute/formal_protocol-7.m compilation,  -O0 -fnext-runtime
UNRESOLVED: objc/execute/formal_protocol-7.m execution,  -O0 -fnext-runtime
FAIL: objc/execute/formal_protocol-7.m compilation,  -O1 -fnext-runtime
UNRESOLVED: objc/execute/formal_protocol-7.m execution,  -O1 -fnext-runtime
FAIL: objc/execute/formal_protocol-7.m compilation,  -O2 -fnext-runtime
UNRESOLVED: objc/execute/formal_protocol-7.m execution,  -O2 -fnext-runtime
FAIL: objc/execute/formal_protocol-7.m compilation,  -O3
-fomit-frame-pointer -fnext-runtime
UNRESOLVED: objc/execute/formal_protocol-7.m execution,  -O3
-fomit-frame-pointer -fnext-runtime
FAIL: objc/execute/formal_protocol-7.m compilation,  -O3 -g -fnext-runtime
UNRESOLVED: objc/execute/formal_protocol-7.m execution,  -O3 -g -fnext-runtime
FAIL: objc/execute/formal_protocol-7.m compilation,  -Os -fnext-runtime
UNRESOLVED: objc/execute/formal_protocol-7.m execution,  -Os -fnext-runtime
FAIL: objc/execute/protocol-isEqual-1.m compilation,  -O0 -fnext-runtime
UNRESOLVED: objc/execute/protocol-isEqual-1.m execution,  -O0 -fnext-runtime
FAIL: objc/execute/protocol-isEqual-1.m compilation,  -O1 -fnext-runtime
UNRESOLVED: objc/execute/protocol-isEqual-1.m execution,  -O1 -fnext-runtime
FAIL: objc/execute/protocol-isEqual-1.m compilation,  -O2 -fnext-runtime
UNRESOLVED: objc/execute/protocol-isEqual-1.m execution,  -O2 -fnext-runtime
FAIL: objc/execute/protocol-isEqual-1.m compilation,  -O3
-fomit-frame-pointer -fnext-runtime
UNRESOLVED: objc/execute/protocol-isEqual-1.m execution,  -O3
-fomit-frame-pointer -fnext-runtime
FAIL: objc/execute/protocol-isEqual-1.m compilation,  -O3 -g -fnext-runtime
UNRESOLVED: objc/execute/protocol-isEqual-1.m execution,  -O3 -g -fnext-runtime
FAIL: objc/execute/protocol-isEqual-1.m compilation,  -Os -fnext-runtime
UNRESOLVED: objc/execute/protocol-isEqual-1.m execution,  -Os -fnext-runtime
FAIL: objc/execute/protocol-isEqual-2.m compilation,  -O0 -fnext-runtime
UNRESOLVED: objc/execute/protocol-isEqual-2.m execution,  -O0 -fnext-runtime
FAIL: objc/execute/protocol-isEqual-2.m compilation,  -O1 -fnext-runtime
UNRESOLVED: objc/execute/protocol-isEqual-2.m execution,  -O1 -fnext-runtime
FAIL: objc/execute/protocol-isEqual-2.m compilation,  -O2 -fnext-runtime
UNRESOLVED: objc/execute/protocol-isEqual-2.m execution,  -O2 -fnext-runtime
FAIL: objc/execute/protocol-isEqual-2.m compilation,  -O3
-fomit-frame-pointer -fnext-runtime
UNRESOLVED: objc/execute/protocol-isEqual-2.m execution,  -O3
-fomit-frame-pointer -fnext-runtime
FAIL: objc/execute/protocol-isEqual-2.m compilation,  -O3 -g -fnext-runtime
UNRESOLVED: objc/execute/protocol-isEqual-2.m execution,  -O3 -g -fnext-runtime
FAIL: objc/execute/protocol-isEqual-2.m compilation,  -Os -fnext-runtime
UNRESOLVED: objc/execute/protocol-isEqual-2.m execution,  -Os -fnext-runtime
FAIL: objc/execute/protocol-isEqual-3.m compilation,  -O0 -fnext-runtime
UNRESOLVED: objc/execute/protocol-isEqual-3.m execution,  -O0 -fnext-runtime
FAIL: objc/execute/protocol-isEqual-3.m compilation,  -O1 -fnext-runtime
UNRESOLVED: objc/execute/protocol-isEqual-3.m execution,  -O1 -fnext-runtime
FAIL: objc/execute/protocol-isEqual-3.m compilation,  -O2 -fnext-runtime
UNRESOLVED: objc/execute/protocol-isEqual-3.m execution,  -O2 -fnext-runtime
FAIL: objc/execute/protocol-isEqual-3.m compilation,  -O3
-fomit-frame-pointer -fnext-runtime
UNRESOLVED: objc/execute/protocol-isEqual-3.m execution,  -O3
-fomit-frame-pointer -fnext-runtime
FAIL: objc/execute/protocol-isEqual-3.m compilation,  -O3 -g -fnext-runtime
UNRESOLVED: objc/execute/protocol-isEqual-3.m execution,  -O3 -g -fnext-runtime
FAIL: objc/execute/protocol-isEqual-3.m compilation,  -Os -fnext-runtime
UNRESOLVED: objc/execute/protocol-isEqual-3.m execution,  -Os -fnext-runtime
FAIL: objc/execute/protocol-isEqual-4.m compilation,  -O0 -fnext-runtime
UNRESOLVED: objc/execute/protocol-isEqual-4.m execution,  -O0 -fnext-runtime
FAIL: objc/execute/protocol-isEqual-4.m compilation,  -O1 -fnext-runtime
UNRESOLVED: objc/execute/protocol-isEqual-4.m execution,  -O1 -fnext-runtime
FAIL: objc/execute/protocol-isEqual-4.m compilation,  -O2 -fnext-runtime
UNRESOLVED: objc/execute/protocol-isEqual-4.m execution,  -O2 -fnext-runtime
FAIL: objc/execute/protocol-isEqual-4.m compilation,  -O3
-fomit-frame-pointer -fnext-runtime
UNRESOLVED: objc/execute/protocol-isEqual-4.m execution,  -O3
-fomit-frame-pointer -fnext-runtime
FAIL: objc/execute/protocol-isEqual-4.m compilation,  -O3 -g -fnext-runtime
UNRESOLVED: objc/execute/protocol-isEqual-4.m execution,  -O3 -g -fnext-runtime
FAIL: objc/execute/protocol-isEqual-4.m compilation,  -Os -fnext-runtime
UNRESOLVED: objc/execute/protocol-isEqual-4.m execution,  -Os -fnext-runtime
FAIL: objc.dg/call-super-2.m -fnext-runtime  (test for warnings, line 74)
FAIL: objc.dg/call-super-2.m -fnext-runtime  (test for warnings, line 104)
FAIL: objc.dg/encode-7-next-64bit.m -fnext-runtime (test for excess errors)
UNRESOLVED: objc.dg/encode-7-next-64bit.m -fnext-runtime compilation
failed to produce executable
FAIL: objc.dg/exceptions-2.m -fnext-runtime execution test
FAIL: objc.dg/gnu-api-2-objc.m -fnext-runtime execution test
FAIL: objc.dg/headers.m -fnext-runtime (test for excess errors)
FAIL: objc.dg/image-info.m -fnext-runtime (test for excess errors)
UNRESOLVED: objc.dg/image-info.m -fnext-runtime  scan-assembler
\\t.section __DATA,
__objc_imageinfo.*\\n\\t.align.*\\nL_OBJC_ImageInfo.*:\\n\\t.long\\t0\\n\\t.long\\t17
FAIL: objc.dg/isa-field-1.m -fnext-runtime (test for excess errors)
FAIL: objc.dg/method-6.m -fnext-runtime (test for excess errors)
FAIL: objc.dg/no-extra-load.m -fnext-runtime (test for excess errors)
UNRESOLVED: objc.dg/no-extra-load.m -fnext-runtime  scan-assembler-not
L_objc_msgSend\\\\\$non_lazy_ptr
FAIL: objc.dg/objc-foreach-4.m -fnext-runtime (test for excess errors)
UNRESOLVED: objc.dg/objc-foreach-4.m -fnext-runtime compilation failed
to produce executable
FAIL: objc.dg/objc-foreach-5.m -fnext-runtime (test for excess errors)
UNRESOLVED: objc.dg/objc-foreach-5.m -fnext-runtime  scan-assembler _addStuffUp:
FAIL: objc.dg/pr23214.m -fnext-runtime (test for excess errors)
UNRESOLVED: objc.dg/pr23214.m -fnext-runtime compilation failed to
produce executable
FAIL: objc.dg/proto-lossage-7.m -fnext-runtime (test for excess errors)
FAIL: objc.dg/proto-qual-1.m -fnext-runtime (test for excess errors)
UNRESOLVED: objc.dg/proto-qual-1.m -fnext-runtime compilation failed
to produce executable
FAIL: objc.dg/symtab-1.m -fnext-runtime (test for excess errors)
UNRESOLVED: objc.dg/symtab-1.m -fnext-runtime  scan-assembler-not L_OBJC_Symbols
FAIL: objc.dg/zero-link-1.m -fnext-runtime (test for excess errors)
UNRESOLVED: objc.dg/zero-link-1.m -fnext-runtime  scan-assembler-not
_OBJC_ClassRef_Base
UNRESOLVED: objc.dg/zero-link-1.m -fnext-runtime  scan-assembler objc_getClass
FAIL: objc.dg/zero-link-2.m -fnext-runtime (test for excess errors)
UNRESOLVED: objc.dg/zero-link-2.m -fnext-runtime  scan-assembler
_OBJC_ClassRef_Base
UNRESOLVED: objc.dg/zero-link-2.m -fnext-runtime  scan-assembler-not
objc_getClass
FAIL: objc.dg/zero-link-3.m -fnext-runtime (test for excess errors)
UNRESOLVED: objc.dg/zero-link-3.m -fnext-runtime compilation failed to
produce executable
FAIL: objc.dg/strings/const-cfstring-2.m -fnext-runtime (test for excess errors)
FAIL: objc.dg/strings/const-cfstring-5.m -fnext-runtime (test for excess errors)
FAIL: objc.dg/strings/const-str-12b.m -fnext-runtime (test for excess errors)
FAIL: objc.dg/torture/forward-1.m   -O0  -fnext-runtime execution test
FAIL: objc.dg/torture/forward-1.m   -O1  -fnext-runtime execution test
FAIL: objc.dg/torture/forward-1.m   -O2  -fnext-runtime execution test
FAIL: objc.dg/torture/forward-1.m   -O3 -fomit-frame-pointer
-fnext-runtime execution test
FAIL: objc.dg/torture/forward-1.m   -O3 -fomit-frame-pointer
-funroll-loops  -fnext-runtime execution test
FAIL: objc.dg/torture/forward-1.m   -O3 -fomit-frame-pointer
-funroll-all-loops -finline-functions  -fnext-runtime execution test
FAIL: objc.dg/torture/forward-1.m   -O3 -g  -fnext-runtime execution test
FAIL: objc.dg/torture/forward-1.m   -Os  -fnext-runtime execution test
FAIL: objc.dg/torture/forward-1.m   -O2 -flto -flto-partition=none
-fnext-runtime execution test
FAIL: objc.dg/torture/forward-1.m   -O2 -flto  -fnext-runtime execution test
FAIL: objc.dg/torture/strings/const-cfstring-1.m   -O0  -fnext-runtime
(test for excess errors)
UNRESOLVED: objc.dg/torture/strings/const-cfstring-1.m   -O0
-fnext-runtime compilation failed to produce executable
FAIL: objc.dg/torture/strings/const-cfstring-1.m   -O1  -fnext-runtime
(test for excess errors)
UNRESOLVED: objc.dg/torture/strings/const-cfstring-1.m   -O1
-fnext-runtime compilation failed to produce executable
FAIL: objc.dg/torture/strings/const-cfstring-1.m   -O2  -fnext-runtime
(test for excess errors)
UNRESOLVED: objc.dg/torture/strings/const-cfstring-1.m   -O2
-fnext-runtime compilation failed to produce executable
FAIL: objc.dg/torture/strings/const-cfstring-1.m   -O3
-fomit-frame-pointer  -fnext-runtime (test for excess errors)
UNRESOLVED: objc.dg/torture/strings/const-cfstring-1.m   -O3
-fomit-frame-pointer  -fnext-runtime compilation failed to produce
executable
FAIL: objc.dg/torture/strings/const-cfstring-1.m   -O3 -g
-fnext-runtime (test for excess errors)
UNRESOLVED: objc.dg/torture/strings/const-cfstring-1.m   -O3 -g
-fnext-runtime compilation failed to produce executable
FAIL: objc.dg/torture/strings/const-cfstring-1.m   -Os  -fnext-runtime
(test for excess errors)
UNRESOLVED: objc.dg/torture/strings/const-cfstring-1.m   -Os
-fnext-runtime compilation failed to produce executable
FAIL: objc.dg/torture/strings/const-cfstring-1.m   -O2 -flto
-flto-partition=none  -fnext-runtime (test for excess errors)
UNRESOLVED: objc.dg/torture/strings/const-cfstring-1.m   -O2 -flto
-flto-partition=none  -fnext-runtime compilation failed to produce
executable
FAIL: objc.dg/torture/strings/const-cfstring-1.m   -O2 -flto
-fnext-runtime (test for excess errors)
UNRESOLVED: objc.dg/torture/strings/const-cfstring-1.m   -O2 -flto
-fnext-runtime compilation failed to produce executable
FAIL: objc.dg/torture/strings/const-str-10.m   -O0  -fnext-runtime
(test for excess errors)
UNRESOLVED: objc.dg/torture/strings/const-str-10.m   -O0
-fnext-runtime  scan-assembler .section __DATA, __objc_stringobj
UNRESOLVED: objc.dg/torture/strings/const-str-10.m   -O0
-fnext-runtime  scan-assembler
.quad\\t_OBJC_CLASS_._NSConstantString\\n\\t.quad\\t.*\\n\\t.long\\t5\\n\\t.space
FAIL: objc.dg/torture/strings/const-str-10.m   -O1  -fnext-runtime
(test for excess errors)
UNRESOLVED: objc.dg/torture/strings/const-str-10.m   -O1
-fnext-runtime  scan-assembler .section __DATA, __objc_stringobj
UNRESOLVED: objc.dg/torture/strings/const-str-10.m   -O1
-fnext-runtime  scan-assembler
.quad\\t_OBJC_CLASS_._NSConstantString\\n\\t.quad\\t.*\\n\\t.long\\t5\\n\\t.space
FAIL: objc.dg/torture/strings/const-str-10.m   -O2  -fnext-runtime
(test for excess errors)
UNRESOLVED: objc.dg/torture/strings/const-str-10.m   -O2
-fnext-runtime  scan-assembler .section __DATA, __objc_stringobj
UNRESOLVED: objc.dg/torture/strings/const-str-10.m   -O2
-fnext-runtime  scan-assembler
.quad\\t_OBJC_CLASS_._NSConstantString\\n\\t.quad\\t.*\\n\\t.long\\t5\\n\\t.space
FAIL: objc.dg/torture/strings/const-str-10.m   -O3
-fomit-frame-pointer  -fnext-runtime (test for excess errors)
UNRESOLVED: objc.dg/torture/strings/const-str-10.m   -O3
-fomit-frame-pointer  -fnext-runtime  scan-assembler .section __DATA,
__objc_stringobj
UNRESOLVED: objc.dg/torture/strings/const-str-10.m   -O3
-fomit-frame-pointer  -fnext-runtime  scan-assembler
.quad\\t_OBJC_CLASS_._NSConstantString\\n\\t.quad\\t.*\\n\\t.long\\t5\\n\\t.space
FAIL: objc.dg/torture/strings/const-str-10.m   -O3 -g  -fnext-runtime
(test for excess errors)
UNRESOLVED: objc.dg/torture/strings/const-str-10.m   -O3 -g
-fnext-runtime  scan-assembler .section __DATA, __objc_stringobj
UNRESOLVED: objc.dg/torture/strings/const-str-10.m   -O3 -g
-fnext-runtime  scan-assembler
.quad\\t_OBJC_CLASS_._NSConstantString\\n\\t.quad\\t.*\\n\\t.long\\t5\\n\\t.space
FAIL: objc.dg/torture/strings/const-str-10.m   -Os  -fnext-runtime
(test for excess errors)
UNRESOLVED: objc.dg/torture/strings/const-str-10.m   -Os
-fnext-runtime  scan-assembler .section __DATA, __objc_stringobj
UNRESOLVED: objc.dg/torture/strings/const-str-10.m   -Os
-fnext-runtime  scan-assembler
.quad\\t_OBJC_CLASS_._NSConstantString\\n\\t.quad\\t.*\\n\\t.long\\t5\\n\\t.space
FAIL: objc.dg/torture/strings/const-str-10.m   -O2 -flto
-flto-partition=none  -fnext-runtime (test for excess errors)
UNRESOLVED: objc.dg/torture/strings/const-str-10.m   -O2 -flto
-flto-partition=none  -fnext-runtime  scan-assembler .section __DATA,
__objc_stringobj
UNRESOLVED: objc.dg/torture/strings/const-str-10.m   -O2 -flto
-flto-partition=none  -fnext-runtime  scan-assembler
.quad\\t_OBJC_CLASS_._NSConstantString\\n\\t.quad\\t.*\\n\\t.long\\t5\\n\\t.space
FAIL: objc.dg/torture/strings/const-str-10.m   -O2 -flto
-fnext-runtime (test for excess errors)
UNRESOLVED: objc.dg/torture/strings/const-str-10.m   -O2 -flto
-fnext-runtime  scan-assembler .section __DATA, __objc_stringobj
UNRESOLVED: objc.dg/torture/strings/const-str-10.m   -O2 -flto
-fnext-runtime  scan-assembler
.quad\\t_OBJC_CLASS_._NSConstantString\\n\\t.quad\\t.*\\n\\t.long\\t5\\n\\t.space
FAIL: objc.dg/torture/strings/const-str-11.m   -O0  -fnext-runtime
(test for excess errors)
UNRESOLVED: objc.dg/torture/strings/const-str-11.m   -O0
-fnext-runtime  scan-assembler .section __DATA, __objc_stringobj
UNRESOLVED: objc.dg/torture/strings/const-str-11.m   -O0
-fnext-runtime  scan-assembler
.quad\\t_OBJC_CLASS_._XStr\\n\\t.quad\\t.*\\n\\t.long\\t5\\n\\t.space
FAIL: objc.dg/torture/strings/const-str-11.m   -O1  -fnext-runtime
(test for excess errors)
UNRESOLVED: objc.dg/torture/strings/const-str-11.m   -O1
-fnext-runtime  scan-assembler .section __DATA, __objc_stringobj
UNRESOLVED: objc.dg/torture/strings/const-str-11.m   -O1
-fnext-runtime  scan-assembler
.quad\\t_OBJC_CLASS_._XStr\\n\\t.quad\\t.*\\n\\t.long\\t5\\n\\t.space
FAIL: objc.dg/torture/strings/const-str-11.m   -O2  -fnext-runtime
(test for excess errors)
UNRESOLVED: objc.dg/torture/strings/const-str-11.m   -O2
-fnext-runtime  scan-assembler .section __DATA, __objc_stringobj
UNRESOLVED: objc.dg/torture/strings/const-str-11.m   -O2
-fnext-runtime  scan-assembler
.quad\\t_OBJC_CLASS_._XStr\\n\\t.quad\\t.*\\n\\t.long\\t5\\n\\t.space
FAIL: objc.dg/torture/strings/const-str-11.m   -O3
-fomit-frame-pointer  -fnext-runtime (test for excess errors)
UNRESOLVED: objc.dg/torture/strings/const-str-11.m   -O3
-fomit-frame-pointer  -fnext-runtime  scan-assembler .section __DATA,
__objc_stringobj
UNRESOLVED: objc.dg/torture/strings/const-str-11.m   -O3
-fomit-frame-pointer  -fnext-runtime  scan-assembler
.quad\\t_OBJC_CLASS_._XStr\\n\\t.quad\\t.*\\n\\t.long\\t5\\n\\t.space
FAIL: objc.dg/torture/strings/const-str-11.m   -O3 -g  -fnext-runtime
(test for excess errors)
UNRESOLVED: objc.dg/torture/strings/const-str-11.m   -O3 -g
-fnext-runtime  scan-assembler .section __DATA, __objc_stringobj
UNRESOLVED: objc.dg/torture/strings/const-str-11.m   -O3 -g
-fnext-runtime  scan-assembler
.quad\\t_OBJC_CLASS_._XStr\\n\\t.quad\\t.*\\n\\t.long\\t5\\n\\t.space
FAIL: objc.dg/torture/strings/const-str-11.m   -Os  -fnext-runtime
(test for excess errors)
UNRESOLVED: objc.dg/torture/strings/const-str-11.m   -Os
-fnext-runtime  scan-assembler .section __DATA, __objc_stringobj
UNRESOLVED: objc.dg/torture/strings/const-str-11.m   -Os
-fnext-runtime  scan-assembler
.quad\\t_OBJC_CLASS_._XStr\\n\\t.quad\\t.*\\n\\t.long\\t5\\n\\t.space
FAIL: objc.dg/torture/strings/const-str-11.m   -O2 -flto
-flto-partition=none  -fnext-runtime (test for excess errors)
UNRESOLVED: objc.dg/torture/strings/const-str-11.m   -O2 -flto
-flto-partition=none  -fnext-runtime  scan-assembler .section __DATA,
__objc_stringobj
UNRESOLVED: objc.dg/torture/strings/const-str-11.m   -O2 -flto
-flto-partition=none  -fnext-runtime  scan-assembler
.quad\\t_OBJC_CLASS_._XStr\\n\\t.quad\\t.*\\n\\t.long\\t5\\n\\t.space
FAIL: objc.dg/torture/strings/const-str-11.m   -O2 -flto
-fnext-runtime (test for excess errors)
UNRESOLVED: objc.dg/torture/strings/const-str-11.m   -O2 -flto
-fnext-runtime  scan-assembler .section __DATA, __objc_stringobj
UNRESOLVED: objc.dg/torture/strings/const-str-11.m   -O2 -flto
-fnext-runtime  scan-assembler
.quad\\t_OBJC_CLASS_._XStr\\n\\t.quad\\t.*\\n\\t.long\\t5\\n\\t.space
FAIL: objc.dg/torture/strings/const-str-9.m   -O0  -fnext-runtime
(test for excess errors)
UNRESOLVED: objc.dg/torture/strings/const-str-9.m   -O0
-fnext-runtime  scan-assembler .section __DATA, __objc_stringobj
UNRESOLVED: objc.dg/torture/strings/const-str-9.m   -O0
-fnext-runtime  scan-assembler
.quad\\t_OBJC_CLASS_._NSConstantString\\n\\t.quad\\t.*\\n\\t.long\\t5\\n\\t.space
FAIL: objc.dg/torture/strings/const-str-9.m   -O1  -fnext-runtime
(test for excess errors)
UNRESOLVED: objc.dg/torture/strings/const-str-9.m   -O1
-fnext-runtime  scan-assembler .section __DATA, __objc_stringobj
UNRESOLVED: objc.dg/torture/strings/const-str-9.m   -O1
-fnext-runtime  scan-assembler
.quad\\t_OBJC_CLASS_._NSConstantString\\n\\t.quad\\t.*\\n\\t.long\\t5\\n\\t.space
FAIL: objc.dg/torture/strings/const-str-9.m   -O2  -fnext-runtime
(test for excess errors)
UNRESOLVED: objc.dg/torture/strings/const-str-9.m   -O2
-fnext-runtime  scan-assembler .section __DATA, __objc_stringobj
UNRESOLVED: objc.dg/torture/strings/const-str-9.m   -O2
-fnext-runtime  scan-assembler
.quad\\t_OBJC_CLASS_._NSConstantString\\n\\t.quad\\t.*\\n\\t.long\\t5\\n\\t.space
FAIL: objc.dg/torture/strings/const-str-9.m   -O3 -fomit-frame-pointer
 -fnext-runtime (test for excess errors)
UNRESOLVED: objc.dg/torture/strings/const-str-9.m   -O3
-fomit-frame-pointer  -fnext-runtime  scan-assembler .section __DATA,
__objc_stringobj
UNRESOLVED: objc.dg/torture/strings/const-str-9.m   -O3
-fomit-frame-pointer  -fnext-runtime  scan-assembler
.quad\\t_OBJC_CLASS_._NSConstantString\\n\\t.quad\\t.*\\n\\t.long\\t5\\n\\t.space
FAIL: objc.dg/torture/strings/const-str-9.m   -O3 -g  -fnext-runtime
(test for excess errors)
UNRESOLVED: objc.dg/torture/strings/const-str-9.m   -O3 -g
-fnext-runtime  scan-assembler .section __DATA, __objc_stringobj
UNRESOLVED: objc.dg/torture/strings/const-str-9.m   -O3 -g
-fnext-runtime  scan-assembler
.quad\\t_OBJC_CLASS_._NSConstantString\\n\\t.quad\\t.*\\n\\t.long\\t5\\n\\t.space
FAIL: objc.dg/torture/strings/const-str-9.m   -Os  -fnext-runtime
(test for excess errors)
UNRESOLVED: objc.dg/torture/strings/const-str-9.m   -Os
-fnext-runtime  scan-assembler .section __DATA, __objc_stringobj
UNRESOLVED: objc.dg/torture/strings/const-str-9.m   -Os
-fnext-runtime  scan-assembler
.quad\\t_OBJC_CLASS_._NSConstantString\\n\\t.quad\\t.*\\n\\t.long\\t5\\n\\t.space
FAIL: objc.dg/torture/strings/const-str-9.m   -O2 -flto
-flto-partition=none  -fnext-runtime (test for excess errors)
UNRESOLVED: objc.dg/torture/strings/const-str-9.m   -O2 -flto
-flto-partition=none  -fnext-runtime  scan-assembler .section __DATA,
__objc_stringobj
UNRESOLVED: objc.dg/torture/strings/const-str-9.m   -O2 -flto
-flto-partition=none  -fnext-runtime  scan-assembler
.quad\\t_OBJC_CLASS_._NSConstantString\\n\\t.quad\\t.*\\n\\t.long\\t5\\n\\t.space
FAIL: objc.dg/torture/strings/const-str-9.m   -O2 -flto
-fnext-runtime (test for excess errors)
UNRESOLVED: objc.dg/torture/strings/const-str-9.m   -O2 -flto
-fnext-runtime  scan-assembler .section __DATA, __objc_stringobj
UNRESOLVED: objc.dg/torture/strings/const-str-9.m   -O2 -flto
-fnext-runtime  scan-assembler
.quad\\t_OBJC_CLASS_._NSConstantString\\n\\t.quad\\t.*\\n\\t.long\\t5\\n\\t.space

=== objc Summary for unix/-m64 ===

# of expected passes 5759
# of unexpected failures 106
# of expected failures 6
# of unresolved testcases 111
# of unsupported tests 91

=== objc Summary ===

# of expected passes 11775
# of unexpected failures 156
# of expected failures 12
# of unresolved testcases 177
# of unsupported tests 176
/sw/src/fink.build/gcc50-5.0.0-1000/darwin_objdir/gcc/xgcc  version
5.0.0 20141107 (experimental) (GCC)

=== boehm-gc tests ===


Running target unix/-m32

=== boehm-gc Summary for unix/-m32 ===

# of expected passes 12
# of unsupported tests 1

Running target unix/-m64

=== boehm-gc Summary for unix/-m64 ===

# of expected passes 12
# of unsupported tests 1

=== boehm-gc Summary ===

# of expected passes 24
# of unsupported tests 2
=== libatomic tests ===


Running target unix/-m32

=== libatomic Summary for unix/-m32 ===

# of expected passes 44
# of unsupported tests 5

Running target unix/-m64

=== libatomic Summary for unix/-m64 ===

# of expected passes 54

=== libatomic Summary ===

# of expected passes 98
# of unsupported tests 5
=== libffi tests ===


Running target unix/-m32

=== libffi Summary for unix/-m32 ===

# of expected passes 1819
# of unsupported tests 55

Running target unix/-m64

=== libffi Summary for unix/-m64 ===

# of expected passes 1819
# of unsupported tests 55

=== libffi Summary ===

# of expected passes 3638
# of unsupported tests 110
=== libgomp tests ===


Running target unix/-m32

=== libgomp Summary for unix/-m32 ===

# of expected passes 3243
# of unsupported tests 38

Running target unix/-m64

=== libgomp Summary for unix/-m64 ===

# of expected passes 3243
# of unsupported tests 38

=== libgomp Summary ===

# of expected passes 6486
# of unsupported tests 76
=== libitm tests ===


Running target unix/-m32

=== libitm Summary for unix/-m32 ===

# of expected passes 26
# of expected failures 3
# of unsupported tests 1

Running target unix/-m64

=== libitm Summary for unix/-m64 ===

# of expected passes 26
# of expected failures 3
# of unsupported tests 1

=== libitm Summary ===

# of expected passes 52
# of expected failures 6
# of unsupported tests 2
=== libjava tests ===


Running target unix/-m32
FAIL: PR16923.c compilation

=== libjava Summary for unix/-m32 ===

# of expected passes 2580
# of unexpected failures 1
# of expected failures 4

Running target unix/-m64
FAIL: Throw_2 execution - source compiled test
FAIL: Throw_2 -findirect-dispatch execution - source compiled test
FAIL: Throw_2 -O3 execution - source compiled test
FAIL: Throw_2 -O3 -findirect-dispatch execution - source compiled test

=== libjava Summary for unix/-m64 ===

# of expected passes 2574
# of unexpected failures 4
# of expected failures 4
# of untested testcases 4

=== libjava Summary ===

# of expected passes 5154
# of unexpected failures 5
# of expected failures 8
# of untested testcases 4
=== libstdc++ tests ===


Running target unix/-m32
FAIL: 23_containers/deque/allocator/move_assign.cc execution test
FAIL: 23_containers/deque/requirements/dr438/assign_neg.cc  (test for
errors, line 1859)
FAIL: 23_containers/deque/requirements/dr438/assign_neg.cc (test for
excess errors)
FAIL: 23_containers/deque/requirements/dr438/constructor_1_neg.cc
(test for errors, line 1792)
FAIL: 23_containers/deque/requirements/dr438/constructor_1_neg.cc
(test for excess errors)
FAIL: 23_containers/deque/requirements/dr438/constructor_2_neg.cc
(test for errors, line 1792)
FAIL: 23_containers/deque/requirements/dr438/constructor_2_neg.cc
(test for excess errors)
FAIL: 23_containers/deque/requirements/dr438/insert_neg.cc  (test for
errors, line 1943)
FAIL: 23_containers/deque/requirements/dr438/insert_neg.cc (test for
excess errors)

=== libstdc++ Summary for unix/-m32 ===

# of expected passes 9097
# of unexpected failures 9
# of expected failures 68
# of unsupported tests 677

Running target unix/-m64
FAIL: 23_containers/deque/allocator/move_assign.cc execution test
FAIL: 23_containers/deque/requirements/dr438/assign_neg.cc  (test for
errors, line 1859)
FAIL: 23_containers/deque/requirements/dr438/assign_neg.cc (test for
excess errors)
FAIL: 23_containers/deque/requirements/dr438/constructor_1_neg.cc
(test for errors, line 1792)
FAIL: 23_containers/deque/requirements/dr438/constructor_1_neg.cc
(test for excess errors)
FAIL: 23_containers/deque/requirements/dr438/constructor_2_neg.cc
(test for errors, line 1792)
FAIL: 23_containers/deque/requirements/dr438/constructor_2_neg.cc
(test for excess errors)
FAIL: 23_containers/deque/requirements/dr438/insert_neg.cc  (test for
errors, line 1943)
FAIL: 23_containers/deque/requirements/dr438/insert_neg.cc (test for
excess errors)

=== libstdc++ Summary for unix/-m64 ===

# of expected passes 9095
# of unexpected failures 9
# of expected failures 68
# of unsupported tests 678

=== libstdc++ Summary ===

# of expected passes 18192
# of unexpected failures 18
# of expected failures 136
# of unsupported tests 1355

Compiler version: 5.0.0 20141107 (experimental) (GCC)
Platform: x86_64-apple-darwin14.0.0
configure flags: --prefix=/sw --prefix=/sw/lib/gcc5.0
--mandir=/sw/share/man --infodir=/sw/lib/gcc5.0/info
--enable-languages=c,c++,fortran,lto,objc,obj-c++,java --with-gmp=/sw
--with-libiconv-prefix=/sw --with-isl=/sw --with-cloog=/sw
--with-mpc=/sw --with-system-zlib --x-includes=/usr/X11R6/include
--x-libraries=/usr/X11R6/lib --program-suffix=-fsf-5.0


Index Nav: [Date Index] [Subject Index] [Author Index] [Thread Index]
Message Nav: [Date Prev] [Date Next] [Thread Prev] [Thread Next]