This is the mail archive of the gcc-testresults@gcc.gnu.org mailing list for the GCC project.


Index Nav: [Date Index] [Subject Index] [Author Index] [Thread Index]
Message Nav: [Date Prev] [Date Next] [Thread Prev] [Thread Next]
Other format: [Raw text]

Results for 4.9.3 20141107 (prerelease) [gcc-4_9-branch revision 217221] (GCC) testsuite on sparc-sun-solaris2.11


LAST_UPDATED: Fri Nov  7 13:59:07 UTC 2014 (revision 217221)

		=== acats tests ===
FAIL:	cc3019c

		=== acats Summary ===
# of expected passes		2319
# of unexpected failures	1
Native configuration is sparc-sun-solaris2.11

		=== g++ tests ===


Running target unix

		=== g++ Summary for unix ===

# of expected passes		79373
# of expected failures		448
# of unsupported tests		3252

Running target unix/-m64

		=== g++ Summary for unix/-m64 ===

# of expected passes		81229
# of expected failures		448
# of unsupported tests		3237

		=== g++ Summary ===

# of expected passes		160602
# of expected failures		896
# of unsupported tests		6489
/var/gcc/regression/gcc-4.9-branch/11-gcc/build/gcc/testsuite/g++/../../xg++  version 4.9.3 20141107 (prerelease) [gcc-4_9-branch revision 217221] (GCC) 

		=== gcc tests ===


Running target unix
FAIL: gcc.dg/unroll_1.c  (test for warnings, line 14)
FAIL: gcc.dg/unroll_1.c  (test for warnings, line 24)
FAIL: gcc.dg/simulate-thread/atomic-other-int.c  -O0 -g  thread simulation test
FAIL: gcc.dg/simulate-thread/atomic-other-int.c  -O2 -g  thread simulation test
FAIL: gcc.dg/simulate-thread/atomic-other-int.c  -O3 -g  thread simulation test
FAIL: gcc.dg/simulate-thread/speculative-store-4.c  -O0 -g  thread simulation test
FAIL: gcc.dg/simulate-thread/speculative-store-4.c  -O2 -g  thread simulation test
FAIL: gcc.dg/simulate-thread/speculative-store-4.c  -O3 -g  thread simulation test
FAIL: gcc.dg/simulate-thread/speculative-store.c  -O0 -g  thread simulation test

		=== gcc Summary for unix ===

# of expected passes		88136
# of unexpected failures	9
# of expected failures		324
# of unsupported tests		1851

Running target unix/-m64
FAIL: gcc.dg/unroll_1.c  (test for warnings, line 14)
FAIL: gcc.dg/unroll_1.c  (test for warnings, line 24)
FAIL: gcc.dg/vect/vect-singleton_1.c (internal compiler error)
FAIL: gcc.dg/vect/vect-singleton_1.c (test for excess errors)
FAIL: gcc.dg/vect/vect-singleton_1.c -flto -ffat-lto-objects (internal compiler error)
FAIL: gcc.dg/vect/vect-singleton_1.c -flto -ffat-lto-objects (test for excess errors)

		=== gcc Summary for unix/-m64 ===

# of expected passes		88905
# of unexpected failures	6
# of expected failures		313
# of unsupported tests		1795

		=== gcc Summary ===

# of expected passes		177041
# of unexpected failures	15
# of expected failures		637
# of unsupported tests		3646
/var/gcc/regression/gcc-4.9-branch/11-gcc/build/gcc/xgcc  version 4.9.3 20141107 (prerelease) [gcc-4_9-branch revision 217221] (GCC) 

		=== gfortran tests ===


Running target unix

		=== gfortran Summary for unix ===

# of expected passes		45658
# of expected failures		54
# of unsupported tests		267

Running target unix/-m64

		=== gfortran Summary for unix/-m64 ===

# of expected passes		45985
# of expected failures		54
# of unsupported tests		106

		=== gfortran Summary ===

# of expected passes		91643
# of expected failures		108
# of unsupported tests		373
/var/gcc/regression/gcc-4.9-branch/11-gcc/build/gcc/testsuite/gfortran/../../gfortran  version 4.9.3 20141107 (prerelease) [gcc-4_9-branch revision 217221] (GCC) 

		=== gnat tests ===


Running target unix

		=== gnat Summary for unix ===

# of expected passes		1218
# of expected failures		18
# of unsupported tests		13

Running target unix/-m64

		=== gnat Summary for unix/-m64 ===

# of expected passes		1218
# of expected failures		18
# of unsupported tests		13

		=== gnat Summary ===

# of expected passes		2436
# of expected failures		36
# of unsupported tests		26
/var/gcc/regression/gcc-4.9-branch/11-gcc/build/gcc/gnatmake version 4.9.3 20141107 (prerelease) [gcc-4_9-branch revision 217221]

		=== go tests ===


Running target unix
FAIL: go.test/test/recover.go execution,  -O2 -g 

		=== go Summary for unix ===

# of expected passes		7367
# of unexpected failures	1
# of expected failures		1
# of untested testcases		10
# of unsupported tests		3

Running target unix/-m64
FAIL: go.test/test/fixedbugs/issue4348.go  -O  (test for excess errors)
FAIL: go.test/test/recover.go execution,  -O2 -g 

		=== go Summary for unix/-m64 ===

# of expected passes		7246
# of unexpected failures	2
# of expected failures		1
# of untested testcases		10
# of unsupported tests		3

		=== go Summary ===

# of expected passes		14613
# of unexpected failures	3
# of expected failures		2
# of untested testcases		20
# of unsupported tests		6
/var/gcc/regression/gcc-4.9-branch/11-gcc/build/gcc/testsuite/go/../../gccgo  version 4.9.3 20141107 (prerelease) [gcc-4_9-branch revision 217221] (GCC) 

		=== obj-c++ tests ===


Running target unix

		=== obj-c++ Summary for unix ===

# of expected passes		1449
# of expected failures		2
# of unsupported tests		86

Running target unix/-m64

		=== obj-c++ Summary for unix/-m64 ===

# of expected passes		1441
# of expected failures		10
# of unsupported tests		86

		=== obj-c++ Summary ===

# of expected passes		2890
# of expected failures		12
# of unsupported tests		172
/var/gcc/regression/gcc-4.9-branch/11-gcc/build/gcc/testsuite/obj-c++/../../xg++  version 4.9.3 20141107 (prerelease) [gcc-4_9-branch revision 217221] (GCC) 

		=== objc tests ===


Running target unix

		=== objc Summary for unix ===

# of expected passes		2994
# of unsupported tests		74

Running target unix/-m64

		=== objc Summary for unix/-m64 ===

# of expected passes		2994
# of unsupported tests		74

		=== objc Summary ===

# of expected passes		5988
# of unsupported tests		148
/var/gcc/regression/gcc-4.9-branch/11-gcc/build/gcc/xgcc  version 4.9.3 20141107 (prerelease) [gcc-4_9-branch revision 217221] (GCC) 

		=== boehm-gc tests ===


Running target unix

		=== boehm-gc Summary for unix ===

# of expected passes		12
# of unsupported tests		1

Running target unix/-m64

		=== boehm-gc Summary for unix/-m64 ===

# of expected passes		12
# of unsupported tests		1

		=== boehm-gc Summary ===

# of expected passes		24
# of unsupported tests		2
		=== libatomic tests ===


Running target unix

		=== libatomic Summary for unix ===

# of expected passes		44
# of unsupported tests		5

Running target unix/-m64

		=== libatomic Summary for unix/-m64 ===

# of expected passes		54

		=== libatomic Summary ===

# of expected passes		98
# of unsupported tests		5
		=== libffi tests ===


Running target unix

		=== libffi Summary for unix ===

# of expected passes		1819
# of unsupported tests		55

Running target unix/-m64

		=== libffi Summary for unix/-m64 ===

# of expected passes		1819
# of unsupported tests		55

		=== libffi Summary ===

# of expected passes		3638
# of unsupported tests		110
		=== libgo tests ===


Running target unix
FAIL: runtime
FAIL: os/exec
FAIL: text/template
FAIL: testing/quick

		=== libgo Summary for unix ===

# of expected passes		118
# of unexpected failures	4

Running target unix/-m64

		=== libgo Summary for unix/-m64 ===

# of expected passes		122

		=== libgo Summary ===

# of expected passes		240
# of unexpected failures	4
/var/gcc/regression/gcc-4.9-branch/11-gcc/build/./gcc/gccgo version 4.9.3 20141107 (prerelease) [gcc-4_9-branch revision 217221] (GCC)

		=== libgomp tests ===


Running target unix

		=== libgomp Summary for unix ===

# of expected passes		3241
# of unsupported tests		38

Running target unix/-m64

		=== libgomp Summary for unix/-m64 ===

# of expected passes		3241
# of unsupported tests		38

		=== libgomp Summary ===

# of expected passes		6482
# of unsupported tests		76
		=== libitm tests ===


Running target unix

		=== libitm Summary for unix ===

# of expected passes		26
# of expected failures		3
# of unsupported tests		1

Running target unix/-m64

		=== libitm Summary for unix/-m64 ===

# of expected passes		26
# of expected failures		3
# of unsupported tests		1

		=== libitm Summary ===

# of expected passes		52
# of expected failures		6
# of unsupported tests		2
		=== libjava tests ===


Running target unix

		=== libjava Summary for unix ===

# of expected passes		2582
# of expected failures		4

Running target unix/-m64

		=== libjava Summary for unix/-m64 ===

# of expected passes		2582
# of expected failures		4

		=== libjava Summary ===

# of expected passes		5164
# of expected failures		8
		=== libstdc++ tests ===


Running target unix

		=== libstdc++ Summary for unix ===

# of expected passes		9001
# of expected failures		41
# of unsupported tests		605

Running target unix/-m64

		=== libstdc++ Summary for unix/-m64 ===

# of expected passes		9001
# of expected failures		41
# of unsupported tests		605

		=== libstdc++ Summary ===

# of expected passes		18002
# of expected failures		82
# of unsupported tests		1210

Compiler version: 4.9.3 20141107 (prerelease) [gcc-4_9-branch revision 217221] (GCC) 
Platform: sparc-sun-solaris2.11
configure flags: --prefix=/vol/gcc --target=sparc-sun-solaris2.11 --enable-objc-gc --enable-libmudflap --with-gmp-include=/vol/gcc/include --with-gmp-lib=/vol/gcc/lib --with-mpfr-include=/vol/gcc/include --with-mpfr-lib=/vol/gcc/lib --with-mpc-include=/vol/gcc/include --with-mpc-lib=/vol/gcc/lib --enable-languages=all,ada,obj-c++,go --with-isl-include=/vol/gcc/include --with-isl-lib=/vol/gcc/lib --with-cloog-include=/vol/gcc/include --with-cloog-lib=/vol/gcc/lib --enable-cloog-backend=isl
BOOT_CFLAGS=-g -O2


Index Nav: [Date Index] [Subject Index] [Author Index] [Thread Index]
Message Nav: [Date Prev] [Date Next] [Thread Prev] [Thread Next]