This is the mail archive of the gcc-testresults@gcc.gnu.org mailing list for the GCC project.


Index Nav: [Date Index] [Subject Index] [Author Index] [Thread Index]
Message Nav: [Date Prev] [Date Next] [Thread Prev] [Thread Next]
Other format: [Raw text]

Results for 5.0.0 20141107 (experimental) [trunk revision 217225] (GCC) testsuite on i386-pc-solaris2.11


LAST_UPDATED: Fri Nov  7 13:57:37 UTC 2014 (revision 217225)

		=== acats tests ===
FAIL:	cdd2a02

		=== acats Summary ===
# of expected passes		2319
# of unexpected failures	1
Native configuration is i386-pc-solaris2.11

		=== g++ tests ===


Running target unix
FAIL: g++.dg/cilk-plus/CK/catch_exc.cc  -O1 -fcilkplus execution test
FAIL: g++.dg/cilk-plus/CK/catch_exc.cc  -O3 -fcilkplus execution test
FAIL: g++.dg/cilk-plus/CK/catch_exc.cc  -g -O2 -fcilkplus execution test
FAIL: g++.dg/cilk-plus/CK/catch_exc.cc  -g -fcilkplus execution test
FAIL: g++.dg/ipa/devirt-42.C  -std=gnu++11  scan-tree-dump-times optimized "return 2" 2
FAIL: g++.dg/ipa/devirt-42.C  -std=gnu++14  scan-tree-dump-times optimized "return 2" 2
FAIL: g++.dg/ipa/devirt-42.C  -std=gnu++98  scan-tree-dump-times optimized "return 2" 2
FAIL: g++.dg/torture/pr46367.C   -O1  (internal compiler error)
FAIL: g++.dg/torture/pr46367.C   -O1  (test for excess errors)
FAIL: g++.dg/torture/pr46367.C   -Os  (internal compiler error)
FAIL: g++.dg/torture/pr46367.C   -Os  (test for excess errors)

		=== g++ Summary for unix ===

# of expected passes		82359
# of unexpected failures	11
# of expected failures		251
# of unsupported tests		2989

Running target unix/-m64
FAIL: g++.dg/ipa/devirt-42.C  -std=gnu++11  scan-tree-dump-times optimized "return 2" 2
FAIL: g++.dg/ipa/devirt-42.C  -std=gnu++14  scan-tree-dump-times optimized "return 2" 2
FAIL: g++.dg/ipa/devirt-42.C  -std=gnu++98  scan-tree-dump-times optimized "return 2" 2
FAIL: g++.dg/torture/pr46367.C   -O1  (internal compiler error)
FAIL: g++.dg/torture/pr46367.C   -O1  (test for excess errors)
FAIL: g++.dg/torture/pr46367.C   -Os  (internal compiler error)
FAIL: g++.dg/torture/pr46367.C   -Os  (test for excess errors)

		=== g++ Summary for unix/-m64 ===

# of expected passes		83668
# of unexpected failures	7
# of expected failures		251
# of unsupported tests		3268

		=== g++ Summary ===

# of expected passes		166027
# of unexpected failures	18
# of expected failures		502
# of unsupported tests		6257
/var/gcc/regression/trunk/11-gcc/build/gcc/testsuite/g++/../../xg++  version 5.0.0 20141107 (experimental) [trunk revision 217225] (GCC) 

		=== gcc tests ===


Running target unix
FAIL: gcc.dg/unroll_1.c  (test for warnings, line 24)
FAIL: gcc.dg/graphite/vect-pr43423.c scan-tree-dump-times vect "vectorized 2 loops" 1
UNRESOLVED: gcc.dg/tree-prof/peel-1.c scan-rtl-dump loop2_unroll "Considering simply peeling loop"
FAIL: gcc.target/i386/pr49095.c scan-assembler-not test[lq]

		=== gcc Summary for unix ===

# of expected passes		103614
# of unexpected failures	3
# of expected failures		255
# of unresolved testcases	1
# of unsupported tests		2223

Running target unix/-m64
FAIL: gcc.dg/unroll_1.c  (test for warnings, line 24)
FAIL: gcc.dg/graphite/vect-pr43423.c scan-tree-dump-times vect "vectorized 2 loops" 1
UNRESOLVED: gcc.dg/tree-prof/peel-1.c scan-rtl-dump loop2_unroll "Considering simply peeling loop"
FAIL: gcc.target/i386/pr58218.c (test for excess errors)
FAIL: gcc.target/i386/pr61599-1.c (test for excess errors)
WARNING: gcc.target/i386/pr61599-1.c compilation failed to produce executable

		=== gcc Summary for unix/-m64 ===

# of expected passes		104444
# of unexpected failures	4
# of expected failures		257
# of unresolved testcases	1
# of unsupported tests		2463

		=== gcc Summary ===

# of expected passes		208058
# of unexpected failures	7
# of expected failures		512
# of unresolved testcases	2
# of unsupported tests		4686
/var/gcc/regression/trunk/11-gcc/build/gcc/xgcc  version 5.0.0 20141107 (experimental) [trunk revision 217225] (GCC) 

		=== gfortran tests ===


Running target unix
FAIL: gfortran.dg/graphite/pr42393.f90   -O  (test for excess errors)
WARNING: program timed out.

		=== gfortran Summary for unix ===

# of expected passes		46576
# of unexpected failures	1
# of expected failures		52
# of unsupported tests		213

Running target unix/-m64
FAIL: gfortran.dg/graphite/pr42393.f90   -O  (test for excess errors)
WARNING: program timed out.

		=== gfortran Summary for unix/-m64 ===

# of expected passes		46863
# of unexpected failures	1
# of expected failures		52
# of unsupported tests		75

		=== gfortran Summary ===

# of expected passes		93439
# of unexpected failures	2
# of expected failures		104
# of unsupported tests		288
/var/gcc/regression/trunk/11-gcc/build/gcc/testsuite/gfortran/../../gfortran  version 5.0.0 20141107 (experimental) [trunk revision 217225] (GCC) 

		=== gnat tests ===


Running target unix
FAIL: gnat.dg/derived_aggregate.adb (test for excess errors)
WARNING: gnat.dg/derived_aggregate.adb compilation failed to produce executable

		=== gnat Summary for unix ===

# of expected passes		1298
# of unexpected failures	1
# of expected failures		20
# of unsupported tests		7

Running target unix/-m64

		=== gnat Summary for unix/-m64 ===

# of expected passes		1300
# of expected failures		20
# of unsupported tests		7

		=== gnat Summary ===

# of expected passes		2598
# of unexpected failures	1
# of expected failures		40
# of unsupported tests		14
/var/gcc/regression/trunk/11-gcc/build/gcc/gnatmake version 5.0.0 20141107 (experimental) [trunk revision 217225]

		=== go tests ===


Running target unix

		=== go Summary for unix ===

# of expected passes		7365
# of expected failures		1
# of untested testcases		9
# of unsupported tests		2

Running target unix/-m64
FAIL: go.test/test/fixedbugs/issue4348.go   -O  (test for excess errors)
FAIL: go.test/test/fixedbugs/issue6036.go   -O  (internal compiler error)
FAIL: go.test/test/fixedbugs/issue6036.go   -O  (test for excess errors)

		=== go Summary for unix/-m64 ===

# of expected passes		7244
# of unexpected failures	3
# of expected failures		1
# of untested testcases		9
# of unsupported tests		1

		=== go Summary ===

# of expected passes		14609
# of unexpected failures	3
# of expected failures		2
# of untested testcases		18
# of unsupported tests		3
		=== obj-c++ tests ===


Running target unix

		=== obj-c++ Summary for unix ===

# of expected passes		1447
# of expected failures		2
# of unsupported tests		86

Running target unix/-m64

		=== obj-c++ Summary for unix/-m64 ===

# of expected passes		1439
# of expected failures		10
# of unsupported tests		86

		=== obj-c++ Summary ===

# of expected passes		2886
# of expected failures		12
# of unsupported tests		172
/var/gcc/regression/trunk/11-gcc/build/gcc/testsuite/obj-c++/../../xg++  version 5.0.0 20141107 (experimental) [trunk revision 217225] (GCC) 

		=== objc tests ===


Running target unix

		=== objc Summary for unix ===

# of expected passes		3004
# of expected failures		6
# of unsupported tests		74

Running target unix/-m64

		=== objc Summary for unix/-m64 ===

# of expected passes		3004
# of expected failures		6
# of unsupported tests		74

		=== objc Summary ===

# of expected passes		6008
# of expected failures		12
# of unsupported tests		148
/var/gcc/regression/trunk/11-gcc/build/gcc/xgcc  version 5.0.0 20141107 (experimental) [trunk revision 217225] (GCC) 

		=== boehm-gc tests ===


Running target unix

		=== boehm-gc Summary for unix ===

# of expected passes		12
# of unsupported tests		1

Running target unix/-m64

		=== boehm-gc Summary for unix/-m64 ===

# of expected passes		12
# of unsupported tests		1

		=== boehm-gc Summary ===

# of expected passes		24
# of unsupported tests		2
		=== libatomic tests ===


Running target unix

		=== libatomic Summary for unix ===

# of expected passes		44
# of unsupported tests		5

Running target unix/-m64

		=== libatomic Summary for unix/-m64 ===

# of expected passes		54

		=== libatomic Summary ===

# of expected passes		98
# of unsupported tests		5
		=== libffi tests ===


Running target unix

		=== libffi Summary for unix ===

# of expected passes		1819
# of unsupported tests		55

Running target unix/-m64

		=== libffi Summary for unix/-m64 ===

# of expected passes		1819
# of unsupported tests		55

		=== libffi Summary ===

# of expected passes		3638
# of unsupported tests		110
		=== libgo tests ===


Running target unix
FAIL: net
FAIL: runtime
FAIL: log/syslog
FAIL: net/http

		=== libgo Summary for unix ===

# of expected passes		119
# of unexpected failures	4

Running target unix/-m64

		=== libgo Summary for unix/-m64 ===

# of expected passes		123

		=== libgo Summary ===

# of expected passes		242
# of unexpected failures	4
/var/gcc/regression/trunk/11-gcc/build/./gcc/gccgo version 5.0.0 20141107 (experimental) [trunk revision 217225] (GCC)

		=== libgomp tests ===


Running target unix

		=== libgomp Summary for unix ===

# of expected passes		3275
# of unsupported tests		22

Running target unix/-m64

		=== libgomp Summary for unix/-m64 ===

# of expected passes		3275
# of unsupported tests		22

		=== libgomp Summary ===

# of expected passes		6550
# of unsupported tests		44
		=== libitm tests ===


Running target unix

		=== libitm Summary for unix ===

# of expected passes		26
# of expected failures		3
# of unsupported tests		1

Running target unix/-m64

		=== libitm Summary for unix/-m64 ===

# of expected passes		26
# of expected failures		3
# of unsupported tests		1

		=== libitm Summary ===

# of expected passes		52
# of expected failures		6
# of unsupported tests		2
		=== libjava tests ===


Running target unix

		=== libjava Summary for unix ===

# of expected passes		2582
# of expected failures		4

Running target unix/-m64

		=== libjava Summary for unix/-m64 ===

# of expected passes		2582
# of expected failures		4

		=== libjava Summary ===

# of expected passes		5164
# of expected failures		8
		=== libstdc++ tests ===


Running target unix
FAIL: 23_containers/deque/allocator/move_assign.cc execution test
FAIL: 23_containers/deque/requirements/dr438/assign_neg.cc  (test for errors, line 1859)
FAIL: 23_containers/deque/requirements/dr438/assign_neg.cc (test for excess errors)
FAIL: 23_containers/deque/requirements/dr438/constructor_1_neg.cc  (test for errors, line 1792)
FAIL: 23_containers/deque/requirements/dr438/constructor_1_neg.cc (test for excess errors)
FAIL: 23_containers/deque/requirements/dr438/constructor_2_neg.cc  (test for errors, line 1792)
FAIL: 23_containers/deque/requirements/dr438/constructor_2_neg.cc (test for excess errors)
FAIL: 23_containers/deque/requirements/dr438/insert_neg.cc  (test for errors, line 1943)
FAIL: 23_containers/deque/requirements/dr438/insert_neg.cc (test for excess errors)
FAIL: 27_io/basic_ostream/inserters_arithmetic/char/hexfloat.cc execution test

		=== libstdc++ Summary for unix ===

# of expected passes		9242
# of unexpected failures	10
# of expected failures		68
# of unsupported tests		626

Running target unix/-m64
FAIL: 23_containers/deque/allocator/move_assign.cc execution test
FAIL: 23_containers/deque/requirements/dr438/assign_neg.cc  (test for errors, line 1859)
FAIL: 23_containers/deque/requirements/dr438/assign_neg.cc (test for excess errors)
FAIL: 23_containers/deque/requirements/dr438/constructor_1_neg.cc  (test for errors, line 1792)
FAIL: 23_containers/deque/requirements/dr438/constructor_1_neg.cc (test for excess errors)
FAIL: 23_containers/deque/requirements/dr438/constructor_2_neg.cc  (test for errors, line 1792)
FAIL: 23_containers/deque/requirements/dr438/constructor_2_neg.cc (test for excess errors)
FAIL: 23_containers/deque/requirements/dr438/insert_neg.cc  (test for errors, line 1943)
FAIL: 23_containers/deque/requirements/dr438/insert_neg.cc (test for excess errors)
FAIL: 27_io/basic_ostream/inserters_arithmetic/char/hexfloat.cc execution test

		=== libstdc++ Summary for unix/-m64 ===

# of expected passes		9242
# of unexpected failures	10
# of expected failures		68
# of unsupported tests		626

		=== libstdc++ Summary ===

# of expected passes		18484
# of unexpected failures	20
# of expected failures		136
# of unsupported tests		1252

Compiler version: 5.0.0 20141107 (experimental) [trunk revision 217225] (GCC) 
Platform: i386-pc-solaris2.11
configure flags: --prefix=/vol/gcc --target=i386-pc-solaris2.11 --enable-objc-gc --enable-libmudflap --with-gmp-include=/vol/gcc/include --with-gmp-lib=/vol/gcc/lib --with-mpfr-include=/vol/gcc/include --with-mpfr-lib=/vol/gcc/lib --with-mpc-include=/vol/gcc/include --with-mpc-lib=/vol/gcc/lib --enable-languages=all,ada,obj-c++,go --with-isl-include=/vol/gcc/include --with-isl-lib=/vol/gcc/lib --with-cloog-include=/vol/gcc/include --with-cloog-lib=/vol/gcc/lib --enable-cloog-backend=isl
BOOT_CFLAGS=-g -O2


Index Nav: [Date Index] [Subject Index] [Author Index] [Thread Index]
Message Nav: [Date Prev] [Date Next] [Thread Prev] [Thread Next]