This is the mail archive of the
gcc-testresults@gcc.gnu.org
mailing list for the GCC project.
Results for 4.9.2 (tgcware 4.9.2-1) testsuite on i386-pc-solaris2.9
- From: "Tom G. Christensen" <tgc at jupiterrise dot com>
- To: gcc-testresults at gcc dot gnu dot org
- Date: Fri, 07 Nov 2014 16:29:42 +0100
- Subject: Results for 4.9.2 (tgcware 4.9.2-1) testsuite on i386-pc-solaris2.9
- Authentication-results: sourceware.org; auth=none
Built with:
GNU as 2.23.1
Sun ld 5.9-1.401 (113986-29)
gmp 5.1.3
mpfr 3.1.2
mpc 1.0.1
isl 0.11.2
cloog 0.18.0
CONFIG_SHELL=/bin/ksh
Bootstrap compiler:
Using built-in specs.
COLLECT_GCC=gcc
COLLECT_LTO_WRAPPER=/usr/tgcware/libexec/gcc/i386-pc-solaris2.9/4.8.3/lto-wrapper
Target: i386-pc-solaris2.9
Configured with: ../gcc-4.8.3/configure --disable-multilib --prefix=/usr/tgcware --with-local-prefix=/usr/tgcware/gcc48 --bindir=/usr/tgcware/gcc48/bin --mandir=/usr/tgcware/gcc48/man --infodir=/usr/tgcware/gcc48/info --disable-nls --enable-shared --enable-threads=posix --with-gmp=/usr/tgcware --with-mpfr=/usr/tgcware --with-mpc=/usr/tgcware --with-cloog=/usr/tgcware --with-isl=/usr/tgcware --with-cloog-backend=isl --without-gnu-ld --with-ld=/usr/ccs/bin/ld --with-gnu-as --with-as=/usr/tgcware/bin/gas --enable-languages=all,ada,obj-c++,go --with-x --enable-java-awt=xlib --with-arch-32=pentium --with-pkgversion='tgcware 4.8.3-1' --with-bugurl=http://jupiterrise.com/tgcware
Thread model: posix
gcc version 4.8.3 (tgcware 4.8.3-1)
LAST_UPDATED: Obtained from SVN: tags/gcc_4_9_2_release revision 216910
=== acats tests ===
=== acats Summary ===
# of expected passes 2320
# of unexpected failures 0
Native configuration is i386-pc-solaris2.9
=== g++ tests ===
Running target unix
WARNING: program timed out.
FAIL: g++.dg/cilk-plus/CK/catch_exc.cc -O1 -fcilkplus execution test
WARNING: program timed out.
FAIL: g++.dg/cilk-plus/CK/catch_exc.cc -O3 -fcilkplus execution test
WARNING: program timed out.
FAIL: g++.dg/cilk-plus/CK/catch_exc.cc -g -fcilkplus execution test
WARNING: program timed out.
FAIL: g++.dg/cilk-plus/CK/catch_exc.cc -g -O2 -fcilkplus execution test
WARNING: program timed out.
FAIL: c-c++-common/cilk-plus/CK/spawning_arg.c -O1 execution test
WARNING: program timed out.
FAIL: c-c++-common/cilk-plus/CK/steal_check.c -O1 execution test
WARNING: program timed out.
FAIL: c-c++-common/cilk-plus/CK/spawning_arg.c -O3 execution test
WARNING: program timed out.
FAIL: c-c++-common/cilk-plus/CK/steal_check.c -O3 execution test
WARNING: program timed out.
FAIL: c-c++-common/cilk-plus/CK/spawning_arg.c -g execution test
WARNING: program timed out.
FAIL: c-c++-common/cilk-plus/CK/steal_check.c -g execution test
WARNING: program timed out.
FAIL: c-c++-common/cilk-plus/CK/spawning_arg.c -g -O2 execution test
WARNING: program timed out.
FAIL: c-c++-common/cilk-plus/CK/steal_check.c -g -O2 execution test
FAIL: g++.dg/ipa/pr61160-3.C -std=gnu++98 execution test
FAIL: g++.dg/ipa/pr61160-3.C -std=gnu++11 execution test
FAIL: g++.dg/ipa/pr61160-3.C -std=gnu++1y execution test
=== g++ Summary ===
# of expected passes 82294
# of unexpected failures 15
# of expected failures 448
# of unsupported tests 2839
/export/home/tgc/buildpkg/gcc49/src/all_native/gcc/testsuite/g++/../../xg++ version 4.9.2 (tgcware 4.9.2-1)
=== gcc tests ===
Running target unix
WARNING: program timed out.
FAIL: c-c++-common/cilk-plus/CK/spawning_arg.c -g execution test
WARNING: program timed out.
FAIL: c-c++-common/cilk-plus/CK/steal_check.c -g execution test
WARNING: program timed out.
FAIL: c-c++-common/cilk-plus/CK/spawning_arg.c -O1 execution test
WARNING: program timed out.
FAIL: c-c++-common/cilk-plus/CK/steal_check.c -O1 execution test
WARNING: program timed out.
FAIL: c-c++-common/cilk-plus/CK/spawning_arg.c -O2 -std=c99 execution test
WARNING: program timed out.
FAIL: c-c++-common/cilk-plus/CK/steal_check.c -O2 -std=c99 execution test
WARNING: program timed out.
FAIL: c-c++-common/cilk-plus/CK/spawning_arg.c -O2 -ftree-vectorize execution test
WARNING: program timed out.
FAIL: c-c++-common/cilk-plus/CK/steal_check.c -O2 -ftree-vectorize execution test
WARNING: program timed out.
FAIL: c-c++-common/cilk-plus/CK/spawning_arg.c -O3 -g execution test
WARNING: program timed out.
FAIL: c-c++-common/cilk-plus/CK/steal_check.c -O3 -g execution test
WARNING: program timed out.
FAIL: c-c++-common/cilk-plus/CK/spawning_arg.c -O3 -flto -g execution test
WARNING: program timed out.
FAIL: c-c++-common/cilk-plus/CK/steal_check.c -O3 -flto -g execution test
FAIL: gcc.target/i386/avx512f-ceil-sfix-vec-2.c scan-assembler vrndscalepd[^\\n]*zmm[0-9]
FAIL: gcc.target/i386/avx512f-ceil-sfix-vec-2.c scan-assembler vcvttpd2dq[^\\n]*zmm[0-9]
FAIL: gcc.target/i386/avx512f-floor-sfix-vec-2.c scan-assembler vrndscalepd[^\\n]*zmm[0-9]
FAIL: gcc.target/i386/avx512f-floor-sfix-vec-2.c scan-assembler vcvttpd2dq[^\\n]*zmm[0-9]
=== gcc Summary ===
# of expected passes 101386
# of unexpected failures 16
# of expected failures 253
# of unsupported tests 1680
/export/home/tgc/buildpkg/gcc49/src/all_native/gcc/xgcc version 4.9.2 (tgcware 4.9.2-1)
=== gfortran tests ===
Running target unix
=== gfortran Summary ===
# of expected passes 45445
# of expected failures 60
# of unsupported tests 368
/export/home/tgc/buildpkg/gcc49/src/all_native/gcc/testsuite/gfortran/../../gfortran version 4.9.2 (tgcware 4.9.2-1)
=== gnat tests ===
Running target unix
=== gnat Summary ===
# of expected passes 1234
# of expected failures 18
# of unsupported tests 6
/export/home/tgc/buildpkg/gcc49/src/all_native/gcc/gnatmake version 4.9.2
=== go tests ===
Running target unix
=== go Summary ===
# of expected passes 7371
# of expected failures 1
# of untested testcases 9
# of unsupported tests 2
/export/home/tgc/buildpkg/gcc49/src/all_native/gcc/testsuite/go/../../gccgo version 4.9.2 (tgcware 4.9.2-1)
=== obj-c++ tests ===
Running target unix
=== obj-c++ Summary ===
# of expected passes 1449
# of expected failures 2
# of unsupported tests 86
/export/home/tgc/buildpkg/gcc49/src/all_native/gcc/testsuite/obj-c++/../../xg++ version 4.9.2 (tgcware 4.9.2-1)
=== objc tests ===
Running target unix
=== objc Summary ===
# of expected passes 2988
# of expected failures 6
# of unsupported tests 74
/export/home/tgc/buildpkg/gcc49/src/all_native/gcc/xgcc version 4.9.2 (tgcware 4.9.2-1)
=== boehm-gc tests ===
Running target unix
=== boehm-gc Summary ===
# of expected passes 12
# of unsupported tests 1
=== libatomic tests ===
Running target unix
=== libatomic Summary ===
# of expected passes 44
# of unsupported tests 5
=== libffi tests ===
Running target unix
=== libffi Summary ===
# of expected passes 1819
# of unsupported tests 55
=== libgo tests ===
Running target unix
FAIL: math
FAIL: net
FAIL: runtime
FAIL: log/syslog
FAIL: net/http
FAIL: os/exec
FAIL: sync/atomic
=== libgo Summary ===
# of expected passes 115
# of unexpected failures 7
/export/home/tgc/buildpkg/gcc49/src/all_native/./gcc/gccgo version 4.9.2 (tgcware 4.9.2-1)
=== libgomp tests ===
Running target unix
WARNING: program timed out.
FAIL: libgomp.graphite/force-parallel-7.c execution test
=== libgomp Summary ===
# of expected passes 3240
# of unexpected failures 1
# of unsupported tests 38
=== libitm tests ===
Running target unix
=== libitm Summary ===
# of expected passes 26
# of expected failures 3
# of unsupported tests 1
=== libjava tests ===
Running target unix
FAIL: Divide_1 output - source compiled test
FAIL: Divide_1 -findirect-dispatch output - source compiled test
FAIL: Divide_1 -O3 output - source compiled test
FAIL: Divide_1 -O3 -findirect-dispatch output - source compiled test
=== libjava Summary ===
# of expected passes 2578
# of unexpected failures 4
# of expected failures 4
=== libstdc++ tests ===
Running target unix
FAIL: experimental/feat-cxx14.cc (test for excess errors)
=== libstdc++ Summary ===
# of expected passes 8304
# of unexpected failures 1
# of expected failures 43
# of unsupported tests 936
Compiler version: 4.9.2 (tgcware 4.9.2-1)
Platform: i386-pc-solaris2.9
configure flags: --enable-obsolete --disable-multilib --prefix=/usr/tgcware --with-local-prefix=/usr/tgcware/gcc49 --bindir=/usr/tgcware/gcc49/bin --mandir=/usr/tgcware/gcc49/man --infodir=/usr/tgcware/gcc49/info --disable-nls --enable-shared --enable-threads=posix --with-gmp=/usr/tgcware --with-mpfr=/usr/tgcware --with-mpc=/usr/tgcware --with-cloog=/usr/tgcware --with-isl=/usr/tgcware --with-cloog-backend=isl --without-gnu-ld --with-ld=/usr/ccs/bin/ld --with-gnu-as --with-as=/usr/tgcware/bin/gas --enable-languages=all,ada,obj-c++,go --with-x --enable-java-awt=xlib --with-arch-32=pentium --with-pkgversion='tgcware 4.9.2-1' --with-bugurl=http://jupiterrise.com/tgcware