This is the mail archive of the gcc-testresults@gcc.gnu.org mailing list for the GCC project.


Index Nav: [Date Index] [Subject Index] [Author Index] [Thread Index]
Message Nav: [Date Prev] [Date Next] [Thread Prev] [Thread Next]
Other format: [Raw text]

Results for 5.0.0 20141102 (experimental) [trunk revision 217013] (GCC) testsuite on hppa2.0w-hp-hpux11.11


Native configuration is hppa2.0w-hp-hpux11.11

		=== g++ tests ===


Running target unix
FAIL: g++.dg/abi/anon3.C  -std=c++98  scan-assembler .weak(_definition)?[ \\t]_?_ZTI4Heya
FAIL: g++.dg/abi/anon3.C  -std=c++98  scan-assembler .weak(_definition)?[ \\t]_?_ZTIN4Heya1AE
FAIL: g++.dg/abi/anon3.C  -std=c++11  scan-assembler .weak(_definition)?[ \\t]_?_ZTI4Heya
FAIL: g++.dg/abi/anon3.C  -std=c++11  scan-assembler .weak(_definition)?[ \\t]_?_ZTIN4Heya1AE
FAIL: g++.dg/abi/anon3.C  -std=c++1y  scan-assembler .weak(_definition)?[ \\t]_?_ZTI4Heya
FAIL: g++.dg/abi/anon3.C  -std=c++1y  scan-assembler .weak(_definition)?[ \\t]_?_ZTIN4Heya1AE
FAIL: g++.dg/abi/rtti3.C  -std=c++98  scan-assembler .weak[ \\t]_?_ZTSPP1A
FAIL: g++.dg/abi/rtti3.C  -std=c++11  scan-assembler .weak[ \\t]_?_ZTSPP1A
FAIL: g++.dg/abi/rtti3.C  -std=c++1y  scan-assembler .weak[ \\t]_?_ZTSPP1A
FAIL: g++.dg/ipa/devirt-40.C  -std=gnu++98  scan-tree-dump fre2 "converting indirect call to function virtual UnicodeString"
FAIL: g++.dg/ipa/devirt-40.C  -std=gnu++11  scan-tree-dump fre2 "converting indirect call to function virtual UnicodeString"
FAIL: g++.dg/ipa/devirt-40.C  -std=gnu++1y  scan-tree-dump fre2 "converting indirect call to function virtual UnicodeString"
FAIL: g++.dg/ipa/devirt-42.C  -std=gnu++98  scan-tree-dump-times optimized "return 2" 2
FAIL: g++.dg/ipa/devirt-42.C  -std=gnu++11  scan-tree-dump-times optimized "return 2" 2
FAIL: g++.dg/ipa/devirt-42.C  -std=gnu++1y  scan-tree-dump-times optimized "return 2" 2
FAIL: g++.dg/ipa/ipa-icf-2.C  -std=gnu++98  scan-ipa-dump icf "Semantic equality hit:"
FAIL: g++.dg/ipa/ipa-icf-2.C  -std=gnu++98  scan-ipa-dump icf "Equal symbols: 1"
FAIL: g++.dg/ipa/ipa-icf-2.C  -std=gnu++11  scan-ipa-dump icf "Semantic equality hit:"
FAIL: g++.dg/ipa/ipa-icf-2.C  -std=gnu++11  scan-ipa-dump icf "Equal symbols: 1"
FAIL: g++.dg/ipa/ipa-icf-2.C  -std=gnu++1y  scan-ipa-dump icf "Semantic equality hit:"
FAIL: g++.dg/ipa/ipa-icf-2.C  -std=gnu++1y  scan-ipa-dump icf "Equal symbols: 1"
FAIL: g++.dg/ipa/ipa-icf-3.C  -std=gnu++98  scan-ipa-dump icf "Semantic equality hit:.*bar.*->.*foo.*"
FAIL: g++.dg/ipa/ipa-icf-3.C  -std=gnu++98  scan-ipa-dump icf "Semantic equality hit:.*nula.*->.*zero.*"
FAIL: g++.dg/ipa/ipa-icf-3.C  -std=gnu++98  scan-ipa-dump icf "Equal symbols: 2"
FAIL: g++.dg/ipa/ipa-icf-3.C  -std=gnu++11  scan-ipa-dump icf "Semantic equality hit:.*bar.*->.*foo.*"
FAIL: g++.dg/ipa/ipa-icf-3.C  -std=gnu++11  scan-ipa-dump icf "Semantic equality hit:.*nula.*->.*zero.*"
FAIL: g++.dg/ipa/ipa-icf-3.C  -std=gnu++11  scan-ipa-dump icf "Equal symbols: 2"
FAIL: g++.dg/ipa/ipa-icf-3.C  -std=gnu++1y  scan-ipa-dump icf "Semantic equality hit:.*bar.*->.*foo.*"
FAIL: g++.dg/ipa/ipa-icf-3.C  -std=gnu++1y  scan-ipa-dump icf "Semantic equality hit:.*nula.*->.*zero.*"
FAIL: g++.dg/ipa/ipa-icf-3.C  -std=gnu++1y  scan-ipa-dump icf "Equal symbols: 2"
FAIL: g++.dg/ipa/ipa-icf-4.C  -std=gnu++98  scan-ipa-dump icf "Equal symbols: 6"
FAIL: g++.dg/ipa/ipa-icf-4.C  -std=gnu++11  scan-ipa-dump icf "Equal symbols: 6"
FAIL: g++.dg/ipa/ipa-icf-4.C  -std=gnu++1y  scan-ipa-dump icf "Equal symbols: 6"
FAIL: g++.dg/ipa/ipa-icf-5.C  -std=gnu++98 (test for excess errors)
UNRESOLVED: g++.dg/ipa/ipa-icf-5.C  -std=gnu++98  scan-ipa-dump icf "Equal symbols: 0"
FAIL: g++.dg/ipa/ipa-icf-5.C  -std=gnu++11 (test for excess errors)
UNRESOLVED: g++.dg/ipa/ipa-icf-5.C  -std=gnu++11  scan-ipa-dump icf "Equal symbols: 0"
FAIL: g++.dg/ipa/ipa-icf-5.C  -std=gnu++1y (test for excess errors)
UNRESOLVED: g++.dg/ipa/ipa-icf-5.C  -std=gnu++1y  scan-ipa-dump icf "Equal symbols: 0"
WARNING: program timed out.

		=== g++ Summary ===

# of expected passes		73395
# of unexpected failures	36
# of expected failures		246
# of unresolved testcases	3
# of unsupported tests		3697
/test/gnu/gcc/objdir/gcc/testsuite/g++/../../xg++  version 5.0.0 20141102 (experimental) [trunk revision 217013] (GCC) 

		=== gcc tests ===


Running target unix
FAIL: gcc.dg/atomic/c11-atomic-exec-5.c   -O0  execution test
FAIL: gcc.dg/atomic/c11-atomic-exec-5.c   -O1  execution test
FAIL: gcc.dg/atomic/c11-atomic-exec-5.c   -O2  execution test
WARNING: program timed out.
FAIL: gcc.dg/atomic/c11-atomic-exec-5.c   -O3 -fomit-frame-pointer  execution test
WARNING: program timed out.
FAIL: gcc.dg/atomic/c11-atomic-exec-5.c   -O3 -fomit-frame-pointer -funroll-loops  execution test
FAIL: gcc.dg/atomic/c11-atomic-exec-5.c   -O3 -fomit-frame-pointer -funroll-all-loops -finline-functions  execution test
WARNING: program timed out.
FAIL: gcc.dg/atomic/c11-atomic-exec-5.c   -O3 -g  execution test
FAIL: gcc.dg/atomic/c11-atomic-exec-5.c   -Os  execution test
WARNING: program timed out.
FAIL: gcc.dg/ipa/ipa-icf-1.c scan-ipa-dump icf "Semantic equality hit:x2->x1"
FAIL: gcc.dg/ipa/ipa-icf-1.c scan-ipa-dump icf "Equal symbols: 1"
FAIL: gcc.dg/ipa/ipa-icf-10.c scan-ipa-dump icf "Semantic equality hit:funkce->ferda"
FAIL: gcc.dg/ipa/ipa-icf-10.c scan-ipa-dump icf "Equal symbols: 1"
FAIL: gcc.dg/ipa/ipa-icf-11.c scan-ipa-dump icf "Semantic equality hit:f1->f0"
FAIL: gcc.dg/ipa/ipa-icf-11.c scan-ipa-dump icf "Equal symbols: 1"
FAIL: gcc.dg/ipa/ipa-icf-12.c scan-ipa-dump icf "Semantic equality hit:nsd->gcd"
FAIL: gcc.dg/ipa/ipa-icf-12.c scan-ipa-dump icf "Equal symbols: 1"
FAIL: gcc.dg/ipa/ipa-icf-13.c scan-ipa-dump icf "Semantic equality hit:s2->s1"
FAIL: gcc.dg/ipa/ipa-icf-13.c scan-ipa-dump icf "Semantic equality hit:nsd_different_result2->nsd_different_result"
FAIL: gcc.dg/ipa/ipa-icf-13.c scan-ipa-dump icf "Semantic equality hit:nsd->gcd"
FAIL: gcc.dg/ipa/ipa-icf-13.c scan-ipa-dump icf "Equal symbols: 3"
FAIL: gcc.dg/ipa/ipa-icf-16.c scan-ipa-dump icf "Semantic equality hit:bar->foo"
FAIL: gcc.dg/ipa/ipa-icf-16.c scan-ipa-dump icf "Equal symbols: 1"
FAIL: gcc.dg/ipa/ipa-icf-18.c scan-ipa-dump icf "Semantic equality hit:bar->foo"
FAIL: gcc.dg/ipa/ipa-icf-18.c scan-ipa-dump icf "Equal symbols: 1"
FAIL: gcc.dg/ipa/ipa-icf-2.c scan-ipa-dump icf "Semantic equality hit:f2->f1"
FAIL: gcc.dg/ipa/ipa-icf-2.c scan-ipa-dump icf "Equal symbols: 1"
FAIL: gcc.dg/ipa/ipa-icf-20.c scan-ipa-dump icf "Semantic equality hit:bar->foo"
FAIL: gcc.dg/ipa/ipa-icf-20.c scan-ipa-dump icf "Equal symbols: 1"
FAIL: gcc.dg/ipa/ipa-icf-23.c scan-ipa-dump icf "Semantic equality hit:bar->foo"
FAIL: gcc.dg/ipa/ipa-icf-23.c scan-ipa-dump icf "Equal symbols: 1"
FAIL: gcc.dg/ipa/ipa-icf-25.c scan-ipa-dump icf "Semantic equality hit:bar->foo"
FAIL: gcc.dg/ipa/ipa-icf-25.c scan-ipa-dump icf "Semantic equality hit:zap->zip"
FAIL: gcc.dg/ipa/ipa-icf-25.c scan-ipa-dump icf "Equal symbols: 2"
FAIL: gcc.dg/ipa/ipa-icf-26.c scan-ipa-dump icf "Semantic equality hit:bar->foo"
FAIL: gcc.dg/ipa/ipa-icf-26.c scan-ipa-dump icf "Semantic equality hit:remove->destroy"
FAIL: gcc.dg/ipa/ipa-icf-26.c scan-ipa-dump icf "Equal symbols: 2"
FAIL: gcc.dg/ipa/ipa-icf-27.c scan-ipa-dump icf "Semantic equality hit:remove->destroy"
FAIL: gcc.dg/ipa/ipa-icf-27.c scan-ipa-dump icf "Equal symbols: 1"
FAIL: gcc.dg/ipa/ipa-icf-28.c scan-ipa-dump icf "attribute values are different"
FAIL: gcc.dg/ipa/ipa-icf-3.c scan-ipa-dump icf "Semantic equality hit:bar->foo"
FAIL: gcc.dg/ipa/ipa-icf-3.c scan-ipa-dump icf "Equal symbols: 1"
FAIL: gcc.dg/ipa/ipa-icf-30.c scan-ipa-dump icf "Equal symbols: 1"
FAIL: gcc.dg/ipa/ipa-icf-5.c (test for excess errors)
UNRESOLVED: gcc.dg/ipa/ipa-icf-5.c scan-ipa-dump icf "Semantic equality hit:f2->f1"
UNRESOLVED: gcc.dg/ipa/ipa-icf-5.c scan-ipa-dump icf "Equal symbols: 1"
FAIL: gcc.dg/ipa/ipa-icf-7.c (test for excess errors)
UNRESOLVED: gcc.dg/ipa/ipa-icf-7.c scan-ipa-dump icf "Semantic equality hit:foo2->foo"
UNRESOLVED: gcc.dg/ipa/ipa-icf-7.c scan-ipa-dump icf "Equal symbols: 1"
FAIL: gcc.dg/ipa/ipa-icf-8.c scan-ipa-dump icf "Semantic equality hit:fce2->fce1"
FAIL: gcc.dg/ipa/ipa-icf-8.c scan-ipa-dump icf "Equal symbols: 1"
FAIL: gcc.dg/ipa/pr63595.c scan-ipa-dump icf "PHI results are different"
FAIL: gcc.dg/tree-prof/crossmodule-indircall-1a.c compilation,  -fprofile-generate -D_PROFILE_GENERATE
UNRESOLVED: gcc.dg/tree-prof/crossmodule-indircall-1a.c execution,    -fprofile-generate -D_PROFILE_GENERATE
UNRESOLVED: gcc.dg/tree-prof/crossmodule-indircall-1a.c compilation,  -fprofile-use -D_PROFILE_USE
UNRESOLVED: gcc.dg/tree-prof/crossmodule-indircall-1a.c execution,    -fprofile-use -D_PROFILE_USE
UNRESOLVED: gcc.dg/tree-prof/peel-1.c scan-rtl-dump loop2_unroll "Considering simply peeling loop"
FAIL: gcc.dg/tree-ssa/ivopts-lt-2.c scan-tree-dump-times ivopts "PHI <p_" 1
FAIL: gcc.dg/tree-ssa/ivopts-lt-2.c scan-tree-dump-times ivopts "p_[0-9]* <" 1
FAIL: gcc.dg/tree-ssa/pr61144.c (test for excess errors)
UNRESOLVED: gcc.dg/tree-ssa/pr61144.c scan-tree-dump-not optimized "return 0"

		=== gcc Summary ===

# of expected passes		68138
# of unexpected failures	51
# of expected failures		115
# of unresolved testcases	9
# of unsupported tests		1746
/test/gnu/gcc/objdir/gcc/xgcc  version 5.0.0 20141102 (experimental) [trunk revision 217013] (GCC) 

		=== gfortran tests ===


Running target unix
FAIL: gfortran.dg/coarray/alloc_comp_1.f90 -fcoarray=lib  -O2  -lcaf_single (test for excess errors)
FAIL: gfortran.dg/coarray/alloc_comp_1.f90 -fcoarray=lib  -O2  -lcaf_single execution test
FAIL: gfortran.dg/coarray/allocate_errgmsg.f90 -fcoarray=lib  -O2  -lcaf_single (test for excess errors)
FAIL: gfortran.dg/coarray/allocate_errgmsg.f90 -fcoarray=lib  -O2  -lcaf_single execution test
FAIL: gfortran.dg/coarray/atomic_1.f90 -fcoarray=lib  -O2  -lcaf_single (test for excess errors)
FAIL: gfortran.dg/coarray/atomic_1.f90 -fcoarray=lib  -O2  -lcaf_single execution test
FAIL: gfortran.dg/coarray/atomic_2.f90 -fcoarray=single  -O2  (test for excess errors)
FAIL: gfortran.dg/coarray/atomic_2.f90 -fcoarray=single  -O2  execution test
FAIL: gfortran.dg/coarray/atomic_2.f90 -fcoarray=lib  -O2  -lcaf_single (test for excess errors)
FAIL: gfortran.dg/coarray/atomic_2.f90 -fcoarray=lib  -O2  -lcaf_single execution test
FAIL: gfortran.dg/coarray/codimension.f90 -fcoarray=lib  -O2  -lcaf_single (test for excess errors)
FAIL: gfortran.dg/coarray/codimension.f90 -fcoarray=lib  -O2  -lcaf_single execution test
FAIL: gfortran.dg/coarray/coindexed_1.f90 -fcoarray=lib  -O2  -lcaf_single (test for excess errors)
FAIL: gfortran.dg/coarray/coindexed_1.f90 -fcoarray=lib  -O2  -lcaf_single execution test
FAIL: gfortran.dg/coarray/coindexed_3.f90 -fcoarray=lib  -O2  -lcaf_single (test for excess errors)
FAIL: gfortran.dg/coarray/coindexed_3.f90 -fcoarray=lib  -O2  -lcaf_single execution test
FAIL: gfortran.dg/coarray/collectives_1.f90 -fcoarray=lib  -O2  -lcaf_single (test for excess errors)
FAIL: gfortran.dg/coarray/collectives_1.f90 -fcoarray=lib  -O2  -lcaf_single execution test
FAIL: gfortran.dg/coarray/collectives_2.f90 -fcoarray=lib  -O2  -lcaf_single (test for excess errors)
FAIL: gfortran.dg/coarray/collectives_2.f90 -fcoarray=lib  -O2  -lcaf_single execution test
FAIL: gfortran.dg/coarray/collectives_3.f90 -fcoarray=lib  -O2  -lcaf_single (test for excess errors)
FAIL: gfortran.dg/coarray/collectives_3.f90 -fcoarray=lib  -O2  -lcaf_single execution test
FAIL: gfortran.dg/coarray/dummy_1.f90 -fcoarray=lib  -O2  -lcaf_single (test for excess errors)
FAIL: gfortran.dg/coarray/dummy_1.f90 -fcoarray=lib  -O2  -lcaf_single execution test
FAIL: gfortran.dg/coarray/get_array.f90 -fcoarray=lib  -O2  -lcaf_single (test for excess errors)
FAIL: gfortran.dg/coarray/get_array.f90 -fcoarray=lib  -O2  -lcaf_single execution test
FAIL: gfortran.dg/coarray/image_index_1.f90 -fcoarray=lib  -O2  -lcaf_single (test for excess errors)
FAIL: gfortran.dg/coarray/image_index_1.f90 -fcoarray=lib  -O2  -lcaf_single execution test
FAIL: gfortran.dg/coarray/image_index_2.f90 -fcoarray=lib  -O2  -lcaf_single (test for excess errors)
FAIL: gfortran.dg/coarray/image_index_2.f90 -fcoarray=lib  -O2  -lcaf_single execution test
FAIL: gfortran.dg/coarray/image_index_3.f90 -fcoarray=lib  -O2  -lcaf_single (test for excess errors)
FAIL: gfortran.dg/coarray/image_index_3.f90 -fcoarray=lib  -O2  -lcaf_single execution test
FAIL: gfortran.dg/coarray/lib_realloc_1.f90 -fcoarray=lib  -O2  -lcaf_single (test for excess errors)
FAIL: gfortran.dg/coarray/lib_realloc_1.f90 -fcoarray=lib  -O2  -lcaf_single execution test
FAIL: gfortran.dg/coarray/lock_1.f90 -fcoarray=lib  -O2  -lcaf_single (test for excess errors)
FAIL: gfortran.dg/coarray/lock_1.f90 -fcoarray=lib  -O2  -lcaf_single execution test
FAIL: gfortran.dg/coarray/move_alloc_1.f90 -fcoarray=lib  -O2  -lcaf_single (test for excess errors)
FAIL: gfortran.dg/coarray/move_alloc_1.f90 -fcoarray=lib  -O2  -lcaf_single execution test
FAIL: gfortran.dg/coarray/poly_run_1.f90 -fcoarray=lib  -O2  -lcaf_single (test for excess errors)
FAIL: gfortran.dg/coarray/poly_run_1.f90 -fcoarray=lib  -O2  -lcaf_single execution test
FAIL: gfortran.dg/coarray/poly_run_2.f90 -fcoarray=lib  -O2  -lcaf_single (test for excess errors)
FAIL: gfortran.dg/coarray/poly_run_2.f90 -fcoarray=lib  -O2  -lcaf_single execution test
FAIL: gfortran.dg/coarray/poly_run_3.f90 -fcoarray=lib  -O2  -lcaf_single (test for excess errors)
FAIL: gfortran.dg/coarray/poly_run_3.f90 -fcoarray=lib  -O2  -lcaf_single execution test
FAIL: gfortran.dg/coarray/registering_1.f90 -fcoarray=lib  -O2  -lcaf_single (test for excess errors)
FAIL: gfortran.dg/coarray/registering_1.f90 -fcoarray=lib  -O2  -lcaf_single execution test
FAIL: gfortran.dg/coarray/scalar_alloc_1.f90 -fcoarray=lib  -O2  -lcaf_single (test for excess errors)
FAIL: gfortran.dg/coarray/scalar_alloc_1.f90 -fcoarray=lib  -O2  -lcaf_single execution test
FAIL: gfortran.dg/coarray/scalar_alloc_2.f90 -fcoarray=lib  -O2  -lcaf_single (test for excess errors)
FAIL: gfortran.dg/coarray/scalar_alloc_2.f90 -fcoarray=lib  -O2  -lcaf_single execution test
FAIL: gfortran.dg/coarray/send_array.f90 -fcoarray=lib  -O2  -lcaf_single (test for excess errors)
FAIL: gfortran.dg/coarray/send_array.f90 -fcoarray=lib  -O2  -lcaf_single execution test
FAIL: gfortran.dg/coarray/sendget_array.f90 -fcoarray=lib  -O2  -lcaf_single (test for excess errors)
FAIL: gfortran.dg/coarray/sendget_array.f90 -fcoarray=lib  -O2  -lcaf_single execution test
FAIL: gfortran.dg/coarray/subobject_1.f90 -fcoarray=lib  -O2  -lcaf_single (test for excess errors)
FAIL: gfortran.dg/coarray/subobject_1.f90 -fcoarray=lib  -O2  -lcaf_single execution test
FAIL: gfortran.dg/coarray/sync_1.f90 -fcoarray=lib  -O2  -lcaf_single (test for excess errors)
FAIL: gfortran.dg/coarray/sync_1.f90 -fcoarray=lib  -O2  -lcaf_single execution test
FAIL: gfortran.dg/coarray/sync_3.f90 -fcoarray=lib  -O2  -lcaf_single (test for excess errors)
FAIL: gfortran.dg/coarray/sync_3.f90 -fcoarray=lib  -O2  -lcaf_single output pattern test, is remote_spawn failed, should match Fortran runtime error: Invalid image number -1 in SYNC IMAGES
FAIL: gfortran.dg/coarray/this_image_1.f90 -fcoarray=lib  -O2  -lcaf_single (test for excess errors)
FAIL: gfortran.dg/coarray/this_image_1.f90 -fcoarray=lib  -O2  -lcaf_single execution test
FAIL: gfortran.dg/coarray/this_image_2.f90 -fcoarray=lib  -O2  -lcaf_single (test for excess errors)
FAIL: gfortran.dg/coarray/this_image_2.f90 -fcoarray=lib  -O2  -lcaf_single execution test
FAIL: gfortran.dg/coarray_collectives_14.f90   -O   (test for errors, line 55)
FAIL: gfortran.dg/coarray_collectives_14.f90   -O   (test for errors, line 57)
FAIL: gfortran.dg/coarray_collectives_14.f90   -O   (test for errors, line 59)
FAIL: gfortran.dg/coarray_collectives_14.f90   -O   (test for errors, line 61)
FAIL: gfortran.dg/coarray_collectives_14.f90   -O   (test for errors, line 63)
FAIL: gfortran.dg/coarray_collectives_14.f90   -O   (test for errors, line 65)
FAIL: gfortran.dg/coarray_collectives_14.f90   -O   (test for errors, line 67)
FAIL: gfortran.dg/coarray_collectives_14.f90   -O   (test for errors, line 69)
FAIL: gfortran.dg/coarray_collectives_14.f90   -O   (test for errors, line 71)
FAIL: gfortran.dg/coarray_collectives_14.f90   -O   (test for errors, line 73)
FAIL: gfortran.dg/coarray_collectives_14.f90   -O   (test for errors, line 75)
FAIL: gfortran.dg/coarray_collectives_14.f90   -O   (test for errors, line 77)
FAIL: gfortran.dg/coarray_collectives_14.f90   -O   (test for errors, line 79)
FAIL: gfortran.dg/coarray_collectives_14.f90   -O   (test for errors, line 81)
FAIL: gfortran.dg/coarray_collectives_14.f90   -O   (test for errors, line 83)
FAIL: gfortran.dg/coarray_collectives_14.f90   -O   (test for errors, line 87)
FAIL: gfortran.dg/coarray_collectives_14.f90   -O   (test for errors, line 89)
FAIL: gfortran.dg/coarray_collectives_14.f90   -O  (test for excess errors)
FAIL: gfortran.dg/coarray_lib_comm_1.f90   -O0  (test for excess errors)
FAIL: gfortran.dg/coarray_lib_comm_1.f90   -O0  execution test
FAIL: gfortran.dg/coarray_lib_comm_1.f90   -O1  (test for excess errors)
FAIL: gfortran.dg/coarray_lib_comm_1.f90   -O1  execution test
FAIL: gfortran.dg/coarray_lib_comm_1.f90   -O2  (test for excess errors)
FAIL: gfortran.dg/coarray_lib_comm_1.f90   -O2  execution test
FAIL: gfortran.dg/coarray_lib_comm_1.f90   -O3 -fomit-frame-pointer  (test for excess errors)
FAIL: gfortran.dg/coarray_lib_comm_1.f90   -O3 -fomit-frame-pointer  execution test
FAIL: gfortran.dg/coarray_lib_comm_1.f90   -O3 -fomit-frame-pointer -funroll-loops  (test for excess errors)
FAIL: gfortran.dg/coarray_lib_comm_1.f90   -O3 -fomit-frame-pointer -funroll-loops  execution test
FAIL: gfortran.dg/coarray_lib_comm_1.f90   -O3 -fomit-frame-pointer -funroll-all-loops -finline-functions  (test for excess errors)
FAIL: gfortran.dg/coarray_lib_comm_1.f90   -O3 -fomit-frame-pointer -funroll-all-loops -finline-functions  execution test
FAIL: gfortran.dg/coarray_lib_comm_1.f90   -O3 -g  (test for excess errors)
FAIL: gfortran.dg/coarray_lib_comm_1.f90   -O3 -g  execution test
FAIL: gfortran.dg/coarray_lib_comm_1.f90   -Os  (test for excess errors)
FAIL: gfortran.dg/coarray_lib_comm_1.f90   -Os  execution test
FAIL: gfortran.dg/quad_2.f90   -O0  execution test
FAIL: gfortran.dg/quad_2.f90   -O1  execution test
FAIL: gfortran.dg/quad_2.f90   -O2  execution test
FAIL: gfortran.dg/quad_2.f90   -O3 -fomit-frame-pointer  execution test
FAIL: gfortran.dg/quad_2.f90   -O3 -fomit-frame-pointer -funroll-loops  execution test
FAIL: gfortran.dg/quad_2.f90   -O3 -fomit-frame-pointer -funroll-all-loops -finline-functions  execution test
FAIL: gfortran.dg/quad_2.f90   -O3 -g  execution test
FAIL: gfortran.dg/quad_2.f90   -Os  execution test
FAIL: gfortran.dg/select_char_1.f90   -O2  (test for excess errors)
FAIL: gfortran.dg/select_char_1.f90   -O2  execution test
FAIL: gfortran.dg/select_char_1.f90   -O3 -fomit-frame-pointer  (test for excess errors)
FAIL: gfortran.dg/select_char_1.f90   -O3 -fomit-frame-pointer  execution test
FAIL: gfortran.dg/select_char_1.f90   -O3 -fomit-frame-pointer -funroll-loops  (test for excess errors)
FAIL: gfortran.dg/select_char_1.f90   -O3 -fomit-frame-pointer -funroll-loops  execution test
FAIL: gfortran.dg/select_char_1.f90   -O3 -fomit-frame-pointer -funroll-all-loops -finline-functions  (test for excess errors)
FAIL: gfortran.dg/select_char_1.f90   -O3 -fomit-frame-pointer -funroll-all-loops -finline-functions  execution test
FAIL: gfortran.dg/select_char_1.f90   -O3 -g  (test for excess errors)
FAIL: gfortran.dg/select_char_1.f90   -O3 -g  execution test
FAIL: gfortran.dg/select_char_1.f90   -Os  (test for excess errors)
FAIL: gfortran.dg/select_char_1.f90   -Os  execution test
FAIL: gfortran.dg/widechar_select_1.f90   -O2  (test for excess errors)
FAIL: gfortran.dg/widechar_select_1.f90   -O2  execution test
FAIL: gfortran.dg/widechar_select_1.f90   -O3 -fomit-frame-pointer  (test for excess errors)
FAIL: gfortran.dg/widechar_select_1.f90   -O3 -fomit-frame-pointer  execution test
FAIL: gfortran.dg/widechar_select_1.f90   -O3 -fomit-frame-pointer -funroll-loops  (test for excess errors)
FAIL: gfortran.dg/widechar_select_1.f90   -O3 -fomit-frame-pointer -funroll-loops  execution test
FAIL: gfortran.dg/widechar_select_1.f90   -O3 -fomit-frame-pointer -funroll-all-loops -finline-functions  (test for excess errors)
FAIL: gfortran.dg/widechar_select_1.f90   -O3 -fomit-frame-pointer -funroll-all-loops -finline-functions  execution test
FAIL: gfortran.dg/widechar_select_1.f90   -O3 -g  (test for excess errors)
FAIL: gfortran.dg/widechar_select_1.f90   -O3 -g  execution test
FAIL: gfortran.dg/widechar_select_1.f90   -Os  (test for excess errors)
FAIL: gfortran.dg/widechar_select_1.f90   -Os  execution test

		=== gfortran Summary ===

# of expected passes		44791
# of unexpected failures	130
# of expected failures		47
# of unsupported tests		432
/test/gnu/gcc/objdir/gcc/testsuite/gfortran/../../gfortran  version 5.0.0 20141102 (experimental) [trunk revision 217013] (GCC) 

		=== obj-c++ tests ===


Running target unix
FAIL: obj-c++.dg/method-23.mm -fgnu-runtime (test for excess errors)
FAIL: obj-c++.dg/method-23.mm -fgnu-runtime execution test
FAIL: obj-c++.dg/torture/strings/const-str-7.mm   -O2  -fgnu-runtime (test for excess errors)
FAIL: obj-c++.dg/torture/strings/const-str-7.mm   -O2  -fgnu-runtime execution test
FAIL: obj-c++.dg/torture/strings/const-str-7.mm   -O3 -fomit-frame-pointer  -fgnu-runtime (test for excess errors)
FAIL: obj-c++.dg/torture/strings/const-str-7.mm   -O3 -fomit-frame-pointer  -fgnu-runtime execution test
FAIL: obj-c++.dg/torture/strings/const-str-7.mm   -O3 -g  -fgnu-runtime (test for excess errors)
FAIL: obj-c++.dg/torture/strings/const-str-7.mm   -O3 -g  -fgnu-runtime execution test
FAIL: obj-c++.dg/torture/strings/const-str-7.mm   -Os  -fgnu-runtime (test for excess errors)
FAIL: obj-c++.dg/torture/strings/const-str-7.mm   -Os  -fgnu-runtime execution test
FAIL: obj-c++.dg/torture/tls/thr-init-3.mm   -O2  -fgnu-runtime (test for excess errors)
FAIL: obj-c++.dg/torture/tls/thr-init-3.mm   -O2  -fgnu-runtime execution test
FAIL: obj-c++.dg/torture/tls/thr-init-3.mm   -O3 -fomit-frame-pointer  -fgnu-runtime (test for excess errors)
FAIL: obj-c++.dg/torture/tls/thr-init-3.mm   -O3 -fomit-frame-pointer  -fgnu-runtime execution test
FAIL: obj-c++.dg/torture/tls/thr-init-3.mm   -O3 -g  -fgnu-runtime (test for excess errors)
FAIL: obj-c++.dg/torture/tls/thr-init-3.mm   -O3 -g  -fgnu-runtime execution test
FAIL: obj-c++.dg/torture/tls/thr-init-3.mm   -Os  -fgnu-runtime (test for excess errors)
FAIL: obj-c++.dg/torture/tls/thr-init-3.mm   -Os  -fgnu-runtime execution test

		=== obj-c++ Summary ===

# of expected passes		1387
# of unexpected failures	18
# of expected failures		2
# of unsupported tests		69
/test/gnu/gcc/objdir/gcc/testsuite/obj-c++/../../xg++  version 5.0.0 20141102 (experimental) [trunk revision 217013] (GCC) 

		=== objc tests ===


Running target unix
FAIL: objc/execute/exceptions/foward-1.m compilation,  -O2 -fgnu-runtime
UNRESOLVED: objc/execute/exceptions/foward-1.m execution,  -O2 -fgnu-runtime
FAIL: objc/execute/exceptions/foward-1.m compilation,  -O3 -fomit-frame-pointer -fgnu-runtime
UNRESOLVED: objc/execute/exceptions/foward-1.m execution,  -O3 -fomit-frame-pointer -fgnu-runtime
FAIL: objc/execute/exceptions/foward-1.m compilation,  -O3 -fomit-frame-pointer -funroll-loops -fgnu-runtime
UNRESOLVED: objc/execute/exceptions/foward-1.m execution,  -O3 -fomit-frame-pointer -funroll-loops -fgnu-runtime
FAIL: objc/execute/exceptions/foward-1.m compilation,  -O3 -fomit-frame-pointer -funroll-all-loops -finline-functions -fgnu-runtime
UNRESOLVED: objc/execute/exceptions/foward-1.m execution,  -O3 -fomit-frame-pointer -funroll-all-loops -finline-functions -fgnu-runtime
FAIL: objc/execute/exceptions/foward-1.m compilation,  -O3 -g -fgnu-runtime
UNRESOLVED: objc/execute/exceptions/foward-1.m execution,  -O3 -g -fgnu-runtime
FAIL: objc/execute/exceptions/foward-1.m compilation,  -Os -fgnu-runtime
UNRESOLVED: objc/execute/exceptions/foward-1.m execution,  -Os -fgnu-runtime
FAIL: objc/execute/exceptions/matcher-1.m compilation,  -O2 -fgnu-runtime
UNRESOLVED: objc/execute/exceptions/matcher-1.m execution,  -O2 -fgnu-runtime
FAIL: objc/execute/exceptions/matcher-1.m compilation,  -O3 -fomit-frame-pointer -fgnu-runtime
UNRESOLVED: objc/execute/exceptions/matcher-1.m execution,  -O3 -fomit-frame-pointer -fgnu-runtime
FAIL: objc/execute/exceptions/matcher-1.m compilation,  -O3 -g -fgnu-runtime
UNRESOLVED: objc/execute/exceptions/matcher-1.m execution,  -O3 -g -fgnu-runtime
FAIL: objc/execute/exceptions/matcher-1.m compilation,  -Os -fgnu-runtime
UNRESOLVED: objc/execute/exceptions/matcher-1.m execution,  -Os -fgnu-runtime
FAIL: objc/execute/accessing_ivars.m compilation,  -O2 -fgnu-runtime
UNRESOLVED: objc/execute/accessing_ivars.m execution,  -O2 -fgnu-runtime
FAIL: objc/execute/accessing_ivars.m compilation,  -O3 -fomit-frame-pointer -fgnu-runtime
UNRESOLVED: objc/execute/accessing_ivars.m execution,  -O3 -fomit-frame-pointer -fgnu-runtime
FAIL: objc/execute/accessing_ivars.m compilation,  -O3 -g -fgnu-runtime
UNRESOLVED: objc/execute/accessing_ivars.m execution,  -O3 -g -fgnu-runtime
FAIL: objc/execute/accessing_ivars.m compilation,  -Os -fgnu-runtime
UNRESOLVED: objc/execute/accessing_ivars.m execution,  -Os -fgnu-runtime
FAIL: objc/execute/bycopy-2.m compilation,  -O2 -fgnu-runtime
UNRESOLVED: objc/execute/bycopy-2.m execution,  -O2 -fgnu-runtime
FAIL: objc/execute/bycopy-2.m compilation,  -O3 -fomit-frame-pointer -fgnu-runtime
UNRESOLVED: objc/execute/bycopy-2.m execution,  -O3 -fomit-frame-pointer -fgnu-runtime
FAIL: objc/execute/bycopy-2.m compilation,  -O3 -g -fgnu-runtime
UNRESOLVED: objc/execute/bycopy-2.m execution,  -O3 -g -fgnu-runtime
FAIL: objc/execute/bycopy-2.m compilation,  -Os -fgnu-runtime
UNRESOLVED: objc/execute/bycopy-2.m execution,  -Os -fgnu-runtime
FAIL: objc/execute/bycopy-3.m compilation,  -O2 -fgnu-runtime
UNRESOLVED: objc/execute/bycopy-3.m execution,  -O2 -fgnu-runtime
FAIL: objc/execute/bycopy-3.m compilation,  -O3 -fomit-frame-pointer -fgnu-runtime
UNRESOLVED: objc/execute/bycopy-3.m execution,  -O3 -fomit-frame-pointer -fgnu-runtime
FAIL: objc/execute/bycopy-3.m compilation,  -O3 -fomit-frame-pointer -funroll-loops -fgnu-runtime
UNRESOLVED: objc/execute/bycopy-3.m execution,  -O3 -fomit-frame-pointer -funroll-loops -fgnu-runtime
FAIL: objc/execute/bycopy-3.m compilation,  -O3 -fomit-frame-pointer -funroll-all-loops -finline-functions -fgnu-runtime
UNRESOLVED: objc/execute/bycopy-3.m execution,  -O3 -fomit-frame-pointer -funroll-all-loops -finline-functions -fgnu-runtime
FAIL: objc/execute/bycopy-3.m compilation,  -O3 -g -fgnu-runtime
UNRESOLVED: objc/execute/bycopy-3.m execution,  -O3 -g -fgnu-runtime
FAIL: objc/execute/bycopy-3.m compilation,  -Os -fgnu-runtime
UNRESOLVED: objc/execute/bycopy-3.m execution,  -Os -fgnu-runtime
FAIL: objc/execute/cascading-1.m compilation,  -O2 -fgnu-runtime
UNRESOLVED: objc/execute/cascading-1.m execution,  -O2 -fgnu-runtime
FAIL: objc/execute/cascading-1.m compilation,  -O3 -fomit-frame-pointer -fgnu-runtime
UNRESOLVED: objc/execute/cascading-1.m execution,  -O3 -fomit-frame-pointer -fgnu-runtime
FAIL: objc/execute/cascading-1.m compilation,  -O3 -g -fgnu-runtime
UNRESOLVED: objc/execute/cascading-1.m execution,  -O3 -g -fgnu-runtime
FAIL: objc/execute/cascading-1.m compilation,  -Os -fgnu-runtime
UNRESOLVED: objc/execute/cascading-1.m execution,  -Os -fgnu-runtime
FAIL: objc/execute/class-10.m compilation,  -O2 -fgnu-runtime
UNRESOLVED: objc/execute/class-10.m execution,  -O2 -fgnu-runtime
FAIL: objc/execute/class-10.m compilation,  -O3 -fomit-frame-pointer -fgnu-runtime
UNRESOLVED: objc/execute/class-10.m execution,  -O3 -fomit-frame-pointer -fgnu-runtime
FAIL: objc/execute/class-10.m compilation,  -O3 -g -fgnu-runtime
UNRESOLVED: objc/execute/class-10.m execution,  -O3 -g -fgnu-runtime
FAIL: objc/execute/class-10.m compilation,  -Os -fgnu-runtime
UNRESOLVED: objc/execute/class-10.m execution,  -Os -fgnu-runtime
FAIL: objc/execute/class-11.m compilation,  -O2 -fgnu-runtime
UNRESOLVED: objc/execute/class-11.m execution,  -O2 -fgnu-runtime
FAIL: objc/execute/class-11.m compilation,  -O3 -fomit-frame-pointer -fgnu-runtime
UNRESOLVED: objc/execute/class-11.m execution,  -O3 -fomit-frame-pointer -fgnu-runtime
FAIL: objc/execute/class-11.m compilation,  -O3 -g -fgnu-runtime
UNRESOLVED: objc/execute/class-11.m execution,  -O3 -g -fgnu-runtime
FAIL: objc/execute/class-11.m compilation,  -Os -fgnu-runtime
UNRESOLVED: objc/execute/class-11.m execution,  -Os -fgnu-runtime
FAIL: objc/execute/class-13.m compilation,  -O2 -fgnu-runtime
UNRESOLVED: objc/execute/class-13.m execution,  -O2 -fgnu-runtime
FAIL: objc/execute/class-13.m compilation,  -O3 -fomit-frame-pointer -fgnu-runtime
UNRESOLVED: objc/execute/class-13.m execution,  -O3 -fomit-frame-pointer -fgnu-runtime
FAIL: objc/execute/class-13.m compilation,  -O3 -g -fgnu-runtime
UNRESOLVED: objc/execute/class-13.m execution,  -O3 -g -fgnu-runtime
FAIL: objc/execute/class-13.m compilation,  -Os -fgnu-runtime
UNRESOLVED: objc/execute/class-13.m execution,  -Os -fgnu-runtime
FAIL: objc/execute/class-14.m compilation,  -O2 -fgnu-runtime
UNRESOLVED: objc/execute/class-14.m execution,  -O2 -fgnu-runtime
FAIL: objc/execute/class-14.m compilation,  -O3 -fomit-frame-pointer -fgnu-runtime
UNRESOLVED: objc/execute/class-14.m execution,  -O3 -fomit-frame-pointer -fgnu-runtime
FAIL: objc/execute/class-14.m compilation,  -O3 -g -fgnu-runtime
UNRESOLVED: objc/execute/class-14.m execution,  -O3 -g -fgnu-runtime
FAIL: objc/execute/class-14.m compilation,  -Os -fgnu-runtime
UNRESOLVED: objc/execute/class-14.m execution,  -Os -fgnu-runtime
FAIL: objc/execute/class-3.m compilation,  -O2 -fgnu-runtime
UNRESOLVED: objc/execute/class-3.m execution,  -O2 -fgnu-runtime
FAIL: objc/execute/class-3.m compilation,  -O3 -fomit-frame-pointer -fgnu-runtime
UNRESOLVED: objc/execute/class-3.m execution,  -O3 -fomit-frame-pointer -fgnu-runtime
FAIL: objc/execute/class-3.m compilation,  -O3 -g -fgnu-runtime
UNRESOLVED: objc/execute/class-3.m execution,  -O3 -g -fgnu-runtime
FAIL: objc/execute/class-3.m compilation,  -Os -fgnu-runtime
UNRESOLVED: objc/execute/class-3.m execution,  -Os -fgnu-runtime
FAIL: objc/execute/class-5.m compilation,  -O2 -fgnu-runtime
UNRESOLVED: objc/execute/class-5.m execution,  -O2 -fgnu-runtime
FAIL: objc/execute/class-5.m compilation,  -O3 -fomit-frame-pointer -fgnu-runtime
UNRESOLVED: objc/execute/class-5.m execution,  -O3 -fomit-frame-pointer -fgnu-runtime
FAIL: objc/execute/class-5.m compilation,  -O3 -g -fgnu-runtime
UNRESOLVED: objc/execute/class-5.m execution,  -O3 -g -fgnu-runtime
FAIL: objc/execute/class-5.m compilation,  -Os -fgnu-runtime
UNRESOLVED: objc/execute/class-5.m execution,  -Os -fgnu-runtime
FAIL: objc/execute/class-6.m compilation,  -O2 -fgnu-runtime
UNRESOLVED: objc/execute/class-6.m execution,  -O2 -fgnu-runtime
FAIL: objc/execute/class-6.m compilation,  -O3 -fomit-frame-pointer -fgnu-runtime
UNRESOLVED: objc/execute/class-6.m execution,  -O3 -fomit-frame-pointer -fgnu-runtime
FAIL: objc/execute/class-6.m compilation,  -O3 -g -fgnu-runtime
UNRESOLVED: objc/execute/class-6.m execution,  -O3 -g -fgnu-runtime
FAIL: objc/execute/class-6.m compilation,  -Os -fgnu-runtime
UNRESOLVED: objc/execute/class-6.m execution,  -Os -fgnu-runtime
FAIL: objc/execute/class-7.m compilation,  -O2 -fgnu-runtime
UNRESOLVED: objc/execute/class-7.m execution,  -O2 -fgnu-runtime
FAIL: objc/execute/class-7.m compilation,  -O3 -fomit-frame-pointer -fgnu-runtime
UNRESOLVED: objc/execute/class-7.m execution,  -O3 -fomit-frame-pointer -fgnu-runtime
FAIL: objc/execute/class-7.m compilation,  -O3 -g -fgnu-runtime
UNRESOLVED: objc/execute/class-7.m execution,  -O3 -g -fgnu-runtime
FAIL: objc/execute/class-7.m compilation,  -Os -fgnu-runtime
UNRESOLVED: objc/execute/class-7.m execution,  -Os -fgnu-runtime
FAIL: objc/execute/class-8.m compilation,  -O2 -fgnu-runtime
UNRESOLVED: objc/execute/class-8.m execution,  -O2 -fgnu-runtime
FAIL: objc/execute/class-8.m compilation,  -O3 -fomit-frame-pointer -fgnu-runtime
UNRESOLVED: objc/execute/class-8.m execution,  -O3 -fomit-frame-pointer -fgnu-runtime
FAIL: objc/execute/class-8.m compilation,  -O3 -g -fgnu-runtime
UNRESOLVED: objc/execute/class-8.m execution,  -O3 -g -fgnu-runtime
FAIL: objc/execute/class-8.m compilation,  -Os -fgnu-runtime
UNRESOLVED: objc/execute/class-8.m execution,  -Os -fgnu-runtime
FAIL: objc/execute/class-9.m compilation,  -O2 -fgnu-runtime
UNRESOLVED: objc/execute/class-9.m execution,  -O2 -fgnu-runtime
FAIL: objc/execute/class-9.m compilation,  -O3 -fomit-frame-pointer -fgnu-runtime
UNRESOLVED: objc/execute/class-9.m execution,  -O3 -fomit-frame-pointer -fgnu-runtime
FAIL: objc/execute/class-9.m compilation,  -O3 -g -fgnu-runtime
UNRESOLVED: objc/execute/class-9.m execution,  -O3 -g -fgnu-runtime
FAIL: objc/execute/class-9.m compilation,  -Os -fgnu-runtime
UNRESOLVED: objc/execute/class-9.m execution,  -Os -fgnu-runtime
FAIL: objc/execute/class_self-1.m compilation,  -O2 -fgnu-runtime
UNRESOLVED: objc/execute/class_self-1.m execution,  -O2 -fgnu-runtime
FAIL: objc/execute/class_self-1.m compilation,  -O3 -fomit-frame-pointer -fgnu-runtime
UNRESOLVED: objc/execute/class_self-1.m execution,  -O3 -fomit-frame-pointer -fgnu-runtime
FAIL: objc/execute/class_self-1.m compilation,  -O3 -g -fgnu-runtime
UNRESOLVED: objc/execute/class_self-1.m execution,  -O3 -g -fgnu-runtime
FAIL: objc/execute/class_self-1.m compilation,  -Os -fgnu-runtime
UNRESOLVED: objc/execute/class_self-1.m execution,  -Os -fgnu-runtime
FAIL: objc/execute/class_self-2.m compilation,  -O2 -fgnu-runtime
UNRESOLVED: objc/execute/class_self-2.m execution,  -O2 -fgnu-runtime
FAIL: objc/execute/class_self-2.m compilation,  -O3 -fomit-frame-pointer -fgnu-runtime
UNRESOLVED: objc/execute/class_self-2.m execution,  -O3 -fomit-frame-pointer -fgnu-runtime
FAIL: objc/execute/class_self-2.m compilation,  -O3 -g -fgnu-runtime
UNRESOLVED: objc/execute/class_self-2.m execution,  -O3 -g -fgnu-runtime
FAIL: objc/execute/class_self-2.m compilation,  -Os -fgnu-runtime
UNRESOLVED: objc/execute/class_self-2.m execution,  -Os -fgnu-runtime
FAIL: objc/execute/enumeration-1.m compilation,  -O2 -fgnu-runtime
UNRESOLVED: objc/execute/enumeration-1.m execution,  -O2 -fgnu-runtime
FAIL: objc/execute/enumeration-1.m compilation,  -O3 -fomit-frame-pointer -fgnu-runtime
UNRESOLVED: objc/execute/enumeration-1.m execution,  -O3 -fomit-frame-pointer -fgnu-runtime
FAIL: objc/execute/enumeration-1.m compilation,  -O3 -g -fgnu-runtime
UNRESOLVED: objc/execute/enumeration-1.m execution,  -O3 -g -fgnu-runtime
FAIL: objc/execute/enumeration-1.m compilation,  -Os -fgnu-runtime
UNRESOLVED: objc/execute/enumeration-1.m execution,  -Os -fgnu-runtime
FAIL: objc/execute/enumeration-2.m compilation,  -O2 -fgnu-runtime
UNRESOLVED: objc/execute/enumeration-2.m execution,  -O2 -fgnu-runtime
FAIL: objc/execute/enumeration-2.m compilation,  -O3 -fomit-frame-pointer -fgnu-runtime
UNRESOLVED: objc/execute/enumeration-2.m execution,  -O3 -fomit-frame-pointer -fgnu-runtime
FAIL: objc/execute/enumeration-2.m compilation,  -O3 -g -fgnu-runtime
UNRESOLVED: objc/execute/enumeration-2.m execution,  -O3 -g -fgnu-runtime
FAIL: objc/execute/enumeration-2.m compilation,  -Os -fgnu-runtime
UNRESOLVED: objc/execute/enumeration-2.m execution,  -Os -fgnu-runtime
FAIL: objc/execute/formal_protocol-1.m compilation,  -O2 -fgnu-runtime
UNRESOLVED: objc/execute/formal_protocol-1.m execution,  -O2 -fgnu-runtime
FAIL: objc/execute/formal_protocol-1.m compilation,  -O3 -fomit-frame-pointer -fgnu-runtime
UNRESOLVED: objc/execute/formal_protocol-1.m execution,  -O3 -fomit-frame-pointer -fgnu-runtime
FAIL: objc/execute/formal_protocol-1.m compilation,  -O3 -g -fgnu-runtime
UNRESOLVED: objc/execute/formal_protocol-1.m execution,  -O3 -g -fgnu-runtime
FAIL: objc/execute/formal_protocol-1.m compilation,  -Os -fgnu-runtime
UNRESOLVED: objc/execute/formal_protocol-1.m execution,  -Os -fgnu-runtime
FAIL: objc/execute/formal_protocol-2.m compilation,  -O2 -fgnu-runtime
UNRESOLVED: objc/execute/formal_protocol-2.m execution,  -O2 -fgnu-runtime
FAIL: objc/execute/formal_protocol-2.m compilation,  -O3 -fomit-frame-pointer -fgnu-runtime
UNRESOLVED: objc/execute/formal_protocol-2.m execution,  -O3 -fomit-frame-pointer -fgnu-runtime
FAIL: objc/execute/formal_protocol-2.m compilation,  -O3 -g -fgnu-runtime
UNRESOLVED: objc/execute/formal_protocol-2.m execution,  -O3 -g -fgnu-runtime
FAIL: objc/execute/formal_protocol-2.m compilation,  -Os -fgnu-runtime
UNRESOLVED: objc/execute/formal_protocol-2.m execution,  -Os -fgnu-runtime
FAIL: objc/execute/formal_protocol-3.m compilation,  -O2 -fgnu-runtime
UNRESOLVED: objc/execute/formal_protocol-3.m execution,  -O2 -fgnu-runtime
FAIL: objc/execute/formal_protocol-3.m compilation,  -O3 -fomit-frame-pointer -fgnu-runtime
UNRESOLVED: objc/execute/formal_protocol-3.m execution,  -O3 -fomit-frame-pointer -fgnu-runtime
FAIL: objc/execute/formal_protocol-3.m compilation,  -O3 -g -fgnu-runtime
UNRESOLVED: objc/execute/formal_protocol-3.m execution,  -O3 -g -fgnu-runtime
FAIL: objc/execute/formal_protocol-3.m compilation,  -Os -fgnu-runtime
UNRESOLVED: objc/execute/formal_protocol-3.m execution,  -Os -fgnu-runtime
FAIL: objc/execute/formal_protocol-4.m compilation,  -O2 -fgnu-runtime
UNRESOLVED: objc/execute/formal_protocol-4.m execution,  -O2 -fgnu-runtime
FAIL: objc/execute/formal_protocol-4.m compilation,  -O3 -fomit-frame-pointer -fgnu-runtime
UNRESOLVED: objc/execute/formal_protocol-4.m execution,  -O3 -fomit-frame-pointer -fgnu-runtime
FAIL: objc/execute/formal_protocol-4.m compilation,  -O3 -g -fgnu-runtime
UNRESOLVED: objc/execute/formal_protocol-4.m execution,  -O3 -g -fgnu-runtime
FAIL: objc/execute/formal_protocol-4.m compilation,  -Os -fgnu-runtime
UNRESOLVED: objc/execute/formal_protocol-4.m execution,  -Os -fgnu-runtime
FAIL: objc/execute/formal_protocol-7.m compilation,  -O2 -fgnu-runtime
UNRESOLVED: objc/execute/formal_protocol-7.m execution,  -O2 -fgnu-runtime
FAIL: objc/execute/formal_protocol-7.m compilation,  -O3 -fomit-frame-pointer -fgnu-runtime
UNRESOLVED: objc/execute/formal_protocol-7.m execution,  -O3 -fomit-frame-pointer -fgnu-runtime
FAIL: objc/execute/formal_protocol-7.m compilation,  -O3 -g -fgnu-runtime
UNRESOLVED: objc/execute/formal_protocol-7.m execution,  -O3 -g -fgnu-runtime
FAIL: objc/execute/formal_protocol-7.m compilation,  -Os -fgnu-runtime
UNRESOLVED: objc/execute/formal_protocol-7.m execution,  -Os -fgnu-runtime
FAIL: objc/execute/function-message-1.m compilation,  -O2 -fgnu-runtime
UNRESOLVED: objc/execute/function-message-1.m execution,  -O2 -fgnu-runtime
FAIL: objc/execute/function-message-1.m compilation,  -O3 -fomit-frame-pointer -fgnu-runtime
UNRESOLVED: objc/execute/function-message-1.m execution,  -O3 -fomit-frame-pointer -fgnu-runtime
FAIL: objc/execute/function-message-1.m compilation,  -O3 -g -fgnu-runtime
UNRESOLVED: objc/execute/function-message-1.m execution,  -O3 -g -fgnu-runtime
FAIL: objc/execute/function-message-1.m compilation,  -Os -fgnu-runtime
UNRESOLVED: objc/execute/function-message-1.m execution,  -Os -fgnu-runtime
FAIL: objc/execute/initialize-1.m compilation,  -O2 -fgnu-runtime
UNRESOLVED: objc/execute/initialize-1.m execution,  -O2 -fgnu-runtime
FAIL: objc/execute/initialize-1.m compilation,  -O3 -fomit-frame-pointer -fgnu-runtime
UNRESOLVED: objc/execute/initialize-1.m execution,  -O3 -fomit-frame-pointer -fgnu-runtime
FAIL: objc/execute/initialize-1.m compilation,  -O3 -g -fgnu-runtime
UNRESOLVED: objc/execute/initialize-1.m execution,  -O3 -g -fgnu-runtime
FAIL: objc/execute/initialize-1.m compilation,  -Os -fgnu-runtime
UNRESOLVED: objc/execute/initialize-1.m execution,  -Os -fgnu-runtime
FAIL: objc/execute/load-3.m compilation,  -O2 -fgnu-runtime
UNRESOLVED: objc/execute/load-3.m execution,  -O2 -fgnu-runtime
FAIL: objc/execute/load-3.m compilation,  -O3 -fomit-frame-pointer -fgnu-runtime
UNRESOLVED: objc/execute/load-3.m execution,  -O3 -fomit-frame-pointer -fgnu-runtime
FAIL: objc/execute/load-3.m compilation,  -O3 -fomit-frame-pointer -funroll-loops -fgnu-runtime
UNRESOLVED: objc/execute/load-3.m execution,  -O3 -fomit-frame-pointer -funroll-loops -fgnu-runtime
FAIL: objc/execute/load-3.m compilation,  -O3 -fomit-frame-pointer -funroll-all-loops -finline-functions -fgnu-runtime
UNRESOLVED: objc/execute/load-3.m execution,  -O3 -fomit-frame-pointer -funroll-all-loops -finline-functions -fgnu-runtime
FAIL: objc/execute/load-3.m compilation,  -O3 -g -fgnu-runtime
UNRESOLVED: objc/execute/load-3.m execution,  -O3 -g -fgnu-runtime
FAIL: objc/execute/load-3.m compilation,  -Os -fgnu-runtime
UNRESOLVED: objc/execute/load-3.m execution,  -Os -fgnu-runtime
FAIL: objc/execute/nested-func-1.m compilation,  -O2 -fgnu-runtime
UNRESOLVED: objc/execute/nested-func-1.m execution,  -O2 -fgnu-runtime
FAIL: objc/execute/nested-func-1.m compilation,  -O3 -fomit-frame-pointer -fgnu-runtime
UNRESOLVED: objc/execute/nested-func-1.m execution,  -O3 -fomit-frame-pointer -fgnu-runtime
FAIL: objc/execute/nested-func-1.m compilation,  -O3 -g -fgnu-runtime
UNRESOLVED: objc/execute/nested-func-1.m execution,  -O3 -g -fgnu-runtime
FAIL: objc/execute/nested-func-1.m compilation,  -Os -fgnu-runtime
UNRESOLVED: objc/execute/nested-func-1.m execution,  -Os -fgnu-runtime
FAIL: objc/execute/no_clash.m compilation,  -O2 -fgnu-runtime
UNRESOLVED: objc/execute/no_clash.m execution,  -O2 -fgnu-runtime
FAIL: objc/execute/no_clash.m compilation,  -O3 -fomit-frame-pointer -fgnu-runtime
UNRESOLVED: objc/execute/no_clash.m execution,  -O3 -fomit-frame-pointer -fgnu-runtime
FAIL: objc/execute/no_clash.m compilation,  -O3 -g -fgnu-runtime
UNRESOLVED: objc/execute/no_clash.m execution,  -O3 -g -fgnu-runtime
FAIL: objc/execute/no_clash.m compilation,  -Os -fgnu-runtime
UNRESOLVED: objc/execute/no_clash.m execution,  -Os -fgnu-runtime
FAIL: objc/execute/object_is_class.m compilation,  -O2 -fgnu-runtime
UNRESOLVED: objc/execute/object_is_class.m execution,  -O2 -fgnu-runtime
FAIL: objc/execute/object_is_class.m compilation,  -O3 -fomit-frame-pointer -fgnu-runtime
UNRESOLVED: objc/execute/object_is_class.m execution,  -O3 -fomit-frame-pointer -fgnu-runtime
FAIL: objc/execute/object_is_class.m compilation,  -O3 -g -fgnu-runtime
UNRESOLVED: objc/execute/object_is_class.m execution,  -O3 -g -fgnu-runtime
FAIL: objc/execute/object_is_class.m compilation,  -Os -fgnu-runtime
UNRESOLVED: objc/execute/object_is_class.m execution,  -Os -fgnu-runtime
FAIL: objc/execute/object_is_meta_class.m compilation,  -O2 -fgnu-runtime
UNRESOLVED: objc/execute/object_is_meta_class.m execution,  -O2 -fgnu-runtime
FAIL: objc/execute/object_is_meta_class.m compilation,  -O3 -fomit-frame-pointer -fgnu-runtime
UNRESOLVED: objc/execute/object_is_meta_class.m execution,  -O3 -fomit-frame-pointer -fgnu-runtime
FAIL: objc/execute/object_is_meta_class.m compilation,  -O3 -g -fgnu-runtime
UNRESOLVED: objc/execute/object_is_meta_class.m execution,  -O3 -g -fgnu-runtime
FAIL: objc/execute/object_is_meta_class.m compilation,  -Os -fgnu-runtime
UNRESOLVED: objc/execute/object_is_meta_class.m execution,  -Os -fgnu-runtime
FAIL: objc/execute/root_methods.m compilation,  -O2 -fgnu-runtime
UNRESOLVED: objc/execute/root_methods.m execution,  -O2 -fgnu-runtime
FAIL: objc/execute/root_methods.m compilation,  -O3 -fomit-frame-pointer -fgnu-runtime
UNRESOLVED: objc/execute/root_methods.m execution,  -O3 -fomit-frame-pointer -fgnu-runtime
FAIL: objc/execute/root_methods.m compilation,  -O3 -g -fgnu-runtime
UNRESOLVED: objc/execute/root_methods.m execution,  -O3 -g -fgnu-runtime
FAIL: objc/execute/root_methods.m compilation,  -Os -fgnu-runtime
UNRESOLVED: objc/execute/root_methods.m execution,  -Os -fgnu-runtime
FAIL: objc.dg/method-20b.m -fgnu-runtime (test for excess errors)
FAIL: objc.dg/method-20b.m -fgnu-runtime execution test
FAIL: objc.dg/torture/forward-1.m   -O2  -fgnu-runtime (test for excess errors)
FAIL: objc.dg/torture/forward-1.m   -O2  -fgnu-runtime execution test
FAIL: objc.dg/torture/forward-1.m   -O3 -fomit-frame-pointer  -fgnu-runtime (test for excess errors)
FAIL: objc.dg/torture/forward-1.m   -O3 -fomit-frame-pointer  -fgnu-runtime execution test
FAIL: objc.dg/torture/forward-1.m   -O3 -fomit-frame-pointer -funroll-loops  -fgnu-runtime (test for excess errors)
FAIL: objc.dg/torture/forward-1.m   -O3 -fomit-frame-pointer -funroll-loops  -fgnu-runtime execution test
FAIL: objc.dg/torture/forward-1.m   -O3 -fomit-frame-pointer -funroll-all-loops -finline-functions  -fgnu-runtime (test for excess errors)
FAIL: objc.dg/torture/forward-1.m   -O3 -fomit-frame-pointer -funroll-all-loops -finline-functions  -fgnu-runtime execution test
FAIL: objc.dg/torture/forward-1.m   -O3 -g  -fgnu-runtime (test for excess errors)
FAIL: objc.dg/torture/forward-1.m   -O3 -g  -fgnu-runtime execution test
FAIL: objc.dg/torture/forward-1.m   -Os  -fgnu-runtime (test for excess errors)
FAIL: objc.dg/torture/forward-1.m   -Os  -fgnu-runtime execution test
FAIL: objc.dg/torture/strings/const-str-7.m   -O2  -fgnu-runtime (test for excess errors)
FAIL: objc.dg/torture/strings/const-str-7.m   -O2  -fgnu-runtime execution test
FAIL: objc.dg/torture/strings/const-str-7.m   -O3 -fomit-frame-pointer  -fgnu-runtime (test for excess errors)
FAIL: objc.dg/torture/strings/const-str-7.m   -O3 -fomit-frame-pointer  -fgnu-runtime execution test
FAIL: objc.dg/torture/strings/const-str-7.m   -O3 -g  -fgnu-runtime (test for excess errors)
FAIL: objc.dg/torture/strings/const-str-7.m   -O3 -g  -fgnu-runtime execution test
FAIL: objc.dg/torture/strings/const-str-7.m   -Os  -fgnu-runtime (test for excess errors)
FAIL: objc.dg/torture/strings/const-str-7.m   -Os  -fgnu-runtime execution test
FAIL: objc.dg/torture/strings/const-str-8.m   -O2  -fgnu-runtime (test for excess errors)
FAIL: objc.dg/torture/strings/const-str-8.m   -O2  -fgnu-runtime execution test
FAIL: objc.dg/torture/strings/const-str-8.m   -O3 -fomit-frame-pointer  -fgnu-runtime (test for excess errors)
FAIL: objc.dg/torture/strings/const-str-8.m   -O3 -fomit-frame-pointer  -fgnu-runtime execution test
FAIL: objc.dg/torture/strings/const-str-8.m   -O3 -g  -fgnu-runtime (test for excess errors)
FAIL: objc.dg/torture/strings/const-str-8.m   -O3 -g  -fgnu-runtime execution test
FAIL: objc.dg/torture/strings/const-str-8.m   -Os  -fgnu-runtime (test for excess errors)
FAIL: objc.dg/torture/strings/const-str-8.m   -Os  -fgnu-runtime execution test
FAIL: objc.dg/torture/tls/thr-init-3.m   -O2  -fgnu-runtime (test for excess errors)
FAIL: objc.dg/torture/tls/thr-init-3.m   -O2  -fgnu-runtime execution test
FAIL: objc.dg/torture/tls/thr-init-3.m   -O3 -fomit-frame-pointer  -fgnu-runtime (test for excess errors)
FAIL: objc.dg/torture/tls/thr-init-3.m   -O3 -fomit-frame-pointer  -fgnu-runtime execution test
FAIL: objc.dg/torture/tls/thr-init-3.m   -O3 -g  -fgnu-runtime (test for excess errors)
FAIL: objc.dg/torture/tls/thr-init-3.m   -O3 -g  -fgnu-runtime execution test
FAIL: objc.dg/torture/tls/thr-init-3.m   -Os  -fgnu-runtime (test for excess errors)
FAIL: objc.dg/torture/tls/thr-init-3.m   -Os  -fgnu-runtime execution test

		=== objc Summary ===

# of expected passes		2614
# of unexpected failures	176
# of unresolved testcases	138
# of unsupported tests		67
/test/gnu/gcc/objdir/gcc/xgcc  version 5.0.0 20141102 (experimental) [trunk revision 217013] (GCC) 

		=== boehm-gc tests ===


Running target unix

		=== boehm-gc Summary ===

# of expected passes		12
# of unsupported tests		1
		=== libatomic tests ===


Running target unix

		=== libatomic Summary ===

# of expected passes		44
# of unsupported tests		5
		=== libffi tests ===


Running target unix

		=== libffi Summary ===

# of expected passes		1819
# of unsupported tests		55
		=== libgomp tests ===


Running target unix

		=== libgomp Summary ===

# of expected passes		3180
# of unsupported tests		45
		=== libjava tests ===


Running target unix
FAIL: PR9577 run
FAIL: longfield run
FAIL: shortfield run
FAIL: TestClosureGC run
FAIL: libjava.jar/TestClosureGC.jar execution - gij test
FAIL: simple run
FAIL: libjava.jar/simple.jar execution - gij test
FAIL: PR15133 run
FAIL: PR18116 run
FAIL: PR28178 run
FAIL: bytebuffer run
FAIL: calls run
FAIL: cxxtest run
FAIL: directbuffer run
FAIL: field run
FAIL: final_method run
FAIL: findclass run
FAIL: findclass2 run
FAIL: iface run
FAIL: init run
FAIL: invoke run
FAIL: jniutf run
FAIL: martin run
FAIL: noclass run
FAIL: overload run
FAIL: pr11951 run
FAIL: pr18278 run
FAIL: pr23739 run
FAIL: register run
FAIL: register2 run
FAIL: simple_int run
FAIL: throwit run
FAIL: virtual run
FAIL: PR16923 run
FAIL: pr29812 execution - gij test
FAIL: getargssize run
FAIL: getlocalvartable run
FAIL: getstacktrace run
FAIL: events run
FAIL: getallthreads run
FAIL: geterrorname run
FAIL: getmethodname run
FAIL: ArrayStore execution - source compiled test
FAIL: ArrayStore -findirect-dispatch execution - source compiled test
FAIL: ArrayStore -O3 execution - source compiled test
FAIL: ArrayStore -O3 -findirect-dispatch execution - source compiled test
FAIL: ArrayStore2 execution - source compiled test
FAIL: ArrayStore2 -findirect-dispatch execution - source compiled test
FAIL: ArrayStore2 -O3 execution - source compiled test
FAIL: ArrayStore2 -O3 -findirect-dispatch execution - source compiled test
FAIL: Array_1 execution - source compiled test
FAIL: Array_1 -findirect-dispatch execution - source compiled test
FAIL: Array_1 -O3 execution - source compiled test
FAIL: Array_1 -O3 -findirect-dispatch execution - source compiled test
FAIL: Array_2 execution - source compiled test
FAIL: Array_2 -findirect-dispatch execution - source compiled test
FAIL: Array_2 -O3 execution - source compiled test
FAIL: Array_2 -O3 -findirect-dispatch execution - source compiled test
FAIL: Array_3 execution - source compiled test
FAIL: Array_3 -findirect-dispatch execution - source compiled test
FAIL: Array_3 -O3 execution - source compiled test
FAIL: Array_3 -O3 -findirect-dispatch execution - source compiled test
FAIL: Class_1 execution - source compiled test
FAIL: Class_1 -findirect-dispatch execution - source compiled test
FAIL: Class_1 -O3 execution - source compiled test
FAIL: Class_1 -O3 -findirect-dispatch execution - source compiled test
FAIL: CompareNaN execution - source compiled test
FAIL: CompareNaN -findirect-dispatch execution - source compiled test
FAIL: CompareNaN -O3 execution - source compiled test
FAIL: CompareNaN -O3 -findirect-dispatch execution - source compiled test
FAIL: Divide_1 execution - source compiled test
FAIL: Divide_1 -findirect-dispatch execution - source compiled test
FAIL: Divide_1 -O3 execution - source compiled test
FAIL: Divide_1 -O3 -findirect-dispatch execution - source compiled test
FAIL: Divide_2 execution - source compiled test
FAIL: Divide_2 -findirect-dispatch execution - source compiled test
FAIL: Divide_2 -O3 execution - source compiled test
FAIL: Divide_2 -O3 -findirect-dispatch execution - source compiled test
FAIL: EvaluationOrder execution - source compiled test
FAIL: EvaluationOrder -findirect-dispatch execution - source compiled test
FAIL: EvaluationOrder -O3 execution - source compiled test
FAIL: EvaluationOrder -O3 -findirect-dispatch execution - source compiled test
FAIL: ExtraClassLoader execution - source compiled test
FAIL: ExtraClassLoader -findirect-dispatch execution - source compiled test
FAIL: ExtraClassLoader -O3 execution - source compiled test
FAIL: ExtraClassLoader -O3 -findirect-dispatch execution - source compiled test
FAIL: FileHandleGcTest execution - source compiled test
FAIL: FileHandleGcTest -findirect-dispatch execution - source compiled test
FAIL: FileHandleGcTest -O3 execution - source compiled test
FAIL: FileHandleGcTest -O3 -findirect-dispatch execution - source compiled test
FAIL: Final execution - source compiled test
FAIL: Final -findirect-dispatch execution - source compiled test
FAIL: Final -O3 execution - source compiled test
FAIL: Final -O3 -findirect-dispatch execution - source compiled test
FAIL: Float_1 execution - source compiled test
FAIL: Float_1 -findirect-dispatch execution - source compiled test
FAIL: Float_1 -O3 execution - source compiled test
FAIL: Float_1 -O3 -findirect-dispatch execution - source compiled test
FAIL: Float_2 execution - source compiled test
FAIL: Float_2 -findirect-dispatch execution - source compiled test
FAIL: Float_2 -O3 execution - source compiled test
FAIL: Float_2 -O3 -findirect-dispatch execution - source compiled test
FAIL: G19990301_01 execution - source compiled test
FAIL: G19990301_01 -findirect-dispatch execution - source compiled test
FAIL: G19990301_01 -O3 execution - source compiled test
FAIL: G19990301_01 -O3 -findirect-dispatch execution - source compiled test
FAIL: G19990302_02 execution - source compiled test
FAIL: G19990302_02 -findirect-dispatch execution - source compiled test
FAIL: G19990302_02 -O3 execution - source compiled test
FAIL: G19990302_02 -O3 -findirect-dispatch execution - source compiled test
FAIL: G19990303_01 execution - source compiled test
FAIL: G19990303_01 -findirect-dispatch execution - source compiled test
FAIL: G19990303_01 -O3 execution - source compiled test
FAIL: G19990303_01 -O3 -findirect-dispatch execution - source compiled test
FAIL: G19990303_02 execution - source compiled test
FAIL: G19990303_02 -findirect-dispatch execution - source compiled test
FAIL: G19990303_02 -O3 execution - source compiled test
FAIL: G19990303_02 -O3 -findirect-dispatch execution - source compiled test
FAIL: G19990304_01 execution - source compiled test
FAIL: G19990304_01 -findirect-dispatch execution - source compiled test
FAIL: G19990304_01 -O3 execution - source compiled test
FAIL: G19990304_01 -O3 -findirect-dispatch execution - source compiled test
FAIL: G19990310_01 execution - source compiled test
FAIL: G19990310_01 -findirect-dispatch execution - source compiled test
FAIL: G19990310_01 -O3 execution - source compiled test
FAIL: G19990310_01 -O3 -findirect-dispatch execution - source compiled test
FAIL: II execution - source compiled test
FAIL: II -findirect-dispatch execution - source compiled test
FAIL: II -O3 execution - source compiled test
FAIL: II -O3 -findirect-dispatch execution - source compiled test
FAIL: InterfaceDispatch execution - source compiled test
FAIL: InterfaceDispatch -findirect-dispatch execution - source compiled test
FAIL: InterfaceDispatch -O3 execution - source compiled test
FAIL: InterfaceDispatch -O3 -findirect-dispatch execution - source compiled test
FAIL: InvokeInterface execution - source compiled test
FAIL: InvokeInterface -findirect-dispatch execution - source compiled test
FAIL: InvokeInterface -O3 execution - source compiled test
FAIL: InvokeInterface -O3 -findirect-dispatch execution - source compiled test
FAIL: InvokeReturn execution - source compiled test
FAIL: InvokeReturn -findirect-dispatch execution - source compiled test
FAIL: InvokeReturn -O3 execution - source compiled test
FAIL: InvokeReturn -O3 -findirect-dispatch execution - source compiled test
FAIL: Invoke_1 execution - source compiled test
FAIL: Invoke_1 -findirect-dispatch execution - source compiled test
FAIL: Invoke_1 -O3 execution - source compiled test
FAIL: Invoke_1 -O3 -findirect-dispatch execution - source compiled test
FAIL: Invoke_2 execution - source compiled test
FAIL: Invoke_2 -findirect-dispatch execution - source compiled test
FAIL: Invoke_2 -O3 execution - source compiled test
FAIL: Invoke_2 -O3 -findirect-dispatch execution - source compiled test
FAIL: KeepInline execution - source compiled test
FAIL: KeepInline -findirect-dispatch execution - source compiled test
FAIL: KeepInline -O3 execution - source compiled test
FAIL: KeepInline -O3 -findirect-dispatch execution - source compiled test
FAIL: LargeFile execution - source compiled test
FAIL: LargeFile -findirect-dispatch execution - source compiled test
FAIL: LargeFile -O3 execution - source compiled test
FAIL: LargeFile -O3 -findirect-dispatch execution - source compiled test
FAIL: MathBuiltin execution - source compiled test
FAIL: MathBuiltin -findirect-dispatch execution - source compiled test
FAIL: MathBuiltin -O3 execution - source compiled test
FAIL: MathBuiltin -O3 -findirect-dispatch execution - source compiled test
FAIL: Matrix4f execution - source compiled test
FAIL: Matrix4f -findirect-dispatch execution - source compiled test
FAIL: Matrix4f -O3 execution - source compiled test
FAIL: Matrix4f -O3 -findirect-dispatch execution - source compiled test
FAIL: N19990310_02 execution - source compiled test
FAIL: N19990310_02 -findirect-dispatch execution - source compiled test
FAIL: N19990310_02 -O3 execution - source compiled test
FAIL: N19990310_02 -O3 -findirect-dispatch execution - source compiled test
FAIL: N19990310_3 execution - source compiled test
FAIL: N19990310_3 -findirect-dispatch execution - source compiled test
FAIL: N19990310_3 -O3 execution - source compiled test
FAIL: N19990310_3 -O3 -findirect-dispatch execution - source compiled test
FAIL: N19990310_4 execution - source compiled test
FAIL: N19990310_4 -findirect-dispatch execution - source compiled test
FAIL: N19990310_4 -O3 execution - source compiled test
FAIL: N19990310_4 -O3 -findirect-dispatch execution - source compiled test
FAIL: N19990310_5 execution - source compiled test
FAIL: N19990310_5 -findirect-dispatch execution - source compiled test
FAIL: N19990310_5 -O3 execution - source compiled test
FAIL: N19990310_5 -O3 -findirect-dispatch execution - source compiled test
FAIL: Overflow execution - source compiled test
FAIL: Overflow -findirect-dispatch execution - source compiled test
FAIL: Overflow -O3 execution - source compiled test
FAIL: Overflow -O3 -findirect-dispatch execution - source compiled test
FAIL: PR12350 execution - source compiled test
FAIL: PR12350 -findirect-dispatch execution - source compiled test
FAIL: PR12350 -O3 execution - source compiled test
FAIL: PR12350 -O3 -findirect-dispatch execution - source compiled test
FAIL: PR12416 execution - source compiled test
FAIL: PR12416 -findirect-dispatch execution - source compiled test
FAIL: PR12416 -O3 execution - source compiled test
FAIL: PR12416 -O3 -findirect-dispatch execution - source compiled test
FAIL: PR12656 execution - source compiled test
FAIL: PR12656 -findirect-dispatch execution - source compiled test
FAIL: PR12656 -O3 execution - source compiled test
FAIL: PR12656 -O3 -findirect-dispatch execution - source compiled test
FAIL: PR12915 execution - source compiled test
FAIL: PR12915 -findirect-dispatch execution - source compiled test
FAIL: PR12915 -O3 execution - source compiled test
FAIL: PR12915 -O3 -findirect-dispatch execution - source compiled test
FAIL: PR141 execution - source compiled test
FAIL: PR141 -findirect-dispatch execution - source compiled test
FAIL: PR141 -O3 execution - source compiled test
FAIL: PR141 -O3 -findirect-dispatch execution - source compiled test
FAIL: PR160 execution - source compiled test
FAIL: PR160 -findirect-dispatch execution - source compiled test
FAIL: PR160 -O3 execution - source compiled test
FAIL: PR160 -O3 -findirect-dispatch execution - source compiled test
FAIL: PR162 execution - source compiled test
FAIL: PR162 -findirect-dispatch execution - source compiled test
FAIL: PR162 -O3 execution - source compiled test
FAIL: PR162 -O3 -findirect-dispatch execution - source compiled test
FAIL: PR16867 execution - source compiled test
FAIL: PR16867 -findirect-dispatch execution - source compiled test
FAIL: PR16867 -O3 execution - source compiled test
FAIL: PR16867 -O3 -findirect-dispatch execution - source compiled test
FAIL: PR18699 execution - source compiled test
FAIL: PR18699 -findirect-dispatch execution - source compiled test
FAIL: PR18699 -O3 execution - source compiled test
FAIL: PR18699 -O3 -findirect-dispatch execution - source compiled test
FAIL: PR19870 execution - source compiled test
FAIL: PR19870 -findirect-dispatch execution - source compiled test
FAIL: PR19870 -O3 execution - source compiled test
FAIL: PR19870 -O3 -findirect-dispatch execution - source compiled test
FAIL: PR19870_2 execution - source compiled test
FAIL: PR19870_2 -findirect-dispatch execution - source compiled test
FAIL: PR19870_2 -O3 execution - source compiled test
FAIL: PR19870_2 -O3 -findirect-dispatch execution - source compiled test
FAIL: PR19921 execution - source compiled test
FAIL: PR19921 -findirect-dispatch execution - source compiled test
FAIL: PR19921 -O3 execution - source compiled test
FAIL: PR19921 -O3 -findirect-dispatch execution - source compiled test
FAIL: PR20056 execution - source compiled test
FAIL: PR20056 -findirect-dispatch execution - source compiled test
FAIL: PR20056 -O3 execution - source compiled test
FAIL: PR20056 -O3 -findirect-dispatch execution - source compiled test
FAIL: PR218 execution - source compiled test
FAIL: PR218 -findirect-dispatch execution - source compiled test
FAIL: PR218 -O3 execution - source compiled test
FAIL: PR218 -O3 -findirect-dispatch execution - source compiled test
FAIL: PR242 execution - source compiled test
FAIL: PR242 -findirect-dispatch execution - source compiled test
FAIL: PR242 -O3 execution - source compiled test
FAIL: PR242 -O3 -findirect-dispatch execution - source compiled test
FAIL: PR25535 execution - source compiled test
FAIL: PR25535 -findirect-dispatch execution - source compiled test
FAIL: PR25535 -O3 execution - source compiled test
FAIL: PR25535 -O3 -findirect-dispatch execution - source compiled test
FAIL: PR260 execution - source compiled test
FAIL: PR260 -findirect-dispatch execution - source compiled test
FAIL: PR260 -O3 execution - source compiled test
FAIL: PR260 -O3 -findirect-dispatch execution - source compiled test
FAIL: PR26858 execution - source compiled test
FAIL: PR26858 -findirect-dispatch execution - source compiled test
FAIL: PR26858 -O3 execution - source compiled test
FAIL: PR26858 -O3 -findirect-dispatch execution - source compiled test
FAIL: PR27908 execution - source compiled test
FAIL: PR27908 -findirect-dispatch execution - source compiled test
FAIL: PR27908 -O3 execution - source compiled test
FAIL: PR27908 -O3 -findirect-dispatch execution - source compiled test
FAIL: PR29013 execution - source compiled test
FAIL: PR29013 -findirect-dispatch execution - source compiled test
FAIL: PR29013 -O3 execution - source compiled test
FAIL: PR29013 -O3 -findirect-dispatch execution - source compiled test
FAIL: PR29495 execution - source compiled test
FAIL: PR29495 -findirect-dispatch execution - source compiled test
FAIL: PR29495 -O3 execution - source compiled test
FAIL: PR29495 -O3 -findirect-dispatch execution - source compiled test
FAIL: PR3096 execution - source compiled test
FAIL: PR3096 -findirect-dispatch execution - source compiled test
FAIL: PR3096 -O3 execution - source compiled test
FAIL: PR3096 -O3 -findirect-dispatch execution - source compiled test
FAIL: PR31264 execution - source compiled test
FAIL: PR31264 -findirect-dispatch execution - source compiled test
FAIL: PR31264 -O3 execution - source compiled test
FAIL: PR31264 -O3 -findirect-dispatch execution - source compiled test
FAIL: PR35020 execution - source compiled test
FAIL: PR35020 -findirect-dispatch execution - source compiled test
FAIL: PR35020 -O3 execution - source compiled test
FAIL: PR35020 -O3 -findirect-dispatch execution - source compiled test
FAIL: PR36252 execution - source compiled test
FAIL: PR36252 -findirect-dispatch execution - source compiled test
FAIL: PR36252 -O3 execution - source compiled test
FAIL: PR36252 -O3 -findirect-dispatch execution - source compiled test
FAIL: PR3731 execution - source compiled test
FAIL: PR3731 -findirect-dispatch execution - source compiled test
FAIL: PR3731 -O3 execution - source compiled test
FAIL: PR3731 -O3 -findirect-dispatch execution - source compiled test
FAIL: PR5057 execution - source compiled test
FAIL: PR5057 -findirect-dispatch execution - source compiled test
FAIL: PR5057 -O3 execution - source compiled test
FAIL: PR5057 -O3 -findirect-dispatch execution - source compiled test
FAIL: PR5057_2 execution - source compiled test
FAIL: PR5057_2 -findirect-dispatch execution - source compiled test
FAIL: PR5057_2 -O3 execution - source compiled test
FAIL: PR5057_2 -O3 -findirect-dispatch execution - source compiled test
FAIL: PR55 execution - source compiled test
FAIL: PR55 -findirect-dispatch execution - source compiled test
FAIL: PR55 -O3 execution - source compiled test
FAIL: PR55 -O3 -findirect-dispatch execution - source compiled test
FAIL: PR56 execution - source compiled test
FAIL: PR56 -findirect-dispatch execution - source compiled test
FAIL: PR56 -O3 execution - source compiled test
FAIL: PR56 -O3 -findirect-dispatch execution - source compiled test
FAIL: PR6085 execution - source compiled test
FAIL: PR6085 -findirect-dispatch execution - source compiled test
FAIL: PR6085 -O3 execution - source compiled test
FAIL: PR6085 -O3 -findirect-dispatch execution - source compiled test
FAIL: PR6204 execution - source compiled test
FAIL: PR6204 -findirect-dispatch execution - source compiled test
FAIL: PR6204 -O3 execution - source compiled test
FAIL: PR6204 -O3 -findirect-dispatch execution - source compiled test
FAIL: PR6729 execution - source compiled test
FAIL: PR6729 -findirect-dispatch execution - source compiled test
FAIL: PR6729 -O3 execution - source compiled test
FAIL: PR6729 -O3 -findirect-dispatch execution - source compiled test
FAIL: PR6820 execution - source compiled test
FAIL: PR6820 -findirect-dispatch execution - source compiled test
FAIL: PR6820 -O3 execution - source compiled test
FAIL: PR6820 -O3 -findirect-dispatch execution - source compiled test
FAIL: PR7482 execution - source compiled test
FAIL: PR7482 -findirect-dispatch execution - source compiled test
FAIL: PR7482 -O3 execution - source compiled test
FAIL: PR7482 -O3 -findirect-dispatch execution - source compiled test
FAIL: Process_1 execution - source compiled test
FAIL: Process_1 -findirect-dispatch execution - source compiled test
FAIL: Process_1 -O3 execution - source compiled test
FAIL: Process_1 -O3 -findirect-dispatch execution - source compiled test
FAIL: Process_2 execution - source compiled test
FAIL: Process_2 -findirect-dispatch execution - source compiled test
FAIL: Process_2 -O3 execution - source compiled test
FAIL: Process_2 -O3 -findirect-dispatch execution - source compiled test
FAIL: Process_3 execution - source compiled test
FAIL: Process_3 -findirect-dispatch execution - source compiled test
FAIL: Process_3 -O3 execution - source compiled test
FAIL: Process_3 -O3 -findirect-dispatch execution - source compiled test
FAIL: Process_4 execution - source compiled test
FAIL: Process_4 -findirect-dispatch execution - source compiled test
FAIL: Process_4 -O3 execution - source compiled test
FAIL: Process_4 -O3 -findirect-dispatch execution - source compiled test
FAIL: Process_5 execution - source compiled test
FAIL: Process_5 -findirect-dispatch execution - source compiled test
FAIL: Process_5 -O3 execution - source compiled test
FAIL: Process_5 -O3 -findirect-dispatch execution - source compiled test
FAIL: Process_6 execution - source compiled test
FAIL: Process_6 -findirect-dispatch execution - source compiled test
FAIL: Process_6 -O3 execution - source compiled test
FAIL: Process_6 -O3 -findirect-dispatch execution - source compiled test
FAIL: Process_7 execution - source compiled test
FAIL: Process_7 -findirect-dispatch execution - source compiled test
FAIL: Process_7 -O3 execution - source compiled test
FAIL: Process_7 -O3 -findirect-dispatch execution - source compiled test
FAIL: ProxyTest execution - source compiled test
FAIL: ProxyTest -findirect-dispatch execution - source compiled test
FAIL: ProxyTest -O3 execution - source compiled test
FAIL: ProxyTest -O3 -findirect-dispatch execution - source compiled test
FAIL: RH194522 execution - source compiled test
FAIL: RH194522 -findirect-dispatch execution - source compiled test
FAIL: RH194522 -O3 execution - source compiled test
FAIL: RH194522 -O3 -findirect-dispatch execution - source compiled test
FAIL: Serialization execution - source compiled test
FAIL: Serialization -findirect-dispatch execution - source compiled test
FAIL: Serialization -O3 execution - source compiled test
FAIL: Serialization -O3 -findirect-dispatch execution - source compiled test
FAIL: Shazam execution - source compiled test
FAIL: Shazam -findirect-dispatch execution - source compiled test
FAIL: Shazam -O3 execution - source compiled test
FAIL: Shazam -O3 -findirect-dispatch execution - source compiled test
FAIL: StackTrace2 execution - source compiled test
FAIL: StackTrace2 -findirect-dispatch execution - source compiled test
FAIL: StackTrace2 -O3 execution - source compiled test
FAIL: StackTrace2 -O3 -findirect-dispatch execution - source compiled test
FAIL: StaticConstructor execution - source compiled test
FAIL: StaticConstructor -findirect-dispatch execution - source compiled test
FAIL: StaticConstructor -O3 execution - source compiled test
FAIL: StaticConstructor -O3 -findirect-dispatch execution - source compiled test
FAIL: StringBuffer_1 execution - source compiled test
FAIL: StringBuffer_1 -findirect-dispatch execution - source compiled test
FAIL: StringBuffer_1 -O3 execution - source compiled test
FAIL: StringBuffer_1 -O3 -findirect-dispatch execution - source compiled test
FAIL: StringBuffer_overflow execution - source compiled test
FAIL: StringBuffer_overflow -findirect-dispatch execution - source compiled test
FAIL: StringBuffer_overflow -O3 execution - source compiled test
FAIL: StringBuffer_overflow -O3 -findirect-dispatch execution - source compiled test
FAIL: String_overflow execution - source compiled test
FAIL: String_overflow -findirect-dispatch execution - source compiled test
FAIL: String_overflow -O3 execution - source compiled test
FAIL: String_overflow -O3 -findirect-dispatch execution - source compiled test
FAIL: SyncGlobal execution - source compiled test
FAIL: SyncGlobal -findirect-dispatch execution - source compiled test
FAIL: SyncGlobal -O3 execution - source compiled test
FAIL: SyncGlobal -O3 -findirect-dispatch execution - source compiled test
FAIL: SyncTest execution - source compiled test
FAIL: SyncTest -findirect-dispatch execution - source compiled test
FAIL: SyncTest -O3 execution - source compiled test
FAIL: SyncTest -O3 -findirect-dispatch execution - source compiled test
FAIL: Synch execution - source compiled test
FAIL: Synch -findirect-dispatch execution - source compiled test
FAIL: Synch -O3 execution - source compiled test
FAIL: Synch -O3 -findirect-dispatch execution - source compiled test
FAIL: TLtest execution - source compiled test
FAIL: TLtest -findirect-dispatch execution - source compiled test
FAIL: TLtest -O3 execution - source compiled test
FAIL: TLtest -O3 -findirect-dispatch execution - source compiled test
FAIL: TestProxy execution - source compiled test
FAIL: TestProxy -findirect-dispatch execution - source compiled test
FAIL: TestProxy -O3 execution - source compiled test
FAIL: TestProxy -O3 -findirect-dispatch execution - source compiled test
FAIL: Thread_Alive execution - source compiled test
FAIL: Thread_Alive -findirect-dispatch execution - source compiled test
FAIL: Thread_Alive -O3 execution - source compiled test
FAIL: Thread_Alive -O3 -findirect-dispatch execution - source compiled test
FAIL: Thread_HoldsLock execution - source compiled test
FAIL: Thread_HoldsLock -findirect-dispatch execution - source compiled test
FAIL: Thread_HoldsLock -O3 execution - source compiled test
FAIL: Thread_HoldsLock -O3 -findirect-dispatch execution - source compiled test
FAIL: Thread_Interrupt execution - source compiled test
FAIL: Thread_Interrupt -findirect-dispatch execution - source compiled test
FAIL: Thread_Interrupt -O3 compilation from source
FAIL: Thread_Interrupt -O3 -findirect-dispatch execution - source compiled test
FAIL: Thread_Join execution - source compiled test
FAIL: Thread_Join -findirect-dispatch execution - source compiled test
FAIL: Thread_Join -O3 compilation from source
FAIL: Thread_Join -O3 -findirect-dispatch execution - source compiled test
FAIL: Thread_Monitor execution - source compiled test
FAIL: Thread_Monitor -findirect-dispatch execution - source compiled test
FAIL: Thread_Monitor -O3 execution - source compiled test
FAIL: Thread_Monitor -O3 -findirect-dispatch execution - source compiled test
FAIL: Thread_Sleep execution - source compiled test
FAIL: Thread_Sleep -findirect-dispatch execution - source compiled test
FAIL: Thread_Sleep -O3 execution - source compiled test
FAIL: Thread_Sleep -O3 -findirect-dispatch execution - source compiled test
FAIL: Thread_Sleep_2 execution - source compiled test
FAIL: Thread_Sleep_2 -findirect-dispatch execution - source compiled test
FAIL: Thread_Sleep_2 -O3 execution - source compiled test
FAIL: Thread_Sleep_2 -O3 -findirect-dispatch execution - source compiled test
FAIL: Thread_Wait execution - source compiled test
FAIL: Thread_Wait -findirect-dispatch execution - source compiled test
FAIL: Thread_Wait -O3 execution - source compiled test
FAIL: Thread_Wait -O3 -findirect-dispatch execution - source compiled test
FAIL: Thread_Wait_2 execution - source compiled test
FAIL: Thread_Wait_2 -findirect-dispatch execution - source compiled test
FAIL: Thread_Wait_2 -O3 compilation from source
FAIL: Thread_Wait_2 -O3 -findirect-dispatch execution - source compiled test
FAIL: Thread_Wait_Interrupt execution - source compiled test
FAIL: Thread_Wait_Interrupt -findirect-dispatch execution - source compiled test
FAIL: Thread_Wait_Interrupt -O3 compilation from source
FAIL: Thread_Wait_Interrupt -O3 -findirect-dispatch execution - source compiled test
FAIL: Throw_1 execution - source compiled test
FAIL: Throw_1 -findirect-dispatch execution - source compiled test
FAIL: Throw_1 -O3 execution - source compiled test
FAIL: Throw_1 -O3 -findirect-dispatch execution - source compiled test
FAIL: Throw_2 execution - source compiled test
FAIL: Throw_2 -findirect-dispatch execution - source compiled test
FAIL: Throw_2 -O3 execution - source compiled test
FAIL: Throw_2 -O3 -findirect-dispatch execution - source compiled test
FAIL: Throw_3 execution - source compiled test
FAIL: Throw_3 -findirect-dispatch execution - source compiled test
FAIL: Throw_3 -O3 execution - source compiled test
FAIL: Throw_3 -O3 -findirect-dispatch execution - source compiled test
FAIL: WalkerTest execution - source compiled test
FAIL: WalkerTest -findirect-dispatch execution - source compiled test
FAIL: WalkerTest -O3 execution - source compiled test
FAIL: WalkerTest -O3 -findirect-dispatch execution - source compiled test
FAIL: anfi execution - source compiled test
FAIL: anfi -findirect-dispatch execution - source compiled test
FAIL: anfi -O3 execution - source compiled test
FAIL: anfi -O3 -findirect-dispatch execution - source compiled test
FAIL: anon execution - source compiled test
FAIL: anon -findirect-dispatch execution - source compiled test
FAIL: anon -O3 execution - source compiled test
FAIL: anon -O3 -findirect-dispatch execution - source compiled test
FAIL: anon2 execution - source compiled test
FAIL: anon2 -findirect-dispatch execution - source compiled test
FAIL: anon2 -O3 execution - source compiled test
FAIL: anon2 -O3 -findirect-dispatch execution - source compiled test
FAIL: anon3 execution - source compiled test
FAIL: anon3 -findirect-dispatch execution - source compiled test
FAIL: anon3 -O3 execution - source compiled test
FAIL: anon3 -O3 -findirect-dispatch execution - source compiled test
FAIL: anon4 execution - source compiled test
FAIL: anon4 -findirect-dispatch execution - source compiled test
FAIL: anon4 -O3 execution - source compiled test
FAIL: anon4 -O3 -findirect-dispatch execution - source compiled test
FAIL: anon_ctor_itf_arg execution - source compiled test
FAIL: anon_ctor_itf_arg -findirect-dispatch execution - source compiled test
FAIL: anon_ctor_itf_arg -O3 execution - source compiled test
FAIL: anon_ctor_itf_arg -O3 -findirect-dispatch execution - source compiled test
FAIL: anonarray execution - source compiled test
FAIL: anonarray -findirect-dispatch execution - source compiled test
FAIL: anonarray -O3 execution - source compiled test
FAIL: anonarray -O3 -findirect-dispatch execution - source compiled test
FAIL: anonarray2 execution - source compiled test
FAIL: anonarray2 -findirect-dispatch execution - source compiled test
FAIL: anonarray2 -O3 execution - source compiled test
FAIL: anonarray2 -O3 -findirect-dispatch execution - source compiled test
FAIL: anonarray3 execution - source compiled test
FAIL: anonarray3 -findirect-dispatch execution - source compiled test
FAIL: anonarray3 -O3 execution - source compiled test
FAIL: anonarray3 -O3 -findirect-dispatch execution - source compiled test
FAIL: assign execution - source compiled test
FAIL: assign -findirect-dispatch execution - source compiled test
FAIL: assign -O3 execution - source compiled test
FAIL: assign -O3 -findirect-dispatch execution - source compiled test
FAIL: assign2 execution - source compiled test
FAIL: assign2 -findirect-dispatch execution - source compiled test
FAIL: assign2 -O3 execution - source compiled test
FAIL: assign2 -O3 -findirect-dispatch execution - source compiled test
FAIL: bclink execution - source compiled test
FAIL: bclink -findirect-dispatch execution - source compiled test
FAIL: bclink -O3 execution - source compiled test
FAIL: bclink -O3 -findirect-dispatch execution - source compiled test
FAIL: bytearray execution - source compiled test
FAIL: bytearray -findirect-dispatch execution - source compiled test
FAIL: bytearray -O3 execution - source compiled test
FAIL: bytearray -O3 -findirect-dispatch execution - source compiled test
FAIL: direct_read execution - source compiled test
FAIL: direct_read -findirect-dispatch execution - source compiled test
FAIL: direct_read -O3 execution - source compiled test
FAIL: direct_read -O3 -findirect-dispatch execution - source compiled test
FAIL: direct_write execution - source compiled test
FAIL: direct_write -findirect-dispatch execution - source compiled test
FAIL: direct_write -O3 execution - source compiled test
FAIL: direct_write -O3 -findirect-dispatch execution - source compiled test
FAIL: emptystring execution - source compiled test
FAIL: emptystring -findirect-dispatch execution - source compiled test
FAIL: emptystring -O3 execution - source compiled test
FAIL: emptystring -O3 -findirect-dispatch execution - source compiled test
FAIL: err1 execution - source compiled test
FAIL: err1 -findirect-dispatch execution - source compiled test
FAIL: err1 -O3 execution - source compiled test
FAIL: err1 -O3 -findirect-dispatch execution - source compiled test
FAIL: err10 execution - source compiled test
FAIL: err10 -findirect-dispatch execution - source compiled test
FAIL: err10 -O3 execution - source compiled test
FAIL: err10 -O3 -findirect-dispatch execution - source compiled test
FAIL: err11 execution - source compiled test
FAIL: err11 -findirect-dispatch execution - source compiled test
FAIL: err11 -O3 execution - source compiled test
FAIL: err11 -O3 -findirect-dispatch execution - source compiled test
FAIL: err12 execution - source compiled test
FAIL: err12 -findirect-dispatch execution - source compiled test
FAIL: err12 -O3 execution - source compiled test
FAIL: err12 -O3 -findirect-dispatch execution - source compiled test
FAIL: err13 execution - source compiled test
FAIL: err13 -findirect-dispatch execution - source compiled test
FAIL: err13 -O3 execution - source compiled test
FAIL: err13 -O3 -findirect-dispatch execution - source compiled test
FAIL: err14 execution - source compiled test
FAIL: err14 -findirect-dispatch execution - source compiled test
FAIL: err14 -O3 execution - source compiled test
FAIL: err14 -O3 -findirect-dispatch execution - source compiled test
FAIL: err2 execution - source compiled test
FAIL: err2 -findirect-dispatch execution - source compiled test
FAIL: err2 -O3 execution - source compiled test
FAIL: err2 -O3 -findirect-dispatch execution - source compiled test
FAIL: err3 execution - source compiled test
FAIL: err3 -findirect-dispatch execution - source compiled test
FAIL: err3 -O3 execution - source compiled test
FAIL: err3 -O3 -findirect-dispatch execution - source compiled test
FAIL: err4 execution - source compiled test
FAIL: err4 -findirect-dispatch execution - source compiled test
FAIL: err4 -O3 execution - source compiled test
FAIL: err4 -O3 -findirect-dispatch execution - source compiled test
FAIL: err5 execution - source compiled test
FAIL: err5 -findirect-dispatch execution - source compiled test
FAIL: err5 -O3 execution - source compiled test
FAIL: err5 -O3 -findirect-dispatch execution - source compiled test
FAIL: err6 execution - source compiled test
FAIL: err6 -findirect-dispatch execution - source compiled test
FAIL: err6 -O3 execution - source compiled test
FAIL: err6 -O3 -findirect-dispatch execution - source compiled test
FAIL: err7 execution - source compiled test
FAIL: err7 -findirect-dispatch execution - source compiled test
FAIL: err7 -O3 execution - source compiled test
FAIL: err7 -O3 -findirect-dispatch execution - source compiled test
FAIL: err8 execution - source compiled test
FAIL: err8 -findirect-dispatch execution - source compiled test
FAIL: err8 -O3 execution - source compiled test
FAIL: err8 -O3 -findirect-dispatch execution - source compiled test
FAIL: err9 execution - source compiled test
FAIL: err9 -findirect-dispatch execution - source compiled test
FAIL: err9 -O3 execution - source compiled test
FAIL: err9 -O3 -findirect-dispatch execution - source compiled test
FAIL: final_inner execution - source compiled test
FAIL: final_inner -findirect-dispatch execution - source compiled test
FAIL: final_inner -O3 execution - source compiled test
FAIL: final_inner -O3 -findirect-dispatch execution - source compiled test
FAIL: final_int execution - source compiled test
FAIL: final_int -findirect-dispatch execution - source compiled test
FAIL: final_int -O3 execution - source compiled test
FAIL: final_int -O3 -findirect-dispatch execution - source compiled test
FAIL: final_static_and_friend execution - source compiled test
FAIL: final_static_and_friend -findirect-dispatch execution - source compiled test
FAIL: final_static_and_friend -O3 execution - source compiled test
FAIL: final_static_and_friend -O3 -findirect-dispatch execution - source compiled test
FAIL: indirect execution - source compiled test
FAIL: indirect -findirect-dispatch execution - source compiled test
FAIL: indirect -O3 execution - source compiled test
FAIL: indirect -O3 -findirect-dispatch execution - source compiled test
FAIL: indirect_read execution - source compiled test
FAIL: indirect_read -findirect-dispatch execution - source compiled test
FAIL: indirect_read -O3 execution - source compiled test
FAIL: indirect_read -O3 -findirect-dispatch execution - source compiled test
FAIL: indirect_write execution - source compiled test
FAIL: indirect_write -findirect-dispatch execution - source compiled test
FAIL: indirect_write -O3 execution - source compiled test
FAIL: indirect_write -O3 -findirect-dispatch execution - source compiled test
FAIL: initexc execution - source compiled test
FAIL: initexc -findirect-dispatch execution - source compiled test
FAIL: initexc -O3 execution - source compiled test
FAIL: initexc -O3 -findirect-dispatch execution - source compiled test
FAIL: initfield execution - source compiled test
FAIL: initfield -findirect-dispatch execution - source compiled test
FAIL: initfield -O3 execution - source compiled test
FAIL: initfield -O3 -findirect-dispatch execution - source compiled test
FAIL: inline execution - source compiled test
FAIL: inline -findirect-dispatch execution - source compiled test
FAIL: inline -O3 execution - source compiled test
FAIL: inline -O3 -findirect-dispatch execution - source compiled test
FAIL: inner1 execution - source compiled test
FAIL: inner1 -findirect-dispatch execution - source compiled test
FAIL: inner1 -O3 execution - source compiled test
FAIL: inner1 -O3 -findirect-dispatch execution - source compiled test
FAIL: inner2 execution - source compiled test
FAIL: inner2 -findirect-dispatch execution - source compiled test
FAIL: inner2 -O3 execution - source compiled test
FAIL: inner2 -O3 -findirect-dispatch execution - source compiled test
FAIL: inner3 execution - source compiled test
FAIL: inner3 -findirect-dispatch execution - source compiled test
FAIL: inner3 -O3 execution - source compiled test
FAIL: inner3 -O3 -findirect-dispatch execution - source compiled test
FAIL: inner4 execution - source compiled test
FAIL: inner4 -findirect-dispatch execution - source compiled test
FAIL: inner4 -O3 execution - source compiled test
FAIL: inner4 -O3 -findirect-dispatch execution - source compiled test
FAIL: inner_array execution - source compiled test
FAIL: inner_array -findirect-dispatch execution - source compiled test
FAIL: inner_array -O3 execution - source compiled test
FAIL: inner_array -O3 -findirect-dispatch execution - source compiled test
FAIL: inner_interface execution - source compiled test
FAIL: inner_interface -findirect-dispatch execution - source compiled test
FAIL: inner_interface -O3 execution - source compiled test
FAIL: inner_interface -O3 -findirect-dispatch execution - source compiled test
FAIL: instance execution - source compiled test
FAIL: instance -findirect-dispatch execution - source compiled test
FAIL: instance -O3 execution - source compiled test
FAIL: instance -O3 -findirect-dispatch execution - source compiled test
FAIL: instinit execution - source compiled test
FAIL: instinit -findirect-dispatch execution - source compiled test
FAIL: instinit -O3 execution - source compiled test
FAIL: instinit -O3 -findirect-dispatch execution - source compiled test
FAIL: instinit2 execution - source compiled test
FAIL: instinit2 -findirect-dispatch execution - source compiled test
FAIL: instinit2 -O3 execution - source compiled test
FAIL: instinit2 -O3 -findirect-dispatch execution - source compiled test
FAIL: invoke_from_inner execution - source compiled test
FAIL: invoke_from_inner -findirect-dispatch execution - source compiled test
FAIL: invoke_from_inner -O3 execution - source compiled test
FAIL: invoke_from_inner -O3 -findirect-dispatch execution - source compiled test
FAIL: invokethrow execution - source compiled test
FAIL: invokethrow -findirect-dispatch execution - source compiled test
FAIL: invokethrow -O3 execution - source compiled test
FAIL: invokethrow -O3 -findirect-dispatch execution - source compiled test
FAIL: klass execution - source compiled test
FAIL: klass -findirect-dispatch execution - source compiled test
FAIL: klass -O3 execution - source compiled test
FAIL: klass -O3 -findirect-dispatch execution - source compiled test
FAIL: md5test execution - source compiled test
FAIL: md5test -findirect-dispatch execution - source compiled test
FAIL: md5test -O3 execution - source compiled test
FAIL: md5test -O3 -findirect-dispatch execution - source compiled test
FAIL: multiple_finit execution - source compiled test
FAIL: multiple_finit -findirect-dispatch execution - source compiled test
FAIL: multiple_finit -O3 execution - source compiled test
FAIL: multiple_finit -O3 -findirect-dispatch execution - source compiled test
FAIL: negzero execution - source compiled test
FAIL: negzero -findirect-dispatch execution - source compiled test
FAIL: negzero -O3 execution - source compiled test
FAIL: negzero -O3 -findirect-dispatch execution - source compiled test
FAIL: nested_with_ctor execution - source compiled test
FAIL: nested_with_ctor -findirect-dispatch execution - source compiled test
FAIL: nested_with_ctor -O3 execution - source compiled test
FAIL: nested_with_ctor -O3 -findirect-dispatch execution - source compiled test
FAIL: newarray_overflow execution - source compiled test
FAIL: newarray_overflow -findirect-dispatch execution - source compiled test
FAIL: newarray_overflow -O3 execution - source compiled test
FAIL: newarray_overflow -O3 -findirect-dispatch execution - source compiled test
FAIL: override execution - source compiled test
FAIL: override -findirect-dispatch execution - source compiled test
FAIL: override -O3 execution - source compiled test
FAIL: override -O3 -findirect-dispatch execution - source compiled test
FAIL: pr109 execution - source compiled test
FAIL: pr109 -findirect-dispatch execution - source compiled test
FAIL: pr109 -O3 execution - source compiled test
FAIL: pr109 -O3 -findirect-dispatch execution - source compiled test
FAIL: pr13107 execution - source compiled test
FAIL: pr13107 -findirect-dispatch execution - source compiled test
FAIL: pr13107 -O3 execution - source compiled test
FAIL: pr13107 -O3 -findirect-dispatch execution - source compiled test
FAIL: pr13107_2 execution - source compiled test
FAIL: pr13107_2 -findirect-dispatch execution - source compiled test
FAIL: pr13107_2 -O3 execution - source compiled test
FAIL: pr13107_2 -O3 -findirect-dispatch execution - source compiled test
FAIL: pr13107_3 execution - source compiled test
FAIL: pr13107_3 -findirect-dispatch execution - source compiled test
FAIL: pr13107_3 -O3 execution - source compiled test
FAIL: pr13107_3 -O3 -findirect-dispatch execution - source compiled test
FAIL: pr133 execution - source compiled test
FAIL: pr133 -findirect-dispatch execution - source compiled test
FAIL: pr133 -O3 execution - source compiled test
FAIL: pr133 -O3 -findirect-dispatch execution - source compiled test
FAIL: pr16789 execution - source compiled test
FAIL: pr16789 -findirect-dispatch execution - source compiled test
FAIL: pr16789 -O3 execution - source compiled test
FAIL: pr16789 -O3 -findirect-dispatch execution - source compiled test
FAIL: pr17536 execution - source compiled test
FAIL: pr17536 -findirect-dispatch execution - source compiled test
FAIL: pr17536 -O3 execution - source compiled test
FAIL: pr17536 -O3 -findirect-dispatch execution - source compiled test
FAIL: pr179 execution - source compiled test
FAIL: pr179 -findirect-dispatch execution - source compiled test
FAIL: pr179 -O3 execution - source compiled test
FAIL: pr179 -O3 -findirect-dispatch execution - source compiled test
FAIL: pr184 execution - source compiled test
FAIL: pr184 -findirect-dispatch execution - source compiled test
FAIL: pr184 -O3 execution - source compiled test
FAIL: pr184 -O3 -findirect-dispatch execution - source compiled test
FAIL: pr21785 execution - source compiled test
FAIL: pr21785 -findirect-dispatch execution - source compiled test
FAIL: pr21785 -O3 execution - source compiled test
FAIL: pr21785 -O3 -findirect-dispatch execution - source compiled test
FAIL: pr21844 execution - source compiled test
FAIL: pr21844 -findirect-dispatch execution - source compiled test
FAIL: pr21844 -O3 execution - source compiled test
FAIL: pr21844 -O3 -findirect-dispatch execution - source compiled test
FAIL: pr24321 execution - source compiled test
FAIL: pr24321 -findirect-dispatch execution - source compiled test
FAIL: pr24321 -O3 execution - source compiled test
FAIL: pr24321 -O3 -findirect-dispatch execution - source compiled test
FAIL: pr25676 execution - source compiled test
FAIL: pr25676 -findirect-dispatch execution - source compiled test
FAIL: pr25676 -O3 execution - source compiled test
FAIL: pr25676 -O3 -findirect-dispatch execution - source compiled test
FAIL: pr26390 execution - source compiled test
FAIL: pr26390 -findirect-dispatch execution - source compiled test
FAIL: pr26390 -O3 execution - source compiled test
FAIL: pr26390 -O3 -findirect-dispatch execution - source compiled test
FAIL: pr26990 execution - source compiled test
FAIL: pr26990 -findirect-dispatch execution - source compiled test
FAIL: pr26990 -O3 execution - source compiled test
FAIL: pr26990 -O3 -findirect-dispatch execution - source compiled test
FAIL: pr27171 execution - source compiled test
FAIL: pr27171 -findirect-dispatch execution - source compiled test
FAIL: pr27171 -O3 execution - source compiled test
FAIL: pr27171 -O3 -findirect-dispatch execution - source compiled test
FAIL: pr6388 execution - source compiled test
FAIL: pr6388 -findirect-dispatch execution - source compiled test
FAIL: pr6388 -O3 execution - source compiled test
FAIL: pr6388 -O3 -findirect-dispatch execution - source compiled test
FAIL: pr83 execution - source compiled test
FAIL: pr83 -findirect-dispatch execution - source compiled test
FAIL: pr83 -O3 execution - source compiled test
FAIL: pr83 -O3 -findirect-dispatch execution - source compiled test
FAIL: pr8415 execution - source compiled test
FAIL: pr8415 -findirect-dispatch execution - source compiled test
FAIL: pr8415 -O3 execution - source compiled test
FAIL: pr8415 -O3 -findirect-dispatch execution - source compiled test
FAIL: pr8676 execution - source compiled test
FAIL: pr8676 -findirect-dispatch execution - source compiled test
FAIL: pr8676 -O3 execution - source compiled test
FAIL: pr8676 -O3 -findirect-dispatch execution - source compiled test
FAIL: pr8823 execution - source compiled test
FAIL: pr8823 -findirect-dispatch execution - source compiled test
FAIL: pr8823 -O3 execution - source compiled test
FAIL: pr8823 -O3 -findirect-dispatch execution - source compiled test
FAIL: pr8945 execution - source compiled test
FAIL: pr8945 -findirect-dispatch execution - source compiled test
FAIL: pr8945 -O3 execution - source compiled test
FAIL: pr8945 -O3 -findirect-dispatch execution - source compiled test
FAIL: private_direct_read execution - source compiled test
FAIL: private_direct_read -findirect-dispatch execution - source compiled test
FAIL: private_direct_read -O3 execution - source compiled test
FAIL: private_direct_read -O3 -findirect-dispatch execution - source compiled test
FAIL: search_outer execution - source compiled test
FAIL: search_outer -findirect-dispatch execution - source compiled test
FAIL: search_outer -O3 execution - source compiled test
FAIL: search_outer -O3 -findirect-dispatch execution - source compiled test
FAIL: shatest execution - source compiled test
FAIL: shatest -findirect-dispatch execution - source compiled test
FAIL: shatest -O3 execution - source compiled test
FAIL: shatest -O3 -findirect-dispatch execution - source compiled test
FAIL: sourcelocation execution - source compiled test
FAIL: sourcelocation -findirect-dispatch execution - source compiled test
FAIL: sourcelocation -O3 execution - source compiled test
FAIL: sourcelocation -O3 -findirect-dispatch execution - source compiled test
FAIL: stacktrace execution - source compiled test
FAIL: stacktrace -findirect-dispatch execution - source compiled test
FAIL: stacktrace -O3 compilation from source
FAIL: stacktrace -O3 -findirect-dispatch execution - source compiled test
FAIL: stringconst execution - source compiled test
FAIL: stringconst -findirect-dispatch execution - source compiled test
FAIL: stringconst -O3 execution - source compiled test
FAIL: stringconst -O3 -findirect-dispatch execution - source compiled test
FAIL: stringconst2 execution - source compiled test
FAIL: stringconst2 -findirect-dispatch execution - source compiled test
FAIL: stringconst2 -O3 execution - source compiled test
FAIL: stringconst2 -O3 -findirect-dispatch execution - source compiled test
FAIL: stub execution - source compiled test
FAIL: stub -findirect-dispatch execution - source compiled test
FAIL: stub -O3 execution - source compiled test
FAIL: stub -O3 -findirect-dispatch execution - source compiled test
FAIL: test_long execution - source compiled test
FAIL: test_long -findirect-dispatch execution - source compiled test
FAIL: test_long -O3 execution - source compiled test
FAIL: test_long -O3 -findirect-dispatch execution - source compiled test
FAIL: tmi execution - source compiled test
FAIL: tmi -findirect-dispatch execution - source compiled test
FAIL: tmi -O3 execution - source compiled test
FAIL: tmi -O3 -findirect-dispatch execution - source compiled test
FAIL: tp execution - source compiled test
FAIL: tp -findirect-dispatch execution - source compiled test
FAIL: tp -O3 execution - source compiled test
FAIL: tp -O3 -findirect-dispatch execution - source compiled test
FAIL: update_outer execution - source compiled test
FAIL: update_outer -findirect-dispatch execution - source compiled test
FAIL: update_outer -O3 execution - source compiled test
FAIL: update_outer -O3 -findirect-dispatch execution - source compiled test
FAIL: utf8concat execution - source compiled test
FAIL: utf8concat -findirect-dispatch execution - source compiled test
FAIL: utf8concat -O3 execution - source compiled test
FAIL: utf8concat -O3 -findirect-dispatch execution - source compiled test
FAIL: utilTest execution - source compiled test
FAIL: utilTest -findirect-dispatch execution - source compiled test
FAIL: utilTest -O3 execution - source compiled test
FAIL: utilTest -O3 -findirect-dispatch execution - source compiled test
FAIL: verify execution - source compiled test
FAIL: verify -findirect-dispatch execution - source compiled test
FAIL: verify -O3 execution - source compiled test
FAIL: verify -O3 -findirect-dispatch execution - source compiled test
FAIL: TestEarlyGC execution - source compiled test
FAIL: TestLeak execution - source compiled test
FAIL: TestMultiple execution - source compiled test
FAIL: TestParent execution - source compiled test

		=== libjava Summary ===

# of expected passes		876
# of unexpected failures	846
# of untested testcases		851
		=== libstdc++ tests ===


Running target unix

		=== libstdc++ Summary ===

# of expected passes		8513
# of expected failures		68
# of unsupported tests		957

Compiler version: 5.0.0 20141102 (experimental) [trunk revision 217013] (GCC) 
Platform: hppa2.0w-hp-hpux11.11
configure flags:Test Run By dave on Mon Nov  3 05:24:19 2014


Index Nav: [Date Index] [Subject Index] [Author Index] [Thread Index]
Message Nav: [Date Prev] [Date Next] [Thread Prev] [Thread Next]