This is the mail archive of the gcc-testresults@gcc.gnu.org mailing list for the GCC project.


Index Nav: [Date Index] [Subject Index] [Author Index] [Thread Index]
Message Nav: [Date Prev] [Date Next] [Thread Prev] [Thread Next]
Other format: [Raw text]

Results for 4.9.2 (GCC) testsuite on mips-unknown-linux-gnu


-- Build environment ----------------------------------------------------------
Distro:	los.git rootfs=333c native=333c
Kernel:	Linux edgerouter-lite 3.18.0-rc2-octeon-los_2b80 #1 SMP Sat Nov 1 20:02:06 EET 2014 mips64 GNU/Linux
CPU:	system type		: UBNT_E100 (CN5020p1.1-500-SCP)
	machine			: Unknown
	processor		: 0
	cpu model		: Cavium Octeon+ V0.1
	BogoMIPS		: 1000.00
	wait instruction	: yes
	microsecond timers	: yes
	tlb_entries		: 64
	extra interrupt vector	: yes
	hardware watchpoint	: yes, count: 2, address/irw mask: [0x0ffc, 0x0ffb]
	isa			: mips1 mips2 mips3 mips4 mips5 mips64r2
	ASEs implemented	:
	shadow register sets	: 1
	kscratch registers	: 0
	package			: 0
	core			: 0
	VCED exceptions		: not available
	VCEI exceptions		: not available
	processor		: 1
	cpu model		: Cavium Octeon+ V0.1
	BogoMIPS		: 1000.00
	wait instruction	: yes
	microsecond timers	: yes
	tlb_entries		: 64
	extra interrupt vector	: yes
	hardware watchpoint	: yes, count: 2, address/irw mask: [0x0ffc, 0x0ffb]
	isa			: mips1 mips2 mips3 mips4 mips5 mips64r2
	ASEs implemented	:
	shadow register sets	: 1
	kscratch registers	: 0
	package			: 0
	core			: 1
	VCED exceptions		: not available
	VCEI exceptions		: not available
-- Time consumed --------------------------------------------------------------
Build:	real	24h 25m 40s
	user	40h 31m 59s
	sys	1h 38m 31s
Test:   real	23h 21m 56s
	user	38h 3m 04s
	sys	3h 44m 20s
-------------------------------------------------------------------------------
LAST_UPDATED: Obtained from SVN: tags/gcc_4_9_2_release revision 216910

Native configuration is mips-unknown-linux-gnu

		=== g++ tests ===


Running target unix
FAIL: g++.dg/guality/pr55665.C  -O2  line 23 p == 40
FAIL: g++.dg/guality/pr55665.C  -O3 -fomit-frame-pointer  line 23 p == 40
FAIL: g++.dg/guality/pr55665.C  -O3 -g  line 23 p == 40
XPASS: g++.dg/tls/thread_local-order2.C -std=c++11 execution test
XPASS: g++.dg/tls/thread_local-order2.C -std=c++1y execution test

		=== g++ Summary ===

# of expected passes		79461
# of unexpected failures	3
# of unexpected successes	2
# of expected failures		439
# of unsupported tests		3196
/home/aaro/gcctest/gcctest/build/gcc/testsuite/g++/../../xg++  version 4.9.2 (GCC) 

		=== gcc tests ===


Running target unix
FAIL: gcc.c-torture/compile/20001226-1.c  -O3 -fomit-frame-pointer  (test for excess errors)
FAIL: gcc.c-torture/compile/limits-structnest.c  -O2  (test for excess errors)
FAIL: gcc.c-torture/compile/limits-structnest.c  -O3 -fomit-frame-pointer  (test for excess errors)
FAIL: gcc.c-torture/compile/limits-structnest.c  -O3 -g  (test for excess errors)
FAIL: gcc.c-torture/compile/limits-structnest.c  -Os  (test for excess errors)
FAIL: gcc.c-torture/compile/limits-structnest.c  -O2 -flto -fno-use-linker-plugin -flto-partition=none  (test for excess errors)
FAIL: gcc.c-torture/compile/limits-structnest.c  -O2 -flto -fuse-linker-plugin -fno-fat-lto-objects  (test for excess errors)
WARNING: program timed out.
WARNING: program timed out.
WARNING: program timed out.
WARNING: program timed out.
WARNING: program timed out.
WARNING: program timed out.
WARNING: program timed out.
WARNING: program timed out.
FAIL: gcc.dg/atomic/c11-atomic-exec-2.c  -O2 -flto -fno-use-linker-plugin -flto-partition=none  (test for excess errors)
WARNING: program timed out.
XPASS: gcc.dg/guality/guality.c  -O0  execution test
XPASS: gcc.dg/guality/guality.c  -O1  execution test
XPASS: gcc.dg/guality/guality.c  -O2  execution test
XPASS: gcc.dg/guality/guality.c  -O3 -fomit-frame-pointer  execution test
XPASS: gcc.dg/guality/guality.c  -O3 -g  execution test
XPASS: gcc.dg/guality/guality.c  -Os  execution test
XPASS: gcc.dg/guality/guality.c  -O2 -flto -fno-use-linker-plugin -flto-partition=none  execution test
XPASS: gcc.dg/guality/guality.c  -O2 -flto -fuse-linker-plugin -fno-fat-lto-objects  execution test
XPASS: gcc.dg/guality/inline-params.c  -O2  execution test
XPASS: gcc.dg/guality/inline-params.c  -O3 -fomit-frame-pointer  execution test
XPASS: gcc.dg/guality/inline-params.c  -O3 -g  execution test
XPASS: gcc.dg/guality/inline-params.c  -Os  execution test
XPASS: gcc.dg/guality/inline-params.c  -O2 -flto -fno-use-linker-plugin -flto-partition=none  execution test
FAIL: gcc.dg/guality/pr36728-1.c  -O1  line 16 arg1 == 1
FAIL: gcc.dg/guality/pr36728-1.c  -O1  line 18 arg1 == 1
FAIL: gcc.dg/guality/pr36728-1.c  -O1  line 18 arg2 == 2
FAIL: gcc.dg/guality/pr36728-1.c  -O2  line 16 arg1 == 1
FAIL: gcc.dg/guality/pr36728-1.c  -O2  line 18 arg1 == 1
FAIL: gcc.dg/guality/pr36728-1.c  -O2  line 18 arg2 == 2
FAIL: gcc.dg/guality/pr36728-1.c  -O3 -fomit-frame-pointer  line 16 arg1 == 1
FAIL: gcc.dg/guality/pr36728-1.c  -O3 -fomit-frame-pointer  line 18 arg1 == 1
FAIL: gcc.dg/guality/pr36728-1.c  -O3 -fomit-frame-pointer  line 18 arg2 == 2
FAIL: gcc.dg/guality/pr36728-1.c  -O3 -g  line 16 arg1 == 1
FAIL: gcc.dg/guality/pr36728-1.c  -O3 -g  line 18 arg1 == 1
FAIL: gcc.dg/guality/pr36728-1.c  -O3 -g  line 18 arg2 == 2
FAIL: gcc.dg/guality/pr36728-1.c  -Os  line 16 arg1 == 1
FAIL: gcc.dg/guality/pr36728-1.c  -Os  line 18 arg1 == 1
FAIL: gcc.dg/guality/pr36728-1.c  -Os  line 18 arg2 == 2
FAIL: gcc.dg/guality/pr36728-1.c  -O2 -flto -fno-use-linker-plugin -flto-partition=none  line 16 arg1 == 1
FAIL: gcc.dg/guality/pr36728-1.c  -O2 -flto -fno-use-linker-plugin -flto-partition=none  line 18 arg1 == 1
FAIL: gcc.dg/guality/pr36728-1.c  -O2 -flto -fno-use-linker-plugin -flto-partition=none  line 18 arg2 == 2
FAIL: gcc.dg/guality/pr36728-1.c  -O2 -flto -fuse-linker-plugin -fno-fat-lto-objects  line 16 arg1 == 1
FAIL: gcc.dg/guality/pr36728-1.c  -O2 -flto -fuse-linker-plugin -fno-fat-lto-objects  line 16 arg2 == 2
FAIL: gcc.dg/guality/pr36728-1.c  -O2 -flto -fuse-linker-plugin -fno-fat-lto-objects  line 18 arg1 == 1
FAIL: gcc.dg/guality/pr36728-1.c  -O2 -flto -fuse-linker-plugin -fno-fat-lto-objects  line 18 arg2 == 2
FAIL: gcc.dg/guality/pr36728-2.c  -O1  line 18 arg1 == 1
FAIL: gcc.dg/guality/pr36728-2.c  -O2  line 16 arg1 == 1
FAIL: gcc.dg/guality/pr36728-2.c  -O2  line 18 arg1 == 1
FAIL: gcc.dg/guality/pr36728-2.c  -O3 -fomit-frame-pointer  line 16 arg1 == 1
FAIL: gcc.dg/guality/pr36728-2.c  -O3 -fomit-frame-pointer  line 18 arg1 == 1
FAIL: gcc.dg/guality/pr36728-2.c  -O3 -g  line 16 arg1 == 1
FAIL: gcc.dg/guality/pr36728-2.c  -O3 -g  line 18 arg1 == 1
FAIL: gcc.dg/guality/pr36728-2.c  -Os  line 16 arg1 == 1
FAIL: gcc.dg/guality/pr36728-2.c  -Os  line 18 arg1 == 1
FAIL: gcc.dg/guality/pr36728-2.c  -O2 -flto -fno-use-linker-plugin -flto-partition=none  line 16 arg1 == 1
FAIL: gcc.dg/guality/pr36728-2.c  -O2 -flto -fno-use-linker-plugin -flto-partition=none  line 18 arg1 == 1
FAIL: gcc.dg/guality/pr36728-2.c  -O2 -flto -fuse-linker-plugin -fno-fat-lto-objects  line 16 arg1 == 1
FAIL: gcc.dg/guality/pr36728-2.c  -O2 -flto -fuse-linker-plugin -fno-fat-lto-objects  line 18 arg1 == 1
FAIL: gcc.dg/guality/pr36728-3.c  -O1  line 14 arg1 == 1
FAIL: gcc.dg/guality/pr36728-3.c  -O1  line 16 arg1 == 1
FAIL: gcc.dg/guality/pr36728-3.c  -O2  line 14 arg1 == 1
FAIL: gcc.dg/guality/pr36728-3.c  -O2  line 16 arg1 == 1
FAIL: gcc.dg/guality/pr36728-3.c  -O3 -fomit-frame-pointer  line 14 arg1 == 1
FAIL: gcc.dg/guality/pr36728-3.c  -O3 -fomit-frame-pointer  line 16 arg1 == 1
FAIL: gcc.dg/guality/pr36728-3.c  -O3 -g  line 14 arg1 == 1
FAIL: gcc.dg/guality/pr36728-3.c  -O3 -g  line 16 arg1 == 1
FAIL: gcc.dg/guality/pr36728-3.c  -Os  line 14 arg1 == 1
FAIL: gcc.dg/guality/pr36728-3.c  -Os  line 16 arg1 == 1
FAIL: gcc.dg/guality/pr36728-3.c  -O2 -flto -fno-use-linker-plugin -flto-partition=none  line 14 arg1 == 1
FAIL: gcc.dg/guality/pr36728-3.c  -O2 -flto -fno-use-linker-plugin -flto-partition=none  line 16 arg1 == 1
FAIL: gcc.dg/guality/pr36728-3.c  -O2 -flto -fuse-linker-plugin -fno-fat-lto-objects  line 14 arg1 == 1
FAIL: gcc.dg/guality/pr36728-3.c  -O2 -flto -fuse-linker-plugin -fno-fat-lto-objects  line 16 arg1 == 1
XPASS: gcc.dg/guality/pr41353-1.c  -O0  line 28 j == 28 + 37
FAIL: gcc.dg/guality/pr41404-1.c  -O2 -flto -fuse-linker-plugin -fno-fat-lto-objects  line 10 *foo == 'f'
FAIL: gcc.dg/guality/pr41404-1.c  -O2 -flto -fuse-linker-plugin -fno-fat-lto-objects  line 14 *foo == 'b'
FAIL: gcc.dg/guality/pr41404-1.c  -O2 -flto -fuse-linker-plugin -fno-fat-lto-objects  line 24 *foo == 'f'
XPASS: gcc.dg/guality/pr41447-1.c  -O0  execution test
XPASS: gcc.dg/guality/pr41447-1.c  -O1  execution test
XPASS: gcc.dg/guality/pr41447-1.c  -O2  execution test
XPASS: gcc.dg/guality/pr41447-1.c  -O3 -fomit-frame-pointer  execution test
XPASS: gcc.dg/guality/pr41447-1.c  -O3 -g  execution test
XPASS: gcc.dg/guality/pr41447-1.c  -Os  execution test
XPASS: gcc.dg/guality/pr41447-1.c  -O2 -flto -fno-use-linker-plugin -flto-partition=none  execution test
XPASS: gcc.dg/guality/pr41447-1.c  -O2 -flto -fuse-linker-plugin -fno-fat-lto-objects  execution test
XPASS: gcc.dg/guality/pr41616-1.c  -O0  execution test
XPASS: gcc.dg/guality/pr41616-1.c  -O1  execution test
XPASS: gcc.dg/guality/pr41616-1.c  -O2  execution test
XPASS: gcc.dg/guality/pr41616-1.c  -O3 -fomit-frame-pointer  execution test
XPASS: gcc.dg/guality/pr41616-1.c  -O3 -g  execution test
XPASS: gcc.dg/guality/pr41616-1.c  -Os  execution test
XPASS: gcc.dg/guality/pr41616-1.c  -O2 -flto -fno-use-linker-plugin -flto-partition=none  execution test
FAIL: gcc.dg/guality/pr48437.c  -O2 -flto -fno-use-linker-plugin -flto-partition=none  line 14 i == 0
FAIL: gcc.dg/guality/pr48437.c  -O2 -flto -fuse-linker-plugin -fno-fat-lto-objects  line 14 i == 0
FAIL: gcc.dg/guality/pr54200.c  -Os  line 20 z == 3
FAIL: gcc.dg/guality/pr54519-1.c  -O2 -flto -fno-use-linker-plugin -flto-partition=none  line 20 y == 25
FAIL: gcc.dg/guality/pr54519-1.c  -O2 -flto -fno-use-linker-plugin -flto-partition=none  line 20 z == 6
FAIL: gcc.dg/guality/pr54519-1.c  -O2 -flto -fno-use-linker-plugin -flto-partition=none  line 23 y == 117
FAIL: gcc.dg/guality/pr54519-1.c  -O2 -flto -fno-use-linker-plugin -flto-partition=none  line 23 z == 8
FAIL: gcc.dg/guality/pr54519-2.c  -O2 -flto -fno-use-linker-plugin -flto-partition=none  line 17 y == 25
FAIL: gcc.dg/guality/pr54519-2.c  -O2 -flto -fuse-linker-plugin -fno-fat-lto-objects  line 17 y == 25
FAIL: gcc.dg/guality/pr54519-3.c  -O2 -flto -fno-use-linker-plugin -flto-partition=none  line 20 y == 25
FAIL: gcc.dg/guality/pr54519-3.c  -O2 -flto -fno-use-linker-plugin -flto-partition=none  line 20 z == 6
FAIL: gcc.dg/guality/pr54519-3.c  -O2 -flto -fno-use-linker-plugin -flto-partition=none  line 23 y == 117
FAIL: gcc.dg/guality/pr54519-3.c  -O2 -flto -fno-use-linker-plugin -flto-partition=none  line 23 z == 8
FAIL: gcc.dg/guality/pr54519-3.c  -O2 -flto -fuse-linker-plugin -fno-fat-lto-objects  line 20 y == 25
FAIL: gcc.dg/guality/pr54519-3.c  -O2 -flto -fuse-linker-plugin -fno-fat-lto-objects  line 20 z == 6
FAIL: gcc.dg/guality/pr54519-3.c  -O2 -flto -fuse-linker-plugin -fno-fat-lto-objects  line 23 y == 117
FAIL: gcc.dg/guality/pr54519-3.c  -O2 -flto -fuse-linker-plugin -fno-fat-lto-objects  line 23 z == 8
FAIL: gcc.dg/guality/pr54519-4.c  -O2 -flto -fno-use-linker-plugin -flto-partition=none  line 17 y == 25
FAIL: gcc.dg/guality/pr54519-4.c  -O2 -flto -fuse-linker-plugin -fno-fat-lto-objects  line 17 y == 25
FAIL: gcc.dg/guality/pr54519-5.c  -O2 -flto -fno-use-linker-plugin -flto-partition=none  line 17 y == 25
FAIL: gcc.dg/guality/pr54519-5.c  -O2 -flto -fuse-linker-plugin -fno-fat-lto-objects  line 17 y == 25
FAIL: gcc.dg/guality/pr54693-2.c  -O2  line 21 z == 30 - 3 * i
FAIL: gcc.dg/guality/pr54693-2.c  -O3 -fomit-frame-pointer  line 21 z == 30 - 3 * i
FAIL: gcc.dg/guality/pr54693-2.c  -O3 -g  line 21 z == 30 - 3 * i
FAIL: gcc.dg/guality/pr54693-2.c  -Os  line 21 z == 30 - 3 * i
FAIL: gcc.dg/guality/pr54693-2.c  -O2 -flto -fno-use-linker-plugin -flto-partition=none  line 21 z == 30 - 3 * i
FAIL: gcc.dg/guality/pr54693-2.c  -O2 -flto -fuse-linker-plugin -fno-fat-lto-objects  line 21 z == 30 - 3 * i
FAIL: gcc.dg/guality/sra-1.c  -O1  line 43 a.j == 14
FAIL: gcc.dg/guality/sra-1.c  -O2  line 43 a.j == 14
FAIL: gcc.dg/guality/sra-1.c  -O3 -fomit-frame-pointer  line 43 a.j == 14
FAIL: gcc.dg/guality/sra-1.c  -O3 -g  line 43 a.j == 14
FAIL: gcc.dg/guality/sra-1.c  -Os  line 43 a.j == 14
FAIL: gcc.dg/guality/sra-1.c  -O2 -flto -fno-use-linker-plugin -flto-partition=none  line 43 a.j == 14
FAIL: gcc.dg/guality/sra-1.c  -O2 -flto -fuse-linker-plugin -fno-fat-lto-objects  line 43 a.j == 14
FAIL: gcc.dg/guality/vla-1.c  -O1  line 17 sizeof (a) == 6
FAIL: gcc.dg/guality/vla-1.c  -O2  line 17 sizeof (a) == 6
FAIL: gcc.dg/guality/vla-1.c  -O3 -fomit-frame-pointer  line 17 sizeof (a) == 6
FAIL: gcc.dg/guality/vla-1.c  -O3 -g  line 17 sizeof (a) == 6
FAIL: gcc.dg/guality/vla-1.c  -Os  line 17 sizeof (a) == 6
FAIL: gcc.dg/guality/vla-1.c  -O2 -flto -fno-use-linker-plugin -flto-partition=none  line 17 sizeof (a) == 6
FAIL: gcc.dg/guality/vla-1.c  -O2 -flto -fuse-linker-plugin -fno-fat-lto-objects  line 17 sizeof (a) == 6
FAIL: gcc.target/mips/loongson-simd.c  -O0  (test for excess errors)
FAIL: gcc.target/mips/loongson-simd.c  -O1  (test for excess errors)
FAIL: gcc.target/mips/loongson-simd.c  -O2  (test for excess errors)
FAIL: gcc.target/mips/loongson-simd.c  -O3 -fomit-frame-pointer  (test for excess errors)
FAIL: gcc.target/mips/loongson-simd.c  -O3 -g  (test for excess errors)
FAIL: gcc.target/mips/loongson-simd.c  -Os  (test for excess errors)
FAIL: gcc.target/mips/loongson-simd.c  -O2 -flto -fno-use-linker-plugin -flto-partition=none  (test for excess errors)
FAIL: gcc.target/mips/loongson-simd.c  -O2 -flto -fuse-linker-plugin -fno-fat-lto-objects  (test for excess errors)
FAIL: gcc.target/mips/mips-3d-1.c  -O0  (test for excess errors)
FAIL: gcc.target/mips/mips-3d-1.c  -O1  (test for excess errors)
FAIL: gcc.target/mips/mips-3d-1.c  -O2  (test for excess errors)
FAIL: gcc.target/mips/mips-3d-1.c  -O3 -fomit-frame-pointer  (test for excess errors)
FAIL: gcc.target/mips/mips-3d-1.c  -O3 -g  (test for excess errors)
FAIL: gcc.target/mips/mips-3d-1.c  -Os  (test for excess errors)
FAIL: gcc.target/mips/mips-3d-1.c  -O2 -flto -fno-use-linker-plugin -flto-partition=none  (test for excess errors)
FAIL: gcc.target/mips/mips-3d-1.c  -O2 -flto -fuse-linker-plugin -fno-fat-lto-objects  (test for excess errors)
FAIL: gcc.target/mips/mips-3d-2.c  -O0  (test for excess errors)
FAIL: gcc.target/mips/mips-3d-2.c  -O1  (test for excess errors)
FAIL: gcc.target/mips/mips-3d-2.c  -O2  (test for excess errors)
FAIL: gcc.target/mips/mips-3d-2.c  -O3 -fomit-frame-pointer  (test for excess errors)
FAIL: gcc.target/mips/mips-3d-2.c  -O3 -g  (test for excess errors)
FAIL: gcc.target/mips/mips-3d-2.c  -Os  (test for excess errors)
FAIL: gcc.target/mips/mips-3d-2.c  -O2 -flto -fno-use-linker-plugin -flto-partition=none  (test for excess errors)
FAIL: gcc.target/mips/mips-3d-2.c  -O2 -flto -fuse-linker-plugin -fno-fat-lto-objects  (test for excess errors)
FAIL: gcc.target/mips/mips-3d-3.c  -O0  (test for excess errors)
FAIL: gcc.target/mips/mips-3d-3.c  -O1  (test for excess errors)
FAIL: gcc.target/mips/mips-3d-3.c  -O2  (test for excess errors)
FAIL: gcc.target/mips/mips-3d-3.c  -O3 -fomit-frame-pointer  (test for excess errors)
FAIL: gcc.target/mips/mips-3d-3.c  -O3 -g  (test for excess errors)
FAIL: gcc.target/mips/mips-3d-3.c  -Os  (test for excess errors)
FAIL: gcc.target/mips/mips-3d-3.c  -O2 -flto -fno-use-linker-plugin -flto-partition=none  (test for excess errors)
FAIL: gcc.target/mips/mips-3d-3.c  -O2 -flto -fuse-linker-plugin -fno-fat-lto-objects  (test for excess errors)
FAIL: gcc.target/mips/mips-3d-4.c  -O0  (test for excess errors)
FAIL: gcc.target/mips/mips-3d-4.c  -O1  (test for excess errors)
FAIL: gcc.target/mips/mips-3d-4.c  -O2  (test for excess errors)
FAIL: gcc.target/mips/mips-3d-4.c  -O3 -fomit-frame-pointer  (test for excess errors)
FAIL: gcc.target/mips/mips-3d-4.c  -O3 -g  (test for excess errors)
FAIL: gcc.target/mips/mips-3d-4.c  -Os  (test for excess errors)
FAIL: gcc.target/mips/mips-3d-4.c  -O2 -flto -fno-use-linker-plugin -flto-partition=none  (test for excess errors)
FAIL: gcc.target/mips/mips-3d-4.c  -O2 -flto -fuse-linker-plugin -fno-fat-lto-objects  (test for excess errors)
FAIL: gcc.target/mips/mips-3d-5.c  -O0  (test for excess errors)
FAIL: gcc.target/mips/mips-3d-5.c  -O1  (test for excess errors)
FAIL: gcc.target/mips/mips-3d-5.c  -O2  (test for excess errors)
FAIL: gcc.target/mips/mips-3d-5.c  -O3 -fomit-frame-pointer  (test for excess errors)
FAIL: gcc.target/mips/mips-3d-5.c  -O3 -g  (test for excess errors)
FAIL: gcc.target/mips/mips-3d-5.c  -Os  (test for excess errors)
FAIL: gcc.target/mips/mips-3d-5.c  -O2 -flto -fno-use-linker-plugin -flto-partition=none  (test for excess errors)
FAIL: gcc.target/mips/mips-3d-5.c  -O2 -flto -fuse-linker-plugin -fno-fat-lto-objects  (test for excess errors)
FAIL: gcc.target/mips/mips-3d-6.c  -O0  (test for excess errors)
FAIL: gcc.target/mips/mips-3d-6.c  -O1  (test for excess errors)
FAIL: gcc.target/mips/mips-3d-6.c  -O2  (test for excess errors)
FAIL: gcc.target/mips/mips-3d-6.c  -O3 -fomit-frame-pointer  (test for excess errors)
FAIL: gcc.target/mips/mips-3d-6.c  -O3 -g  (test for excess errors)
FAIL: gcc.target/mips/mips-3d-6.c  -Os  (test for excess errors)
FAIL: gcc.target/mips/mips-3d-6.c  -O2 -flto -fno-use-linker-plugin -flto-partition=none  (test for excess errors)
FAIL: gcc.target/mips/mips-3d-6.c  -O2 -flto -fuse-linker-plugin -fno-fat-lto-objects  (test for excess errors)
FAIL: gcc.target/mips/mips-3d-7.c  -O0  (test for excess errors)
FAIL: gcc.target/mips/mips-3d-7.c  -O1  (test for excess errors)
FAIL: gcc.target/mips/mips-3d-7.c  -O2  (test for excess errors)
FAIL: gcc.target/mips/mips-3d-7.c  -O3 -fomit-frame-pointer  (test for excess errors)
FAIL: gcc.target/mips/mips-3d-7.c  -O3 -g  (test for excess errors)
FAIL: gcc.target/mips/mips-3d-7.c  -Os  (test for excess errors)
FAIL: gcc.target/mips/mips-3d-7.c  -O2 -flto -fno-use-linker-plugin -flto-partition=none  (test for excess errors)
FAIL: gcc.target/mips/mips-3d-7.c  -O2 -flto -fuse-linker-plugin -fno-fat-lto-objects  (test for excess errors)
FAIL: gcc.target/mips/mips-3d-8.c  -O0  (test for excess errors)
FAIL: gcc.target/mips/mips-3d-8.c  -O1  (test for excess errors)
FAIL: gcc.target/mips/mips-3d-8.c  -O2  (test for excess errors)
FAIL: gcc.target/mips/mips-3d-8.c  -O3 -fomit-frame-pointer  (test for excess errors)
FAIL: gcc.target/mips/mips-3d-8.c  -O3 -g  (test for excess errors)
FAIL: gcc.target/mips/mips-3d-8.c  -Os  (test for excess errors)
FAIL: gcc.target/mips/mips-3d-8.c  -O2 -flto -fno-use-linker-plugin -flto-partition=none  (test for excess errors)
FAIL: gcc.target/mips/mips-3d-8.c  -O2 -flto -fuse-linker-plugin -fno-fat-lto-objects  (test for excess errors)
FAIL: gcc.target/mips/mips-3d-9.c  -O0  (test for excess errors)
FAIL: gcc.target/mips/mips-3d-9.c  -O1  (test for excess errors)
FAIL: gcc.target/mips/mips-3d-9.c  -O2  (test for excess errors)
FAIL: gcc.target/mips/mips-3d-9.c  -O3 -fomit-frame-pointer  (test for excess errors)
FAIL: gcc.target/mips/mips-3d-9.c  -O3 -fomit-frame-pointer -funroll-loops  (test for excess errors)
FAIL: gcc.target/mips/mips-3d-9.c  -O3 -fomit-frame-pointer -funroll-all-loops -finline-functions  (test for excess errors)
FAIL: gcc.target/mips/mips-3d-9.c  -O3 -g  (test for excess errors)
FAIL: gcc.target/mips/mips-3d-9.c  -Os  (test for excess errors)
FAIL: gcc.target/mips/mips-3d-9.c  -O2 -flto -fno-use-linker-plugin -flto-partition=none  (test for excess errors)
FAIL: gcc.target/mips/mips-3d-9.c  -O2 -flto -fuse-linker-plugin -fno-fat-lto-objects  (test for excess errors)
FAIL: gcc.target/mips/mips-ps-1.c  -O0  (test for excess errors)
FAIL: gcc.target/mips/mips-ps-1.c  -O1  (test for excess errors)
FAIL: gcc.target/mips/mips-ps-1.c  -O2  (test for excess errors)
FAIL: gcc.target/mips/mips-ps-1.c  -O3 -fomit-frame-pointer  (test for excess errors)
FAIL: gcc.target/mips/mips-ps-1.c  -O3 -g  (test for excess errors)
FAIL: gcc.target/mips/mips-ps-1.c  -Os  (test for excess errors)
FAIL: gcc.target/mips/mips-ps-1.c  -O2 -flto -fno-use-linker-plugin -flto-partition=none  (test for excess errors)
FAIL: gcc.target/mips/mips-ps-1.c  -O2 -flto -fuse-linker-plugin -fno-fat-lto-objects  (test for excess errors)
FAIL: gcc.target/mips/mips-ps-2.c  -O0  (test for excess errors)
FAIL: gcc.target/mips/mips-ps-2.c  -O1  (test for excess errors)
FAIL: gcc.target/mips/mips-ps-2.c  -O2  (test for excess errors)
FAIL: gcc.target/mips/mips-ps-2.c  -O3 -fomit-frame-pointer  (test for excess errors)
FAIL: gcc.target/mips/mips-ps-2.c  -O3 -g  (test for excess errors)
FAIL: gcc.target/mips/mips-ps-2.c  -Os  (test for excess errors)
FAIL: gcc.target/mips/mips-ps-2.c  -O2 -flto -fno-use-linker-plugin -flto-partition=none  (test for excess errors)
FAIL: gcc.target/mips/mips-ps-2.c  -O2 -flto -fuse-linker-plugin -fno-fat-lto-objects  (test for excess errors)
FAIL: gcc.target/mips/mips-ps-3.c  -O0  (test for excess errors)
FAIL: gcc.target/mips/mips-ps-3.c  -O1  (test for excess errors)
FAIL: gcc.target/mips/mips-ps-3.c  -O2  (test for excess errors)
FAIL: gcc.target/mips/mips-ps-3.c  -O3 -fomit-frame-pointer  (test for excess errors)
FAIL: gcc.target/mips/mips-ps-3.c  -O3 -g  (test for excess errors)
FAIL: gcc.target/mips/mips-ps-3.c  -Os  (test for excess errors)
FAIL: gcc.target/mips/mips-ps-3.c  -O2 -flto -fno-use-linker-plugin -flto-partition=none  (test for excess errors)
FAIL: gcc.target/mips/mips-ps-3.c  -O2 -flto -fuse-linker-plugin -fno-fat-lto-objects  (test for excess errors)
FAIL: gcc.target/mips/mips-ps-4.c  -O0  (test for excess errors)
FAIL: gcc.target/mips/mips-ps-4.c  -O1  (test for excess errors)
FAIL: gcc.target/mips/mips-ps-4.c  -O2  (test for excess errors)
FAIL: gcc.target/mips/mips-ps-4.c  -O3 -fomit-frame-pointer  (test for excess errors)
FAIL: gcc.target/mips/mips-ps-4.c  -O3 -g  (test for excess errors)
FAIL: gcc.target/mips/mips-ps-4.c  -Os  (test for excess errors)
FAIL: gcc.target/mips/mips-ps-4.c  -O2 -flto -fno-use-linker-plugin -flto-partition=none  (test for excess errors)
FAIL: gcc.target/mips/mips-ps-4.c  -O2 -flto -fuse-linker-plugin -fno-fat-lto-objects  (test for excess errors)
FAIL: gcc.target/mips/mips-ps-6.c  -O0  (test for excess errors)
FAIL: gcc.target/mips/mips-ps-6.c  -O1  (test for excess errors)
FAIL: gcc.target/mips/mips-ps-6.c  -O2  (test for excess errors)
FAIL: gcc.target/mips/mips-ps-6.c  -O3 -fomit-frame-pointer  (test for excess errors)
FAIL: gcc.target/mips/mips-ps-6.c  -O3 -g  (test for excess errors)
FAIL: gcc.target/mips/mips-ps-6.c  -Os  (test for excess errors)
FAIL: gcc.target/mips/mips-ps-6.c  -O2 -flto -fno-use-linker-plugin -flto-partition=none  (test for excess errors)
FAIL: gcc.target/mips/mips-ps-6.c  -O2 -flto -fuse-linker-plugin -fno-fat-lto-objects  (test for excess errors)
FAIL: gcc.target/mips/umips-lwp-1.c  -O1   scan-assembler \\tlwp\\t\\\\\$5,0\\\\(\\\\\$4\\\\)
FAIL: gcc.target/mips/umips-lwp-1.c  -O2   scan-assembler \\tlwp\\t\\\\\$5,0\\\\(\\\\\$4\\\\)
FAIL: gcc.target/mips/umips-lwp-1.c  -O3 -fomit-frame-pointer   scan-assembler \\tlwp\\t\\\\\$5,0\\\\(\\\\\$4\\\\)
FAIL: gcc.target/mips/umips-lwp-1.c  -O3 -g   scan-assembler \\tlwp\\t\\\\\$5,0\\\\(\\\\\$4\\\\)
FAIL: gcc.target/mips/umips-lwp-1.c  -Os   scan-assembler \\tlwp\\t\\\\\$5,0\\\\(\\\\\$4\\\\)
FAIL: gcc.target/mips/umips-lwp-1.c  -O2 -flto -fno-use-linker-plugin -flto-partition=none   scan-assembler \\tlwp\\t\\\\\$5,0\\\\(\\\\\$4\\\\)
FAIL: gcc.target/mips/umips-lwp-1.c  -O2 -flto -fuse-linker-plugin -fno-fat-lto-objects   scan-assembler \\tlwp\\t\\\\\$5,0\\\\(\\\\\$4\\\\)
FAIL: gcc.target/mips/umips-lwp-2.c  -O1   scan-assembler \\tlwp\\t\\\\\$5,0\\\\(\\\\\$4\\\\)
FAIL: gcc.target/mips/umips-lwp-2.c  -O2   scan-assembler \\tlwp\\t\\\\\$5,0\\\\(\\\\\$4\\\\)
FAIL: gcc.target/mips/umips-lwp-2.c  -O3 -fomit-frame-pointer   scan-assembler \\tlwp\\t\\\\\$5,0\\\\(\\\\\$4\\\\)
FAIL: gcc.target/mips/umips-lwp-2.c  -O3 -g   scan-assembler \\tlwp\\t\\\\\$5,0\\\\(\\\\\$4\\\\)
FAIL: gcc.target/mips/umips-lwp-2.c  -Os   scan-assembler \\tlwp\\t\\\\\$5,0\\\\(\\\\\$4\\\\)
FAIL: gcc.target/mips/umips-lwp-2.c  -O2 -flto -fno-use-linker-plugin -flto-partition=none   scan-assembler \\tlwp\\t\\\\\$5,0\\\\(\\\\\$4\\\\)
FAIL: gcc.target/mips/umips-lwp-2.c  -O2 -flto -fuse-linker-plugin -fno-fat-lto-objects   scan-assembler \\tlwp\\t\\\\\$5,0\\\\(\\\\\$4\\\\)
FAIL: gcc.target/mips/umips-lwp-3.c  -O1   scan-assembler \\tlwp\\t\\\\\$5,2044\\\\(\\\\\$4\\\\)
FAIL: gcc.target/mips/umips-lwp-3.c  -O2   scan-assembler \\tlwp\\t\\\\\$5,2044\\\\(\\\\\$4\\\\)
FAIL: gcc.target/mips/umips-lwp-3.c  -O3 -fomit-frame-pointer   scan-assembler \\tlwp\\t\\\\\$5,2044\\\\(\\\\\$4\\\\)
FAIL: gcc.target/mips/umips-lwp-3.c  -O3 -g   scan-assembler \\tlwp\\t\\\\\$5,2044\\\\(\\\\\$4\\\\)
FAIL: gcc.target/mips/umips-lwp-3.c  -Os   scan-assembler \\tlwp\\t\\\\\$5,2044\\\\(\\\\\$4\\\\)
FAIL: gcc.target/mips/umips-lwp-3.c  -O2 -flto -fno-use-linker-plugin -flto-partition=none   scan-assembler \\tlwp\\t\\\\\$5,2044\\\\(\\\\\$4\\\\)
FAIL: gcc.target/mips/umips-lwp-3.c  -O2 -flto -fuse-linker-plugin -fno-fat-lto-objects   scan-assembler \\tlwp\\t\\\\\$5,2044\\\\(\\\\\$4\\\\)
FAIL: gcc.target/mips/umips-lwp-4.c  -O1   scan-assembler \\tlwp\\t\\\\\$5,2044\\\\(\\\\\$4\\\\)
FAIL: gcc.target/mips/umips-lwp-4.c  -O2   scan-assembler \\tlwp\\t\\\\\$5,2044\\\\(\\\\\$4\\\\)
FAIL: gcc.target/mips/umips-lwp-4.c  -O3 -fomit-frame-pointer   scan-assembler \\tlwp\\t\\\\\$5,2044\\\\(\\\\\$4\\\\)
FAIL: gcc.target/mips/umips-lwp-4.c  -O3 -g   scan-assembler \\tlwp\\t\\\\\$5,2044\\\\(\\\\\$4\\\\)
FAIL: gcc.target/mips/umips-lwp-4.c  -Os   scan-assembler \\tlwp\\t\\\\\$5,2044\\\\(\\\\\$4\\\\)
FAIL: gcc.target/mips/umips-lwp-4.c  -O2 -flto -fno-use-linker-plugin -flto-partition=none   scan-assembler \\tlwp\\t\\\\\$5,2044\\\\(\\\\\$4\\\\)
FAIL: gcc.target/mips/umips-lwp-4.c  -O2 -flto -fuse-linker-plugin -fno-fat-lto-objects   scan-assembler \\tlwp\\t\\\\\$5,2044\\\\(\\\\\$4\\\\)

		=== gcc Summary ===

# of expected passes		100150
# of unexpected failures	251
# of unexpected successes	29
# of expected failures		160
# of unsupported tests		1706
/home/aaro/gcctest/gcctest/build/gcc/xgcc  version 4.9.2 (GCC) 

		=== libatomic tests ===


Running target unix

		=== libatomic Summary ===

# of expected passes		44
# of unsupported tests		5
		=== libgomp tests ===


Running target unix
FAIL: libgomp.c/cancel-for-1.c execution test
FAIL: libgomp.c/cancel-for-2.c execution test
FAIL: libgomp.c/cancel-parallel-1.c execution test
FAIL: libgomp.c/cancel-parallel-2.c execution test
FAIL: libgomp.c/cancel-sections-1.c execution test
FAIL: libgomp.c/omp-loop03.c execution test
FAIL: libgomp.c++/cancel-for-1.C execution test
FAIL: libgomp.c++/cancel-for-2.C execution test
FAIL: libgomp.c++/cancel-parallel-1.C execution test
FAIL: libgomp.c++/cancel-parallel-2.C execution test
FAIL: libgomp.c++/cancel-sections-1.C execution test
FAIL: libgomp.c++/loop-3.C execution test

		=== libgomp Summary ===

# of expected passes		679
# of unexpected failures	12
# of unsupported tests		1
		=== libstdc++ tests ===


Running target unix
FAIL: libstdc++-abi/abi_check
FAIL: 23_containers/list/pthread1.cc execution test
FAIL: 23_containers/vector/bool/modifiers/insert/31370.cc execution test
FAIL: 28_regex/algorithms/regex_match/ecma/wchar_t/anymatcher.cc (test for excess errors)
UNRESOLVED: 28_regex/algorithms/regex_match/ecma/wchar_t/anymatcher.cc compilation failed to produce executable
FAIL: 28_regex/algorithms/regex_match/ecma/wchar_t/cjk_match.cc (test for excess errors)
UNRESOLVED: 28_regex/algorithms/regex_match/ecma/wchar_t/cjk_match.cc compilation failed to produce executable
FAIL: 28_regex/basic_regex/assign/wchar_t/cstring.cc (test for excess errors)
FAIL: 28_regex/basic_regex/assign/wchar_t/cstring_op.cc (test for excess errors)
FAIL: 28_regex/basic_regex/assign/wchar_t/pstring.cc (test for excess errors)
FAIL: ext/pb_ds/regression/tree_map_rand.cc (test for excess errors)
FAIL: ext/pb_ds/regression/tree_map_rand.cc execution test
WARNING: program timed out.
WARNING: program timed out.
WARNING: program timed out.
WARNING: program timed out.
WARNING: program timed out.
WARNING: program timed out.
WARNING: program timed out.
WARNING: program timed out.

		=== libstdc++ Summary ===

# of expected passes		9075
# of unexpected failures	10
# of expected failures		41
# of unresolved testcases	2
# of unsupported tests		565

Compiler version: 4.9.2 (GCC) 
Platform: mips-unknown-linux-gnu
configure flags: --with-arch=octeon+ --with-abi=32 --enable-targets=all --with-float=soft --disable-nls --enable-languages=c,c++ --host=mips-unknown-linux-gnu --build=mips-unknown-linux-gnu --target=mips-unknown-linux-gnu --with-system-zlib --with-sysroot=/ --disable-static --enable-shared


Index Nav: [Date Index] [Subject Index] [Author Index] [Thread Index]
Message Nav: [Date Prev] [Date Next] [Thread Prev] [Thread Next]