This is the mail archive of the gcc-testresults@gcc.gnu.org mailing list for the GCC project.


Index Nav: [Date Index] [Subject Index] [Author Index] [Thread Index]
Message Nav: [Date Prev] [Date Next] [Thread Prev] [Thread Next]
Other format: [Raw text]

Results for 5.0.0 20141103 (Mon Nov 3 19:28:17 PST 2014 build.sh rev=1087 s=FCtrunk -FSF t=DGNOBOARD NLAe600 -V nightly_NLAe600) (GCC) testsuite on powerpc-unknown-linux-gnualtivec


Native configuration is powerpc-unknown-linux-gnualtivec

		=== gcc tests ===


Running target unix
FAIL: gcc.c-torture/compile/920825-1.c   -Os  (test for excess errors)
FAIL: c-c++-common/asan/misalign-1.c   -O0  output pattern test, is =================================================================
FAIL: c-c++-common/asan/misalign-1.c   -O1  output pattern test, is =================================================================
FAIL: c-c++-common/asan/misalign-1.c   -O2  output pattern test, is =================================================================
FAIL: c-c++-common/asan/misalign-1.c   -O2 -flto -fno-use-linker-plugin -flto-partition=none  output pattern test, is =================================================================
FAIL: c-c++-common/asan/misalign-1.c   -O2 -flto -fuse-linker-plugin -fno-fat-lto-objects  output pattern test, is =================================================================
FAIL: c-c++-common/asan/misalign-1.c   -O3 -fomit-frame-pointer  output pattern test, is =================================================================
FAIL: c-c++-common/asan/misalign-1.c   -O3 -g  output pattern test, is =================================================================
FAIL: c-c++-common/asan/misalign-1.c   -Os  output pattern test, is =================================================================
FAIL: c-c++-common/asan/misalign-2.c   -O0  output pattern test, is =================================================================
FAIL: c-c++-common/asan/misalign-2.c   -O1  output pattern test, is =================================================================
FAIL: c-c++-common/asan/misalign-2.c   -O2  output pattern test, is =================================================================
FAIL: c-c++-common/asan/misalign-2.c   -O2 -flto -fno-use-linker-plugin -flto-partition=none  output pattern test, is =================================================================
FAIL: c-c++-common/asan/misalign-2.c   -O2 -flto -fuse-linker-plugin -fno-fat-lto-objects  output pattern test, is =================================================================
FAIL: c-c++-common/asan/misalign-2.c   -O3 -fomit-frame-pointer  output pattern test, is =================================================================
FAIL: c-c++-common/asan/misalign-2.c   -O3 -g  output pattern test, is =================================================================
FAIL: c-c++-common/asan/misalign-2.c   -Os  output pattern test, is =================================================================
FAIL: c-c++-common/asan/null-deref-1.c   -O0  output pattern test, is ASAN:SIGSEGV
FAIL: c-c++-common/asan/null-deref-1.c   -O1  output pattern test, is ASAN:SIGSEGV
FAIL: c-c++-common/asan/null-deref-1.c   -O2  output pattern test, is ASAN:SIGSEGV
FAIL: c-c++-common/asan/null-deref-1.c   -O2 -flto -fno-use-linker-plugin -flto-partition=none  output pattern test, is ASAN:SIGSEGV
FAIL: c-c++-common/asan/null-deref-1.c   -O2 -flto -fuse-linker-plugin -fno-fat-lto-objects  output pattern test, is ASAN:SIGSEGV
FAIL: c-c++-common/asan/null-deref-1.c   -O3 -fomit-frame-pointer  output pattern test, is ASAN:SIGSEGV
FAIL: c-c++-common/asan/null-deref-1.c   -O3 -g  output pattern test, is ASAN:SIGSEGV
FAIL: c-c++-common/asan/null-deref-1.c   -Os  output pattern test, is ASAN:SIGSEGV
FAIL: c-c++-common/asan/strlen-overflow-1.c   -O2  output pattern test, is =================================================================
FAIL: c-c++-common/asan/strlen-overflow-1.c   -O3 -fomit-frame-pointer  output pattern test, is =================================================================
FAIL: c-c++-common/asan/strlen-overflow-1.c   -O3 -g  output pattern test, is =================================================================
FAIL: c-c++-common/asan/strlen-overflow-1.c   -Os  output pattern test, is =================================================================
FAIL: tmpdir-gcc.dg-struct-layout-1/t024 c_compat_x_tst.o-c_compat_y_tst.o execute
FAIL: gcc.dg/20021014-1.c execution test
FAIL: gcc.dg/nest.c execution test
FAIL: gcc.dg/nested-func-4.c execution test
FAIL: gcc.dg/pr32450.c execution test
FAIL: gcc.dg/pr43643.c execution test
FAIL: gcc.dg/pr63594-1.c (test for excess errors)
FAIL: gcc.dg/pr63594-2.c (test for excess errors)
FAIL: gcc.dg/sms-8.c scan-rtl-dump-times sms "SMS succeeded" 0
FAIL: gcc.dg/graphite/vect-pr43423.c scan-tree-dump-times vect "vectorized 2 loops" 1
UNRESOLVED: gcc.dg/tree-prof/peel-1.c scan-rtl-dump loop2_unroll "Considering simply peeling loop"
FAIL: gcc.dg/tree-ssa/ldist-19.c scan-tree-dump-times ldist "generated memset" 5
FAIL: gcc.dg/tree-ssa/sra-12.c scan-tree-dump-times release_ssa "l;" 0
FAIL: gcc.dg/vect/costmodel/ppc/costmodel-bb-slp-9a.c scan-tree-dump-times slp2 "basic block vectorized using SLP" 1
FAIL: gcc.dg/vect/costmodel/ppc/costmodel-vect-31a.c scan-tree-dump-times vect "vectorization not profitable" 1
FAIL: gcc.dg/vect/costmodel/ppc/costmodel-vect-33.c scan-tree-dump-times vect "vectorization not profitable" 1
FAIL: gcc.dg/vect/no-vfa-vect-depend-2.c scan-tree-dump-times vect "vectorized 1 loops" 1
FAIL: gcc.dg/vect/no-vfa-vect-depend-3.c scan-tree-dump-times vect "vectorized 1 loops" 4
FAIL: gcc.dg/vect/pr37539.c (test for excess errors)
FAIL: gcc.dg/vect/pr37539.c -flto -ffat-lto-objects (test for excess errors)
UNRESOLVED: gcc.dg/vect/pr37539.c -flto -ffat-lto-objects compilation failed to produce executable
UNRESOLVED: gcc.dg/vect/pr37539.c compilation failed to produce executable
FAIL: gcc.dg/vect/pr56826.c (test for excess errors)
FAIL: gcc.dg/vect/pr56826.c -flto -ffat-lto-objects (test for excess errors)
UNRESOLVED: gcc.dg/vect/pr56826.c -flto -ffat-lto-objects compilation failed to produce executable
UNRESOLVED: gcc.dg/vect/pr56826.c compilation failed to produce executable
FAIL: gcc.dg/vect/pr59651.c (test for excess errors)
FAIL: gcc.dg/vect/pr59651.c -flto -ffat-lto-objects (test for excess errors)
UNRESOLVED: gcc.dg/vect/pr59651.c -flto -ffat-lto-objects compilation failed to produce executable
UNRESOLVED: gcc.dg/vect/pr59651.c compilation failed to produce executable
FAIL: gcc.dg/vect/vect-31.c -flto -ffat-lto-objects  scan-tree-dump-times vect "vectorized 4 loops" 1
FAIL: gcc.dg/vect/vect-31.c scan-tree-dump-times vect "vectorized 4 loops" 1
FAIL: gcc.dg/vmx/extract-vsx-be-order.c   -O0  (test for excess errors)
UNRESOLVED: gcc.dg/vmx/extract-vsx-be-order.c   -O0  compilation failed to produce executable
FAIL: gcc.dg/vmx/extract-vsx.c   -O0  (test for excess errors)
UNRESOLVED: gcc.dg/vmx/extract-vsx.c   -O0  compilation failed to produce executable
FAIL: gcc.dg/vmx/ld-vsx-be-order.c   -O0  (test for excess errors)
UNRESOLVED: gcc.dg/vmx/ld-vsx-be-order.c   -O0  compilation failed to produce executable
FAIL: gcc.dg/vmx/ld-vsx.c   -O0  (test for excess errors)
UNRESOLVED: gcc.dg/vmx/ld-vsx.c   -O0  compilation failed to produce executable
FAIL: gcc.dg/vmx/ldl-vsx-be-order.c   -O0  (test for excess errors)
UNRESOLVED: gcc.dg/vmx/ldl-vsx-be-order.c   -O0  compilation failed to produce executable
FAIL: gcc.dg/vmx/ldl-vsx.c   -O0  (test for excess errors)
UNRESOLVED: gcc.dg/vmx/ldl-vsx.c   -O0  compilation failed to produce executable
FAIL: gcc.dg/vmx/merge-vsx-be-order.c   -O0  (test for excess errors)
UNRESOLVED: gcc.dg/vmx/merge-vsx-be-order.c   -O0  compilation failed to produce executable
FAIL: gcc.dg/vmx/merge-vsx-be-order.c   -O1  (test for excess errors)
UNRESOLVED: gcc.dg/vmx/merge-vsx-be-order.c   -O1  compilation failed to produce executable
FAIL: gcc.dg/vmx/merge-vsx-be-order.c   -Os  (test for excess errors)
UNRESOLVED: gcc.dg/vmx/merge-vsx-be-order.c   -Os  compilation failed to produce executable
FAIL: gcc.dg/vmx/merge-vsx.c   -O0  (test for excess errors)
UNRESOLVED: gcc.dg/vmx/merge-vsx.c   -O0  compilation failed to produce executable
FAIL: gcc.dg/vmx/merge-vsx.c   -O1  (test for excess errors)
UNRESOLVED: gcc.dg/vmx/merge-vsx.c   -O1  compilation failed to produce executable
FAIL: gcc.dg/vmx/merge-vsx.c   -Os  (test for excess errors)
UNRESOLVED: gcc.dg/vmx/merge-vsx.c   -Os  compilation failed to produce executable
FAIL: gcc.dg/vmx/splat-vsx-be-order.c   -O0  (test for excess errors)
UNRESOLVED: gcc.dg/vmx/splat-vsx-be-order.c   -O0  compilation failed to produce executable
FAIL: gcc.dg/vmx/splat-vsx-be-order.c   -O1  (test for excess errors)
UNRESOLVED: gcc.dg/vmx/splat-vsx-be-order.c   -O1  compilation failed to produce executable
FAIL: gcc.dg/vmx/splat-vsx.c   -O0  (test for excess errors)
UNRESOLVED: gcc.dg/vmx/splat-vsx.c   -O0  compilation failed to produce executable
FAIL: gcc.dg/vmx/splat-vsx.c   -O1  (test for excess errors)
UNRESOLVED: gcc.dg/vmx/splat-vsx.c   -O1  compilation failed to produce executable
FAIL: gcc.dg/vmx/st-vsx-be-order.c   -O0  (test for excess errors)
UNRESOLVED: gcc.dg/vmx/st-vsx-be-order.c   -O0  compilation failed to produce executable
FAIL: gcc.dg/vmx/st-vsx.c   -O0  (test for excess errors)
UNRESOLVED: gcc.dg/vmx/st-vsx.c   -O0  compilation failed to produce executable
FAIL: gcc.dg/vmx/stl-vsx-be-order.c   -O0  (test for excess errors)
UNRESOLVED: gcc.dg/vmx/stl-vsx-be-order.c   -O0  compilation failed to produce executable
FAIL: gcc.dg/vmx/stl-vsx.c   -O0  (test for excess errors)
UNRESOLVED: gcc.dg/vmx/stl-vsx.c   -O0  compilation failed to produce executable
FAIL: gcc.target/powerpc/405-dlmzb-strlen-1.c scan-assembler dlmzb\\\\. 
FAIL: gcc.target/powerpc/440-dlmzb-strlen-1.c scan-assembler dlmzb\\\\. 
FAIL: gcc.target/powerpc/dfp-builtin-1.c (test for excess errors)
UNRESOLVED: gcc.target/powerpc/dfp-builtin-1.c scan-assembler-not bl __builtin
UNRESOLVED: gcc.target/powerpc/dfp-builtin-1.c scan-assembler-not dctqpq
UNRESOLVED: gcc.target/powerpc/dfp-builtin-1.c scan-assembler-not drdpq
UNRESOLVED: gcc.target/powerpc/dfp-builtin-1.c scan-assembler-not lfd
UNRESOLVED: gcc.target/powerpc/dfp-builtin-1.c scan-assembler-not stfd
UNRESOLVED: gcc.target/powerpc/dfp-builtin-1.c scan-assembler-times ddedpd  4
UNRESOLVED: gcc.target/powerpc/dfp-builtin-1.c scan-assembler-times denbcd  2
UNRESOLVED: gcc.target/powerpc/dfp-builtin-1.c scan-assembler-times diex  1
UNRESOLVED: gcc.target/powerpc/dfp-builtin-1.c scan-assembler-times dscli  2
UNRESOLVED: gcc.target/powerpc/dfp-builtin-1.c scan-assembler-times dscri  2
UNRESOLVED: gcc.target/powerpc/dfp-builtin-1.c scan-assembler-times dxex  1
FAIL: gcc.target/powerpc/dfp-builtin-2.c (test for excess errors)
UNRESOLVED: gcc.target/powerpc/dfp-builtin-2.c scan-assembler-not bl __builtin
UNRESOLVED: gcc.target/powerpc/dfp-builtin-2.c scan-assembler-not dctqpq
UNRESOLVED: gcc.target/powerpc/dfp-builtin-2.c scan-assembler-not drdpq
UNRESOLVED: gcc.target/powerpc/dfp-builtin-2.c scan-assembler-not lfd
UNRESOLVED: gcc.target/powerpc/dfp-builtin-2.c scan-assembler-not stfd
UNRESOLVED: gcc.target/powerpc/dfp-builtin-2.c scan-assembler-times ddedpdq  4
UNRESOLVED: gcc.target/powerpc/dfp-builtin-2.c scan-assembler-times denbcdq  2
UNRESOLVED: gcc.target/powerpc/dfp-builtin-2.c scan-assembler-times diexq  1
UNRESOLVED: gcc.target/powerpc/dfp-builtin-2.c scan-assembler-times dscliq  2
UNRESOLVED: gcc.target/powerpc/dfp-builtin-2.c scan-assembler-times dscriq  2
UNRESOLVED: gcc.target/powerpc/dfp-builtin-2.c scan-assembler-times dxexq  1
FAIL: gcc.target/powerpc/dfp-dd-2.c (test for excess errors)
UNRESOLVED: gcc.target/powerpc/dfp-dd-2.c scan-assembler-times fabs 1
UNRESOLVED: gcc.target/powerpc/dfp-dd-2.c scan-assembler-times fmr 0
UNRESOLVED: gcc.target/powerpc/dfp-dd-2.c scan-assembler-times fnabs 1
UNRESOLVED: gcc.target/powerpc/dfp-dd-2.c scan-assembler-times fneg 1
FAIL: gcc.target/powerpc/dfp-dd.c (test for excess errors)
UNRESOLVED: gcc.target/powerpc/dfp-dd.c scan-assembler dadd
UNRESOLVED: gcc.target/powerpc/dfp-dd.c scan-assembler ddiv
UNRESOLVED: gcc.target/powerpc/dfp-dd.c scan-assembler dmul
UNRESOLVED: gcc.target/powerpc/dfp-dd.c scan-assembler dsub
UNRESOLVED: gcc.target/powerpc/dfp-dd.c scan-assembler-times dcffixq 2
UNRESOLVED: gcc.target/powerpc/dfp-dd.c scan-assembler-times dcmpu 6
UNRESOLVED: gcc.target/powerpc/dfp-dd.c scan-assembler-times dctfix 2
UNRESOLVED: gcc.target/powerpc/dfp-dd.c scan-assembler-times drintn 2
FAIL: gcc.target/powerpc/dfp-td-2.c (test for excess errors)
UNRESOLVED: gcc.target/powerpc/dfp-td-2.c scan-assembler-times fabs 1
UNRESOLVED: gcc.target/powerpc/dfp-td-2.c scan-assembler-times fmr 0
UNRESOLVED: gcc.target/powerpc/dfp-td-2.c scan-assembler-times fnabs 1
UNRESOLVED: gcc.target/powerpc/dfp-td-2.c scan-assembler-times fneg 1
FAIL: gcc.target/powerpc/dfp-td-3.c (test for excess errors)
UNRESOLVED: gcc.target/powerpc/dfp-td-3.c scan-assembler-times fabs 1
UNRESOLVED: gcc.target/powerpc/dfp-td-3.c scan-assembler-times fmr 3
UNRESOLVED: gcc.target/powerpc/dfp-td-3.c scan-assembler-times fnabs 1
UNRESOLVED: gcc.target/powerpc/dfp-td-3.c scan-assembler-times fneg 1
FAIL: gcc.target/powerpc/dfp-td.c (test for excess errors)
UNRESOLVED: gcc.target/powerpc/dfp-td.c scan-assembler daddq
UNRESOLVED: gcc.target/powerpc/dfp-td.c scan-assembler ddivq
UNRESOLVED: gcc.target/powerpc/dfp-td.c scan-assembler dmulq
UNRESOLVED: gcc.target/powerpc/dfp-td.c scan-assembler dsubq
UNRESOLVED: gcc.target/powerpc/dfp-td.c scan-assembler-times dcffixq 2
UNRESOLVED: gcc.target/powerpc/dfp-td.c scan-assembler-times dcmpuq 6
UNRESOLVED: gcc.target/powerpc/dfp-td.c scan-assembler-times dctfixq 2
UNRESOLVED: gcc.target/powerpc/dfp-td.c scan-assembler-times drintnq 2
FAIL: gcc.target/powerpc/ppc-fmadd-1.c scan-assembler-not f(add|sub|mul|neg)
FAIL: gcc.target/powerpc/pr39902-2.c (test for excess errors)
UNRESOLVED: gcc.target/powerpc/pr39902-2.c scan-assembler-not fneg
FAIL: gcc.target/powerpc/pr48857.c scan-assembler-not ld
FAIL: gcc.target/powerpc/pr51623.c (test for excess errors)
FAIL: gcc.target/powerpc/pr53199.c scan-assembler-times lwbrx 6
FAIL: gcc.target/powerpc/pr53199.c scan-assembler-times stwbrx 6

		=== gcc Summary ===

# of expected passes		95096
# of unexpected failures	89
# of expected failures		219
# of unresolved testcases	78
# of unsupported tests		1967
/home/local/nightly/build/opt/freescale/NLAe600/obj_gcc/gcc/xgcc  version 5.0.0 20141103 (Mon Nov 3 19:28:17 PST 2014         build.sh rev=1087 s=FCtrunk -FSF t=DGNOBOARD NLAe600 -V nightly_NLAe600) (GCC) 

		=== gfortran tests ===


Running target unix
FAIL: gfortran.dg/allocatable_function_1.f90   -O0   scan-tree-dump-times original "free" 10
FAIL: gfortran.dg/allocatable_function_1.f90   -O1   scan-tree-dump-times original "free" 10
FAIL: gfortran.dg/allocatable_function_1.f90   -O2   scan-tree-dump-times original "free" 10
FAIL: gfortran.dg/allocatable_function_1.f90   -O3 -fomit-frame-pointer   scan-tree-dump-times original "free" 10
FAIL: gfortran.dg/allocatable_function_1.f90   -O3 -fomit-frame-pointer -funroll-all-loops -finline-functions   scan-tree-dump-times original "free" 10
FAIL: gfortran.dg/allocatable_function_1.f90   -O3 -fomit-frame-pointer -funroll-loops   scan-tree-dump-times original "free" 10
FAIL: gfortran.dg/allocatable_function_1.f90   -O3 -g   scan-tree-dump-times original "free" 10
FAIL: gfortran.dg/allocatable_function_1.f90   -Os   scan-tree-dump-times original "free" 10
FAIL: gfortran.dg/bessel_6.f90   -O0  execution test
FAIL: gfortran.dg/bessel_6.f90   -O1  execution test
FAIL: gfortran.dg/bessel_6.f90   -O2  execution test
FAIL: gfortran.dg/bessel_6.f90   -O3 -fomit-frame-pointer  execution test
FAIL: gfortran.dg/bessel_6.f90   -O3 -fomit-frame-pointer -funroll-all-loops -finline-functions  execution test
FAIL: gfortran.dg/bessel_6.f90   -O3 -fomit-frame-pointer -funroll-loops  execution test
FAIL: gfortran.dg/bessel_6.f90   -O3 -g  execution test
FAIL: gfortran.dg/bessel_6.f90   -Os  execution test
FAIL: gfortran.dg/coarray_collectives_14.f90   -O   (test for errors, line 55)
FAIL: gfortran.dg/coarray_collectives_14.f90   -O   (test for errors, line 57)
FAIL: gfortran.dg/coarray_collectives_14.f90   -O   (test for errors, line 59)
FAIL: gfortran.dg/coarray_collectives_14.f90   -O   (test for errors, line 61)
FAIL: gfortran.dg/coarray_collectives_14.f90   -O   (test for errors, line 63)
FAIL: gfortran.dg/coarray_collectives_14.f90   -O   (test for errors, line 65)
FAIL: gfortran.dg/coarray_collectives_14.f90   -O   (test for errors, line 67)
FAIL: gfortran.dg/coarray_collectives_14.f90   -O   (test for errors, line 69)
FAIL: gfortran.dg/coarray_collectives_14.f90   -O   (test for errors, line 71)
FAIL: gfortran.dg/coarray_collectives_14.f90   -O   (test for errors, line 73)
FAIL: gfortran.dg/coarray_collectives_14.f90   -O   (test for errors, line 75)
FAIL: gfortran.dg/coarray_collectives_14.f90   -O   (test for errors, line 77)
FAIL: gfortran.dg/coarray_collectives_14.f90   -O   (test for errors, line 79)
FAIL: gfortran.dg/coarray_collectives_14.f90   -O   (test for errors, line 81)
FAIL: gfortran.dg/coarray_collectives_14.f90   -O   (test for errors, line 83)
FAIL: gfortran.dg/coarray_collectives_14.f90   -O   (test for errors, line 87)
FAIL: gfortran.dg/coarray_collectives_14.f90   -O   (test for errors, line 89)
FAIL: gfortran.dg/coarray_collectives_14.f90   -O  (test for excess errors)
FAIL: gfortran.dg/default_format_denormal_2.f90   -O0  execution test
FAIL: gfortran.dg/default_format_denormal_2.f90   -O1  execution test
FAIL: gfortran.dg/default_format_denormal_2.f90   -O2  execution test
FAIL: gfortran.dg/default_format_denormal_2.f90   -O3 -fomit-frame-pointer  execution test
FAIL: gfortran.dg/default_format_denormal_2.f90   -O3 -fomit-frame-pointer -funroll-all-loops -finline-functions  execution test
FAIL: gfortran.dg/default_format_denormal_2.f90   -O3 -fomit-frame-pointer -funroll-loops  execution test
FAIL: gfortran.dg/default_format_denormal_2.f90   -O3 -g  execution test
FAIL: gfortran.dg/default_format_denormal_2.f90   -Os  execution test
XPASS: gfortran.dg/nint_2.f90   -O0  execution test
FAIL: gfortran.dg/graphite/pr42393.f90   -O  (test for excess errors)
WARNING: program timed out.

		=== gfortran Summary ===

# of expected passes		46411
# of unexpected failures	43
# of unexpected successes	1
# of expected failures		68
# of unsupported tests		268
/home/local/nightly/build/opt/freescale/NLAe600/obj_gcc/gcc/testsuite/gfortran/../../gfortran  version 5.0.0 20141103 (Mon Nov 3 19:28:17 PST 2014         build.sh rev=1087 s=FCtrunk -FSF t=DGNOBOARD NLAe600 -V nightly_NLAe600) (GCC) 

		=== g++ tests ===


Running target unix
FAIL: c-c++-common/asan/null-deref-1.c   -O2  output pattern test, is ASAN:SIGSEGV
FAIL: c-c++-common/asan/null-deref-1.c   -O2 -flto -fno-use-linker-plugin -flto-partition=none  output pattern test, is ASAN:SIGSEGV
FAIL: c-c++-common/asan/null-deref-1.c   -O2 -flto -fuse-linker-plugin -fno-fat-lto-objects  output pattern test, is ASAN:SIGSEGV
FAIL: c-c++-common/asan/null-deref-1.c   -O3 -fomit-frame-pointer  output pattern test, is ASAN:SIGSEGV
FAIL: c-c++-common/asan/null-deref-1.c   -O3 -g  output pattern test, is ASAN:SIGSEGV
FAIL: c-c++-common/asan/strlen-overflow-1.c   -O2  output pattern test, is =================================================================
FAIL: c-c++-common/asan/strlen-overflow-1.c   -O3 -fomit-frame-pointer  output pattern test, is =================================================================
FAIL: c-c++-common/asan/strlen-overflow-1.c   -O3 -g  output pattern test, is =================================================================
FAIL: c-c++-common/asan/strlen-overflow-1.c   -Os  output pattern test, is =================================================================
FAIL: g++.dg/abi/scoped1.C  -std=gnu++11 execution test
FAIL: g++.dg/abi/scoped1.C  -std=gnu++1y execution test
FAIL: g++.dg/ipa/devirt-40.C  -std=gnu++11  scan-tree-dump fre2 "converting indirect call to function virtual UnicodeString"
FAIL: g++.dg/ipa/devirt-40.C  -std=gnu++1y  scan-tree-dump fre2 "converting indirect call to function virtual UnicodeString"
FAIL: g++.dg/ipa/devirt-40.C  -std=gnu++98  scan-tree-dump fre2 "converting indirect call to function virtual UnicodeString"
FAIL: g++.dg/ipa/devirt-42.C  -std=gnu++11  scan-tree-dump-times optimized "return 2" 2
FAIL: g++.dg/ipa/devirt-42.C  -std=gnu++1y  scan-tree-dump-times optimized "return 2" 2
FAIL: g++.dg/ipa/devirt-42.C  -std=gnu++98  scan-tree-dump-times optimized "return 2" 2
FAIL: g++.dg/ipa/pr63587-2.C  -std=gnu++11 (internal compiler error)
FAIL: g++.dg/ipa/pr63587-2.C  -std=gnu++11 (test for excess errors)
FAIL: g++.dg/ipa/pr63587-2.C  -std=gnu++1y (internal compiler error)
FAIL: g++.dg/ipa/pr63587-2.C  -std=gnu++1y (test for excess errors)
FAIL: g++.old-deja/g++.law/profile1.C  -std=gnu++11 execution test
FAIL: g++.old-deja/g++.law/profile1.C  -std=gnu++1y execution test
FAIL: g++.old-deja/g++.law/profile1.C  -std=gnu++98 execution test

		=== g++ Summary ===

# of expected passes		83162
# of unexpected failures	24
# of expected failures		245
# of unsupported tests		3520
/home/local/nightly/build/opt/freescale/NLAe600/obj_gcc/gcc/testsuite/g++/../../xg++  version 5.0.0 20141103 (Mon Nov 3 19:28:17 PST 2014         build.sh rev=1087 s=FCtrunk -FSF t=DGNOBOARD NLAe600 -V nightly_NLAe600) (GCC) 

		=== objc tests ===


Running target unix

		=== objc Summary ===

# of expected passes		3010
# of unsupported tests		74
/home/local/nightly/build/opt/freescale/NLAe600/obj_gcc/gcc/xgcc  version 5.0.0 20141103 (Mon Nov 3 19:28:17 PST 2014         build.sh rev=1087 s=FCtrunk -FSF t=DGNOBOARD NLAe600 -V nightly_NLAe600) (GCC) 

		=== boehm-gc tests ===


Running target unix

		=== boehm-gc Summary ===

# of expected passes		12
# of unsupported tests		1
		=== libatomic tests ===


Running target unix

		=== libatomic Summary ===

# of expected passes		44
# of unsupported tests		5
		=== libffi tests ===


Running target unix

		=== libffi Summary ===

# of expected passes		1819
# of unsupported tests		55
		=== libgomp tests ===


Running target unix

		=== libgomp Summary ===

# of expected passes		3247
# of unsupported tests		36
		=== libitm tests ===


Running target unix

		=== libitm Summary ===

# of expected passes		26
# of expected failures		3
# of unsupported tests		1
		=== libjava tests ===


Running target unix

		=== libjava Summary ===

# of expected passes		2582
# of expected failures		4
		=== libstdc++ tests ===


Running target unix
FAIL: 21_strings/basic_string/modifiers/replace/wchar_t/4.cc (test for excess errors)
UNRESOLVED: 21_strings/basic_string/modifiers/replace/wchar_t/4.cc compilation failed to produce executable
FAIL: ext/pb_ds/example/tree_order_statistics_join.cc (test for excess errors)
FAIL: ext/throw_allocator/check_deallocate_null.cc (test for excess errors)

		=== libstdc++ Summary ===

# of expected passes		9944
# of unexpected failures	3
# of expected failures		68
# of unresolved testcases	1
# of unsupported tests		269

Compiler version: 5.0.0 20141103 (Mon Nov 3 19:28:17 PST 2014 build.sh rev=1087 s=FCtrunk -FSF t=DGNOBOARD NLAe600 -V nightly_NLAe600) (GCC)
Platform: powerpc-unknown-linux-gnualtivec configure flags: --prefix=/local/nightly/build//opt/freescale/gcc-5.0.x-Ne600-linuxaltivec/ppc64-linux --target=powerpc-unknown-linux-gnualtivec --build=powerpc-unknown-linux-gnualtivec --enable-checking --disable-decimal-float --enable-interfaces=c,c++ --with-cpu=7450 --enable-altivec --enable-tls --enable-build-with-cxx --with-mpfr=/local/nightly/build//opt/freescale/NLAe600/linux_host_libs/usr --with-mpc=/local/nightly/build//opt/freescale/NLAe600/linux_host_libs/usr --with-ppl=/local/nightly/build//opt/freescale/NLAe600/linux_host_libs/usr --with-isl=/local/nightly/build//opt/freescale/NLAe600/linux_host_libs/usr --with-cloog=/local/nightly/build//opt/freescale/NLAe600/linux_host_libs/usr --enable-cloog-backend=isl


Index Nav: [Date Index] [Subject Index] [Author Index] [Thread Index]
Message Nav: [Date Prev] [Date Next] [Thread Prev] [Thread Next]