This is the mail archive of the
gcc-testresults@gcc.gnu.org
mailing list for the GCC project.
Results for 5.0.0 20141031 (experimental) [trunk revision 216981] (GCC) testsuite on sparcv9-sun-solaris2.11
- From: Rainer Orth <ro at CeBiTec dot Uni-Bielefeld dot DE>
- To: gcc-testresults at gcc dot gnu dot org
- Date: Mon, 3 Nov 2014 23:36:48 +0100 (CET)
- Subject: Results for 5.0.0 20141031 (experimental) [trunk revision 216981] (GCC) testsuite on sparcv9-sun-solaris2.11
- Authentication-results: sourceware.org; auth=none
LAST_UPDATED: Fri Oct 31 15:06:54 UTC 2014 (revision 216981)
=== acats tests ===
=== acats Summary ===
# of expected passes 2320
# of unexpected failures 0
Native configuration is sparcv9-sun-solaris2.11
=== g++ tests ===
Running target unix
WARNING: program timed out.
UNRESOLVED: tmpdir-g++.dg-struct-layout-1/t002 cp_compat_x_tst.o-cp_compat_y_tst.o execute
UNRESOLVED: tmpdir-g++.dg-struct-layout-1/t002 cp_compat_x_tst.o-cp_compat_y_tst.o link
FAIL: tmpdir-g++.dg-struct-layout-1/t002 cp_compat_y_tst.o compile
FAIL: g++.dg/ipa/devirt-40.C -std=gnu++11 scan-tree-dump fre2 "converting indirect call to function virtual UnicodeString"
FAIL: g++.dg/ipa/devirt-40.C -std=gnu++1y scan-tree-dump fre2 "converting indirect call to function virtual UnicodeString"
FAIL: g++.dg/ipa/devirt-40.C -std=gnu++98 scan-tree-dump fre2 "converting indirect call to function virtual UnicodeString"
FAIL: g++.dg/ipa/devirt-42.C -std=gnu++11 scan-tree-dump-times optimized "return 2" 2
FAIL: g++.dg/ipa/devirt-42.C -std=gnu++1y scan-tree-dump-times optimized "return 2" 2
FAIL: g++.dg/ipa/devirt-42.C -std=gnu++98 scan-tree-dump-times optimized "return 2" 2
FAIL: g++.dg/torture/pr46367.C -O1 (internal compiler error)
FAIL: g++.dg/torture/pr46367.C -O1 (test for excess errors)
FAIL: g++.dg/torture/pr46367.C -Os (internal compiler error)
FAIL: g++.dg/torture/pr46367.C -Os (test for excess errors)
=== g++ Summary for unix ===
# of expected passes 81032
# of unexpected failures 11
# of expected failures 251
# of unresolved testcases 2
# of unsupported tests 3407
Running target unix/-m32
FAIL: g++.dg/ipa/devirt-40.C -std=gnu++11 scan-tree-dump fre2 "converting indirect call to function virtual UnicodeString"
FAIL: g++.dg/ipa/devirt-40.C -std=gnu++1y scan-tree-dump fre2 "converting indirect call to function virtual UnicodeString"
FAIL: g++.dg/ipa/devirt-40.C -std=gnu++98 scan-tree-dump fre2 "converting indirect call to function virtual UnicodeString"
FAIL: g++.dg/ipa/devirt-42.C -std=gnu++11 scan-tree-dump-times optimized "return 2" 2
FAIL: g++.dg/ipa/devirt-42.C -std=gnu++1y scan-tree-dump-times optimized "return 2" 2
FAIL: g++.dg/ipa/devirt-42.C -std=gnu++98 scan-tree-dump-times optimized "return 2" 2
FAIL: g++.dg/ipa/pr63587-2.C -std=gnu++11 (internal compiler error)
FAIL: g++.dg/ipa/pr63587-2.C -std=gnu++11 (test for excess errors)
FAIL: g++.dg/ipa/pr63587-2.C -std=gnu++1y (internal compiler error)
FAIL: g++.dg/ipa/pr63587-2.C -std=gnu++1y (test for excess errors)
FAIL: g++.dg/torture/pr46367.C -O1 (internal compiler error)
FAIL: g++.dg/torture/pr46367.C -O1 (test for excess errors)
FAIL: g++.dg/torture/pr46367.C -Os (internal compiler error)
FAIL: g++.dg/torture/pr46367.C -Os (test for excess errors)
=== g++ Summary for unix/-m32 ===
# of expected passes 79177
# of unexpected failures 14
# of expected failures 251
# of unsupported tests 3422
=== g++ Summary ===
# of expected passes 160209
# of unexpected failures 25
# of expected failures 502
# of unresolved testcases 2
# of unsupported tests 6829
/var/gcc/regression/trunk/11-gcc-64/build/gcc/testsuite/g++/../../xg++ version 5.0.0 20141031 (experimental) [trunk revision 216981] (GCC)
=== gcc tests ===
Running target unix
FAIL: gcc.dg/c11-atomic-2.c (test for excess errors)
FAIL: gcc.dg/pr63594-1.c (internal compiler error)
FAIL: gcc.dg/pr63594-1.c (test for excess errors)
FAIL: gcc.dg/pr63594-2.c (internal compiler error)
FAIL: gcc.dg/pr63594-2.c (test for excess errors)
WARNING: gcc.dg/pr63594-2.c compilation failed to produce executable
FAIL: gcc.dg/unroll_1.c (test for warnings, line 24)
WARNING: program timed out.
FAIL: gcc.dg/graphite/vect-pr43423.c scan-tree-dump-times vect "vectorized 2 loops" 1
UNRESOLVED: gcc.dg/tree-prof/peel-1.c scan-rtl-dump loop2_unroll "Considering simply peeling loop"
FAIL: gcc.dg/tree-ssa/ivopts-lt-2.c scan-tree-dump-times ivopts "PHI" 1
FAIL: gcc.dg/tree-ssa/ivopts-lt-2.c scan-tree-dump-times ivopts "p_[0-9]* <" 1
FAIL: gcc.dg/vect/vect-33.c -flto -ffat-lto-objects scan-tree-dump-times vect "Alignment of access forced using versioning" 1
FAIL: gcc.dg/vect/vect-33.c scan-tree-dump-times vect "Alignment of access forced using versioning" 1
FAIL: gcc.dg/vect/vect-singleton_1.c (internal compiler error)
FAIL: gcc.dg/vect/vect-singleton_1.c (test for excess errors)
FAIL: gcc.dg/vect/vect-singleton_1.c -flto -ffat-lto-objects (internal compiler error)
FAIL: gcc.dg/vect/vect-singleton_1.c -flto -ffat-lto-objects (test for excess errors)
=== gcc Summary for unix ===
# of expected passes 87834
# of unexpected failures 15
# of expected failures 309
# of unresolved testcases 1
# of unsupported tests 1896
Running target unix/-m32
FAIL: gcc.dg/atomic/c11-atomic-exec-2.c -O2 -flto -flto-partition=none (test for excess errors)
FAIL: gcc.dg/atomic/c11-atomic-exec-3.c -O3 -g (test for excess errors)
WARNING: gcc.dg/atomic/c11-atomic-exec-3.c -O3 -g compilation failed to produce executable
WARNING: program timed out.
WARNING: program timed out.
FAIL: gcc.dg/c11-atomic-2.c (test for excess errors)
FAIL: gcc.dg/unroll_1.c (test for warnings, line 24)
WARNING: program timed out.
FAIL: gcc.dg/graphite/vect-pr43423.c scan-tree-dump-times vect "vectorized 2 loops" 1
FAIL: gcc.dg/simulate-thread/atomic-other-int.c -O2 -g thread simulation test
FAIL: gcc.dg/simulate-thread/atomic-other-int.c -O3 -g thread simulation test
FAIL: gcc.dg/simulate-thread/speculative-store-4.c -O0 -g thread simulation test
FAIL: gcc.dg/simulate-thread/speculative-store-4.c -O2 -g thread simulation test
FAIL: gcc.dg/simulate-thread/speculative-store-4.c -O3 -g thread simulation test
FAIL: gcc.dg/simulate-thread/speculative-store.c -O0 -g thread simulation test
UNRESOLVED: gcc.dg/tree-prof/peel-1.c scan-rtl-dump loop2_unroll "Considering simply peeling loop"
FAIL: gcc.dg/vect/vect-33.c -flto -ffat-lto-objects scan-tree-dump-times vect "Alignment of access forced using versioning" 1
FAIL: gcc.dg/vect/vect-33.c scan-tree-dump-times vect "Alignment of access forced using versioning" 1
=== gcc Summary for unix/-m32 ===
# of expected passes 87052
# of unexpected failures 13
# of expected failures 320
# of unresolved testcases 1
# of unsupported tests 1960
=== gcc Summary ===
# of expected passes 174886
# of unexpected failures 28
# of expected failures 629
# of unresolved testcases 2
# of unsupported tests 3856
/var/gcc/regression/trunk/11-gcc-64/build/gcc/xgcc version 5.0.0 20141031 (experimental) [trunk revision 216981] (GCC)
=== gfortran tests ===
Running target unix
FAIL: gfortran.dg/coarray_collectives_14.f90 -O (test for errors, line 55)
FAIL: gfortran.dg/coarray_collectives_14.f90 -O (test for errors, line 57)
FAIL: gfortran.dg/coarray_collectives_14.f90 -O (test for errors, line 59)
FAIL: gfortran.dg/coarray_collectives_14.f90 -O (test for errors, line 61)
FAIL: gfortran.dg/coarray_collectives_14.f90 -O (test for errors, line 63)
FAIL: gfortran.dg/coarray_collectives_14.f90 -O (test for errors, line 65)
FAIL: gfortran.dg/coarray_collectives_14.f90 -O (test for errors, line 67)
FAIL: gfortran.dg/coarray_collectives_14.f90 -O (test for errors, line 69)
FAIL: gfortran.dg/coarray_collectives_14.f90 -O (test for errors, line 71)
FAIL: gfortran.dg/coarray_collectives_14.f90 -O (test for errors, line 73)
FAIL: gfortran.dg/coarray_collectives_14.f90 -O (test for errors, line 75)
FAIL: gfortran.dg/coarray_collectives_14.f90 -O (test for errors, line 77)
FAIL: gfortran.dg/coarray_collectives_14.f90 -O (test for errors, line 79)
FAIL: gfortran.dg/coarray_collectives_14.f90 -O (test for errors, line 81)
FAIL: gfortran.dg/coarray_collectives_14.f90 -O (test for errors, line 83)
FAIL: gfortran.dg/coarray_collectives_14.f90 -O (test for errors, line 87)
FAIL: gfortran.dg/coarray_collectives_14.f90 -O (test for errors, line 89)
FAIL: gfortran.dg/coarray_collectives_14.f90 -O (test for excess errors)
FAIL: gfortran.dg/graphite/pr42393.f90 -O (internal compiler error)
FAIL: gfortran.dg/graphite/pr42393.f90 -O (test for excess errors)
=== gfortran Summary for unix ===
# of expected passes 46769
# of unexpected failures 20
# of expected failures 54
# of unsupported tests 110
Running target unix/-m32
FAIL: gfortran.dg/coarray_collectives_14.f90 -O (test for errors, line 55)
FAIL: gfortran.dg/coarray_collectives_14.f90 -O (test for errors, line 57)
FAIL: gfortran.dg/coarray_collectives_14.f90 -O (test for errors, line 59)
FAIL: gfortran.dg/coarray_collectives_14.f90 -O (test for errors, line 61)
FAIL: gfortran.dg/coarray_collectives_14.f90 -O (test for errors, line 63)
FAIL: gfortran.dg/coarray_collectives_14.f90 -O (test for errors, line 65)
FAIL: gfortran.dg/coarray_collectives_14.f90 -O (test for errors, line 67)
FAIL: gfortran.dg/coarray_collectives_14.f90 -O (test for errors, line 69)
FAIL: gfortran.dg/coarray_collectives_14.f90 -O (test for errors, line 71)
FAIL: gfortran.dg/coarray_collectives_14.f90 -O (test for errors, line 73)
FAIL: gfortran.dg/coarray_collectives_14.f90 -O (test for errors, line 75)
FAIL: gfortran.dg/coarray_collectives_14.f90 -O (test for errors, line 77)
FAIL: gfortran.dg/coarray_collectives_14.f90 -O (test for errors, line 79)
FAIL: gfortran.dg/coarray_collectives_14.f90 -O (test for errors, line 81)
FAIL: gfortran.dg/coarray_collectives_14.f90 -O (test for errors, line 83)
FAIL: gfortran.dg/coarray_collectives_14.f90 -O (test for errors, line 87)
FAIL: gfortran.dg/coarray_collectives_14.f90 -O (test for errors, line 89)
FAIL: gfortran.dg/coarray_collectives_14.f90 -O (test for excess errors)
FAIL: gfortran.dg/graphite/pr42393.f90 -O (internal compiler error)
FAIL: gfortran.dg/graphite/pr42393.f90 -O (test for excess errors)
=== gfortran Summary for unix/-m32 ===
# of expected passes 46442
# of unexpected failures 20
# of expected failures 54
# of unsupported tests 271
=== gfortran Summary ===
# of expected passes 93211
# of unexpected failures 40
# of expected failures 108
# of unsupported tests 381
/var/gcc/regression/trunk/11-gcc-64/build/gcc/testsuite/gfortran/../../gfortran version 5.0.0 20141031 (experimental) [trunk revision 216981] (GCC)
=== gnat tests ===
Running target unix/-m32
=== gnat Summary for unix/-m32 ===
# of expected passes 1238
# of expected failures 20
# of unsupported tests 18
Running target unix
=== gnat Summary for unix ===
# of expected passes 1238
# of expected failures 20
# of unsupported tests 18
=== gnat Summary ===
# of expected passes 2476
# of expected failures 40
# of unsupported tests 36
/var/gcc/regression/trunk/11-gcc-64/build/gcc/gnatmake version 5.0.0 20141031 (experimental) [trunk revision 216981]
=== go tests ===
Running target unix
FAIL: ./64bit-out.go compilation, -O0 -g -fno-var-tracking-assignments
FAIL: ./bug449-out.go compilation, -O0 -g -fno-var-tracking-assignments
FAIL: ./index0-out.go compilation, -O0 -g -fno-var-tracking-assignments
FAIL: ./issue5162-out.go compilation, -O0 -g -fno-var-tracking-assignments
FAIL: ./select5-out.go compilation, -O0 -g -fno-var-tracking-assignments
FAIL: ./slice3-out.go compilation, -O0 -g -fno-var-tracking-assignments
WARNING: program timed out.
WARNING: program timed out.
WARNING: program timed out.
WARNING: program timed out.
WARNING: program timed out.
WARNING: program timed out.
=== go Summary for unix ===
# of expected passes 7232
# of unexpected failures 6
# of expected failures 1
# of untested testcases 16
# of unsupported tests 3
Running target unix/-m32
FAIL: ./64bit-out.go compilation, -O0 -g -fno-var-tracking-assignments
FAIL: ./bug449-out.go compilation, -O0 -g -fno-var-tracking-assignments
FAIL: ./index0-out.go compilation, -O0 -g -fno-var-tracking-assignments
FAIL: ./issue5162-out.go compilation, -O0 -g -fno-var-tracking-assignments
FAIL: ./slice3-out.go compilation, -O0 -g -fno-var-tracking-assignments
WARNING: program timed out.
WARNING: program timed out.
WARNING: program timed out.
WARNING: program timed out.
WARNING: program timed out.
=== go Summary for unix/-m32 ===
# of expected passes 7354
# of unexpected failures 5
# of expected failures 1
# of untested testcases 15
# of unsupported tests 3
=== go Summary ===
# of expected passes 14586
# of unexpected failures 11
# of expected failures 2
# of untested testcases 31
# of unsupported tests 6
=== obj-c++ tests ===
Running target unix/-m32
=== obj-c++ Summary for unix/-m32 ===
# of expected passes 1447
# of expected failures 2
# of unsupported tests 86
Running target unix
=== obj-c++ Summary for unix ===
# of expected passes 1439
# of expected failures 10
# of unsupported tests 86
=== obj-c++ Summary ===
# of expected passes 2886
# of expected failures 12
# of unsupported tests 172
/var/gcc/regression/trunk/11-gcc-64/build/gcc/testsuite/obj-c++/../../xg++ version 5.0.0 20141031 (experimental) [trunk revision 216981] (GCC)
=== objc tests ===
Running target unix
=== objc Summary for unix ===
# of expected passes 3010
# of unsupported tests 74
Running target unix/-m32
=== objc Summary for unix/-m32 ===
# of expected passes 3010
# of unsupported tests 74
=== objc Summary ===
# of expected passes 6020
# of unsupported tests 148
/var/gcc/regression/trunk/11-gcc-64/build/gcc/xgcc version 5.0.0 20141031 (experimental) [trunk revision 216981] (GCC)
=== boehm-gc tests ===
Running target unix/-m32
=== boehm-gc Summary for unix/-m32 ===
# of expected passes 12
# of unsupported tests 1
Running target unix
=== boehm-gc Summary for unix ===
# of expected passes 12
# of unsupported tests 1
=== boehm-gc Summary ===
# of expected passes 24
# of unsupported tests 2
=== libatomic tests ===
Running target unix/-m32
=== libatomic Summary for unix/-m32 ===
# of expected passes 44
# of unsupported tests 5
Running target unix
=== libatomic Summary for unix ===
# of expected passes 54
=== libatomic Summary ===
# of expected passes 98
# of unsupported tests 5
=== libffi tests ===
Running target unix/-m32
=== libffi Summary for unix/-m32 ===
# of expected passes 1819
# of unsupported tests 55
Running target unix
=== libffi Summary for unix ===
# of expected passes 1819
# of unsupported tests 55
=== libffi Summary ===
# of expected passes 3638
# of unsupported tests 110
=== libgo tests ===
Running target unix
FAIL: regexp
FAIL: sync
=== libgo Summary for unix ===
# of expected passes 121
# of unexpected failures 2
Running target unix/-m32
FAIL: reflect
FAIL: sync
FAIL: encoding/gob
FAIL: text/template
FAIL: testing/quick
=== libgo Summary for unix/-m32 ===
# of expected passes 118
# of unexpected failures 5
=== libgo Summary ===
# of expected passes 239
# of unexpected failures 7
/var/gcc/regression/trunk/11-gcc-64/build/./gcc/gccgo version 5.0.0 20141031 (experimental) [trunk revision 216981] (GCC)
=== libgomp tests ===
Running target unix/-m32
=== libgomp Summary for unix/-m32 ===
# of expected passes 3243
# of unsupported tests 38
Running target unix
=== libgomp Summary for unix ===
# of expected passes 3243
# of unsupported tests 38
=== libgomp Summary ===
# of expected passes 6486
# of unsupported tests 76
=== libitm tests ===
Running target unix/-m32
=== libitm Summary for unix/-m32 ===
# of expected passes 26
# of expected failures 3
# of unsupported tests 1
Running target unix
=== libitm Summary for unix ===
# of expected passes 26
# of expected failures 3
# of unsupported tests 1
=== libitm Summary ===
# of expected passes 52
# of expected failures 6
# of unsupported tests 2
=== libjava tests ===
Running target unix/-m32
=== libjava Summary for unix/-m32 ===
# of expected passes 2582
# of expected failures 4
Running target unix
=== libjava Summary for unix ===
# of expected passes 2582
# of expected failures 4
=== libjava Summary ===
# of expected passes 5164
# of expected failures 8
=== libstdc++ tests ===
Running target unix
FAIL: 27_io/basic_ostream/inserters_arithmetic/char/hexfloat.cc execution test
FAIL: ext/pb_ds/regression/tree_set_rand.cc (test for excess errors)
WARNING: ext/pb_ds/regression/tree_set_rand.cc compilation failed to produce executable
WARNING: program timed out.
=== libstdc++ Summary for unix ===
# of expected passes 9213
# of unexpected failures 2
# of expected failures 68
# of unsupported tests 638
Running target unix/-m32
FAIL: 21_strings/basic_string/modifiers/replace/wchar_t/4.cc (test for excess errors)
WARNING: 21_strings/basic_string/modifiers/replace/wchar_t/4.cc compilation failed to produce executable
FAIL: 27_io/basic_ostream/inserters_arithmetic/char/hexfloat.cc execution test
=== libstdc++ Summary for unix/-m32 ===
# of expected passes 9213
# of unexpected failures 2
# of expected failures 68
# of unsupported tests 638
=== libstdc++ Summary ===
# of expected passes 18426
# of unexpected failures 4
# of expected failures 136
# of unsupported tests 1276
Compiler version: 5.0.0 20141031 (experimental) [trunk revision 216981] (GCC)
Platform: sparcv9-sun-solaris2.11
configure flags: --prefix=/vol/gcc --target=sparcv9-sun-solaris2.11 --enable-objc-gc --enable-libmudflap --with-gmp-include=/vol/gcc/include --with-gmp-lib=/vol/gcc/lib/sparcv9 --with-mpfr-include=/vol/gcc/include --with-mpfr-lib=/vol/gcc/lib/sparcv9 --with-mpc-include=/vol/gcc/include --with-mpc-lib=/vol/gcc/lib/sparcv9 --enable-languages=all,ada,obj-c++,go --with-isl-include=/vol/gcc/include --with-isl-lib=/vol/gcc/lib/sparcv9 --with-cloog-include=/vol/gcc/include --with-cloog-lib=/vol/gcc/lib/sparcv9 --enable-cloog-backend=isl --build=sparcv9-sun-solaris2.11 --host=sparcv9-sun-solaris2.11
BOOT_CFLAGS=-g -O2