This is the mail archive of the gcc-testresults@gcc.gnu.org mailing list for the GCC project.


Index Nav: [Date Index] [Subject Index] [Author Index] [Thread Index]
Message Nav: [Date Prev] [Date Next] [Thread Prev] [Thread Next]
Other format: [Raw text]

Results for 4.9.2 (GCC) testsuite on x86_64-apple-darwin13.4.0


Building with Xcode 6.1.
gmp-6.0.0a, mpfr-3.1.2, mpc-1.0.2.

Clean new installation recent Mac OS X no longer ship system headers
in /usr/include so --with-sysroot=\"`xcrun --show-sdk-path`\"
is needed.

Hin-Tak Leung (htl10@users.sourceforge.net)

LAST_UPDATED: Obtained from SVN: tags/gcc_4_9_2_release revision 216910

Native configuration is x86_64-apple-darwin13.4.0

		=== g++ tests ===


Running target unix
FAIL: g++.dg/debug/dwarf2/imported-decl-2.C -std=gnu++98  scan-assembler-times ascii "AAAA\\\\\\\\0".*ascii "BBBB\\\\\\\\0".*DIE .0x[0-9a-f]*. DW_TAG_imported_declaration 1
FAIL: g++.dg/debug/dwarf2/imported-decl-2.C -std=gnu++11  scan-assembler-times ascii "AAAA\\\\\\\\0".*ascii "BBBB\\\\\\\\0".*DIE .0x[0-9a-f]*. DW_TAG_imported_declaration 1
FAIL: g++.dg/debug/dwarf2/imported-decl-2.C -std=gnu++1y  scan-assembler-times ascii "AAAA\\\\\\\\0".*ascii "BBBB\\\\\\\\0".*DIE .0x[0-9a-f]*. DW_TAG_imported_declaration 1
FAIL: g++.dg/ext/sync-4.C -std=gnu++98 execution test
FAIL: g++.dg/ext/sync-4.C -std=gnu++11 execution test
FAIL: g++.dg/ext/sync-4.C -std=gnu++1y execution test
FAIL: g++.dg/opt/vt4.C -std=gnu++98  scan-assembler-not _ZTV.A
FAIL: g++.dg/opt/vt4.C -std=gnu++11  scan-assembler-not _ZTV.A
FAIL: g++.dg/opt/vt4.C -std=gnu++1y  scan-assembler-not _ZTV.A
FAIL: g++.dg/tree-prof/partition1.C compilation,  -fprofile-use
UNRESOLVED: g++.dg/tree-prof/partition1.C execution,    -fprofile-use
FAIL: g++.dg/tree-prof/pr57451.C compilation,  -fprofile-use
UNRESOLVED: g++.dg/tree-prof/pr57451.C execution,    -fprofile-use

		=== g++ Summary ===

# of expected passes		83425
# of unexpected failures	11
# of expected failures		440
# of unresolved testcases	2
# of unsupported tests		3216
/Users/hintak/gcc-build/gcc/testsuite/g++/../../xg++  version 4.9.2 (GCC) 

		=== gcc tests ===


Running target unix
FAIL: c-c++-common/asan/strncpy-overflow-1.c  -O0  execution test
WARNING: program timed out.
FAIL: gcc.dg/atomic/c11-atomic-exec-5.c  -O0  execution test
WARNING: program timed out.
FAIL: gcc.dg/atomic/c11-atomic-exec-5.c  -O1  execution test
WARNING: program timed out.
FAIL: gcc.dg/atomic/c11-atomic-exec-5.c  -O2  execution test
WARNING: program timed out.
FAIL: gcc.dg/atomic/c11-atomic-exec-5.c  -O3 -fomit-frame-pointer  execution test
WARNING: program timed out.
FAIL: gcc.dg/atomic/c11-atomic-exec-5.c  -O3 -fomit-frame-pointer -funroll-loops  execution test
WARNING: program timed out.
FAIL: gcc.dg/atomic/c11-atomic-exec-5.c  -O3 -fomit-frame-pointer -funroll-all-loops -finline-functions  execution test
WARNING: program timed out.
FAIL: gcc.dg/atomic/c11-atomic-exec-5.c  -O3 -g  execution test
WARNING: program timed out.
FAIL: gcc.dg/atomic/c11-atomic-exec-5.c  -Os  execution test
FAIL: gcc.dg/cpp/trad/include.c (internal compiler error)
FAIL: gcc.dg/cpp/trad/include.c (test for excess errors)
FAIL: gcc.dg/framework-1.c (test for excess errors)
WARNING: program timed out.
FAIL: c-c++-common/torture/vshuf-v16hi.c  -O0  (test for excess errors)
FAIL: gcc.dg/tree-prof/20041218-1.c compilation,  -fprofile-use -D_PROFILE_USE
UNRESOLVED: gcc.dg/tree-prof/20041218-1.c execution,    -fprofile-use -D_PROFILE_USE
FAIL: gcc.dg/tree-prof/crossmodule-indircall-1a.c compilation,  -fprofile-generate -D_PROFILE_GENERATE
UNRESOLVED: gcc.dg/tree-prof/crossmodule-indircall-1a.c execution,    -fprofile-generate -D_PROFILE_GENERATE
UNRESOLVED: gcc.dg/tree-prof/crossmodule-indircall-1a.c compilation,  -fprofile-use -D_PROFILE_USE
UNRESOLVED: gcc.dg/tree-prof/crossmodule-indircall-1a.c execution,    -fprofile-use -D_PROFILE_USE
FAIL: gcc.dg/tree-prof/pr34999.c compilation,  -fprofile-use -D_PROFILE_USE
UNRESOLVED: gcc.dg/tree-prof/pr34999.c execution,    -fprofile-use -D_PROFILE_USE
FAIL: gcc.dg/tree-prof/pr45354.c compilation,  -fprofile-use -D_PROFILE_USE
UNRESOLVED: gcc.dg/tree-prof/pr45354.c execution,    -fprofile-use -D_PROFILE_USE
FAIL: gcc.dg/tree-prof/pr49299-1.c compilation,  -fprofile-use -D_PROFILE_USE
UNRESOLVED: gcc.dg/tree-prof/pr49299-1.c execution,    -fprofile-use -D_PROFILE_USE
FAIL: gcc.dg/tree-prof/pr49299-2.c compilation,  -fprofile-use -D_PROFILE_USE
UNRESOLVED: gcc.dg/tree-prof/pr49299-2.c execution,    -fprofile-use -D_PROFILE_USE
FAIL: gcc.dg/tree-prof/pr50907.c compilation,  -fprofile-use -D_PROFILE_USE
UNRESOLVED: gcc.dg/tree-prof/pr50907.c execution,    -fprofile-use -D_PROFILE_USE
FAIL: gcc.dg/tree-ssa/pr61144.c (test for excess errors)
FAIL: gcc.target/i386/avx512f-gather-5.c scan-assembler gather[^\\n]*zmm
FAIL: gcc.target/i386/memcpy-strategy-3.c scan-assembler-times memcpy 2
FAIL: gcc.target/i386/memset-strategy-1.c scan-assembler-times memset 2
FAIL: gcc.target/i386/pr49866.c (test for excess errors)

		=== gcc Summary ===

# of expected passes		85976
# of unexpected failures	25
# of expected failures		187
# of unresolved testcases	9
# of unsupported tests		2673
/Users/hintak/gcc-build/gcc/xgcc  version 4.9.2 (GCC) 

		=== gfortran tests ===


Running target unix

		=== gfortran Summary ===

# of expected passes		45660
# of expected failures		38
# of unsupported tests		72
/Users/hintak/gcc-build/gcc/testsuite/gfortran/../../gfortran  version 4.9.2 (GCC) 

		=== objc tests ===


Running target unix
FAIL: objc/execute/formal_protocol-5.m compilation,  -O0 -fnext-runtime
UNRESOLVED: objc/execute/formal_protocol-5.m execution,  -O0 -fnext-runtime
FAIL: objc/execute/formal_protocol-5.m compilation,  -O1 -fnext-runtime
UNRESOLVED: objc/execute/formal_protocol-5.m execution,  -O1 -fnext-runtime
FAIL: objc/execute/formal_protocol-5.m compilation,  -O2 -fnext-runtime
UNRESOLVED: objc/execute/formal_protocol-5.m execution,  -O2 -fnext-runtime
FAIL: objc/execute/formal_protocol-5.m compilation,  -O3 -fomit-frame-pointer -fnext-runtime
UNRESOLVED: objc/execute/formal_protocol-5.m execution,  -O3 -fomit-frame-pointer -fnext-runtime
FAIL: objc/execute/formal_protocol-5.m compilation,  -O3 -g -fnext-runtime
UNRESOLVED: objc/execute/formal_protocol-5.m execution,  -O3 -g -fnext-runtime
FAIL: objc/execute/formal_protocol-5.m compilation,  -Os -fnext-runtime
UNRESOLVED: objc/execute/formal_protocol-5.m execution,  -Os -fnext-runtime
FAIL: objc/execute/formal_protocol-6.m compilation,  -O0 -fnext-runtime
UNRESOLVED: objc/execute/formal_protocol-6.m execution,  -O0 -fnext-runtime
FAIL: objc/execute/formal_protocol-6.m compilation,  -O1 -fnext-runtime
UNRESOLVED: objc/execute/formal_protocol-6.m execution,  -O1 -fnext-runtime
FAIL: objc/execute/formal_protocol-6.m compilation,  -O2 -fnext-runtime
UNRESOLVED: objc/execute/formal_protocol-6.m execution,  -O2 -fnext-runtime
FAIL: objc/execute/formal_protocol-6.m compilation,  -O3 -fomit-frame-pointer -fnext-runtime
UNRESOLVED: objc/execute/formal_protocol-6.m execution,  -O3 -fomit-frame-pointer -fnext-runtime
FAIL: objc/execute/formal_protocol-6.m compilation,  -O3 -g -fnext-runtime
UNRESOLVED: objc/execute/formal_protocol-6.m execution,  -O3 -g -fnext-runtime
FAIL: objc/execute/formal_protocol-6.m compilation,  -Os -fnext-runtime
UNRESOLVED: objc/execute/formal_protocol-6.m execution,  -Os -fnext-runtime
FAIL: objc/execute/formal_protocol-7.m compilation,  -O0 -fnext-runtime
UNRESOLVED: objc/execute/formal_protocol-7.m execution,  -O0 -fnext-runtime
FAIL: objc/execute/formal_protocol-7.m compilation,  -O1 -fnext-runtime
UNRESOLVED: objc/execute/formal_protocol-7.m execution,  -O1 -fnext-runtime
FAIL: objc/execute/formal_protocol-7.m compilation,  -O2 -fnext-runtime
UNRESOLVED: objc/execute/formal_protocol-7.m execution,  -O2 -fnext-runtime
FAIL: objc/execute/formal_protocol-7.m compilation,  -O3 -fomit-frame-pointer -fnext-runtime
UNRESOLVED: objc/execute/formal_protocol-7.m execution,  -O3 -fomit-frame-pointer -fnext-runtime
FAIL: objc/execute/formal_protocol-7.m compilation,  -O3 -g -fnext-runtime
UNRESOLVED: objc/execute/formal_protocol-7.m execution,  -O3 -g -fnext-runtime
FAIL: objc/execute/formal_protocol-7.m compilation,  -Os -fnext-runtime
UNRESOLVED: objc/execute/formal_protocol-7.m execution,  -Os -fnext-runtime
FAIL: objc/execute/protocol-isEqual-1.m compilation,  -O0 -fnext-runtime
UNRESOLVED: objc/execute/protocol-isEqual-1.m execution,  -O0 -fnext-runtime
FAIL: objc/execute/protocol-isEqual-1.m compilation,  -O1 -fnext-runtime
UNRESOLVED: objc/execute/protocol-isEqual-1.m execution,  -O1 -fnext-runtime
FAIL: objc/execute/protocol-isEqual-1.m compilation,  -O2 -fnext-runtime
UNRESOLVED: objc/execute/protocol-isEqual-1.m execution,  -O2 -fnext-runtime
FAIL: objc/execute/protocol-isEqual-1.m compilation,  -O3 -fomit-frame-pointer -fnext-runtime
UNRESOLVED: objc/execute/protocol-isEqual-1.m execution,  -O3 -fomit-frame-pointer -fnext-runtime
FAIL: objc/execute/protocol-isEqual-1.m compilation,  -O3 -g -fnext-runtime
UNRESOLVED: objc/execute/protocol-isEqual-1.m execution,  -O3 -g -fnext-runtime
FAIL: objc/execute/protocol-isEqual-1.m compilation,  -Os -fnext-runtime
UNRESOLVED: objc/execute/protocol-isEqual-1.m execution,  -Os -fnext-runtime
FAIL: objc/execute/protocol-isEqual-2.m compilation,  -O0 -fnext-runtime
UNRESOLVED: objc/execute/protocol-isEqual-2.m execution,  -O0 -fnext-runtime
FAIL: objc/execute/protocol-isEqual-2.m compilation,  -O1 -fnext-runtime
UNRESOLVED: objc/execute/protocol-isEqual-2.m execution,  -O1 -fnext-runtime
FAIL: objc/execute/protocol-isEqual-2.m compilation,  -O2 -fnext-runtime
UNRESOLVED: objc/execute/protocol-isEqual-2.m execution,  -O2 -fnext-runtime
FAIL: objc/execute/protocol-isEqual-2.m compilation,  -O3 -fomit-frame-pointer -fnext-runtime
UNRESOLVED: objc/execute/protocol-isEqual-2.m execution,  -O3 -fomit-frame-pointer -fnext-runtime
FAIL: objc/execute/protocol-isEqual-2.m compilation,  -O3 -g -fnext-runtime
UNRESOLVED: objc/execute/protocol-isEqual-2.m execution,  -O3 -g -fnext-runtime
FAIL: objc/execute/protocol-isEqual-2.m compilation,  -Os -fnext-runtime
UNRESOLVED: objc/execute/protocol-isEqual-2.m execution,  -Os -fnext-runtime
FAIL: objc/execute/protocol-isEqual-3.m compilation,  -O0 -fnext-runtime
UNRESOLVED: objc/execute/protocol-isEqual-3.m execution,  -O0 -fnext-runtime
FAIL: objc/execute/protocol-isEqual-3.m compilation,  -O1 -fnext-runtime
UNRESOLVED: objc/execute/protocol-isEqual-3.m execution,  -O1 -fnext-runtime
FAIL: objc/execute/protocol-isEqual-3.m compilation,  -O2 -fnext-runtime
UNRESOLVED: objc/execute/protocol-isEqual-3.m execution,  -O2 -fnext-runtime
FAIL: objc/execute/protocol-isEqual-3.m compilation,  -O3 -fomit-frame-pointer -fnext-runtime
UNRESOLVED: objc/execute/protocol-isEqual-3.m execution,  -O3 -fomit-frame-pointer -fnext-runtime
FAIL: objc/execute/protocol-isEqual-3.m compilation,  -O3 -g -fnext-runtime
UNRESOLVED: objc/execute/protocol-isEqual-3.m execution,  -O3 -g -fnext-runtime
FAIL: objc/execute/protocol-isEqual-3.m compilation,  -Os -fnext-runtime
UNRESOLVED: objc/execute/protocol-isEqual-3.m execution,  -Os -fnext-runtime
FAIL: objc/execute/protocol-isEqual-4.m compilation,  -O0 -fnext-runtime
UNRESOLVED: objc/execute/protocol-isEqual-4.m execution,  -O0 -fnext-runtime
FAIL: objc/execute/protocol-isEqual-4.m compilation,  -O1 -fnext-runtime
UNRESOLVED: objc/execute/protocol-isEqual-4.m execution,  -O1 -fnext-runtime
FAIL: objc/execute/protocol-isEqual-4.m compilation,  -O2 -fnext-runtime
UNRESOLVED: objc/execute/protocol-isEqual-4.m execution,  -O2 -fnext-runtime
FAIL: objc/execute/protocol-isEqual-4.m compilation,  -O3 -fomit-frame-pointer -fnext-runtime
UNRESOLVED: objc/execute/protocol-isEqual-4.m execution,  -O3 -fomit-frame-pointer -fnext-runtime
FAIL: objc/execute/protocol-isEqual-4.m compilation,  -O3 -g -fnext-runtime
UNRESOLVED: objc/execute/protocol-isEqual-4.m execution,  -O3 -g -fnext-runtime
FAIL: objc/execute/protocol-isEqual-4.m compilation,  -Os -fnext-runtime
UNRESOLVED: objc/execute/protocol-isEqual-4.m execution,  -Os -fnext-runtime
FAIL: objc.dg/call-super-2.m -fnext-runtime  (test for warnings, line 74)
FAIL: objc.dg/call-super-2.m -fnext-runtime  (test for warnings, line 104)
FAIL: objc.dg/encode-7-next-64bit.m -fnext-runtime (test for excess errors)
UNRESOLVED: objc.dg/encode-7-next-64bit.m -fnext-runtime compilation failed to produce executable
FAIL: objc.dg/exceptions-2.m -fnext-runtime execution test
FAIL: objc.dg/gnu-api-2-objc.m -fnext-runtime execution test
FAIL: objc.dg/headers.m -fnext-runtime (test for excess errors)
FAIL: objc.dg/image-info.m -fnext-runtime (test for excess errors)
UNRESOLVED: objc.dg/image-info.m -fnext-runtime  scan-assembler \\t.section __DATA, __objc_imageinfo.*\\n\\t.align.*\\nL_OBJC_ImageInfo.*:\\n\\t.long\\t0\\n\\t.long\\t17
FAIL: objc.dg/isa-field-1.m -fnext-runtime (test for excess errors)
FAIL: objc.dg/method-6.m -fnext-runtime (test for excess errors)
FAIL: objc.dg/no-extra-load.m -fnext-runtime (test for excess errors)
UNRESOLVED: objc.dg/no-extra-load.m -fnext-runtime  scan-assembler-not L_objc_msgSend\\\\\$non_lazy_ptr
FAIL: objc.dg/objc-foreach-4.m -fnext-runtime (test for excess errors)
UNRESOLVED: objc.dg/objc-foreach-4.m -fnext-runtime compilation failed to produce executable
FAIL: objc.dg/objc-foreach-5.m -fnext-runtime (test for excess errors)
UNRESOLVED: objc.dg/objc-foreach-5.m -fnext-runtime  scan-assembler _addStuffUp:
FAIL: objc.dg/pr23214.m -fnext-runtime (test for excess errors)
UNRESOLVED: objc.dg/pr23214.m -fnext-runtime compilation failed to produce executable
FAIL: objc.dg/proto-lossage-7.m -fnext-runtime (test for excess errors)
FAIL: objc.dg/proto-qual-1.m -fnext-runtime (test for excess errors)
UNRESOLVED: objc.dg/proto-qual-1.m -fnext-runtime compilation failed to produce executable
FAIL: objc.dg/symtab-1.m -fnext-runtime (test for excess errors)
UNRESOLVED: objc.dg/symtab-1.m -fnext-runtime  scan-assembler-not L_OBJC_Symbols
FAIL: objc.dg/zero-link-1.m -fnext-runtime (test for excess errors)
UNRESOLVED: objc.dg/zero-link-1.m -fnext-runtime  scan-assembler-not _OBJC_ClassRef_Base
UNRESOLVED: objc.dg/zero-link-1.m -fnext-runtime  scan-assembler objc_getClass
FAIL: objc.dg/zero-link-2.m -fnext-runtime (test for excess errors)
UNRESOLVED: objc.dg/zero-link-2.m -fnext-runtime  scan-assembler _OBJC_ClassRef_Base
UNRESOLVED: objc.dg/zero-link-2.m -fnext-runtime  scan-assembler-not objc_getClass
FAIL: objc.dg/zero-link-3.m -fnext-runtime (test for excess errors)
UNRESOLVED: objc.dg/zero-link-3.m -fnext-runtime compilation failed to produce executable
FAIL: objc.dg/strings/const-cfstring-2.m -fnext-runtime (test for excess errors)
FAIL: objc.dg/strings/const-cfstring-5.m -fnext-runtime (test for excess errors)
FAIL: objc.dg/strings/const-str-12b.m -fnext-runtime (test for excess errors)
FAIL: objc.dg/torture/strings/const-cfstring-1.m  -O0  -fnext-runtime (test for excess errors)
UNRESOLVED: objc.dg/torture/strings/const-cfstring-1.m  -O0  -fnext-runtime compilation failed to produce executable
FAIL: objc.dg/torture/strings/const-cfstring-1.m  -O1  -fnext-runtime (test for excess errors)
UNRESOLVED: objc.dg/torture/strings/const-cfstring-1.m  -O1  -fnext-runtime compilation failed to produce executable
FAIL: objc.dg/torture/strings/const-cfstring-1.m  -O2  -fnext-runtime (test for excess errors)
UNRESOLVED: objc.dg/torture/strings/const-cfstring-1.m  -O2  -fnext-runtime compilation failed to produce executable
FAIL: objc.dg/torture/strings/const-cfstring-1.m  -O3 -fomit-frame-pointer  -fnext-runtime (test for excess errors)
UNRESOLVED: objc.dg/torture/strings/const-cfstring-1.m  -O3 -fomit-frame-pointer  -fnext-runtime compilation failed to produce executable
FAIL: objc.dg/torture/strings/const-cfstring-1.m  -O3 -g  -fnext-runtime (test for excess errors)
UNRESOLVED: objc.dg/torture/strings/const-cfstring-1.m  -O3 -g  -fnext-runtime compilation failed to produce executable
FAIL: objc.dg/torture/strings/const-cfstring-1.m  -Os  -fnext-runtime (test for excess errors)
UNRESOLVED: objc.dg/torture/strings/const-cfstring-1.m  -Os  -fnext-runtime compilation failed to produce executable
FAIL: objc.dg/torture/strings/const-str-10.m  -O0  -fnext-runtime (test for excess errors)
UNRESOLVED: objc.dg/torture/strings/const-str-10.m  -O0  -fnext-runtime  scan-assembler .section __DATA, __objc_stringobj
UNRESOLVED: objc.dg/torture/strings/const-str-10.m  -O0  -fnext-runtime  scan-assembler .quad\\t_OBJC_CLASS_._NSConstantString\\n\\t.quad\\t.*\\n\\t.long\\t5\\n\\t.space
FAIL: objc.dg/torture/strings/const-str-10.m  -O1  -fnext-runtime (test for excess errors)
UNRESOLVED: objc.dg/torture/strings/const-str-10.m  -O1  -fnext-runtime  scan-assembler .section __DATA, __objc_stringobj
UNRESOLVED: objc.dg/torture/strings/const-str-10.m  -O1  -fnext-runtime  scan-assembler .quad\\t_OBJC_CLASS_._NSConstantString\\n\\t.quad\\t.*\\n\\t.long\\t5\\n\\t.space
FAIL: objc.dg/torture/strings/const-str-10.m  -O2  -fnext-runtime (test for excess errors)
UNRESOLVED: objc.dg/torture/strings/const-str-10.m  -O2  -fnext-runtime  scan-assembler .section __DATA, __objc_stringobj
UNRESOLVED: objc.dg/torture/strings/const-str-10.m  -O2  -fnext-runtime  scan-assembler .quad\\t_OBJC_CLASS_._NSConstantString\\n\\t.quad\\t.*\\n\\t.long\\t5\\n\\t.space
FAIL: objc.dg/torture/strings/const-str-10.m  -O3 -fomit-frame-pointer  -fnext-runtime (test for excess errors)
UNRESOLVED: objc.dg/torture/strings/const-str-10.m  -O3 -fomit-frame-pointer  -fnext-runtime  scan-assembler .section __DATA, __objc_stringobj
UNRESOLVED: objc.dg/torture/strings/const-str-10.m  -O3 -fomit-frame-pointer  -fnext-runtime  scan-assembler .quad\\t_OBJC_CLASS_._NSConstantString\\n\\t.quad\\t.*\\n\\t.long\\t5\\n\\t.space
FAIL: objc.dg/torture/strings/const-str-10.m  -O3 -g  -fnext-runtime (test for excess errors)
UNRESOLVED: objc.dg/torture/strings/const-str-10.m  -O3 -g  -fnext-runtime  scan-assembler .section __DATA, __objc_stringobj
UNRESOLVED: objc.dg/torture/strings/const-str-10.m  -O3 -g  -fnext-runtime  scan-assembler .quad\\t_OBJC_CLASS_._NSConstantString\\n\\t.quad\\t.*\\n\\t.long\\t5\\n\\t.space
FAIL: objc.dg/torture/strings/const-str-10.m  -Os  -fnext-runtime (test for excess errors)
UNRESOLVED: objc.dg/torture/strings/const-str-10.m  -Os  -fnext-runtime  scan-assembler .section __DATA, __objc_stringobj
UNRESOLVED: objc.dg/torture/strings/const-str-10.m  -Os  -fnext-runtime  scan-assembler .quad\\t_OBJC_CLASS_._NSConstantString\\n\\t.quad\\t.*\\n\\t.long\\t5\\n\\t.space
FAIL: objc.dg/torture/strings/const-str-11.m  -O0  -fnext-runtime (test for excess errors)
UNRESOLVED: objc.dg/torture/strings/const-str-11.m  -O0  -fnext-runtime  scan-assembler .section __DATA, __objc_stringobj
UNRESOLVED: objc.dg/torture/strings/const-str-11.m  -O0  -fnext-runtime  scan-assembler .quad\\t_OBJC_CLASS_._XStr\\n\\t.quad\\t.*\\n\\t.long\\t5\\n\\t.space
FAIL: objc.dg/torture/strings/const-str-11.m  -O1  -fnext-runtime (test for excess errors)
UNRESOLVED: objc.dg/torture/strings/const-str-11.m  -O1  -fnext-runtime  scan-assembler .section __DATA, __objc_stringobj
UNRESOLVED: objc.dg/torture/strings/const-str-11.m  -O1  -fnext-runtime  scan-assembler .quad\\t_OBJC_CLASS_._XStr\\n\\t.quad\\t.*\\n\\t.long\\t5\\n\\t.space
FAIL: objc.dg/torture/strings/const-str-11.m  -O2  -fnext-runtime (test for excess errors)
UNRESOLVED: objc.dg/torture/strings/const-str-11.m  -O2  -fnext-runtime  scan-assembler .section __DATA, __objc_stringobj
UNRESOLVED: objc.dg/torture/strings/const-str-11.m  -O2  -fnext-runtime  scan-assembler .quad\\t_OBJC_CLASS_._XStr\\n\\t.quad\\t.*\\n\\t.long\\t5\\n\\t.space
FAIL: objc.dg/torture/strings/const-str-11.m  -O3 -fomit-frame-pointer  -fnext-runtime (test for excess errors)
UNRESOLVED: objc.dg/torture/strings/const-str-11.m  -O3 -fomit-frame-pointer  -fnext-runtime  scan-assembler .section __DATA, __objc_stringobj
UNRESOLVED: objc.dg/torture/strings/const-str-11.m  -O3 -fomit-frame-pointer  -fnext-runtime  scan-assembler .quad\\t_OBJC_CLASS_._XStr\\n\\t.quad\\t.*\\n\\t.long\\t5\\n\\t.space
FAIL: objc.dg/torture/strings/const-str-11.m  -O3 -g  -fnext-runtime (test for excess errors)
UNRESOLVED: objc.dg/torture/strings/const-str-11.m  -O3 -g  -fnext-runtime  scan-assembler .section __DATA, __objc_stringobj
UNRESOLVED: objc.dg/torture/strings/const-str-11.m  -O3 -g  -fnext-runtime  scan-assembler .quad\\t_OBJC_CLASS_._XStr\\n\\t.quad\\t.*\\n\\t.long\\t5\\n\\t.space
FAIL: objc.dg/torture/strings/const-str-11.m  -Os  -fnext-runtime (test for excess errors)
UNRESOLVED: objc.dg/torture/strings/const-str-11.m  -Os  -fnext-runtime  scan-assembler .section __DATA, __objc_stringobj
UNRESOLVED: objc.dg/torture/strings/const-str-11.m  -Os  -fnext-runtime  scan-assembler .quad\\t_OBJC_CLASS_._XStr\\n\\t.quad\\t.*\\n\\t.long\\t5\\n\\t.space
FAIL: objc.dg/torture/strings/const-str-9.m  -O0  -fnext-runtime (test for excess errors)
UNRESOLVED: objc.dg/torture/strings/const-str-9.m  -O0  -fnext-runtime  scan-assembler .section __DATA, __objc_stringobj
UNRESOLVED: objc.dg/torture/strings/const-str-9.m  -O0  -fnext-runtime  scan-assembler .quad\\t_OBJC_CLASS_._NSConstantString\\n\\t.quad\\t.*\\n\\t.long\\t5\\n\\t.space
FAIL: objc.dg/torture/strings/const-str-9.m  -O1  -fnext-runtime (test for excess errors)
UNRESOLVED: objc.dg/torture/strings/const-str-9.m  -O1  -fnext-runtime  scan-assembler .section __DATA, __objc_stringobj
UNRESOLVED: objc.dg/torture/strings/const-str-9.m  -O1  -fnext-runtime  scan-assembler .quad\\t_OBJC_CLASS_._NSConstantString\\n\\t.quad\\t.*\\n\\t.long\\t5\\n\\t.space
FAIL: objc.dg/torture/strings/const-str-9.m  -O2  -fnext-runtime (test for excess errors)
UNRESOLVED: objc.dg/torture/strings/const-str-9.m  -O2  -fnext-runtime  scan-assembler .section __DATA, __objc_stringobj
UNRESOLVED: objc.dg/torture/strings/const-str-9.m  -O2  -fnext-runtime  scan-assembler .quad\\t_OBJC_CLASS_._NSConstantString\\n\\t.quad\\t.*\\n\\t.long\\t5\\n\\t.space
FAIL: objc.dg/torture/strings/const-str-9.m  -O3 -fomit-frame-pointer  -fnext-runtime (test for excess errors)
UNRESOLVED: objc.dg/torture/strings/const-str-9.m  -O3 -fomit-frame-pointer  -fnext-runtime  scan-assembler .section __DATA, __objc_stringobj
UNRESOLVED: objc.dg/torture/strings/const-str-9.m  -O3 -fomit-frame-pointer  -fnext-runtime  scan-assembler .quad\\t_OBJC_CLASS_._NSConstantString\\n\\t.quad\\t.*\\n\\t.long\\t5\\n\\t.space
FAIL: objc.dg/torture/strings/const-str-9.m  -O3 -g  -fnext-runtime (test for excess errors)
UNRESOLVED: objc.dg/torture/strings/const-str-9.m  -O3 -g  -fnext-runtime  scan-assembler .section __DATA, __objc_stringobj
UNRESOLVED: objc.dg/torture/strings/const-str-9.m  -O3 -g  -fnext-runtime  scan-assembler .quad\\t_OBJC_CLASS_._NSConstantString\\n\\t.quad\\t.*\\n\\t.long\\t5\\n\\t.space
FAIL: objc.dg/torture/strings/const-str-9.m  -Os  -fnext-runtime (test for excess errors)
UNRESOLVED: objc.dg/torture/strings/const-str-9.m  -Os  -fnext-runtime  scan-assembler .section __DATA, __objc_stringobj
UNRESOLVED: objc.dg/torture/strings/const-str-9.m  -Os  -fnext-runtime  scan-assembler .quad\\t_OBJC_CLASS_._NSConstantString\\n\\t.quad\\t.*\\n\\t.long\\t5\\n\\t.space

		=== objc Summary ===

# of expected passes		5615
# of unexpected failures	88
# of expected failures		6
# of unresolved testcases	97
# of unsupported tests		77
/Users/hintak/gcc-build/gcc/xgcc  version 4.9.2 (GCC) 

		=== boehm-gc tests ===


Running target unix

		=== boehm-gc Summary ===

# of expected passes		12
# of unsupported tests		1
		=== libatomic tests ===


Running target unix

		=== libatomic Summary ===

# of expected passes		54
		=== libffi tests ===


Running target unix

		=== libffi Summary ===

# of expected passes		1819
# of unsupported tests		55
		=== libgomp tests ===


Running target unix

		=== libgomp Summary ===

# of expected passes		3192
# of unsupported tests		38
		=== libitm tests ===


Running target unix

		=== libitm Summary ===

# of expected passes		26
# of expected failures		3
# of unsupported tests		1
		=== libjava tests ===


Running target unix
FAIL: Throw_2 execution - source compiled test
FAIL: Throw_2 -findirect-dispatch execution - source compiled test
FAIL: Throw_2 -O3 execution - source compiled test
FAIL: Throw_2 -O3 -findirect-dispatch execution - source compiled test

		=== libjava Summary ===

# of expected passes		2574
# of unexpected failures	4
# of expected failures		4
# of untested testcases		4
		=== libstdc++ tests ===


Running target unix

		=== libstdc++ Summary ===

# of expected passes		8869
# of expected failures		41
# of unsupported tests		663

Compiler version: 4.9.2 (GCC) 
Platform: x86_64-apple-darwin13.4.0
configure flags: --with-gmp-include=/usr/local/include/ --with-gmp-lib=/usr/local/lib/ --with-sysroot="/Applications/Xcode.app/Contents/Developer/Platforms/MacOSX.platform/Developer/SDKs/MacOSX10.10.sdk"


Index Nav: [Date Index] [Subject Index] [Author Index] [Thread Index]
Message Nav: [Date Prev] [Date Next] [Thread Prev] [Thread Next]