This is the mail archive of the gcc-testresults@gcc.gnu.org mailing list for the GCC project.


Index Nav: [Date Index] [Subject Index] [Author Index] [Thread Index]
Message Nav: [Date Prev] [Date Next] [Thread Prev] [Thread Next]
Other format: [Raw text]

FW: Results for 4.7.0 (GCC) testsuite on x86_64-unknown-linux-gnu




________________________________________
From: Jenkins
Sent: Monday, November 03, 2014 2:23:56 AM (UTC-08:00) Pacific Time (US & Canada)
To: apinski@cavium.com
Subject: Results for 4.7.0 (GCC) testsuite on x86_64-unknown-linux-gnu

Native configuration is x86_64-unknown-linux-gnu

                === gcc tests ===


Running target unix//-m32
FAIL: c-c++-common/asan/clone-test-1.c  -O2 -flto -flto-partition=none  (test for excess errors)
FAIL: c-c++-common/asan/clone-test-1.c  -O2 -flto  (test for excess errors)
FAIL: c-c++-common/asan/global-overflow-1.c  -O2 -flto -flto-partition=none  (test for excess errors)
FAIL: c-c++-common/asan/global-overflow-1.c  -O2 -flto  (test for excess errors)
FAIL: c-c++-common/asan/heap-overflow-1.c  -O2 -flto -flto-partition=none  (test for excess errors)
FAIL: c-c++-common/asan/heap-overflow-1.c  -O2 -flto  (test for excess errors)
FAIL: c-c++-common/asan/memcmp-1.c  -O2 -flto -flto-partition=none  (test for excess errors)
FAIL: c-c++-common/asan/memcmp-1.c  -O2 -flto  (test for excess errors)
FAIL: c-c++-common/asan/null-deref-1.c  -O2 -flto -flto-partition=none  (test for excess errors)
FAIL: c-c++-common/asan/null-deref-1.c  -O2 -flto  (test for excess errors)
FAIL: c-c++-common/asan/pr59063-1.c  -O2 -flto -flto-partition=none  (test for excess errors)
FAIL: c-c++-common/asan/pr59063-1.c  -O2 -flto  (test for excess errors)
FAIL: c-c++-common/asan/pr59063-2.c  -O0  (test for excess errors)
UNRESOLVED: c-c++-common/asan/pr59063-2.c  -O0  compilation failed to produce executable
FAIL: c-c++-common/asan/pr59063-2.c  -O1  (test for excess errors)
UNRESOLVED: c-c++-common/asan/pr59063-2.c  -O1  compilation failed to produce executable
FAIL: c-c++-common/asan/pr59063-2.c  -O2  (test for excess errors)
UNRESOLVED: c-c++-common/asan/pr59063-2.c  -O2  compilation failed to produce executable
FAIL: c-c++-common/asan/pr59063-2.c  -O3 -fomit-frame-pointer  (test for excess errors)
UNRESOLVED: c-c++-common/asan/pr59063-2.c  -O3 -fomit-frame-pointer  compilation failed to produce executable
FAIL: c-c++-common/asan/pr59063-2.c  -O3 -g  (test for excess errors)
UNRESOLVED: c-c++-common/asan/pr59063-2.c  -O3 -g  compilation failed to produce executable
FAIL: c-c++-common/asan/pr59063-2.c  -Os  (test for excess errors)
UNRESOLVED: c-c++-common/asan/pr59063-2.c  -Os  compilation failed to produce executable
FAIL: c-c++-common/asan/pr59063-2.c  -O2 -flto -flto-partition=none  (test for excess errors)
UNRESOLVED: c-c++-common/asan/pr59063-2.c  -O2 -flto -flto-partition=none  compilation failed to produce executable
FAIL: c-c++-common/asan/pr59063-2.c  -O2 -flto  (test for excess errors)
UNRESOLVED: c-c++-common/asan/pr59063-2.c  -O2 -flto  compilation failed to produce executable
FAIL: c-c++-common/asan/sanity-check-pure-c-1.c  -O2 -flto -flto-partition=none  (test for excess errors)
FAIL: c-c++-common/asan/sanity-check-pure-c-1.c  -O2 -flto  (test for excess errors)
FAIL: c-c++-common/asan/sleep-before-dying-1.c  -O2 -flto -flto-partition=none  (test for excess errors)
FAIL: c-c++-common/asan/sleep-before-dying-1.c  -O2 -flto  (test for excess errors)
FAIL: c-c++-common/asan/stack-overflow-1.c  -O2 -flto -flto-partition=none  (test for excess errors)
FAIL: c-c++-common/asan/stack-overflow-1.c  -O2 -flto  (test for excess errors)
FAIL: c-c++-common/asan/strip-path-prefix-1.c  -O2 -flto -flto-partition=none  (test for excess errors)
FAIL: c-c++-common/asan/strip-path-prefix-1.c  -O2 -flto  (test for excess errors)
FAIL: c-c++-common/asan/strncpy-overflow-1.c  -O2 -flto -flto-partition=none  (test for excess errors)
FAIL: c-c++-common/asan/strncpy-overflow-1.c  -O2 -flto  (test for excess errors)
FAIL: c-c++-common/asan/swapcontext-test-1.c  -O2 -flto -flto-partition=none  (test for excess errors)
FAIL: c-c++-common/asan/swapcontext-test-1.c  -O2 -flto  (test for excess errors)
FAIL: c-c++-common/asan/use-after-free-1.c  -O2 -flto -flto-partition=none  (test for excess errors)
FAIL: c-c++-common/asan/use-after-free-1.c  -O2 -flto  (test for excess errors)
FAIL: gcc.dg/20020201-1.c (test for excess errors)
UNRESOLVED: gcc.dg/20020201-1.c compilation failed to produce executable
FAIL: gcc.dg/cproj-fails-with-broken-glibc.c execution test
XPASS: gcc.dg/inline_3.c (test for excess errors)
XPASS: gcc.dg/inline_4.c (test for excess errors)
FAIL: gcc.dg/pr47793.c (test for excess errors)
UNRESOLVED: gcc.dg/pr47793.c compilation failed to produce executable
UNRESOLVED: gcc.dg/pr47793.c scan-file .
FAIL: gcc.dg/pr48770.c (test for excess errors)
UNRESOLVED: gcc.dg/pr48770.c compilation failed to produce executable
FAIL: gcc.dg/profile-generate-3.c (test for excess errors)
XPASS: gcc.dg/unroll_2.c (test for excess errors)
XPASS: gcc.dg/unroll_3.c (test for excess errors)
XPASS: gcc.dg/unroll_4.c (test for excess errors)
XPASS: gcc.dg/guality/example.c  -O0  execution test
XPASS: gcc.dg/guality/example.c  -O1  execution test
XPASS: gcc.dg/guality/guality.c  -O0  execution test
XPASS: gcc.dg/guality/guality.c  -O1  execution test
XPASS: gcc.dg/guality/guality.c  -O2  execution test
XPASS: gcc.dg/guality/guality.c  -O3 -fomit-frame-pointer  execution test
XPASS: gcc.dg/guality/guality.c  -O3 -g  execution test
XPASS: gcc.dg/guality/guality.c  -Os  execution test
XPASS: gcc.dg/guality/guality.c  -O2 -flto -flto-partition=none  execution test
XPASS: gcc.dg/guality/guality.c  -O2 -flto  execution test
XPASS: gcc.dg/guality/inline-params.c  -O2  execution test
XPASS: gcc.dg/guality/inline-params.c  -O3 -fomit-frame-pointer  execution test
XPASS: gcc.dg/guality/inline-params.c  -O3 -g  execution test
XPASS: gcc.dg/guality/inline-params.c  -Os  execution test
XPASS: gcc.dg/guality/inline-params.c  -O2 -flto -flto-partition=none  execution test
XPASS: gcc.dg/guality/inline-params.c  -O2 -flto  execution test
XPASS: gcc.dg/guality/pr41353-1.c  -O0  line 28 j == 28 + 37
XPASS: gcc.dg/guality/pr41353-1.c  -O1  line 28 j == 28 + 37
XPASS: gcc.dg/guality/pr41353-1.c  -O2  line 28 j == 28 + 37
XPASS: gcc.dg/guality/pr41353-1.c  -O3 -fomit-frame-pointer  line 28 j == 28 + 37
XPASS: gcc.dg/guality/pr41353-1.c  -O3 -g  line 28 j == 28 + 37
XPASS: gcc.dg/guality/pr41353-1.c  -Os  line 28 j == 28 + 37
XPASS: gcc.dg/guality/pr41353-1.c  -O2 -flto -flto-partition=none  line 28 j == 28 + 37
XPASS: gcc.dg/guality/pr41353-1.c  -O2 -flto  line 28 j == 28 + 37
XPASS: gcc.dg/guality/pr41447-1.c  -O0  execution test
XPASS: gcc.dg/guality/pr41447-1.c  -O1  execution test
XPASS: gcc.dg/guality/pr41447-1.c  -Os  execution test
XPASS: gcc.dg/guality/pr41616-1.c  -O0  execution test
XPASS: gcc.dg/guality/pr41616-1.c  -O1  execution test
XPASS: gcc.dg/guality/pr41616-1.c  -O2  execution test
XPASS: gcc.dg/guality/pr41616-1.c  -O3 -fomit-frame-pointer  execution test
XPASS: gcc.dg/guality/pr41616-1.c  -O3 -g  execution test
XPASS: gcc.dg/guality/pr41616-1.c  -Os  execution test
XPASS: gcc.dg/guality/pr41616-1.c  -O2 -flto -flto-partition=none  execution test
XPASS: gcc.dg/guality/pr41616-1.c  -O2 -flto  execution test
FAIL: gcc.dg/guality/sra-1.c  -O1  line 21 a.j == 14
FAIL: gcc.dg/guality/sra-1.c  -O2  line 21 a.j == 14
FAIL: gcc.dg/guality/sra-1.c  -O3 -fomit-frame-pointer  line 21 a.j == 14
FAIL: gcc.dg/guality/sra-1.c  -O3 -g  line 21 a.j == 14
FAIL: gcc.dg/guality/sra-1.c  -Os  line 21 a.j == 14
FAIL: gcc.dg/guality/sra-1.c  -O2 -flto -flto-partition=none  line 21 a.j == 14
FAIL: gcc.dg/guality/sra-1.c  -O2 -flto  line 21 a.j == 14
FAIL: gcc.dg/guality/vla-1.c  -O0  line 17 sizeof (a) == 6
FAIL: gcc.dg/guality/vla-1.c  -O0  line 24 sizeof (a) == 17 * sizeof (short)
FAIL: gcc.dg/guality/vla-1.c  -O1  line 17 sizeof (a) == 6
FAIL: gcc.dg/guality/vla-1.c  -O1  line 24 sizeof (a) == 17 * sizeof (short)
FAIL: gcc.dg/guality/vla-1.c  -O2  line 17 sizeof (a) == 6
FAIL: gcc.dg/guality/vla-1.c  -O2  line 24 sizeof (a) == 17 * sizeof (short)
FAIL: gcc.dg/guality/vla-1.c  -O3 -fomit-frame-pointer  line 17 sizeof (a) == 6
FAIL: gcc.dg/guality/vla-1.c  -O3 -fomit-frame-pointer  line 24 sizeof (a) == 17 * sizeof (short)
FAIL: gcc.dg/guality/vla-1.c  -O3 -g  line 17 sizeof (a) == 6
FAIL: gcc.dg/guality/vla-1.c  -O3 -g  line 24 sizeof (a) == 17 * sizeof (short)
FAIL: gcc.dg/guality/vla-1.c  -Os  line 17 sizeof (a) == 6
FAIL: gcc.dg/guality/vla-1.c  -Os  line 24 sizeof (a) == 17 * sizeof (short)
FAIL: gcc.dg/guality/vla-1.c  -O2 -flto -flto-partition=none  line 17 sizeof (a) == 6
FAIL: gcc.dg/guality/vla-1.c  -O2 -flto -flto-partition=none  line 24 sizeof (a) == 17 * sizeof (short)
FAIL: gcc.dg/guality/vla-1.c  -O2 -flto  line 17 sizeof (a) == 6
FAIL: gcc.dg/guality/vla-1.c  -O2 -flto  line 24 sizeof (a) == 17 * sizeof (short)
FAIL: gcc.dg/guality/vla-2.c  -O0  line 16 sizeof (a) == 5 * sizeof (int)
FAIL: gcc.dg/guality/vla-2.c  -O0  line 25 sizeof (a) == 6 * sizeof (int)
FAIL: gcc.dg/guality/vla-2.c  -O1  line 16 sizeof (a) == 5 * sizeof (int)
FAIL: gcc.dg/guality/vla-2.c  -O1  line 25 sizeof (a) == 6 * sizeof (int)
FAIL: gcc.dg/guality/vla-2.c  -O2  line 16 sizeof (a) == 5 * sizeof (int)
FAIL: gcc.dg/guality/vla-2.c  -O2  line 25 sizeof (a) == 6 * sizeof (int)
FAIL: gcc.dg/guality/vla-2.c  -O3 -fomit-frame-pointer  line 16 sizeof (a) == 5 * sizeof (int)
FAIL: gcc.dg/guality/vla-2.c  -O3 -fomit-frame-pointer  line 25 sizeof (a) == 6 * sizeof (int)
FAIL: gcc.dg/guality/vla-2.c  -O3 -g  line 16 sizeof (a) == 5 * sizeof (int)
FAIL: gcc.dg/guality/vla-2.c  -O3 -g  line 25 sizeof (a) == 6 * sizeof (int)
FAIL: gcc.dg/guality/vla-2.c  -Os  line 16 sizeof (a) == 5 * sizeof (int)
FAIL: gcc.dg/guality/vla-2.c  -Os  line 25 sizeof (a) == 6 * sizeof (int)
FAIL: gcc.dg/guality/vla-2.c  -O2 -flto -flto-partition=none  line 16 sizeof (a) == 5 * sizeof (int)
FAIL: gcc.dg/guality/vla-2.c  -O2 -flto -flto-partition=none  line 25 sizeof (a) == 6 * sizeof (int)
FAIL: gcc.dg/guality/vla-2.c  -O2 -flto  line 16 sizeof (a) == 5 * sizeof (int)
FAIL: gcc.dg/guality/vla-2.c  -O2 -flto  line 25 sizeof (a) == 6 * sizeof (int)
FAIL: gcc.dg/lto/20100430-1 c_lto_20100430-1_0.o-c_lto_20100430-1_0.o link, -O2 -fprofile-arcs -flto -r -nostdlib
UNRESOLVED: gcc.dg/lto/20100430-1 c_lto_20100430-1_0.o-c_lto_20100430-1_0.o execute -O2 -fprofile-arcs -flto -r -nostdlib
FAIL: gcc.dg/matrix/transpose-1.c compilation,  -fprofile-generate -O3 -fno-tree-fre
UNRESOLVED: gcc.dg/matrix/transpose-1.c execution,    -fprofile-generate -O3 -fno-tree-fre
UNRESOLVED: gcc.dg/matrix/transpose-1.c compilation,  -fprofile-use -fipa-matrix-reorg -fdump-ipa-matrix-reorg -O3 -fwhole-program -fno-tree-fre
UNRESOLVED: gcc.dg/matrix/transpose-1.c execution,    -fprofile-use -fipa-matrix-reorg -fdump-ipa-matrix-reorg -O3 -fwhole-program -fno-tree-fre
FAIL: gcc.dg/matrix/transpose-2.c compilation,  -fprofile-generate -O3 -fno-tree-fre
UNRESOLVED: gcc.dg/matrix/transpose-2.c execution,    -fprofile-generate -O3 -fno-tree-fre
UNRESOLVED: gcc.dg/matrix/transpose-2.c compilation,  -fprofile-use -fipa-matrix-reorg -fdump-ipa-matrix-reorg -O3 -fwhole-program -fno-tree-fre
UNRESOLVED: gcc.dg/matrix/transpose-2.c execution,    -fprofile-use -fipa-matrix-reorg -fdump-ipa-matrix-reorg -O3 -fwhole-program -fno-tree-fre
FAIL: gcc.dg/matrix/transpose-3.c compilation,  -fprofile-generate -O3 -fno-tree-fre
UNRESOLVED: gcc.dg/matrix/transpose-3.c execution,    -fprofile-generate -O3 -fno-tree-fre
UNRESOLVED: gcc.dg/matrix/transpose-3.c compilation,  -fprofile-use -fipa-matrix-reorg -fdump-ipa-matrix-reorg -O3 -fwhole-program -fno-tree-fre
UNRESOLVED: gcc.dg/matrix/transpose-3.c execution,    -fprofile-use -fipa-matrix-reorg -fdump-ipa-matrix-reorg -O3 -fwhole-program -fno-tree-fre
FAIL: gcc.dg/matrix/transpose-4.c compilation,  -fprofile-generate -O3 -fno-tree-fre
UNRESOLVED: gcc.dg/matrix/transpose-4.c execution,    -fprofile-generate -O3 -fno-tree-fre
UNRESOLVED: gcc.dg/matrix/transpose-4.c compilation,  -fprofile-use -fipa-matrix-reorg -fdump-ipa-matrix-reorg -O3 -fwhole-program -fno-tree-fre
UNRESOLVED: gcc.dg/matrix/transpose-4.c execution,    -fprofile-use -fipa-matrix-reorg -fdump-ipa-matrix-reorg -O3 -fwhole-program -fno-tree-fre
FAIL: gcc.dg/matrix/transpose-5.c compilation,  -fprofile-generate -O3 -fno-tree-fre
UNRESOLVED: gcc.dg/matrix/transpose-5.c execution,    -fprofile-generate -O3 -fno-tree-fre
UNRESOLVED: gcc.dg/matrix/transpose-5.c compilation,  -fprofile-use -fipa-matrix-reorg -fdump-ipa-matrix-reorg -O3 -fwhole-program -fno-tree-fre
UNRESOLVED: gcc.dg/matrix/transpose-5.c execution,    -fprofile-use -fipa-matrix-reorg -fdump-ipa-matrix-reorg -O3 -fwhole-program -fno-tree-fre
FAIL: gcc.dg/matrix/transpose-6.c compilation,  -fprofile-generate -O3 -fno-tree-fre
UNRESOLVED: gcc.dg/matrix/transpose-6.c execution,    -fprofile-generate -O3 -fno-tree-fre
UNRESOLVED: gcc.dg/matrix/transpose-6.c compilation,  -fprofile-use -fipa-matrix-reorg -fdump-ipa-matrix-reorg -O3 -fwhole-program -fno-tree-fre
UNRESOLVED: gcc.dg/matrix/transpose-6.c execution,    -fprofile-use -fipa-matrix-reorg -fdump-ipa-matrix-reorg -O3 -fwhole-program -fno-tree-fre
FAIL: gcc.dg/torture/tls/run-ld.c  -O1  -pie -fpie  execution test
FAIL: gcc.dg/torture/tls/run-ld.c  -O2  -pie -fpie  execution test
FAIL: gcc.dg/torture/tls/run-ld.c  -O3 -fomit-frame-pointer  -pie -fpie  execution test
FAIL: gcc.dg/torture/tls/run-ld.c  -O3 -g  -pie -fpie  execution test
FAIL: gcc.dg/torture/tls/run-ld.c  -Os  -pie -fpie  execution test
FAIL: gcc.dg/torture/tls/run-ld.c  -O1  -pie -fPIE  execution test
FAIL: gcc.dg/torture/tls/run-ld.c  -O2  -pie -fPIE  execution test
FAIL: gcc.dg/torture/tls/run-ld.c  -O3 -fomit-frame-pointer  -pie -fPIE  execution test
FAIL: gcc.dg/torture/tls/run-ld.c  -O3 -g  -pie -fPIE  execution test
FAIL: gcc.dg/torture/tls/run-ld.c  -Os  -pie -fPIE  execution test
FAIL: gcc.dg/tree-prof/bb-reorg.c compilation,  -fprofile-generate -D_PROFILE_GENERATE
UNRESOLVED: gcc.dg/tree-prof/bb-reorg.c execution,    -fprofile-generate -D_PROFILE_GENERATE
UNRESOLVED: gcc.dg/tree-prof/bb-reorg.c compilation,  -fprofile-use -D_PROFILE_USE
UNRESOLVED: gcc.dg/tree-prof/bb-reorg.c execution,    -fprofile-use -D_PROFILE_USE
FAIL: gcc.dg/tree-prof/ic-misattribution-1.c compilation,  -fprofile-generate -D_PROFILE_GENERATE
UNRESOLVED: gcc.dg/tree-prof/ic-misattribution-1.c execution,    -fprofile-generate -D_PROFILE_GENERATE
UNRESOLVED: gcc.dg/tree-prof/ic-misattribution-1.c compilation,  -fprofile-use -D_PROFILE_USE
UNRESOLVED: gcc.dg/tree-prof/ic-misattribution-1.c execution,    -fprofile-use -D_PROFILE_USE
FAIL: gcc.dg/tree-prof/ic-misattribution-1a.c compilation,  -fprofile-generate -D_PROFILE_GENERATE
UNRESOLVED: gcc.dg/tree-prof/ic-misattribution-1a.c execution,    -fprofile-generate -D_PROFILE_GENERATE
UNRESOLVED: gcc.dg/tree-prof/ic-misattribution-1a.c compilation,  -fprofile-use -D_PROFILE_USE
UNRESOLVED: gcc.dg/tree-prof/ic-misattribution-1a.c execution,    -fprofile-use -D_PROFILE_USE
FAIL: gcc.dg/tree-prof/indir-call-prof.c compilation,  -fprofile-generate -D_PROFILE_GENERATE
UNRESOLVED: gcc.dg/tree-prof/indir-call-prof.c execution,    -fprofile-generate -D_PROFILE_GENERATE
UNRESOLVED: gcc.dg/tree-prof/indir-call-prof.c compilation,  -fprofile-use -D_PROFILE_USE
UNRESOLVED: gcc.dg/tree-prof/indir-call-prof.c execution,    -fprofile-use -D_PROFILE_USE
FAIL: gcc.dg/tree-prof/inliner-1.c compilation,  -fprofile-generate -D_PROFILE_GENERATE
UNRESOLVED: gcc.dg/tree-prof/inliner-1.c execution,    -fprofile-generate -D_PROFILE_GENERATE
UNRESOLVED: gcc.dg/tree-prof/inliner-1.c compilation,  -fprofile-use -D_PROFILE_USE
UNRESOLVED: gcc.dg/tree-prof/inliner-1.c execution,    -fprofile-use -D_PROFILE_USE
FAIL: gcc.dg/tree-prof/pr34999.c compilation,  -fprofile-generate -D_PROFILE_GENERATE
UNRESOLVED: gcc.dg/tree-prof/pr34999.c execution,    -fprofile-generate -D_PROFILE_GENERATE
UNRESOLVED: gcc.dg/tree-prof/pr34999.c compilation,  -fprofile-use -D_PROFILE_USE
UNRESOLVED: gcc.dg/tree-prof/pr34999.c execution,    -fprofile-use -D_PROFILE_USE
FAIL: gcc.dg/tree-prof/pr44777.c compilation,  -fprofile-generate -D_PROFILE_GENERATE
UNRESOLVED: gcc.dg/tree-prof/pr44777.c execution,    -fprofile-generate -D_PROFILE_GENERATE
UNRESOLVED: gcc.dg/tree-prof/pr44777.c compilation,  -fprofile-use -D_PROFILE_USE
UNRESOLVED: gcc.dg/tree-prof/pr44777.c execution,    -fprofile-use -D_PROFILE_USE
FAIL: gcc.dg/tree-prof/pr45354.c compilation,  -fprofile-generate -D_PROFILE_GENERATE
UNRESOLVED: gcc.dg/tree-prof/pr45354.c execution,    -fprofile-generate -D_PROFILE_GENERATE
UNRESOLVED: gcc.dg/tree-prof/pr45354.c compilation,  -fprofile-use -D_PROFILE_USE
UNRESOLVED: gcc.dg/tree-prof/pr45354.c execution,    -fprofile-use -D_PROFILE_USE
FAIL: gcc.dg/tree-prof/pr47187.c compilation,  -fprofile-generate -D_PROFILE_GENERATE
UNRESOLVED: gcc.dg/tree-prof/pr47187.c execution,    -fprofile-generate -D_PROFILE_GENERATE
UNRESOLVED: gcc.dg/tree-prof/pr47187.c compilation,  -fprofile-use -D_PROFILE_USE
UNRESOLVED: gcc.dg/tree-prof/pr47187.c execution,    -fprofile-use -D_PROFILE_USE
FAIL: gcc.dg/tree-prof/pr49299-1.c compilation,  -fprofile-generate -D_PROFILE_GENERATE
UNRESOLVED: gcc.dg/tree-prof/pr49299-1.c execution,    -fprofile-generate -D_PROFILE_GENERATE
UNRESOLVED: gcc.dg/tree-prof/pr49299-1.c compilation,  -fprofile-use -D_PROFILE_USE
UNRESOLVED: gcc.dg/tree-prof/pr49299-1.c execution,    -fprofile-use -D_PROFILE_USE
FAIL: gcc.dg/tree-prof/pr49299-2.c compilation,  -fprofile-generate -D_PROFILE_GENERATE
UNRESOLVED: gcc.dg/tree-prof/pr49299-2.c execution,    -fprofile-generate -D_PROFILE_GENERATE
UNRESOLVED: gcc.dg/tree-prof/pr49299-2.c compilation,  -fprofile-use -D_PROFILE_USE
UNRESOLVED: gcc.dg/tree-prof/pr49299-2.c execution,    -fprofile-use -D_PROFILE_USE
FAIL: gcc.dg/tree-prof/pr50907.c compilation,  -fprofile-generate -D_PROFILE_GENERATE
UNRESOLVED: gcc.dg/tree-prof/pr50907.c execution,    -fprofile-generate -D_PROFILE_GENERATE
UNRESOLVED: gcc.dg/tree-prof/pr50907.c compilation,  -fprofile-use -D_PROFILE_USE
UNRESOLVED: gcc.dg/tree-prof/pr50907.c execution,    -fprofile-use -D_PROFILE_USE
FAIL: gcc.dg/tree-prof/pr52027.c compilation,  -fprofile-generate -D_PROFILE_GENERATE
UNRESOLVED: gcc.dg/tree-prof/pr52027.c execution,    -fprofile-generate -D_PROFILE_GENERATE
UNRESOLVED: gcc.dg/tree-prof/pr52027.c compilation,  -fprofile-use -D_PROFILE_USE
UNRESOLVED: gcc.dg/tree-prof/pr52027.c execution,    -fprofile-use -D_PROFILE_USE
FAIL: gcc.dg/tree-prof/pr52150.c compilation,  -fprofile-generate -D_PROFILE_GENERATE
UNRESOLVED: gcc.dg/tree-prof/pr52150.c execution,    -fprofile-generate -D_PROFILE_GENERATE
UNRESOLVED: gcc.dg/tree-prof/pr52150.c compilation,  -fprofile-use -D_PROFILE_USE
UNRESOLVED: gcc.dg/tree-prof/pr52150.c execution,    -fprofile-use -D_PROFILE_USE
FAIL: gcc.dg/tree-prof/prof-robust-1.c compilation,  -fprofile-generate -D_PROFILE_GENERATE
UNRESOLVED: gcc.dg/tree-prof/prof-robust-1.c execution,    -fprofile-generate -D_PROFILE_GENERATE
UNRESOLVED: gcc.dg/tree-prof/prof-robust-1.c compilation,  -fprofile-use -D_PROFILE_USE
UNRESOLVED: gcc.dg/tree-prof/prof-robust-1.c execution,    -fprofile-use -D_PROFILE_USE
FAIL: gcc.dg/tree-prof/stringop-1.c compilation,  -fprofile-generate -D_PROFILE_GENERATE
UNRESOLVED: gcc.dg/tree-prof/stringop-1.c execution,    -fprofile-generate -D_PROFILE_GENERATE
UNRESOLVED: gcc.dg/tree-prof/stringop-1.c compilation,  -fprofile-use -D_PROFILE_USE
UNRESOLVED: gcc.dg/tree-prof/stringop-1.c execution,    -fprofile-use -D_PROFILE_USE
FAIL: gcc.dg/tree-prof/stringop-2.c compilation,  -fprofile-generate -D_PROFILE_GENERATE
UNRESOLVED: gcc.dg/tree-prof/stringop-2.c execution,    -fprofile-generate -D_PROFILE_GENERATE
UNRESOLVED: gcc.dg/tree-prof/stringop-2.c compilation,  -fprofile-use -D_PROFILE_USE
UNRESOLVED: gcc.dg/tree-prof/stringop-2.c execution,    -fprofile-use -D_PROFILE_USE
FAIL: gcc.dg/tree-prof/tracer-1.c compilation,  -fprofile-generate -D_PROFILE_GENERATE
UNRESOLVED: gcc.dg/tree-prof/tracer-1.c execution,    -fprofile-generate -D_PROFILE_GENERATE
UNRESOLVED: gcc.dg/tree-prof/tracer-1.c compilation,  -fprofile-use -D_PROFILE_USE
UNRESOLVED: gcc.dg/tree-prof/tracer-1.c execution,    -fprofile-use -D_PROFILE_USE
FAIL: gcc.dg/tree-prof/update-cunroll-2.c compilation,  -fprofile-generate -D_PROFILE_GENERATE
UNRESOLVED: gcc.dg/tree-prof/update-cunroll-2.c execution,    -fprofile-generate -D_PROFILE_GENERATE
UNRESOLVED: gcc.dg/tree-prof/update-cunroll-2.c compilation,  -fprofile-use -D_PROFILE_USE
UNRESOLVED: gcc.dg/tree-prof/update-cunroll-2.c execution,    -fprofile-use -D_PROFILE_USE
FAIL: gcc.dg/tree-prof/update-loopch.c compilation,  -fprofile-generate -D_PROFILE_GENERATE
UNRESOLVED: gcc.dg/tree-prof/update-loopch.c execution,    -fprofile-generate -D_PROFILE_GENERATE
UNRESOLVED: gcc.dg/tree-prof/update-loopch.c compilation,  -fprofile-use -D_PROFILE_USE
UNRESOLVED: gcc.dg/tree-prof/update-loopch.c execution,    -fprofile-use -D_PROFILE_USE
FAIL: gcc.dg/tree-prof/update-tailcall.c compilation,  -fprofile-generate -D_PROFILE_GENERATE
UNRESOLVED: gcc.dg/tree-prof/update-tailcall.c execution,    -fprofile-generate -D_PROFILE_GENERATE
UNRESOLVED: gcc.dg/tree-prof/update-tailcall.c compilation,  -fprofile-use -D_PROFILE_USE
UNRESOLVED: gcc.dg/tree-prof/update-tailcall.c execution,    -fprofile-use -D_PROFILE_USE
FAIL: gcc.dg/tree-prof/val-prof-1.c compilation,  -fprofile-generate -D_PROFILE_GENERATE
UNRESOLVED: gcc.dg/tree-prof/val-prof-1.c execution,    -fprofile-generate -D_PROFILE_GENERATE
UNRESOLVED: gcc.dg/tree-prof/val-prof-1.c compilation,  -fprofile-use -D_PROFILE_USE
UNRESOLVED: gcc.dg/tree-prof/val-prof-1.c execution,    -fprofile-use -D_PROFILE_USE
FAIL: gcc.dg/tree-prof/val-prof-2.c compilation,  -fprofile-generate -D_PROFILE_GENERATE
UNRESOLVED: gcc.dg/tree-prof/val-prof-2.c execution,    -fprofile-generate -D_PROFILE_GENERATE
UNRESOLVED: gcc.dg/tree-prof/val-prof-2.c compilation,  -fprofile-use -D_PROFILE_USE
UNRESOLVED: gcc.dg/tree-prof/val-prof-2.c execution,    -fprofile-use -D_PROFILE_USE
FAIL: gcc.dg/tree-prof/val-prof-3.c compilation,  -fprofile-generate -D_PROFILE_GENERATE
UNRESOLVED: gcc.dg/tree-prof/val-prof-3.c execution,    -fprofile-generate -D_PROFILE_GENERATE
UNRESOLVED: gcc.dg/tree-prof/val-prof-3.c compilation,  -fprofile-use -D_PROFILE_USE
UNRESOLVED: gcc.dg/tree-prof/val-prof-3.c execution,    -fprofile-use -D_PROFILE_USE
FAIL: gcc.dg/tree-prof/val-prof-4.c compilation,  -fprofile-generate -D_PROFILE_GENERATE
UNRESOLVED: gcc.dg/tree-prof/val-prof-4.c execution,    -fprofile-generate -D_PROFILE_GENERATE
UNRESOLVED: gcc.dg/tree-prof/val-prof-4.c compilation,  -fprofile-use -D_PROFILE_USE
UNRESOLVED: gcc.dg/tree-prof/val-prof-4.c execution,    -fprofile-use -D_PROFILE_USE
FAIL: gcc.dg/tree-prof/val-prof-5.c compilation,  -fprofile-generate -D_PROFILE_GENERATE
UNRESOLVED: gcc.dg/tree-prof/val-prof-5.c execution,    -fprofile-generate -D_PROFILE_GENERATE
UNRESOLVED: gcc.dg/tree-prof/val-prof-5.c compilation,  -fprofile-use -D_PROFILE_USE
UNRESOLVED: gcc.dg/tree-prof/val-prof-5.c execution,    -fprofile-use -D_PROFILE_USE
FAIL: gcc.dg/tree-prof/val-prof-6.c compilation,  -fprofile-generate -D_PROFILE_GENERATE
UNRESOLVED: gcc.dg/tree-prof/val-prof-6.c execution,    -fprofile-generate -D_PROFILE_GENERATE
UNRESOLVED: gcc.dg/tree-prof/val-prof-6.c compilation,  -fprofile-use -D_PROFILE_USE
UNRESOLVED: gcc.dg/tree-prof/val-prof-6.c execution,    -fprofile-use -D_PROFILE_USE
FAIL: gcc.dg/tree-prof/val-prof-7.c compilation,  -fprofile-generate -D_PROFILE_GENERATE
UNRESOLVED: gcc.dg/tree-prof/val-prof-7.c execution,    -fprofile-generate -D_PROFILE_GENERATE
UNRESOLVED: gcc.dg/tree-prof/val-prof-7.c compilation,  -fprofile-use -D_PROFILE_USE
UNRESOLVED: gcc.dg/tree-prof/val-prof-7.c execution,    -fprofile-use -D_PROFILE_USE
FAIL: gcc.dg/tree-prof/wcoverage-mismatch.c compilation,  -fprofile-generate -D_PROFILE_GENERATE
UNRESOLVED: gcc.dg/tree-prof/wcoverage-mismatch.c execution,    -fprofile-generate -D_PROFILE_GENERATE
UNRESOLVED: gcc.dg/tree-prof/wcoverage-mismatch.c compilation,  -fprofile-use -D_PROFILE_USE
UNRESOLVED: gcc.dg/tree-prof/wcoverage-mismatch.c execution,    -fprofile-use -D_PROFILE_USE
FAIL: gcc.dg/tree-ssa/loop-37.c scan-tree-dump-not optimized "my_array"
FAIL: gcc.dg/tree-ssa/loop-38.c scan-tree-dump-times ch "3 loops found" 1
FAIL: c-c++-common/ubsan/div-by-zero-1.c  -O2 -flto -flto-partition=none  (test for excess errors)
FAIL: c-c++-common/ubsan/div-by-zero-1.c  -O2 -flto  (test for excess errors)
FAIL: c-c++-common/ubsan/div-by-zero-2.c  -O2 -flto -flto-partition=none  (test for excess errors)
FAIL: c-c++-common/ubsan/div-by-zero-2.c  -O2 -flto  (test for excess errors)
FAIL: c-c++-common/ubsan/div-by-zero-3.c  -O2 -flto -flto-partition=none  (test for excess errors)
FAIL: c-c++-common/ubsan/div-by-zero-3.c  -O2 -flto  (test for excess errors)
FAIL: c-c++-common/ubsan/div-by-zero-4.c  -O2 -flto -flto-partition=none  (test for excess errors)
FAIL: c-c++-common/ubsan/div-by-zero-4.c  -O2 -flto  (test for excess errors)
FAIL: c-c++-common/ubsan/unreachable-1.c  -O2 -flto -flto-partition=none  (test for excess errors)
FAIL: c-c++-common/ubsan/unreachable-1.c  -O2 -flto  (test for excess errors)
FAIL: gcc.dg/vect/vect-98-big-array.c execution test
FAIL: gcc.dg/vect/vect-singleton_1.c  (test for warnings, line 20)
FAIL: gcc.dg/vect/vect-singleton_1.c  (test for warnings, line 58)
FAIL: gcc.dg/vect/vect-singleton_1.c (test for excess errors)
FAIL: gcc.dg/vect/vect-98-big-array.c -flto execution test
FAIL: gcc.dg/vect/vect-singleton_1.c -flto  (test for warnings, line 20)
FAIL: gcc.dg/vect/vect-singleton_1.c -flto  (test for warnings, line 58)
FAIL: gcc.dg/vect/vect-singleton_1.c -flto (test for excess errors)
FAIL: gcc.misc-tests/bprob-1.c compilation,  -fprofile-arcs
UNRESOLVED: gcc.misc-tests/bprob-1.c execution,    -fprofile-arcs
UNRESOLVED: gcc.misc-tests/bprob-1.c compilation,  -fbranch-probabilities
UNRESOLVED: gcc.misc-tests/bprob-1.c execution,    -fbranch-probabilities
FAIL: gcc.misc-tests/bprob-2.c compilation,  -fprofile-arcs
UNRESOLVED: gcc.misc-tests/bprob-2.c execution,    -fprofile-arcs
UNRESOLVED: gcc.misc-tests/bprob-2.c compilation,  -fbranch-probabilities
UNRESOLVED: gcc.misc-tests/bprob-2.c execution,    -fbranch-probabilities
FAIL: gcc.misc-tests/gcov-1.c (test for excess errors)
UNRESOLVED: gcc.misc-tests/gcov-1.c compilation failed to produce executable
FAIL: gcc.misc-tests/gcov-1.c gcov failed: gcov-1.c.gcov does not exist
FAIL: gcc.misc-tests/gcov-10.c (test for excess errors)
UNRESOLVED: gcc.misc-tests/gcov-10.c compilation failed to produce executable
FAIL: gcc.misc-tests/gcov-10.c gcov failed: gcov-10.c.gcov does not exist
FAIL: gcc.misc-tests/gcov-10b.c (test for excess errors)
UNRESOLVED: gcc.misc-tests/gcov-10b.c compilation failed to produce executable
FAIL: gcc.misc-tests/gcov-10b.c gcov failed: gcov-10b.c.gcov does not exist
FAIL: gcc.misc-tests/gcov-11.c (test for excess errors)
UNRESOLVED: gcc.misc-tests/gcov-11.c compilation failed to produce executable
FAIL: gcc.misc-tests/gcov-11.c gcov failed: gcov-11.c.gcov does not exist
FAIL: gcc.misc-tests/gcov-12.c (test for excess errors)
UNRESOLVED: gcc.misc-tests/gcov-12.c compilation failed to produce executable
FAIL: gcc.misc-tests/gcov-12.c gcov failed: gcov-12.c.gcov does not exist
FAIL: gcc.misc-tests/gcov-13.c (test for excess errors)
UNRESOLVED: gcc.misc-tests/gcov-13.c compilation failed to produce executable
FAIL: gcc.misc-tests/gcovpart-13b.c gcov failed: gcovpart-13b.c.gcov does not exist
FAIL: gcc.misc-tests/gcov-14.c (test for excess errors)
UNRESOLVED: gcc.misc-tests/gcov-14.c compilation failed to produce executable
FAIL: gcc.misc-tests/gcov-14.c gcov failed: gcov-14.c.gcov does not exist
FAIL: gcc.misc-tests/gcov-15.c (test for excess errors)
UNRESOLVED: gcc.misc-tests/gcov-15.c compilation failed to produce executable
FAIL: gcc.misc-tests/gcov-15.c gcov failed: gcov-15.c.gcov does not exist
FAIL: gcc.misc-tests/gcov-2.c (test for excess errors)
UNRESOLVED: gcc.misc-tests/gcov-2.c compilation failed to produce executable
FAIL: gcc.misc-tests/gcov-2.c gcov failed: gcov-2.c.gcov does not exist
FAIL: gcc.misc-tests/gcov-3.c (test for excess errors)
UNRESOLVED: gcc.misc-tests/gcov-3.c compilation failed to produce executable
FAIL: gcc.misc-tests/gcov-3.c gcov failed: gcov-3.c.gcov does not exist
FAIL: gcc.misc-tests/gcov-4.c (test for excess errors)
UNRESOLVED: gcc.misc-tests/gcov-4.c compilation failed to produce executable
FAIL: gcc.misc-tests/gcov-4.c gcov failed: gcov-4.c.gcov does not exist
FAIL: gcc.misc-tests/gcov-4b.c (test for excess errors)
UNRESOLVED: gcc.misc-tests/gcov-4b.c compilation failed to produce executable
FAIL: gcc.misc-tests/gcov-4b.c gcov failed: gcov-4b.c.gcov does not exist
FAIL: gcc.misc-tests/gcov-5b.c (test for excess errors)
UNRESOLVED: gcc.misc-tests/gcov-5b.c compilation failed to produce executable
FAIL: gcc.misc-tests/gcov-5b.c gcov failed: gcov-5b.c.gcov does not exist
FAIL: gcc.misc-tests/gcov-6.c (test for excess errors)
UNRESOLVED: gcc.misc-tests/gcov-6.c compilation failed to produce executable
FAIL: gcc.misc-tests/gcov-6.c gcov failed: gcov-6.c.gcov does not exist
FAIL: gcc.misc-tests/gcov-7.c (test for excess errors)
UNRESOLVED: gcc.misc-tests/gcov-7.c compilation failed to produce executable
FAIL: gcc.misc-tests/gcov-7.c gcov failed: gcov-7.c.gcov does not exist
FAIL: gcc.misc-tests/gcov-8.c (test for excess errors)
UNRESOLVED: gcc.misc-tests/gcov-8.c compilation failed to produce executable
FAIL: gcc.misc-tests/gcov-8.c gcov failed: gcov-8.c.gcov does not exist
FAIL: gcc.misc-tests/gcov-9.c (test for excess errors)
UNRESOLVED: gcc.misc-tests/gcov-9.c compilation failed to produce executable
FAIL: gcc.misc-tests/gcov-9.c gcov failed: gcov-9.c.gcov does not exist
FAIL: gcc.target/i386/bmi2-mulx32-1a.c scan-assembler-times bmi2_umulsidi3_1 1
FAIL: gcc.target/i386/bmi2-mulx32-2a.c scan-assembler-times mulx[ \\\\t]+[^\\n]* 1

                === gcc Summary for unix//-m32 ===

# of expected passes            86450
# of unexpected failures        182
# of unexpected successes       40
# of expected failures          265
# of unresolved testcases       141
# of unsupported tests          1296

Running target unix//-m64
FAIL: c-c++-common/asan/clone-test-1.c  -O2 -flto -flto-partition=none  (test for excess errors)
FAIL: c-c++-common/asan/clone-test-1.c  -O2 -flto  (test for excess errors)
FAIL: c-c++-common/asan/global-overflow-1.c  -O2 -flto -flto-partition=none  (test for excess errors)
FAIL: c-c++-common/asan/global-overflow-1.c  -O2 -flto  (test for excess errors)
FAIL: c-c++-common/asan/heap-overflow-1.c  -O2 -flto -flto-partition=none  (test for excess errors)
FAIL: c-c++-common/asan/heap-overflow-1.c  -O2 -flto  (test for excess errors)
FAIL: c-c++-common/asan/memcmp-1.c  -O2 -flto -flto-partition=none  (test for excess errors)
FAIL: c-c++-common/asan/memcmp-1.c  -O2 -flto  (test for excess errors)
FAIL: c-c++-common/asan/null-deref-1.c  -O2 -flto -flto-partition=none  (test for excess errors)
FAIL: c-c++-common/asan/null-deref-1.c  -O2 -flto  (test for excess errors)
FAIL: c-c++-common/asan/pr59063-1.c  -O2 -flto -flto-partition=none  (test for excess errors)
FAIL: c-c++-common/asan/pr59063-1.c  -O2 -flto  (test for excess errors)
FAIL: c-c++-common/asan/pr59063-2.c  -O0  (test for excess errors)
UNRESOLVED: c-c++-common/asan/pr59063-2.c  -O0  compilation failed to produce executable
FAIL: c-c++-common/asan/pr59063-2.c  -O1  (test for excess errors)
UNRESOLVED: c-c++-common/asan/pr59063-2.c  -O1  compilation failed to produce executable
FAIL: c-c++-common/asan/pr59063-2.c  -O2  (test for excess errors)
UNRESOLVED: c-c++-common/asan/pr59063-2.c  -O2  compilation failed to produce executable
FAIL: c-c++-common/asan/pr59063-2.c  -O3 -fomit-frame-pointer  (test for excess errors)
UNRESOLVED: c-c++-common/asan/pr59063-2.c  -O3 -fomit-frame-pointer  compilation failed to produce executable
FAIL: c-c++-common/asan/pr59063-2.c  -O3 -g  (test for excess errors)
UNRESOLVED: c-c++-common/asan/pr59063-2.c  -O3 -g  compilation failed to produce executable
FAIL: c-c++-common/asan/pr59063-2.c  -Os  (test for excess errors)
UNRESOLVED: c-c++-common/asan/pr59063-2.c  -Os  compilation failed to produce executable
FAIL: c-c++-common/asan/pr59063-2.c  -O2 -flto -flto-partition=none  (test for excess errors)
UNRESOLVED: c-c++-common/asan/pr59063-2.c  -O2 -flto -flto-partition=none  compilation failed to produce executable
FAIL: c-c++-common/asan/pr59063-2.c  -O2 -flto  (test for excess errors)
UNRESOLVED: c-c++-common/asan/pr59063-2.c  -O2 -flto  compilation failed to produce executable
FAIL: c-c++-common/asan/sanity-check-pure-c-1.c  -O2 -flto -flto-partition=none  (test for excess errors)
FAIL: c-c++-common/asan/sanity-check-pure-c-1.c  -O2 -flto  (test for excess errors)
FAIL: c-c++-common/asan/sleep-before-dying-1.c  -O2 -flto -flto-partition=none  (test for excess errors)
FAIL: c-c++-common/asan/sleep-before-dying-1.c  -O2 -flto  (test for excess errors)
FAIL: c-c++-common/asan/stack-overflow-1.c  -O2 -flto -flto-partition=none  (test for excess errors)
FAIL: c-c++-common/asan/stack-overflow-1.c  -O2 -flto  (test for excess errors)
FAIL: c-c++-common/asan/strip-path-prefix-1.c  -O2 -flto -flto-partition=none  (test for excess errors)
FAIL: c-c++-common/asan/strip-path-prefix-1.c  -O2 -flto  (test for excess errors)
FAIL: c-c++-common/asan/strncpy-overflow-1.c  -O2 -flto -flto-partition=none  (test for excess errors)
FAIL: c-c++-common/asan/strncpy-overflow-1.c  -O2 -flto  (test for excess errors)
FAIL: c-c++-common/asan/swapcontext-test-1.c  -O2 -flto -flto-partition=none  (test for excess errors)
FAIL: c-c++-common/asan/swapcontext-test-1.c  -O2 -flto  (test for excess errors)
FAIL: c-c++-common/asan/use-after-free-1.c  -O2 -flto -flto-partition=none  (test for excess errors)
FAIL: c-c++-common/asan/use-after-free-1.c  -O2 -flto  (test for excess errors)
FAIL: gcc.dg/20020201-1.c (test for excess errors)
UNRESOLVED: gcc.dg/20020201-1.c compilation failed to produce executable
FAIL: gcc.dg/cproj-fails-with-broken-glibc.c execution test
XPASS: gcc.dg/inline_3.c (test for excess errors)
XPASS: gcc.dg/inline_4.c (test for excess errors)
FAIL: gcc.dg/pr47793.c (test for excess errors)
UNRESOLVED: gcc.dg/pr47793.c compilation failed to produce executable
UNRESOLVED: gcc.dg/pr47793.c scan-file .
FAIL: gcc.dg/pr48770.c (test for excess errors)
UNRESOLVED: gcc.dg/pr48770.c compilation failed to produce executable
FAIL: gcc.dg/profile-generate-3.c (test for excess errors)
XPASS: gcc.dg/unroll_2.c (test for excess errors)
XPASS: gcc.dg/unroll_3.c (test for excess errors)
XPASS: gcc.dg/unroll_4.c (test for excess errors)
FAIL: gcc.dg/guality/clztest.c  -O3 -fomit-frame-pointer  line 12 g == f
FAIL: gcc.dg/guality/clztest.c  -O3 -fomit-frame-pointer  line 22 g == f
FAIL: gcc.dg/guality/clztest.c  -O3 -g  line 12 g == f
FAIL: gcc.dg/guality/clztest.c  -O3 -g  line 22 g == f
XPASS: gcc.dg/guality/example.c  -O0  execution test
XPASS: gcc.dg/guality/example.c  -O1  execution test
XPASS: gcc.dg/guality/example.c  -O2  execution test
XPASS: gcc.dg/guality/example.c  -Os  execution test
XPASS: gcc.dg/guality/example.c  -O2 -flto -flto-partition=none  execution test
XPASS: gcc.dg/guality/example.c  -O2 -flto  execution test
XPASS: gcc.dg/guality/guality.c  -O0  execution test
XPASS: gcc.dg/guality/guality.c  -O1  execution test
XPASS: gcc.dg/guality/guality.c  -O2  execution test
XPASS: gcc.dg/guality/guality.c  -O3 -fomit-frame-pointer  execution test
XPASS: gcc.dg/guality/guality.c  -O3 -g  execution test
XPASS: gcc.dg/guality/guality.c  -Os  execution test
XPASS: gcc.dg/guality/guality.c  -O2 -flto -flto-partition=none  execution test
XPASS: gcc.dg/guality/guality.c  -O2 -flto  execution test
XPASS: gcc.dg/guality/inline-params.c  -O2  execution test
XPASS: gcc.dg/guality/inline-params.c  -O3 -fomit-frame-pointer  execution test
XPASS: gcc.dg/guality/inline-params.c  -O3 -g  execution test
XPASS: gcc.dg/guality/inline-params.c  -Os  execution test
XPASS: gcc.dg/guality/inline-params.c  -O2 -flto -flto-partition=none  execution test
XPASS: gcc.dg/guality/inline-params.c  -O2 -flto  execution test
XPASS: gcc.dg/guality/pr41353-1.c  -O0  line 28 j == 28 + 37
XPASS: gcc.dg/guality/pr41353-1.c  -O1  line 28 j == 28 + 37
XPASS: gcc.dg/guality/pr41353-1.c  -O2  line 28 j == 28 + 37
XPASS: gcc.dg/guality/pr41353-1.c  -O3 -fomit-frame-pointer  line 28 j == 28 + 37
XPASS: gcc.dg/guality/pr41353-1.c  -O3 -g  line 28 j == 28 + 37
XPASS: gcc.dg/guality/pr41353-1.c  -Os  line 28 j == 28 + 37
XPASS: gcc.dg/guality/pr41353-1.c  -O2 -flto -flto-partition=none  line 28 j == 28 + 37
XPASS: gcc.dg/guality/pr41353-1.c  -O2 -flto  line 28 j == 28 + 37
XPASS: gcc.dg/guality/pr41447-1.c  -O0  execution test
XPASS: gcc.dg/guality/pr41447-1.c  -O1  execution test
XPASS: gcc.dg/guality/pr41447-1.c  -O2  execution test
XPASS: gcc.dg/guality/pr41447-1.c  -O3 -fomit-frame-pointer  execution test
XPASS: gcc.dg/guality/pr41447-1.c  -O3 -g  execution test
XPASS: gcc.dg/guality/pr41447-1.c  -Os  execution test
XPASS: gcc.dg/guality/pr41447-1.c  -O2 -flto -flto-partition=none  execution test
XPASS: gcc.dg/guality/pr41447-1.c  -O2 -flto  execution test
XPASS: gcc.dg/guality/pr41616-1.c  -O0  execution test
XPASS: gcc.dg/guality/pr41616-1.c  -O1  execution test
XPASS: gcc.dg/guality/pr41616-1.c  -O2  execution test
XPASS: gcc.dg/guality/pr41616-1.c  -O3 -fomit-frame-pointer  execution test
XPASS: gcc.dg/guality/pr41616-1.c  -O3 -g  execution test
XPASS: gcc.dg/guality/pr41616-1.c  -Os  execution test
XPASS: gcc.dg/guality/pr41616-1.c  -O2 -flto -flto-partition=none  execution test
XPASS: gcc.dg/guality/pr41616-1.c  -O2 -flto  execution test
FAIL: gcc.dg/guality/sra-1.c  -O1  line 21 a.j == 14
FAIL: gcc.dg/guality/sra-1.c  -O2  line 21 a.j == 14
FAIL: gcc.dg/guality/sra-1.c  -O3 -fomit-frame-pointer  line 21 a.j == 14
FAIL: gcc.dg/guality/sra-1.c  -O3 -g  line 21 a.j == 14
FAIL: gcc.dg/guality/sra-1.c  -Os  line 21 a.j == 14
FAIL: gcc.dg/guality/sra-1.c  -O2 -flto -flto-partition=none  line 21 a.j == 14
FAIL: gcc.dg/guality/sra-1.c  -O2 -flto  line 21 a.j == 14
FAIL: gcc.dg/guality/vla-1.c  -O0  line 17 sizeof (a) == 6
FAIL: gcc.dg/guality/vla-1.c  -O0  line 24 sizeof (a) == 17 * sizeof (short)
FAIL: gcc.dg/guality/vla-1.c  -O1  line 17 sizeof (a) == 6
FAIL: gcc.dg/guality/vla-1.c  -O1  line 24 sizeof (a) == 17 * sizeof (short)
FAIL: gcc.dg/guality/vla-1.c  -O2  line 17 sizeof (a) == 6
FAIL: gcc.dg/guality/vla-1.c  -O2  line 24 sizeof (a) == 17 * sizeof (short)
FAIL: gcc.dg/guality/vla-1.c  -O3 -fomit-frame-pointer  line 17 sizeof (a) == 6
FAIL: gcc.dg/guality/vla-1.c  -O3 -fomit-frame-pointer  line 24 sizeof (a) == 17 * sizeof (short)
FAIL: gcc.dg/guality/vla-1.c  -O3 -g  line 17 sizeof (a) == 6
FAIL: gcc.dg/guality/vla-1.c  -O3 -g  line 24 sizeof (a) == 17 * sizeof (short)
FAIL: gcc.dg/guality/vla-1.c  -Os  line 17 sizeof (a) == 6
FAIL: gcc.dg/guality/vla-1.c  -Os  line 24 sizeof (a) == 17 * sizeof (short)
FAIL: gcc.dg/guality/vla-1.c  -O2 -flto -flto-partition=none  line 17 sizeof (a) == 6
FAIL: gcc.dg/guality/vla-1.c  -O2 -flto -flto-partition=none  line 24 sizeof (a) == 17 * sizeof (short)
FAIL: gcc.dg/guality/vla-1.c  -O2 -flto  line 17 sizeof (a) == 6
FAIL: gcc.dg/guality/vla-1.c  -O2 -flto  line 24 sizeof (a) == 17 * sizeof (short)
FAIL: gcc.dg/guality/vla-2.c  -O0  line 16 sizeof (a) == 5 * sizeof (int)
FAIL: gcc.dg/guality/vla-2.c  -O0  line 25 sizeof (a) == 6 * sizeof (int)
FAIL: gcc.dg/guality/vla-2.c  -O1  line 16 sizeof (a) == 5 * sizeof (int)
FAIL: gcc.dg/guality/vla-2.c  -O1  line 25 sizeof (a) == 6 * sizeof (int)
FAIL: gcc.dg/guality/vla-2.c  -O2  line 16 sizeof (a) == 5 * sizeof (int)
FAIL: gcc.dg/guality/vla-2.c  -O2  line 25 sizeof (a) == 6 * sizeof (int)
FAIL: gcc.dg/guality/vla-2.c  -O3 -fomit-frame-pointer  line 16 sizeof (a) == 5 * sizeof (int)
FAIL: gcc.dg/guality/vla-2.c  -O3 -fomit-frame-pointer  line 25 sizeof (a) == 6 * sizeof (int)
FAIL: gcc.dg/guality/vla-2.c  -O3 -g  line 16 sizeof (a) == 5 * sizeof (int)
FAIL: gcc.dg/guality/vla-2.c  -O3 -g  line 25 sizeof (a) == 6 * sizeof (int)
FAIL: gcc.dg/guality/vla-2.c  -Os  line 16 sizeof (a) == 5 * sizeof (int)
FAIL: gcc.dg/guality/vla-2.c  -Os  line 25 sizeof (a) == 6 * sizeof (int)
FAIL: gcc.dg/guality/vla-2.c  -O2 -flto -flto-partition=none  line 16 sizeof (a) == 5 * sizeof (int)
FAIL: gcc.dg/guality/vla-2.c  -O2 -flto -flto-partition=none  line 25 sizeof (a) == 6 * sizeof (int)
FAIL: gcc.dg/guality/vla-2.c  -O2 -flto  line 16 sizeof (a) == 5 * sizeof (int)
FAIL: gcc.dg/guality/vla-2.c  -O2 -flto  line 25 sizeof (a) == 6 * sizeof (int)
FAIL: gcc.dg/lto/20100430-1 c_lto_20100430-1_0.o-c_lto_20100430-1_0.o link, -O2 -fprofile-arcs -flto -r -nostdlib
UNRESOLVED: gcc.dg/lto/20100430-1 c_lto_20100430-1_0.o-c_lto_20100430-1_0.o execute -O2 -fprofile-arcs -flto -r -nostdlib
FAIL: gcc.dg/matrix/transpose-1.c compilation,  -fprofile-generate -O3 -fno-tree-fre
UNRESOLVED: gcc.dg/matrix/transpose-1.c execution,    -fprofile-generate -O3 -fno-tree-fre
UNRESOLVED: gcc.dg/matrix/transpose-1.c compilation,  -fprofile-use -fipa-matrix-reorg -fdump-ipa-matrix-reorg -O3 -fwhole-program -fno-tree-fre
UNRESOLVED: gcc.dg/matrix/transpose-1.c execution,    -fprofile-use -fipa-matrix-reorg -fdump-ipa-matrix-reorg -O3 -fwhole-program -fno-tree-fre
FAIL: gcc.dg/matrix/transpose-2.c compilation,  -fprofile-generate -O3 -fno-tree-fre
UNRESOLVED: gcc.dg/matrix/transpose-2.c execution,    -fprofile-generate -O3 -fno-tree-fre
UNRESOLVED: gcc.dg/matrix/transpose-2.c compilation,  -fprofile-use -fipa-matrix-reorg -fdump-ipa-matrix-reorg -O3 -fwhole-program -fno-tree-fre
UNRESOLVED: gcc.dg/matrix/transpose-2.c execution,    -fprofile-use -fipa-matrix-reorg -fdump-ipa-matrix-reorg -O3 -fwhole-program -fno-tree-fre
FAIL: gcc.dg/matrix/transpose-3.c compilation,  -fprofile-generate -O3 -fno-tree-fre
UNRESOLVED: gcc.dg/matrix/transpose-3.c execution,    -fprofile-generate -O3 -fno-tree-fre
UNRESOLVED: gcc.dg/matrix/transpose-3.c compilation,  -fprofile-use -fipa-matrix-reorg -fdump-ipa-matrix-reorg -O3 -fwhole-program -fno-tree-fre
UNRESOLVED: gcc.dg/matrix/transpose-3.c execution,    -fprofile-use -fipa-matrix-reorg -fdump-ipa-matrix-reorg -O3 -fwhole-program -fno-tree-fre
FAIL: gcc.dg/matrix/transpose-4.c compilation,  -fprofile-generate -O3 -fno-tree-fre
UNRESOLVED: gcc.dg/matrix/transpose-4.c execution,    -fprofile-generate -O3 -fno-tree-fre
UNRESOLVED: gcc.dg/matrix/transpose-4.c compilation,  -fprofile-use -fipa-matrix-reorg -fdump-ipa-matrix-reorg -O3 -fwhole-program -fno-tree-fre
UNRESOLVED: gcc.dg/matrix/transpose-4.c execution,    -fprofile-use -fipa-matrix-reorg -fdump-ipa-matrix-reorg -O3 -fwhole-program -fno-tree-fre
FAIL: gcc.dg/matrix/transpose-5.c compilation,  -fprofile-generate -O3 -fno-tree-fre
UNRESOLVED: gcc.dg/matrix/transpose-5.c execution,    -fprofile-generate -O3 -fno-tree-fre
UNRESOLVED: gcc.dg/matrix/transpose-5.c compilation,  -fprofile-use -fipa-matrix-reorg -fdump-ipa-matrix-reorg -O3 -fwhole-program -fno-tree-fre
UNRESOLVED: gcc.dg/matrix/transpose-5.c execution,    -fprofile-use -fipa-matrix-reorg -fdump-ipa-matrix-reorg -O3 -fwhole-program -fno-tree-fre
FAIL: gcc.dg/matrix/transpose-6.c compilation,  -fprofile-generate -O3 -fno-tree-fre
UNRESOLVED: gcc.dg/matrix/transpose-6.c execution,    -fprofile-generate -O3 -fno-tree-fre
UNRESOLVED: gcc.dg/matrix/transpose-6.c compilation,  -fprofile-use -fipa-matrix-reorg -fdump-ipa-matrix-reorg -O3 -fwhole-program -fno-tree-fre
UNRESOLVED: gcc.dg/matrix/transpose-6.c execution,    -fprofile-use -fipa-matrix-reorg -fdump-ipa-matrix-reorg -O3 -fwhole-program -fno-tree-fre
FAIL: gcc.dg/tree-prof/bb-reorg.c compilation,  -fprofile-generate -D_PROFILE_GENERATE
UNRESOLVED: gcc.dg/tree-prof/bb-reorg.c execution,    -fprofile-generate -D_PROFILE_GENERATE
UNRESOLVED: gcc.dg/tree-prof/bb-reorg.c compilation,  -fprofile-use -D_PROFILE_USE
UNRESOLVED: gcc.dg/tree-prof/bb-reorg.c execution,    -fprofile-use -D_PROFILE_USE
FAIL: gcc.dg/tree-prof/ic-misattribution-1.c compilation,  -fprofile-generate -D_PROFILE_GENERATE
UNRESOLVED: gcc.dg/tree-prof/ic-misattribution-1.c execution,    -fprofile-generate -D_PROFILE_GENERATE
UNRESOLVED: gcc.dg/tree-prof/ic-misattribution-1.c compilation,  -fprofile-use -D_PROFILE_USE
UNRESOLVED: gcc.dg/tree-prof/ic-misattribution-1.c execution,    -fprofile-use -D_PROFILE_USE
FAIL: gcc.dg/tree-prof/ic-misattribution-1a.c compilation,  -fprofile-generate -D_PROFILE_GENERATE
UNRESOLVED: gcc.dg/tree-prof/ic-misattribution-1a.c execution,    -fprofile-generate -D_PROFILE_GENERATE
UNRESOLVED: gcc.dg/tree-prof/ic-misattribution-1a.c compilation,  -fprofile-use -D_PROFILE_USE
UNRESOLVED: gcc.dg/tree-prof/ic-misattribution-1a.c execution,    -fprofile-use -D_PROFILE_USE
FAIL: gcc.dg/tree-prof/indir-call-prof.c compilation,  -fprofile-generate -D_PROFILE_GENERATE
UNRESOLVED: gcc.dg/tree-prof/indir-call-prof.c execution,    -fprofile-generate -D_PROFILE_GENERATE
UNRESOLVED: gcc.dg/tree-prof/indir-call-prof.c compilation,  -fprofile-use -D_PROFILE_USE
UNRESOLVED: gcc.dg/tree-prof/indir-call-prof.c execution,    -fprofile-use -D_PROFILE_USE
FAIL: gcc.dg/tree-prof/inliner-1.c compilation,  -fprofile-generate -D_PROFILE_GENERATE
UNRESOLVED: gcc.dg/tree-prof/inliner-1.c execution,    -fprofile-generate -D_PROFILE_GENERATE
UNRESOLVED: gcc.dg/tree-prof/inliner-1.c compilation,  -fprofile-use -D_PROFILE_USE
UNRESOLVED: gcc.dg/tree-prof/inliner-1.c execution,    -fprofile-use -D_PROFILE_USE
FAIL: gcc.dg/tree-prof/pr34999.c compilation,  -fprofile-generate -D_PROFILE_GENERATE
UNRESOLVED: gcc.dg/tree-prof/pr34999.c execution,    -fprofile-generate -D_PROFILE_GENERATE
UNRESOLVED: gcc.dg/tree-prof/pr34999.c compilation,  -fprofile-use -D_PROFILE_USE
UNRESOLVED: gcc.dg/tree-prof/pr34999.c execution,    -fprofile-use -D_PROFILE_USE
FAIL: gcc.dg/tree-prof/pr44777.c compilation,  -fprofile-generate -D_PROFILE_GENERATE
UNRESOLVED: gcc.dg/tree-prof/pr44777.c execution,    -fprofile-generate -D_PROFILE_GENERATE
UNRESOLVED: gcc.dg/tree-prof/pr44777.c compilation,  -fprofile-use -D_PROFILE_USE
UNRESOLVED: gcc.dg/tree-prof/pr44777.c execution,    -fprofile-use -D_PROFILE_USE
FAIL: gcc.dg/tree-prof/pr45354.c compilation,  -fprofile-generate -D_PROFILE_GENERATE
UNRESOLVED: gcc.dg/tree-prof/pr45354.c execution,    -fprofile-generate -D_PROFILE_GENERATE
UNRESOLVED: gcc.dg/tree-prof/pr45354.c compilation,  -fprofile-use -D_PROFILE_USE
UNRESOLVED: gcc.dg/tree-prof/pr45354.c execution,    -fprofile-use -D_PROFILE_USE
FAIL: gcc.dg/tree-prof/pr47187.c compilation,  -fprofile-generate -D_PROFILE_GENERATE
UNRESOLVED: gcc.dg/tree-prof/pr47187.c execution,    -fprofile-generate -D_PROFILE_GENERATE
UNRESOLVED: gcc.dg/tree-prof/pr47187.c compilation,  -fprofile-use -D_PROFILE_USE
UNRESOLVED: gcc.dg/tree-prof/pr47187.c execution,    -fprofile-use -D_PROFILE_USE
FAIL: gcc.dg/tree-prof/pr49299-1.c compilation,  -fprofile-generate -D_PROFILE_GENERATE
UNRESOLVED: gcc.dg/tree-prof/pr49299-1.c execution,    -fprofile-generate -D_PROFILE_GENERATE
UNRESOLVED: gcc.dg/tree-prof/pr49299-1.c compilation,  -fprofile-use -D_PROFILE_USE
UNRESOLVED: gcc.dg/tree-prof/pr49299-1.c execution,    -fprofile-use -D_PROFILE_USE
FAIL: gcc.dg/tree-prof/pr49299-2.c compilation,  -fprofile-generate -D_PROFILE_GENERATE
UNRESOLVED: gcc.dg/tree-prof/pr49299-2.c execution,    -fprofile-generate -D_PROFILE_GENERATE
UNRESOLVED: gcc.dg/tree-prof/pr49299-2.c compilation,  -fprofile-use -D_PROFILE_USE
UNRESOLVED: gcc.dg/tree-prof/pr49299-2.c execution,    -fprofile-use -D_PROFILE_USE
FAIL: gcc.dg/tree-prof/pr50907.c compilation,  -fprofile-generate -D_PROFILE_GENERATE
UNRESOLVED: gcc.dg/tree-prof/pr50907.c execution,    -fprofile-generate -D_PROFILE_GENERATE
UNRESOLVED: gcc.dg/tree-prof/pr50907.c compilation,  -fprofile-use -D_PROFILE_USE
UNRESOLVED: gcc.dg/tree-prof/pr50907.c execution,    -fprofile-use -D_PROFILE_USE
FAIL: gcc.dg/tree-prof/pr52027.c compilation,  -fprofile-generate -D_PROFILE_GENERATE
UNRESOLVED: gcc.dg/tree-prof/pr52027.c execution,    -fprofile-generate -D_PROFILE_GENERATE
UNRESOLVED: gcc.dg/tree-prof/pr52027.c compilation,  -fprofile-use -D_PROFILE_USE
UNRESOLVED: gcc.dg/tree-prof/pr52027.c execution,    -fprofile-use -D_PROFILE_USE
FAIL: gcc.dg/tree-prof/pr52150.c compilation,  -fprofile-generate -D_PROFILE_GENERATE
UNRESOLVED: gcc.dg/tree-prof/pr52150.c execution,    -fprofile-generate -D_PROFILE_GENERATE
UNRESOLVED: gcc.dg/tree-prof/pr52150.c compilation,  -fprofile-use -D_PROFILE_USE
UNRESOLVED: gcc.dg/tree-prof/pr52150.c execution,    -fprofile-use -D_PROFILE_USE
FAIL: gcc.dg/tree-prof/prof-robust-1.c compilation,  -fprofile-generate -D_PROFILE_GENERATE
UNRESOLVED: gcc.dg/tree-prof/prof-robust-1.c execution,    -fprofile-generate -D_PROFILE_GENERATE
UNRESOLVED: gcc.dg/tree-prof/prof-robust-1.c compilation,  -fprofile-use -D_PROFILE_USE
UNRESOLVED: gcc.dg/tree-prof/prof-robust-1.c execution,    -fprofile-use -D_PROFILE_USE
FAIL: gcc.dg/tree-prof/stringop-1.c compilation,  -fprofile-generate -D_PROFILE_GENERATE
UNRESOLVED: gcc.dg/tree-prof/stringop-1.c execution,    -fprofile-generate -D_PROFILE_GENERATE
UNRESOLVED: gcc.dg/tree-prof/stringop-1.c compilation,  -fprofile-use -D_PROFILE_USE
UNRESOLVED: gcc.dg/tree-prof/stringop-1.c execution,    -fprofile-use -D_PROFILE_USE
FAIL: gcc.dg/tree-prof/stringop-2.c compilation,  -fprofile-generate -D_PROFILE_GENERATE
UNRESOLVED: gcc.dg/tree-prof/stringop-2.c execution,    -fprofile-generate -D_PROFILE_GENERATE
UNRESOLVED: gcc.dg/tree-prof/stringop-2.c compilation,  -fprofile-use -D_PROFILE_USE
UNRESOLVED: gcc.dg/tree-prof/stringop-2.c execution,    -fprofile-use -D_PROFILE_USE
FAIL: gcc.dg/tree-prof/tracer-1.c compilation,  -fprofile-generate -D_PROFILE_GENERATE
UNRESOLVED: gcc.dg/tree-prof/tracer-1.c execution,    -fprofile-generate -D_PROFILE_GENERATE
UNRESOLVED: gcc.dg/tree-prof/tracer-1.c compilation,  -fprofile-use -D_PROFILE_USE
UNRESOLVED: gcc.dg/tree-prof/tracer-1.c execution,    -fprofile-use -D_PROFILE_USE
FAIL: gcc.dg/tree-prof/update-cunroll-2.c compilation,  -fprofile-generate -D_PROFILE_GENERATE
UNRESOLVED: gcc.dg/tree-prof/update-cunroll-2.c execution,    -fprofile-generate -D_PROFILE_GENERATE
UNRESOLVED: gcc.dg/tree-prof/update-cunroll-2.c compilation,  -fprofile-use -D_PROFILE_USE
UNRESOLVED: gcc.dg/tree-prof/update-cunroll-2.c execution,    -fprofile-use -D_PROFILE_USE
FAIL: gcc.dg/tree-prof/update-loopch.c compilation,  -fprofile-generate -D_PROFILE_GENERATE
UNRESOLVED: gcc.dg/tree-prof/update-loopch.c execution,    -fprofile-generate -D_PROFILE_GENERATE
UNRESOLVED: gcc.dg/tree-prof/update-loopch.c compilation,  -fprofile-use -D_PROFILE_USE
UNRESOLVED: gcc.dg/tree-prof/update-loopch.c execution,    -fprofile-use -D_PROFILE_USE
FAIL: gcc.dg/tree-prof/update-tailcall.c compilation,  -fprofile-generate -D_PROFILE_GENERATE
UNRESOLVED: gcc.dg/tree-prof/update-tailcall.c execution,    -fprofile-generate -D_PROFILE_GENERATE
UNRESOLVED: gcc.dg/tree-prof/update-tailcall.c compilation,  -fprofile-use -D_PROFILE_USE
UNRESOLVED: gcc.dg/tree-prof/update-tailcall.c execution,    -fprofile-use -D_PROFILE_USE
FAIL: gcc.dg/tree-prof/val-prof-1.c compilation,  -fprofile-generate -D_PROFILE_GENERATE
UNRESOLVED: gcc.dg/tree-prof/val-prof-1.c execution,    -fprofile-generate -D_PROFILE_GENERATE
UNRESOLVED: gcc.dg/tree-prof/val-prof-1.c compilation,  -fprofile-use -D_PROFILE_USE
UNRESOLVED: gcc.dg/tree-prof/val-prof-1.c execution,    -fprofile-use -D_PROFILE_USE
FAIL: gcc.dg/tree-prof/val-prof-2.c compilation,  -fprofile-generate -D_PROFILE_GENERATE
UNRESOLVED: gcc.dg/tree-prof/val-prof-2.c execution,    -fprofile-generate -D_PROFILE_GENERATE
UNRESOLVED: gcc.dg/tree-prof/val-prof-2.c compilation,  -fprofile-use -D_PROFILE_USE
UNRESOLVED: gcc.dg/tree-prof/val-prof-2.c execution,    -fprofile-use -D_PROFILE_USE
FAIL: gcc.dg/tree-prof/val-prof-3.c compilation,  -fprofile-generate -D_PROFILE_GENERATE
UNRESOLVED: gcc.dg/tree-prof/val-prof-3.c execution,    -fprofile-generate -D_PROFILE_GENERATE
UNRESOLVED: gcc.dg/tree-prof/val-prof-3.c compilation,  -fprofile-use -D_PROFILE_USE
UNRESOLVED: gcc.dg/tree-prof/val-prof-3.c execution,    -fprofile-use -D_PROFILE_USE
FAIL: gcc.dg/tree-prof/val-prof-4.c compilation,  -fprofile-generate -D_PROFILE_GENERATE
UNRESOLVED: gcc.dg/tree-prof/val-prof-4.c execution,    -fprofile-generate -D_PROFILE_GENERATE
UNRESOLVED: gcc.dg/tree-prof/val-prof-4.c compilation,  -fprofile-use -D_PROFILE_USE
UNRESOLVED: gcc.dg/tree-prof/val-prof-4.c execution,    -fprofile-use -D_PROFILE_USE
FAIL: gcc.dg/tree-prof/val-prof-5.c compilation,  -fprofile-generate -D_PROFILE_GENERATE
UNRESOLVED: gcc.dg/tree-prof/val-prof-5.c execution,    -fprofile-generate -D_PROFILE_GENERATE
UNRESOLVED: gcc.dg/tree-prof/val-prof-5.c compilation,  -fprofile-use -D_PROFILE_USE
UNRESOLVED: gcc.dg/tree-prof/val-prof-5.c execution,    -fprofile-use -D_PROFILE_USE
FAIL: gcc.dg/tree-prof/val-prof-6.c compilation,  -fprofile-generate -D_PROFILE_GENERATE
UNRESOLVED: gcc.dg/tree-prof/val-prof-6.c execution,    -fprofile-generate -D_PROFILE_GENERATE
UNRESOLVED: gcc.dg/tree-prof/val-prof-6.c compilation,  -fprofile-use -D_PROFILE_USE
UNRESOLVED: gcc.dg/tree-prof/val-prof-6.c execution,    -fprofile-use -D_PROFILE_USE
FAIL: gcc.dg/tree-prof/val-prof-7.c compilation,  -fprofile-generate -D_PROFILE_GENERATE
UNRESOLVED: gcc.dg/tree-prof/val-prof-7.c execution,    -fprofile-generate -D_PROFILE_GENERATE
UNRESOLVED: gcc.dg/tree-prof/val-prof-7.c compilation,  -fprofile-use -D_PROFILE_USE
UNRESOLVED: gcc.dg/tree-prof/val-prof-7.c execution,    -fprofile-use -D_PROFILE_USE
FAIL: gcc.dg/tree-prof/wcoverage-mismatch.c compilation,  -fprofile-generate -D_PROFILE_GENERATE
UNRESOLVED: gcc.dg/tree-prof/wcoverage-mismatch.c execution,    -fprofile-generate -D_PROFILE_GENERATE
UNRESOLVED: gcc.dg/tree-prof/wcoverage-mismatch.c compilation,  -fprofile-use -D_PROFILE_USE
UNRESOLVED: gcc.dg/tree-prof/wcoverage-mismatch.c execution,    -fprofile-use -D_PROFILE_USE
FAIL: gcc.dg/tree-ssa/loop-37.c scan-tree-dump-not optimized "my_array"
FAIL: gcc.dg/tree-ssa/loop-38.c scan-tree-dump-times ch "3 loops found" 1
FAIL: c-c++-common/tsan/free_race.c  -O2 -flto -flto-partition=none  (test for excess errors)
FAIL: c-c++-common/tsan/free_race.c  -O2 -flto  (test for excess errors)
FAIL: c-c++-common/tsan/free_race2.c  -O2 -flto -flto-partition=none  (test for excess errors)
FAIL: c-c++-common/tsan/free_race2.c  -O2 -flto  (test for excess errors)
FAIL: c-c++-common/tsan/race_on_barrier.c  -O2 -flto -flto-partition=none  (test for excess errors)
FAIL: c-c++-common/tsan/race_on_barrier.c  -O2 -flto  (test for excess errors)
FAIL: c-c++-common/tsan/race_on_barrier2.c  -O2 -flto -flto-partition=none  (test for excess errors)
FAIL: c-c++-common/tsan/race_on_barrier2.c  -O2 -flto  (test for excess errors)
FAIL: c-c++-common/tsan/race_on_mutex.c  -O2 -flto -flto-partition=none  (test for excess errors)
FAIL: c-c++-common/tsan/race_on_mutex.c  -O2 -flto  (test for excess errors)
FAIL: c-c++-common/tsan/race_on_mutex2.c  -O2 -flto -flto-partition=none  (test for excess errors)
FAIL: c-c++-common/tsan/race_on_mutex2.c  -O2 -flto  (test for excess errors)
FAIL: c-c++-common/tsan/simple_race.c  -O2 -flto -flto-partition=none  (test for excess errors)
FAIL: c-c++-common/tsan/simple_race.c  -O2 -flto  (test for excess errors)
FAIL: c-c++-common/tsan/simple_stack.c  -O2 -flto -flto-partition=none  (test for excess errors)
FAIL: c-c++-common/tsan/simple_stack.c  -O2 -flto  (test for excess errors)
FAIL: c-c++-common/tsan/thread_leak3.c  -O2 -flto -flto-partition=none  (test for excess errors)
FAIL: c-c++-common/tsan/thread_leak3.c  -O2 -flto  (test for excess errors)
FAIL: c-c++-common/tsan/thread_leak4.c  -O2 -flto -flto-partition=none  (test for excess errors)
FAIL: c-c++-common/tsan/thread_leak4.c  -O2 -flto  (test for excess errors)
FAIL: c-c++-common/tsan/thread_leak5.c  -O2 -flto -flto-partition=none  (test for excess errors)
FAIL: c-c++-common/tsan/thread_leak5.c  -O2 -flto  (test for excess errors)
FAIL: c-c++-common/ubsan/div-by-zero-1.c  -O2 -flto -flto-partition=none  (test for excess errors)
FAIL: c-c++-common/ubsan/div-by-zero-1.c  -O2 -flto  (test for excess errors)
FAIL: c-c++-common/ubsan/div-by-zero-2.c  -O2 -flto -flto-partition=none  (test for excess errors)
FAIL: c-c++-common/ubsan/div-by-zero-2.c  -O2 -flto  (test for excess errors)
FAIL: c-c++-common/ubsan/div-by-zero-3.c  -O2 -flto -flto-partition=none  (test for excess errors)
FAIL: c-c++-common/ubsan/div-by-zero-3.c  -O2 -flto  (test for excess errors)
FAIL: c-c++-common/ubsan/div-by-zero-4.c  -O2 -flto -flto-partition=none  (test for excess errors)
FAIL: c-c++-common/ubsan/div-by-zero-4.c  -O2 -flto  (test for excess errors)
FAIL: c-c++-common/ubsan/unreachable-1.c  -O2 -flto -flto-partition=none  (test for excess errors)
FAIL: c-c++-common/ubsan/unreachable-1.c  -O2 -flto  (test for excess errors)
FAIL: gcc.dg/vect/vect-98-big-array.c execution test
FAIL: gcc.dg/vect/vect-singleton_1.c  (test for warnings, line 20)
FAIL: gcc.dg/vect/vect-singleton_1.c  (test for warnings, line 58)
FAIL: gcc.dg/vect/vect-singleton_1.c (test for excess errors)
FAIL: gcc.dg/vect/vect-98-big-array.c -flto execution test
FAIL: gcc.dg/vect/vect-singleton_1.c -flto  (test for warnings, line 20)
FAIL: gcc.dg/vect/vect-singleton_1.c -flto  (test for warnings, line 58)
FAIL: gcc.dg/vect/vect-singleton_1.c -flto (test for excess errors)
FAIL: gcc.misc-tests/bprob-1.c compilation,  -fprofile-arcs
UNRESOLVED: gcc.misc-tests/bprob-1.c execution,    -fprofile-arcs
UNRESOLVED: gcc.misc-tests/bprob-1.c compilation,  -fbranch-probabilities
UNRESOLVED: gcc.misc-tests/bprob-1.c execution,    -fbranch-probabilities
FAIL: gcc.misc-tests/bprob-2.c compilation,  -fprofile-arcs
UNRESOLVED: gcc.misc-tests/bprob-2.c execution,    -fprofile-arcs
UNRESOLVED: gcc.misc-tests/bprob-2.c compilation,  -fbranch-probabilities
UNRESOLVED: gcc.misc-tests/bprob-2.c execution,    -fbranch-probabilities
FAIL: gcc.misc-tests/gcov-1.c (test for excess errors)
UNRESOLVED: gcc.misc-tests/gcov-1.c compilation failed to produce executable
FAIL: gcc.misc-tests/gcov-1.c gcov failed: gcov-1.c.gcov does not exist
FAIL: gcc.misc-tests/gcov-10.c (test for excess errors)
UNRESOLVED: gcc.misc-tests/gcov-10.c compilation failed to produce executable
FAIL: gcc.misc-tests/gcov-10.c gcov failed: gcov-10.c.gcov does not exist
FAIL: gcc.misc-tests/gcov-10b.c (test for excess errors)
UNRESOLVED: gcc.misc-tests/gcov-10b.c compilation failed to produce executable
FAIL: gcc.misc-tests/gcov-10b.c gcov failed: gcov-10b.c.gcov does not exist
FAIL: gcc.misc-tests/gcov-11.c (test for excess errors)
UNRESOLVED: gcc.misc-tests/gcov-11.c compilation failed to produce executable
FAIL: gcc.misc-tests/gcov-11.c gcov failed: gcov-11.c.gcov does not exist
FAIL: gcc.misc-tests/gcov-12.c (test for excess errors)
UNRESOLVED: gcc.misc-tests/gcov-12.c compilation failed to produce executable
FAIL: gcc.misc-tests/gcov-12.c gcov failed: gcov-12.c.gcov does not exist
FAIL: gcc.misc-tests/gcov-13.c (test for excess errors)
UNRESOLVED: gcc.misc-tests/gcov-13.c compilation failed to produce executable
FAIL: gcc.misc-tests/gcovpart-13b.c gcov failed: gcovpart-13b.c.gcov does not exist
FAIL: gcc.misc-tests/gcov-14.c (test for excess errors)
UNRESOLVED: gcc.misc-tests/gcov-14.c compilation failed to produce executable
FAIL: gcc.misc-tests/gcov-14.c gcov failed: gcov-14.c.gcov does not exist
FAIL: gcc.misc-tests/gcov-15.c (test for excess errors)
UNRESOLVED: gcc.misc-tests/gcov-15.c compilation failed to produce executable
FAIL: gcc.misc-tests/gcov-15.c gcov failed: gcov-15.c.gcov does not exist
FAIL: gcc.misc-tests/gcov-2.c (test for excess errors)
UNRESOLVED: gcc.misc-tests/gcov-2.c compilation failed to produce executable
FAIL: gcc.misc-tests/gcov-2.c gcov failed: gcov-2.c.gcov does not exist
FAIL: gcc.misc-tests/gcov-3.c (test for excess errors)
UNRESOLVED: gcc.misc-tests/gcov-3.c compilation failed to produce executable
FAIL: gcc.misc-tests/gcov-3.c gcov failed: gcov-3.c.gcov does not exist
FAIL: gcc.misc-tests/gcov-4.c (test for excess errors)
UNRESOLVED: gcc.misc-tests/gcov-4.c compilation failed to produce executable
FAIL: gcc.misc-tests/gcov-4.c gcov failed: gcov-4.c.gcov does not exist
FAIL: gcc.misc-tests/gcov-4b.c (test for excess errors)
UNRESOLVED: gcc.misc-tests/gcov-4b.c compilation failed to produce executable
FAIL: gcc.misc-tests/gcov-4b.c gcov failed: gcov-4b.c.gcov does not exist
FAIL: gcc.misc-tests/gcov-5b.c (test for excess errors)
UNRESOLVED: gcc.misc-tests/gcov-5b.c compilation failed to produce executable
FAIL: gcc.misc-tests/gcov-5b.c gcov failed: gcov-5b.c.gcov does not exist
FAIL: gcc.misc-tests/gcov-6.c (test for excess errors)
UNRESOLVED: gcc.misc-tests/gcov-6.c compilation failed to produce executable
FAIL: gcc.misc-tests/gcov-6.c gcov failed: gcov-6.c.gcov does not exist
FAIL: gcc.misc-tests/gcov-7.c (test for excess errors)
UNRESOLVED: gcc.misc-tests/gcov-7.c compilation failed to produce executable
FAIL: gcc.misc-tests/gcov-7.c gcov failed: gcov-7.c.gcov does not exist
FAIL: gcc.misc-tests/gcov-8.c (test for excess errors)
UNRESOLVED: gcc.misc-tests/gcov-8.c compilation failed to produce executable
FAIL: gcc.misc-tests/gcov-8.c gcov failed: gcov-8.c.gcov does not exist
FAIL: gcc.misc-tests/gcov-9.c (test for excess errors)
UNRESOLVED: gcc.misc-tests/gcov-9.c compilation failed to produce executable
FAIL: gcc.misc-tests/gcov-9.c gcov failed: gcov-9.c.gcov does not exist

                === gcc Summary for unix//-m64 ===

# of expected passes            87389
# of unexpected failures        196
# of unexpected successes       49
# of expected failures          258
# of unresolved testcases       141
# of unsupported tests          1702

                === gcc Summary ===

# of expected passes            173839
# of unexpected failures        378
# of unexpected successes       89
# of expected failures          523
# of unresolved testcases       282
# of unsupported tests          2998
/home/jenkins/workspace/GCC-native/objdir/gcc/xgcc  version 4.7.0 (GCC)

                === gfortran tests ===


Running target unix//-m32
FAIL: gfortran.dg/dependency_39.f90  -O3 -fomit-frame-pointer  execution test
FAIL: gfortran.dg/dependency_39.f90  -O3 -fomit-frame-pointer -funroll-loops  execution test
FAIL: gfortran.dg/dependency_39.f90  -O3 -fomit-frame-pointer -funroll-all-loops -finline-functions  execution test
FAIL: gfortran.dg/dependency_39.f90  -O3 -g  execution test

                === gfortran Summary for unix//-m32 ===

# of expected passes            40520
# of unexpected failures        4
# of expected failures          42
# of unsupported tests          208

Running target unix//-m64
FAIL: gfortran.dg/dependency_39.f90  -O3 -fomit-frame-pointer  execution test
FAIL: gfortran.dg/dependency_39.f90  -O3 -fomit-frame-pointer -funroll-loops  execution test
FAIL: gfortran.dg/dependency_39.f90  -O3 -fomit-frame-pointer -funroll-all-loops -finline-functions  execution test
FAIL: gfortran.dg/dependency_39.f90  -O3 -g  execution test

                === gfortran Summary for unix//-m64 ===

# of expected passes            40809
# of unexpected failures        4
# of expected failures          42
# of unsupported tests          68

                === gfortran Summary ===

# of expected passes            81329
# of unexpected failures        8
# of expected failures          84
# of unsupported tests          276
/home/jenkins/workspace/GCC-native/objdir/gcc/testsuite/gfortran/../../gfortran  version 4.7.0 (GCC)

                === g++ tests ===


Running target unix//-m32
FAIL: c-c++-common/asan/clone-test-1.c  -O2 -flto -flto-partition=none  (test for excess errors)
FAIL: c-c++-common/asan/clone-test-1.c  -O2 -flto  (test for excess errors)
FAIL: c-c++-common/asan/global-overflow-1.c  -O2 -flto -flto-partition=none  (test for excess errors)
FAIL: c-c++-common/asan/global-overflow-1.c  -O2 -flto  (test for excess errors)
FAIL: c-c++-common/asan/heap-overflow-1.c  -O2 -flto -flto-partition=none  (test for excess errors)
FAIL: c-c++-common/asan/heap-overflow-1.c  -O2 -flto  (test for excess errors)
FAIL: c-c++-common/asan/memcmp-1.c  -O2 -flto -flto-partition=none  (test for excess errors)
FAIL: c-c++-common/asan/memcmp-1.c  -O2 -flto  (test for excess errors)
FAIL: c-c++-common/asan/null-deref-1.c  -O2 -flto -flto-partition=none  (test for excess errors)
FAIL: c-c++-common/asan/null-deref-1.c  -O2 -flto  (test for excess errors)
FAIL: c-c++-common/asan/pr59063-1.c  -O2 -flto -flto-partition=none  (test for excess errors)
FAIL: c-c++-common/asan/pr59063-1.c  -O2 -flto  (test for excess errors)
FAIL: c-c++-common/asan/pr59063-2.c  -O0  (test for excess errors)
UNRESOLVED: c-c++-common/asan/pr59063-2.c  -O0  compilation failed to produce executable
FAIL: c-c++-common/asan/pr59063-2.c  -O1  (test for excess errors)
UNRESOLVED: c-c++-common/asan/pr59063-2.c  -O1  compilation failed to produce executable
FAIL: c-c++-common/asan/pr59063-2.c  -O2  (test for excess errors)
UNRESOLVED: c-c++-common/asan/pr59063-2.c  -O2  compilation failed to produce executable
FAIL: c-c++-common/asan/pr59063-2.c  -O3 -fomit-frame-pointer  (test for excess errors)
UNRESOLVED: c-c++-common/asan/pr59063-2.c  -O3 -fomit-frame-pointer  compilation failed to produce executable
FAIL: c-c++-common/asan/pr59063-2.c  -O3 -g  (test for excess errors)
UNRESOLVED: c-c++-common/asan/pr59063-2.c  -O3 -g  compilation failed to produce executable
FAIL: c-c++-common/asan/pr59063-2.c  -Os  (test for excess errors)
UNRESOLVED: c-c++-common/asan/pr59063-2.c  -Os  compilation failed to produce executable
FAIL: c-c++-common/asan/pr59063-2.c  -O2 -flto -flto-partition=none  (test for excess errors)
UNRESOLVED: c-c++-common/asan/pr59063-2.c  -O2 -flto -flto-partition=none  compilation failed to produce executable
FAIL: c-c++-common/asan/pr59063-2.c  -O2 -flto  (test for excess errors)
UNRESOLVED: c-c++-common/asan/pr59063-2.c  -O2 -flto  compilation failed to produce executable
FAIL: c-c++-common/asan/sanity-check-pure-c-1.c  -O2 -flto -flto-partition=none  (test for excess errors)
FAIL: c-c++-common/asan/sanity-check-pure-c-1.c  -O2 -flto  (test for excess errors)
FAIL: c-c++-common/asan/sleep-before-dying-1.c  -O2 -flto -flto-partition=none  (test for excess errors)
FAIL: c-c++-common/asan/sleep-before-dying-1.c  -O2 -flto  (test for excess errors)
FAIL: c-c++-common/asan/stack-overflow-1.c  -O2 -flto -flto-partition=none  (test for excess errors)
FAIL: c-c++-common/asan/stack-overflow-1.c  -O2 -flto  (test for excess errors)
FAIL: c-c++-common/asan/strip-path-prefix-1.c  -O2 -flto -flto-partition=none  (test for excess errors)
FAIL: c-c++-common/asan/strip-path-prefix-1.c  -O2 -flto  (test for excess errors)
FAIL: c-c++-common/asan/strncpy-overflow-1.c  -O2 -flto -flto-partition=none  (test for excess errors)
FAIL: c-c++-common/asan/strncpy-overflow-1.c  -O2 -flto  (test for excess errors)
FAIL: c-c++-common/asan/swapcontext-test-1.c  -O2 -flto -flto-partition=none  (test for excess errors)
FAIL: c-c++-common/asan/swapcontext-test-1.c  -O2 -flto  (test for excess errors)
FAIL: c-c++-common/asan/use-after-free-1.c  -O2 -flto -flto-partition=none  (test for excess errors)
FAIL: c-c++-common/asan/use-after-free-1.c  -O2 -flto  (test for excess errors)
FAIL: g++.dg/asan/deep-tail-call-1.C  -O2 -flto -flto-partition=none  (test for excess errors)
FAIL: g++.dg/asan/deep-tail-call-1.C  -O2 -flto  (test for excess errors)
FAIL: g++.dg/asan/deep-thread-stack-1.C  -O2 -flto -flto-partition=none  (test for excess errors)
FAIL: g++.dg/asan/deep-thread-stack-1.C  -O2 -flto  (test for excess errors)
FAIL: g++.dg/asan/default-options-1.C  -O2 -flto -flto-partition=none  (test for excess errors)
FAIL: g++.dg/asan/default-options-1.C  -O2 -flto  (test for excess errors)
FAIL: g++.dg/asan/interception-failure-test-1.C  -O2 -flto -flto-partition=none  (test for excess errors)
FAIL: g++.dg/asan/interception-failure-test-1.C  -O2 -flto  (test for excess errors)
FAIL: g++.dg/asan/interception-malloc-test-1.C  -O2 -flto -flto-partition=none  (test for excess errors)
FAIL: g++.dg/asan/interception-malloc-test-1.C  -O2 -flto  (test for excess errors)
FAIL: g++.dg/asan/interception-test-1.C  -O2 -flto -flto-partition=none  (test for excess errors)
FAIL: g++.dg/asan/interception-test-1.C  -O2 -flto  (test for excess errors)
FAIL: g++.dg/asan/large-func-test-1.C  -O2 -flto -flto-partition=none  (test for excess errors)
FAIL: g++.dg/asan/large-func-test-1.C  -O2 -flto  (test for excess errors)
FAIL: g++.dg/asan/pr55617.C  -O2 -flto -flto-partition=none  (test for excess errors)
FAIL: g++.dg/asan/pr55617.C  -O2 -flto  (test for excess errors)
FAIL: g++.dg/asan/symbolize-callback-1.C  -O2 -flto -flto-partition=none  (test for excess errors)
FAIL: g++.dg/asan/symbolize-callback-1.C  -O2 -flto  (test for excess errors)
FAIL: g++.dg/bprob/g++-bprob-1.C compilation,  -g  -fprofile-arcs
UNRESOLVED: g++.dg/bprob/g++-bprob-1.C execution,    -g  -fprofile-arcs
UNRESOLVED: g++.dg/bprob/g++-bprob-1.C compilation,  -g  -fbranch-probabilities
UNRESOLVED: g++.dg/bprob/g++-bprob-1.C execution,    -g  -fbranch-probabilities
FAIL: g++.dg/bprob/g++-bprob-1.C compilation,  -O0  -fprofile-arcs
UNRESOLVED: g++.dg/bprob/g++-bprob-1.C execution,    -O0  -fprofile-arcs
UNRESOLVED: g++.dg/bprob/g++-bprob-1.C compilation,  -O0  -fbranch-probabilities
UNRESOLVED: g++.dg/bprob/g++-bprob-1.C execution,    -O0  -fbranch-probabilities
FAIL: g++.dg/bprob/g++-bprob-1.C compilation,  -O1  -fprofile-arcs
UNRESOLVED: g++.dg/bprob/g++-bprob-1.C execution,    -O1  -fprofile-arcs
UNRESOLVED: g++.dg/bprob/g++-bprob-1.C compilation,  -O1  -fbranch-probabilities
UNRESOLVED: g++.dg/bprob/g++-bprob-1.C execution,    -O1  -fbranch-probabilities
FAIL: g++.dg/bprob/g++-bprob-1.C compilation,  -O2  -fprofile-arcs
UNRESOLVED: g++.dg/bprob/g++-bprob-1.C execution,    -O2  -fprofile-arcs
UNRESOLVED: g++.dg/bprob/g++-bprob-1.C compilation,  -O2  -fbranch-probabilities
UNRESOLVED: g++.dg/bprob/g++-bprob-1.C execution,    -O2  -fbranch-probabilities
FAIL: g++.dg/bprob/g++-bprob-1.C compilation,  -O3  -fprofile-arcs
UNRESOLVED: g++.dg/bprob/g++-bprob-1.C execution,    -O3  -fprofile-arcs
UNRESOLVED: g++.dg/bprob/g++-bprob-1.C compilation,  -O3  -fbranch-probabilities
UNRESOLVED: g++.dg/bprob/g++-bprob-1.C execution,    -O3  -fbranch-probabilities
FAIL: g++.dg/bprob/g++-bprob-1.C compilation,  -O3 -g  -fprofile-arcs
UNRESOLVED: g++.dg/bprob/g++-bprob-1.C execution,    -O3 -g  -fprofile-arcs
UNRESOLVED: g++.dg/bprob/g++-bprob-1.C compilation,  -O3 -g  -fbranch-probabilities
UNRESOLVED: g++.dg/bprob/g++-bprob-1.C execution,    -O3 -g  -fbranch-probabilities
FAIL: g++.dg/bprob/g++-bprob-1.C compilation,  -Os  -fprofile-arcs
UNRESOLVED: g++.dg/bprob/g++-bprob-1.C execution,    -Os  -fprofile-arcs
UNRESOLVED: g++.dg/bprob/g++-bprob-1.C compilation,  -Os  -fbranch-probabilities
UNRESOLVED: g++.dg/bprob/g++-bprob-1.C execution,    -Os  -fbranch-probabilities
FAIL: g++.dg/bprob/g++-bprob-2.C compilation,  -g  -fprofile-arcs
UNRESOLVED: g++.dg/bprob/g++-bprob-2.C execution,    -g  -fprofile-arcs
UNRESOLVED: g++.dg/bprob/g++-bprob-2.C compilation,  -g  -fbranch-probabilities
UNRESOLVED: g++.dg/bprob/g++-bprob-2.C execution,    -g  -fbranch-probabilities
FAIL: g++.dg/bprob/g++-bprob-2.C compilation,  -O0  -fprofile-arcs
UNRESOLVED: g++.dg/bprob/g++-bprob-2.C execution,    -O0  -fprofile-arcs
UNRESOLVED: g++.dg/bprob/g++-bprob-2.C compilation,  -O0  -fbranch-probabilities
UNRESOLVED: g++.dg/bprob/g++-bprob-2.C execution,    -O0  -fbranch-probabilities
FAIL: g++.dg/bprob/g++-bprob-2.C compilation,  -O1  -fprofile-arcs
UNRESOLVED: g++.dg/bprob/g++-bprob-2.C execution,    -O1  -fprofile-arcs
UNRESOLVED: g++.dg/bprob/g++-bprob-2.C compilation,  -O1  -fbranch-probabilities
UNRESOLVED: g++.dg/bprob/g++-bprob-2.C execution,    -O1  -fbranch-probabilities
FAIL: g++.dg/bprob/g++-bprob-2.C compilation,  -O2  -fprofile-arcs
UNRESOLVED: g++.dg/bprob/g++-bprob-2.C execution,    -O2  -fprofile-arcs
UNRESOLVED: g++.dg/bprob/g++-bprob-2.C compilation,  -O2  -fbranch-probabilities
UNRESOLVED: g++.dg/bprob/g++-bprob-2.C execution,    -O2  -fbranch-probabilities
FAIL: g++.dg/bprob/g++-bprob-2.C compilation,  -O3  -fprofile-arcs
UNRESOLVED: g++.dg/bprob/g++-bprob-2.C execution,    -O3  -fprofile-arcs
UNRESOLVED: g++.dg/bprob/g++-bprob-2.C compilation,  -O3  -fbranch-probabilities
UNRESOLVED: g++.dg/bprob/g++-bprob-2.C execution,    -O3  -fbranch-probabilities
FAIL: g++.dg/bprob/g++-bprob-2.C compilation,  -O3 -g  -fprofile-arcs
UNRESOLVED: g++.dg/bprob/g++-bprob-2.C execution,    -O3 -g  -fprofile-arcs
UNRESOLVED: g++.dg/bprob/g++-bprob-2.C compilation,  -O3 -g  -fbranch-probabilities
UNRESOLVED: g++.dg/bprob/g++-bprob-2.C execution,    -O3 -g  -fbranch-probabilities
FAIL: g++.dg/bprob/g++-bprob-2.C compilation,  -Os  -fprofile-arcs
UNRESOLVED: g++.dg/bprob/g++-bprob-2.C execution,    -Os  -fprofile-arcs
UNRESOLVED: g++.dg/bprob/g++-bprob-2.C compilation,  -Os  -fbranch-probabilities
UNRESOLVED: g++.dg/bprob/g++-bprob-2.C execution,    -Os  -fbranch-probabilities
FAIL: g++.dg/other/profile1.C -std=gnu++98 (test for excess errors)
UNRESOLVED: g++.dg/other/profile1.C -std=gnu++98 compilation failed to produce executable
FAIL: g++.dg/other/profile1.C -std=gnu++11 (test for excess errors)
UNRESOLVED: g++.dg/other/profile1.C -std=gnu++11 compilation failed to produce executable
FAIL: c-c++-common/vector-scalar.c -std=c++98 (test for excess errors)
FAIL: c-c++-common/vector-scalar.c -std=c++11 (test for excess errors)
FAIL: g++.dg/gcov/gcov-1.C -std=gnu++98 (test for excess errors)
UNRESOLVED: g++.dg/gcov/gcov-1.C -std=gnu++98 compilation failed to produce executable
FAIL: g++.dg/gcov/gcov-1.C gcov failed: gcov-1.C.gcov does not exist
FAIL: g++.dg/gcov/gcov-1.C -std=gnu++11 (test for excess errors)
UNRESOLVED: g++.dg/gcov/gcov-1.C -std=gnu++11 compilation failed to produce executable
FAIL: g++.dg/gcov/gcov-1.C gcov failed: gcov-1.C.gcov does not exist
FAIL: g++.dg/gcov/gcov-10.C -std=gnu++98 (test for excess errors)
UNRESOLVED: g++.dg/gcov/gcov-10.C -std=gnu++98 compilation failed to produce executable
FAIL: g++.dg/gcov/gcov-10.C gcov failed: gcov-10.C.gcov does not exist
FAIL: g++.dg/gcov/gcov-10.C -std=gnu++11 (test for excess errors)
UNRESOLVED: g++.dg/gcov/gcov-10.C -std=gnu++11 compilation failed to produce executable
FAIL: g++.dg/gcov/gcov-10.C gcov failed: gcov-10.C.gcov does not exist
FAIL: g++.dg/gcov/gcov-11.C -std=gnu++98 (test for excess errors)
UNRESOLVED: g++.dg/gcov/gcov-11.C -std=gnu++98 compilation failed to produce executable
FAIL: g++.dg/gcov/gcov-11.C gcov failed: gcov-11.C.gcov does not exist
FAIL: g++.dg/gcov/gcov-11.C -std=gnu++11 (test for excess errors)
UNRESOLVED: g++.dg/gcov/gcov-11.C -std=gnu++11 compilation failed to produce executable
FAIL: g++.dg/gcov/gcov-11.C gcov failed: gcov-11.C.gcov does not exist
FAIL: g++.dg/gcov/gcov-12.C -std=gnu++98 (test for excess errors)
UNRESOLVED: g++.dg/gcov/gcov-12.C -std=gnu++98 compilation failed to produce executable
FAIL: g++.dg/gcov/gcov-12.C gcov failed: gcov-12.C.gcov does not exist
FAIL: g++.dg/gcov/gcov-12.C -std=gnu++11 (test for excess errors)
UNRESOLVED: g++.dg/gcov/gcov-12.C -std=gnu++11 compilation failed to produce executable
FAIL: g++.dg/gcov/gcov-12.C gcov failed: gcov-12.C.gcov does not exist
FAIL: g++.dg/gcov/gcov-13.C -std=gnu++98 (test for excess errors)
UNRESOLVED: g++.dg/gcov/gcov-13.C -std=gnu++98 compilation failed to produce executable
FAIL: g++.dg/gcov/gcov-13.C gcov failed: gcov-13.C.gcov does not exist
FAIL: g++.dg/gcov/gcov-13.C -std=gnu++11 (test for excess errors)
UNRESOLVED: g++.dg/gcov/gcov-13.C -std=gnu++11 compilation failed to produce executable
FAIL: g++.dg/gcov/gcov-13.C gcov failed: gcov-13.C.gcov does not exist
FAIL: g++.dg/gcov/gcov-14.C -std=gnu++98 (test for excess errors)
UNRESOLVED: g++.dg/gcov/gcov-14.C -std=gnu++98 compilation failed to produce executable
FAIL: g++.dg/gcov/gcov-14.C gcov failed: gcov-14.C.gcov does not exist
FAIL: g++.dg/gcov/gcov-14.C -std=gnu++11 (test for excess errors)
UNRESOLVED: g++.dg/gcov/gcov-14.C -std=gnu++11 compilation failed to produce executable
FAIL: g++.dg/gcov/gcov-14.C gcov failed: gcov-14.C.gcov does not exist
FAIL: g++.dg/gcov/gcov-2.C -std=gnu++98 (test for excess errors)
UNRESOLVED: g++.dg/gcov/gcov-2.C -std=gnu++98 compilation failed to produce executable
FAIL: g++.dg/gcov/gcov-2.C gcov failed: gcov-2.C.gcov does not exist
FAIL: g++.dg/gcov/gcov-2.C -std=gnu++11 (test for excess errors)
UNRESOLVED: g++.dg/gcov/gcov-2.C -std=gnu++11 compilation failed to produce executable
FAIL: g++.dg/gcov/gcov-2.C gcov failed: gcov-2.C.gcov does not exist
FAIL: g++.dg/gcov/gcov-3.C -std=gnu++98 (test for excess errors)
UNRESOLVED: g++.dg/gcov/gcov-3.C -std=gnu++98 compilation failed to produce executable
FAIL: g++.dg/gcov/gcov-3.C gcov failed: gcov-3.C.gcov does not exist
FAIL: g++.dg/gcov/gcov-3.C -std=gnu++11 (test for excess errors)
UNRESOLVED: g++.dg/gcov/gcov-3.C -std=gnu++11 compilation failed to produce executable
FAIL: g++.dg/gcov/gcov-3.C gcov failed: gcov-3.C.gcov does not exist
FAIL: g++.dg/gcov/gcov-4.C -std=gnu++98 (test for excess errors)
UNRESOLVED: g++.dg/gcov/gcov-4.C -std=gnu++98 compilation failed to produce executable
FAIL: g++.dg/gcov/gcov-4.C gcov failed: gcov-4.C.gcov does not exist
FAIL: g++.dg/gcov/gcov-4.C -std=gnu++11 (test for excess errors)
UNRESOLVED: g++.dg/gcov/gcov-4.C -std=gnu++11 compilation failed to produce executable
FAIL: g++.dg/gcov/gcov-4.C gcov failed: gcov-4.C.gcov does not exist
FAIL: g++.dg/gcov/gcov-5.C -std=gnu++98 (test for excess errors)
UNRESOLVED: g++.dg/gcov/gcov-5.C -std=gnu++98 compilation failed to produce executable
FAIL: g++.dg/gcov/gcov-5.C gcov failed: gcov-5.C.gcov does not exist
FAIL: g++.dg/gcov/gcov-5.C -std=gnu++11 (test for excess errors)
UNRESOLVED: g++.dg/gcov/gcov-5.C -std=gnu++11 compilation failed to produce executable
FAIL: g++.dg/gcov/gcov-5.C gcov failed: gcov-5.C.gcov does not exist
FAIL: g++.dg/gcov/gcov-7.C -std=gnu++98 (test for excess errors)
UNRESOLVED: g++.dg/gcov/gcov-7.C -std=gnu++98 compilation failed to produce executable
FAIL: g++.dg/gcov/gcov-7.C gcov failed: gcov-7.C.gcov does not exist
FAIL: g++.dg/gcov/gcov-7.C -std=gnu++11 (test for excess errors)
UNRESOLVED: g++.dg/gcov/gcov-7.C -std=gnu++11 compilation failed to produce executable
FAIL: g++.dg/gcov/gcov-7.C gcov failed: gcov-7.C.gcov does not exist
FAIL: g++.dg/guality/redeclaration1.C  -O0  line 17 i == 24
FAIL: g++.dg/guality/redeclaration1.C  -O1  line 17 i == 24
FAIL: g++.dg/guality/redeclaration1.C  -O2  line 17 i == 24
FAIL: g++.dg/guality/redeclaration1.C  -O3 -fomit-frame-pointer  line 17 i == 24
FAIL: g++.dg/guality/redeclaration1.C  -O3 -g  line 17 i == 24
FAIL: g++.dg/guality/redeclaration1.C  -Os  line 17 i == 24
FAIL: g++.dg/tree-prof/indir-call-prof-2.C compilation,  -g  -fprofile-generate
UNRESOLVED: g++.dg/tree-prof/indir-call-prof-2.C execution,    -g  -fprofile-generate
UNRESOLVED: g++.dg/tree-prof/indir-call-prof-2.C compilation,  -g  -fprofile-use
UNRESOLVED: g++.dg/tree-prof/indir-call-prof-2.C execution,    -g  -fprofile-use
FAIL: g++.dg/tree-prof/indir-call-prof-2.C compilation,  -O0  -fprofile-generate
UNRESOLVED: g++.dg/tree-prof/indir-call-prof-2.C execution,    -O0  -fprofile-generate
UNRESOLVED: g++.dg/tree-prof/indir-call-prof-2.C compilation,  -O0  -fprofile-use
UNRESOLVED: g++.dg/tree-prof/indir-call-prof-2.C execution,    -O0  -fprofile-use
FAIL: g++.dg/tree-prof/indir-call-prof-2.C compilation,  -O1  -fprofile-generate
UNRESOLVED: g++.dg/tree-prof/indir-call-prof-2.C execution,    -O1  -fprofile-generate
UNRESOLVED: g++.dg/tree-prof/indir-call-prof-2.C compilation,  -O1  -fprofile-use
UNRESOLVED: g++.dg/tree-prof/indir-call-prof-2.C execution,    -O1  -fprofile-use
FAIL: g++.dg/tree-prof/indir-call-prof-2.C compilation,  -O2  -fprofile-generate
UNRESOLVED: g++.dg/tree-prof/indir-call-prof-2.C execution,    -O2  -fprofile-generate
UNRESOLVED: g++.dg/tree-prof/indir-call-prof-2.C compilation,  -O2  -fprofile-use
UNRESOLVED: g++.dg/tree-prof/indir-call-prof-2.C execution,    -O2  -fprofile-use
FAIL: g++.dg/tree-prof/indir-call-prof-2.C compilation,  -O3  -fprofile-generate
UNRESOLVED: g++.dg/tree-prof/indir-call-prof-2.C execution,    -O3  -fprofile-generate
UNRESOLVED: g++.dg/tree-prof/indir-call-prof-2.C compilation,  -O3  -fprofile-use
UNRESOLVED: g++.dg/tree-prof/indir-call-prof-2.C execution,    -O3  -fprofile-use
FAIL: g++.dg/tree-prof/indir-call-prof-2.C compilation,  -O3 -g  -fprofile-generate
UNRESOLVED: g++.dg/tree-prof/indir-call-prof-2.C execution,    -O3 -g  -fprofile-generate
UNRESOLVED: g++.dg/tree-prof/indir-call-prof-2.C compilation,  -O3 -g  -fprofile-use
UNRESOLVED: g++.dg/tree-prof/indir-call-prof-2.C execution,    -O3 -g  -fprofile-use
FAIL: g++.dg/tree-prof/indir-call-prof-2.C compilation,  -Os  -fprofile-generate
UNRESOLVED: g++.dg/tree-prof/indir-call-prof-2.C execution,    -Os  -fprofile-generate
UNRESOLVED: g++.dg/tree-prof/indir-call-prof-2.C compilation,  -Os  -fprofile-use
UNRESOLVED: g++.dg/tree-prof/indir-call-prof-2.C execution,    -Os  -fprofile-use
FAIL: g++.dg/tree-prof/indir-call-prof.C compilation,  -g  -fprofile-generate
UNRESOLVED: g++.dg/tree-prof/indir-call-prof.C execution,    -g  -fprofile-generate
UNRESOLVED: g++.dg/tree-prof/indir-call-prof.C compilation,  -g  -fprofile-use
UNRESOLVED: g++.dg/tree-prof/indir-call-prof.C execution,    -g  -fprofile-use
FAIL: g++.dg/tree-prof/indir-call-prof.C compilation,  -O0  -fprofile-generate
UNRESOLVED: g++.dg/tree-prof/indir-call-prof.C execution,    -O0  -fprofile-generate
UNRESOLVED: g++.dg/tree-prof/indir-call-prof.C compilation,  -O0  -fprofile-use
UNRESOLVED: g++.dg/tree-prof/indir-call-prof.C execution,    -O0  -fprofile-use
FAIL: g++.dg/tree-prof/indir-call-prof.C compilation,  -O1  -fprofile-generate
UNRESOLVED: g++.dg/tree-prof/indir-call-prof.C execution,    -O1  -fprofile-generate
UNRESOLVED: g++.dg/tree-prof/indir-call-prof.C compilation,  -O1  -fprofile-use
UNRESOLVED: g++.dg/tree-prof/indir-call-prof.C execution,    -O1  -fprofile-use
FAIL: g++.dg/tree-prof/indir-call-prof.C compilation,  -O2  -fprofile-generate
UNRESOLVED: g++.dg/tree-prof/indir-call-prof.C execution,    -O2  -fprofile-generate
UNRESOLVED: g++.dg/tree-prof/indir-call-prof.C compilation,  -O2  -fprofile-use
UNRESOLVED: g++.dg/tree-prof/indir-call-prof.C execution,    -O2  -fprofile-use
FAIL: g++.dg/tree-prof/indir-call-prof.C compilation,  -O3  -fprofile-generate
UNRESOLVED: g++.dg/tree-prof/indir-call-prof.C execution,    -O3  -fprofile-generate
UNRESOLVED: g++.dg/tree-prof/indir-call-prof.C compilation,  -O3  -fprofile-use
UNRESOLVED: g++.dg/tree-prof/indir-call-prof.C execution,    -O3  -fprofile-use
FAIL: g++.dg/tree-prof/indir-call-prof.C compilation,  -O3 -g  -fprofile-generate
UNRESOLVED: g++.dg/tree-prof/indir-call-prof.C execution,    -O3 -g  -fprofile-generate
UNRESOLVED: g++.dg/tree-prof/indir-call-prof.C compilation,  -O3 -g  -fprofile-use
UNRESOLVED: g++.dg/tree-prof/indir-call-prof.C execution,    -O3 -g  -fprofile-use
FAIL: g++.dg/tree-prof/indir-call-prof.C compilation,  -Os  -fprofile-generate
UNRESOLVED: g++.dg/tree-prof/indir-call-prof.C execution,    -Os  -fprofile-generate
UNRESOLVED: g++.dg/tree-prof/indir-call-prof.C compilation,  -Os  -fprofile-use
UNRESOLVED: g++.dg/tree-prof/indir-call-prof.C execution,    -Os  -fprofile-use
FAIL: g++.dg/tree-prof/inline_mismatch_args.C compilation,  -g  -fprofile-generate
UNRESOLVED: g++.dg/tree-prof/inline_mismatch_args.C execution,    -g  -fprofile-generate
UNRESOLVED: g++.dg/tree-prof/inline_mismatch_args.C compilation,  -g  -fprofile-use
UNRESOLVED: g++.dg/tree-prof/inline_mismatch_args.C execution,    -g  -fprofile-use
FAIL: g++.dg/tree-prof/inline_mismatch_args.C compilation,  -O0  -fprofile-generate
UNRESOLVED: g++.dg/tree-prof/inline_mismatch_args.C execution,    -O0  -fprofile-generate
UNRESOLVED: g++.dg/tree-prof/inline_mismatch_args.C compilation,  -O0  -fprofile-use
UNRESOLVED: g++.dg/tree-prof/inline_mismatch_args.C execution,    -O0  -fprofile-use
FAIL: g++.dg/tree-prof/inline_mismatch_args.C compilation,  -O1  -fprofile-generate
UNRESOLVED: g++.dg/tree-prof/inline_mismatch_args.C execution,    -O1  -fprofile-generate
UNRESOLVED: g++.dg/tree-prof/inline_mismatch_args.C compilation,  -O1  -fprofile-use
UNRESOLVED: g++.dg/tree-prof/inline_mismatch_args.C execution,    -O1  -fprofile-use
FAIL: g++.dg/tree-prof/inline_mismatch_args.C compilation,  -O2  -fprofile-generate
UNRESOLVED: g++.dg/tree-prof/inline_mismatch_args.C execution,    -O2  -fprofile-generate
UNRESOLVED: g++.dg/tree-prof/inline_mismatch_args.C compilation,  -O2  -fprofile-use
UNRESOLVED: g++.dg/tree-prof/inline_mismatch_args.C execution,    -O2  -fprofile-use
FAIL: g++.dg/tree-prof/inline_mismatch_args.C compilation,  -O3  -fprofile-generate
UNRESOLVED: g++.dg/tree-prof/inline_mismatch_args.C execution,    -O3  -fprofile-generate
UNRESOLVED: g++.dg/tree-prof/inline_mismatch_args.C compilation,  -O3  -fprofile-use
UNRESOLVED: g++.dg/tree-prof/inline_mismatch_args.C execution,    -O3  -fprofile-use
FAIL: g++.dg/tree-prof/inline_mismatch_args.C compilation,  -O3 -g  -fprofile-generate
UNRESOLVED: g++.dg/tree-prof/inline_mismatch_args.C execution,    -O3 -g  -fprofile-generate
UNRESOLVED: g++.dg/tree-prof/inline_mismatch_args.C compilation,  -O3 -g  -fprofile-use
UNRESOLVED: g++.dg/tree-prof/inline_mismatch_args.C execution,    -O3 -g  -fprofile-use
FAIL: g++.dg/tree-prof/inline_mismatch_args.C compilation,  -Os  -fprofile-generate
UNRESOLVED: g++.dg/tree-prof/inline_mismatch_args.C execution,    -Os  -fprofile-generate
UNRESOLVED: g++.dg/tree-prof/inline_mismatch_args.C compilation,  -Os  -fprofile-use
UNRESOLVED: g++.dg/tree-prof/inline_mismatch_args.C execution,    -Os  -fprofile-use
FAIL: g++.dg/tree-prof/partition1.C compilation,  -g  -fprofile-generate
UNRESOLVED: g++.dg/tree-prof/partition1.C execution,    -g  -fprofile-generate
UNRESOLVED: g++.dg/tree-prof/partition1.C compilation,  -g  -fprofile-use
UNRESOLVED: g++.dg/tree-prof/partition1.C execution,    -g  -fprofile-use
FAIL: g++.dg/tree-prof/partition1.C compilation,  -O0  -fprofile-generate
UNRESOLVED: g++.dg/tree-prof/partition1.C execution,    -O0  -fprofile-generate
UNRESOLVED: g++.dg/tree-prof/partition1.C compilation,  -O0  -fprofile-use
UNRESOLVED: g++.dg/tree-prof/partition1.C execution,    -O0  -fprofile-use
FAIL: g++.dg/tree-prof/partition1.C compilation,  -O1  -fprofile-generate
UNRESOLVED: g++.dg/tree-prof/partition1.C execution,    -O1  -fprofile-generate
UNRESOLVED: g++.dg/tree-prof/partition1.C compilation,  -O1  -fprofile-use
UNRESOLVED: g++.dg/tree-prof/partition1.C execution,    -O1  -fprofile-use
FAIL: g++.dg/tree-prof/partition1.C compilation,  -O2  -fprofile-generate
UNRESOLVED: g++.dg/tree-prof/partition1.C execution,    -O2  -fprofile-generate
UNRESOLVED: g++.dg/tree-prof/partition1.C compilation,  -O2  -fprofile-use
UNRESOLVED: g++.dg/tree-prof/partition1.C execution,    -O2  -fprofile-use
FAIL: g++.dg/tree-prof/partition1.C compilation,  -O3  -fprofile-generate
UNRESOLVED: g++.dg/tree-prof/partition1.C execution,    -O3  -fprofile-generate
UNRESOLVED: g++.dg/tree-prof/partition1.C compilation,  -O3  -fprofile-use
UNRESOLVED: g++.dg/tree-prof/partition1.C execution,    -O3  -fprofile-use
FAIL: g++.dg/tree-prof/partition1.C compilation,  -O3 -g  -fprofile-generate
UNRESOLVED: g++.dg/tree-prof/partition1.C execution,    -O3 -g  -fprofile-generate
UNRESOLVED: g++.dg/tree-prof/partition1.C compilation,  -O3 -g  -fprofile-use
UNRESOLVED: g++.dg/tree-prof/partition1.C execution,    -O3 -g  -fprofile-use
FAIL: g++.dg/tree-prof/partition1.C compilation,  -Os  -fprofile-generate
UNRESOLVED: g++.dg/tree-prof/partition1.C execution,    -Os  -fprofile-generate
UNRESOLVED: g++.dg/tree-prof/partition1.C compilation,  -Os  -fprofile-use
UNRESOLVED: g++.dg/tree-prof/partition1.C execution,    -Os  -fprofile-use
FAIL: g++.dg/tree-prof/partition2.C compilation,  -g  -fprofile-generate
UNRESOLVED: g++.dg/tree-prof/partition2.C execution,    -g  -fprofile-generate
UNRESOLVED: g++.dg/tree-prof/partition2.C compilation,  -g  -fprofile-use
UNRESOLVED: g++.dg/tree-prof/partition2.C execution,    -g  -fprofile-use
FAIL: g++.dg/tree-prof/partition2.C compilation,  -O0  -fprofile-generate
UNRESOLVED: g++.dg/tree-prof/partition2.C execution,    -O0  -fprofile-generate
UNRESOLVED: g++.dg/tree-prof/partition2.C compilation,  -O0  -fprofile-use
UNRESOLVED: g++.dg/tree-prof/partition2.C execution,    -O0  -fprofile-use
FAIL: g++.dg/tree-prof/partition2.C compilation,  -O1  -fprofile-generate
UNRESOLVED: g++.dg/tree-prof/partition2.C execution,    -O1  -fprofile-generate
UNRESOLVED: g++.dg/tree-prof/partition2.C compilation,  -O1  -fprofile-use
UNRESOLVED: g++.dg/tree-prof/partition2.C execution,    -O1  -fprofile-use
FAIL: g++.dg/tree-prof/partition2.C compilation,  -O2  -fprofile-generate
UNRESOLVED: g++.dg/tree-prof/partition2.C execution,    -O2  -fprofile-generate
UNRESOLVED: g++.dg/tree-prof/partition2.C compilation,  -O2  -fprofile-use
UNRESOLVED: g++.dg/tree-prof/partition2.C execution,    -O2  -fprofile-use
FAIL: g++.dg/tree-prof/partition2.C compilation,  -O3  -fprofile-generate
UNRESOLVED: g++.dg/tree-prof/partition2.C execution,    -O3  -fprofile-generate
UNRESOLVED: g++.dg/tree-prof/partition2.C compilation,  -O3  -fprofile-use
UNRESOLVED: g++.dg/tree-prof/partition2.C execution,    -O3  -fprofile-use
FAIL: g++.dg/tree-prof/partition2.C compilation,  -O3 -g  -fprofile-generate
UNRESOLVED: g++.dg/tree-prof/partition2.C execution,    -O3 -g  -fprofile-generate
UNRESOLVED: g++.dg/tree-prof/partition2.C compilation,  -O3 -g  -fprofile-use
UNRESOLVED: g++.dg/tree-prof/partition2.C execution,    -O3 -g  -fprofile-use
FAIL: g++.dg/tree-prof/partition2.C compilation,  -Os  -fprofile-generate
UNRESOLVED: g++.dg/tree-prof/partition2.C execution,    -Os  -fprofile-generate
UNRESOLVED: g++.dg/tree-prof/partition2.C compilation,  -Os  -fprofile-use
UNRESOLVED: g++.dg/tree-prof/partition2.C execution,    -Os  -fprofile-use
FAIL: g++.dg/tree-prof/partition3.C compilation,  -g  -fprofile-generate
UNRESOLVED: g++.dg/tree-prof/partition3.C execution,    -g  -fprofile-generate
UNRESOLVED: g++.dg/tree-prof/partition3.C compilation,  -g  -fprofile-use
UNRESOLVED: g++.dg/tree-prof/partition3.C execution,    -g  -fprofile-use
FAIL: g++.dg/tree-prof/partition3.C compilation,  -O0  -fprofile-generate
UNRESOLVED: g++.dg/tree-prof/partition3.C execution,    -O0  -fprofile-generate
UNRESOLVED: g++.dg/tree-prof/partition3.C compilation,  -O0  -fprofile-use
UNRESOLVED: g++.dg/tree-prof/partition3.C execution,    -O0  -fprofile-use
FAIL: g++.dg/tree-prof/partition3.C compilation,  -O1  -fprofile-generate
UNRESOLVED: g++.dg/tree-prof/partition3.C execution,    -O1  -fprofile-generate
UNRESOLVED: g++.dg/tree-prof/partition3.C compilation,  -O1  -fprofile-use
UNRESOLVED: g++.dg/tree-prof/partition3.C execution,    -O1  -fprofile-use
FAIL: g++.dg/tree-prof/partition3.C compilation,  -O2  -fprofile-generate
UNRESOLVED: g++.dg/tree-prof/partition3.C execution,    -O2  -fprofile-generate
UNRESOLVED: g++.dg/tree-prof/partition3.C compilation,  -O2  -fprofile-use
UNRESOLVED: g++.dg/tree-prof/partition3.C execution,    -O2  -fprofile-use
FAIL: g++.dg/tree-prof/partition3.C compilation,  -O3  -fprofile-generate
UNRESOLVED: g++.dg/tree-prof/partition3.C execution,    -O3  -fprofile-generate
UNRESOLVED: g++.dg/tree-prof/partition3.C compilation,  -O3  -fprofile-use
UNRESOLVED: g++.dg/tree-prof/partition3.C execution,    -O3  -fprofile-use
FAIL: g++.dg/tree-prof/partition3.C compilation,  -O3 -g  -fprofile-generate
UNRESOLVED: g++.dg/tree-prof/partition3.C execution,    -O3 -g  -fprofile-generate
UNRESOLVED: g++.dg/tree-prof/partition3.C compilation,  -O3 -g  -fprofile-use
UNRESOLVED: g++.dg/tree-prof/partition3.C execution,    -O3 -g  -fprofile-use
FAIL: g++.dg/tree-prof/partition3.C compilation,  -Os  -fprofile-generate
UNRESOLVED: g++.dg/tree-prof/partition3.C execution,    -Os  -fprofile-generate
UNRESOLVED: g++.dg/tree-prof/partition3.C compilation,  -Os  -fprofile-use
UNRESOLVED: g++.dg/tree-prof/partition3.C execution,    -Os  -fprofile-use
FAIL: g++.dg/tree-prof/pr51719.C compilation,  -g  -fprofile-generate
UNRESOLVED: g++.dg/tree-prof/pr51719.C execution,    -g  -fprofile-generate
UNRESOLVED: g++.dg/tree-prof/pr51719.C compilation,  -g  -fprofile-use
UNRESOLVED: g++.dg/tree-prof/pr51719.C execution,    -g  -fprofile-use
FAIL: g++.dg/tree-prof/pr51719.C compilation,  -O0  -fprofile-generate
UNRESOLVED: g++.dg/tree-prof/pr51719.C execution,    -O0  -fprofile-generate
UNRESOLVED: g++.dg/tree-prof/pr51719.C compilation,  -O0  -fprofile-use
UNRESOLVED: g++.dg/tree-prof/pr51719.C execution,    -O0  -fprofile-use
FAIL: g++.dg/tree-prof/pr51719.C compilation,  -O1  -fprofile-generate
UNRESOLVED: g++.dg/tree-prof/pr51719.C execution,    -O1  -fprofile-generate
UNRESOLVED: g++.dg/tree-prof/pr51719.C compilation,  -O1  -fprofile-use
UNRESOLVED: g++.dg/tree-prof/pr51719.C execution,    -O1  -fprofile-use
FAIL: g++.dg/tree-prof/pr51719.C compilation,  -O2  -fprofile-generate
UNRESOLVED: g++.dg/tree-prof/pr51719.C execution,    -O2  -fprofile-generate
UNRESOLVED: g++.dg/tree-prof/pr51719.C compilation,  -O2  -fprofile-use
UNRESOLVED: g++.dg/tree-prof/pr51719.C execution,    -O2  -fprofile-use
FAIL: g++.dg/tree-prof/pr51719.C compilation,  -O3  -fprofile-generate
UNRESOLVED: g++.dg/tree-prof/pr51719.C execution,    -O3  -fprofile-generate
UNRESOLVED: g++.dg/tree-prof/pr51719.C compilation,  -O3  -fprofile-use
UNRESOLVED: g++.dg/tree-prof/pr51719.C execution,    -O3  -fprofile-use
FAIL: g++.dg/tree-prof/pr51719.C compilation,  -O3 -g  -fprofile-generate
UNRESOLVED: g++.dg/tree-prof/pr51719.C execution,    -O3 -g  -fprofile-generate
UNRESOLVED: g++.dg/tree-prof/pr51719.C compilation,  -O3 -g  -fprofile-use
UNRESOLVED: g++.dg/tree-prof/pr51719.C execution,    -O3 -g  -fprofile-use
FAIL: g++.dg/tree-prof/pr51719.C compilation,  -Os  -fprofile-generate
UNRESOLVED: g++.dg/tree-prof/pr51719.C execution,    -Os  -fprofile-generate
UNRESOLVED: g++.dg/tree-prof/pr51719.C compilation,  -Os  -fprofile-use
UNRESOLVED: g++.dg/tree-prof/pr51719.C execution,    -Os  -fprofile-use
FAIL: c-c++-common/ubsan/div-by-zero-1.c  -O2 -flto -flto-partition=none  (test for excess errors)
FAIL: c-c++-common/ubsan/div-by-zero-1.c  -O2 -flto  (test for excess errors)
FAIL: c-c++-common/ubsan/div-by-zero-2.c  -O2 -flto -flto-partition=none  (test for excess errors)
FAIL: c-c++-common/ubsan/div-by-zero-2.c  -O2 -flto  (test for excess errors)
FAIL: c-c++-common/ubsan/div-by-zero-3.c  -O2 -flto -flto-partition=none  (test for excess errors)
FAIL: c-c++-common/ubsan/div-by-zero-3.c  -O2 -flto  (test for excess errors)
FAIL: c-c++-common/ubsan/div-by-zero-4.c  -O2 -flto -flto-partition=none  (test for excess errors)
FAIL: c-c++-common/ubsan/div-by-zero-4.c  -O2 -flto  (test for excess errors)
FAIL: c-c++-common/ubsan/unreachable-1.c  -O2 -flto -flto-partition=none  (test for excess errors)
FAIL: c-c++-common/ubsan/unreachable-1.c  -O2 -flto  (test for excess errors)
FAIL: g++.dg/ubsan/div-by-zero-1.C  -O0   (test for errors, line 8)
FAIL: g++.dg/ubsan/div-by-zero-1.C  -O1   (test for errors, line 8)
FAIL: g++.dg/ubsan/div-by-zero-1.C  -O2   (test for errors, line 8)
FAIL: g++.dg/ubsan/div-by-zero-1.C  -O3 -fomit-frame-pointer   (test for errors, line 8)
FAIL: g++.dg/ubsan/div-by-zero-1.C  -O3 -g   (test for errors, line 8)
FAIL: g++.dg/ubsan/div-by-zero-1.C  -Os   (test for errors, line 8)
FAIL: g++.dg/ubsan/div-by-zero-1.C  -O2 -flto -flto-partition=none   (test for errors, line 8)
FAIL: g++.dg/ubsan/div-by-zero-1.C  -O2 -flto   (test for errors, line 8)
FAIL: g++.old-deja/g++.robertl/eb83.C -std=gnu++98 (test for excess errors)
UNRESOLVED: g++.old-deja/g++.robertl/eb83.C -std=gnu++98 compilation failed to produce executable
FAIL: g++.old-deja/g++.robertl/eb83.C -std=gnu++11 (test for excess errors)
UNRESOLVED: g++.old-deja/g++.robertl/eb83.C -std=gnu++11 compilation failed to produce executable

                === g++ Summary for unix//-m32 ===

# of expected passes            49673
# of unexpected failures        189
# of expected failures          309
# of unresolved testcases       223
# of unsupported tests          341

Running target unix//-m64
FAIL: c-c++-common/asan/clone-test-1.c  -O2 -flto -flto-partition=none  (test for excess errors)
FAIL: c-c++-common/asan/clone-test-1.c  -O2 -flto  (test for excess errors)
FAIL: c-c++-common/asan/global-overflow-1.c  -O2 -flto -flto-partition=none  (test for excess errors)
FAIL: c-c++-common/asan/global-overflow-1.c  -O2 -flto  (test for excess errors)
FAIL: c-c++-common/asan/heap-overflow-1.c  -O2 -flto -flto-partition=none  (test for excess errors)
FAIL: c-c++-common/asan/heap-overflow-1.c  -O2 -flto  (test for excess errors)
FAIL: c-c++-common/asan/memcmp-1.c  -O2 -flto -flto-partition=none  (test for excess errors)
FAIL: c-c++-common/asan/memcmp-1.c  -O2 -flto  (test for excess errors)
FAIL: c-c++-common/asan/null-deref-1.c  -O2 -flto -flto-partition=none  (test for excess errors)
FAIL: c-c++-common/asan/null-deref-1.c  -O2 -flto  (test for excess errors)
FAIL: c-c++-common/asan/pr59063-1.c  -O2 -flto -flto-partition=none  (test for excess errors)
FAIL: c-c++-common/asan/pr59063-1.c  -O2 -flto  (test for excess errors)
FAIL: c-c++-common/asan/pr59063-2.c  -O0  (test for excess errors)
UNRESOLVED: c-c++-common/asan/pr59063-2.c  -O0  compilation failed to produce executable
FAIL: c-c++-common/asan/pr59063-2.c  -O1  (test for excess errors)
UNRESOLVED: c-c++-common/asan/pr59063-2.c  -O1  compilation failed to produce executable
FAIL: c-c++-common/asan/pr59063-2.c  -O2  (test for excess errors)
UNRESOLVED: c-c++-common/asan/pr59063-2.c  -O2  compilation failed to produce executable
FAIL: c-c++-common/asan/pr59063-2.c  -O3 -fomit-frame-pointer  (test for excess errors)
UNRESOLVED: c-c++-common/asan/pr59063-2.c  -O3 -fomit-frame-pointer  compilation failed to produce executable
FAIL: c-c++-common/asan/pr59063-2.c  -O3 -g  (test for excess errors)
UNRESOLVED: c-c++-common/asan/pr59063-2.c  -O3 -g  compilation failed to produce executable
FAIL: c-c++-common/asan/pr59063-2.c  -Os  (test for excess errors)
UNRESOLVED: c-c++-common/asan/pr59063-2.c  -Os  compilation failed to produce executable
FAIL: c-c++-common/asan/pr59063-2.c  -O2 -flto -flto-partition=none  (test for excess errors)
UNRESOLVED: c-c++-common/asan/pr59063-2.c  -O2 -flto -flto-partition=none  compilation failed to produce executable
FAIL: c-c++-common/asan/pr59063-2.c  -O2 -flto  (test for excess errors)
UNRESOLVED: c-c++-common/asan/pr59063-2.c  -O2 -flto  compilation failed to produce executable
FAIL: c-c++-common/asan/sanity-check-pure-c-1.c  -O2 -flto -flto-partition=none  (test for excess errors)
FAIL: c-c++-common/asan/sanity-check-pure-c-1.c  -O2 -flto  (test for excess errors)
FAIL: c-c++-common/asan/sleep-before-dying-1.c  -O2 -flto -flto-partition=none  (test for excess errors)
FAIL: c-c++-common/asan/sleep-before-dying-1.c  -O2 -flto  (test for excess errors)
FAIL: c-c++-common/asan/stack-overflow-1.c  -O2 -flto -flto-partition=none  (test for excess errors)
FAIL: c-c++-common/asan/stack-overflow-1.c  -O2 -flto  (test for excess errors)
FAIL: c-c++-common/asan/strip-path-prefix-1.c  -O2 -flto -flto-partition=none  (test for excess errors)
FAIL: c-c++-common/asan/strip-path-prefix-1.c  -O2 -flto  (test for excess errors)
FAIL: c-c++-common/asan/strncpy-overflow-1.c  -O2 -flto -flto-partition=none  (test for excess errors)
FAIL: c-c++-common/asan/strncpy-overflow-1.c  -O2 -flto  (test for excess errors)
FAIL: c-c++-common/asan/swapcontext-test-1.c  -O2 -flto -flto-partition=none  (test for excess errors)
FAIL: c-c++-common/asan/swapcontext-test-1.c  -O2 -flto  (test for excess errors)
FAIL: c-c++-common/asan/use-after-free-1.c  -O2 -flto -flto-partition=none  (test for excess errors)
FAIL: c-c++-common/asan/use-after-free-1.c  -O2 -flto  (test for excess errors)
FAIL: g++.dg/asan/deep-tail-call-1.C  -O2 -flto -flto-partition=none  (test for excess errors)
FAIL: g++.dg/asan/deep-tail-call-1.C  -O2 -flto  (test for excess errors)
FAIL: g++.dg/asan/deep-thread-stack-1.C  -O2 -flto -flto-partition=none  (test for excess errors)
FAIL: g++.dg/asan/deep-thread-stack-1.C  -O2 -flto  (test for excess errors)
FAIL: g++.dg/asan/default-options-1.C  -O2 -flto -flto-partition=none  (test for excess errors)
FAIL: g++.dg/asan/default-options-1.C  -O2 -flto  (test for excess errors)
FAIL: g++.dg/asan/interception-failure-test-1.C  -O2 -flto -flto-partition=none  (test for excess errors)
FAIL: g++.dg/asan/interception-failure-test-1.C  -O2 -flto  (test for excess errors)
FAIL: g++.dg/asan/interception-malloc-test-1.C  -O2 -flto -flto-partition=none  (test for excess errors)
FAIL: g++.dg/asan/interception-malloc-test-1.C  -O2 -flto  (test for excess errors)
FAIL: g++.dg/asan/interception-test-1.C  -O2 -flto -flto-partition=none  (test for excess errors)
FAIL: g++.dg/asan/interception-test-1.C  -O2 -flto  (test for excess errors)
FAIL: g++.dg/asan/large-func-test-1.C  -O2 -flto -flto-partition=none  (test for excess errors)
FAIL: g++.dg/asan/large-func-test-1.C  -O2 -flto  (test for excess errors)
FAIL: g++.dg/asan/pr55617.C  -O2 -flto -flto-partition=none  (test for excess errors)
FAIL: g++.dg/asan/pr55617.C  -O2 -flto  (test for excess errors)
FAIL: g++.dg/asan/symbolize-callback-1.C  -O2 -flto -flto-partition=none  (test for excess errors)
FAIL: g++.dg/asan/symbolize-callback-1.C  -O2 -flto  (test for excess errors)
FAIL: g++.dg/bprob/g++-bprob-1.C compilation,  -g  -fprofile-arcs
UNRESOLVED: g++.dg/bprob/g++-bprob-1.C execution,    -g  -fprofile-arcs
UNRESOLVED: g++.dg/bprob/g++-bprob-1.C compilation,  -g  -fbranch-probabilities
UNRESOLVED: g++.dg/bprob/g++-bprob-1.C execution,    -g  -fbranch-probabilities
FAIL: g++.dg/bprob/g++-bprob-1.C compilation,  -O0  -fprofile-arcs
UNRESOLVED: g++.dg/bprob/g++-bprob-1.C execution,    -O0  -fprofile-arcs
UNRESOLVED: g++.dg/bprob/g++-bprob-1.C compilation,  -O0  -fbranch-probabilities
UNRESOLVED: g++.dg/bprob/g++-bprob-1.C execution,    -O0  -fbranch-probabilities
FAIL: g++.dg/bprob/g++-bprob-1.C compilation,  -O1  -fprofile-arcs
UNRESOLVED: g++.dg/bprob/g++-bprob-1.C execution,    -O1  -fprofile-arcs
UNRESOLVED: g++.dg/bprob/g++-bprob-1.C compilation,  -O1  -fbranch-probabilities
UNRESOLVED: g++.dg/bprob/g++-bprob-1.C execution,    -O1  -fbranch-probabilities
FAIL: g++.dg/bprob/g++-bprob-1.C compilation,  -O2  -fprofile-arcs
UNRESOLVED: g++.dg/bprob/g++-bprob-1.C execution,    -O2  -fprofile-arcs
UNRESOLVED: g++.dg/bprob/g++-bprob-1.C compilation,  -O2  -fbranch-probabilities
UNRESOLVED: g++.dg/bprob/g++-bprob-1.C execution,    -O2  -fbranch-probabilities
FAIL: g++.dg/bprob/g++-bprob-1.C compilation,  -O3  -fprofile-arcs
UNRESOLVED: g++.dg/bprob/g++-bprob-1.C execution,    -O3  -fprofile-arcs
UNRESOLVED: g++.dg/bprob/g++-bprob-1.C compilation,  -O3  -fbranch-probabilities
UNRESOLVED: g++.dg/bprob/g++-bprob-1.C execution,    -O3  -fbranch-probabilities
FAIL: g++.dg/bprob/g++-bprob-1.C compilation,  -O3 -g  -fprofile-arcs
UNRESOLVED: g++.dg/bprob/g++-bprob-1.C execution,    -O3 -g  -fprofile-arcs
UNRESOLVED: g++.dg/bprob/g++-bprob-1.C compilation,  -O3 -g  -fbranch-probabilities
UNRESOLVED: g++.dg/bprob/g++-bprob-1.C execution,    -O3 -g  -fbranch-probabilities
FAIL: g++.dg/bprob/g++-bprob-1.C compilation,  -Os  -fprofile-arcs
UNRESOLVED: g++.dg/bprob/g++-bprob-1.C execution,    -Os  -fprofile-arcs
UNRESOLVED: g++.dg/bprob/g++-bprob-1.C compilation,  -Os  -fbranch-probabilities
UNRESOLVED: g++.dg/bprob/g++-bprob-1.C execution,    -Os  -fbranch-probabilities
FAIL: g++.dg/bprob/g++-bprob-2.C compilation,  -g  -fprofile-arcs
UNRESOLVED: g++.dg/bprob/g++-bprob-2.C execution,    -g  -fprofile-arcs
UNRESOLVED: g++.dg/bprob/g++-bprob-2.C compilation,  -g  -fbranch-probabilities
UNRESOLVED: g++.dg/bprob/g++-bprob-2.C execution,    -g  -fbranch-probabilities
FAIL: g++.dg/bprob/g++-bprob-2.C compilation,  -O0  -fprofile-arcs
UNRESOLVED: g++.dg/bprob/g++-bprob-2.C execution,    -O0  -fprofile-arcs
UNRESOLVED: g++.dg/bprob/g++-bprob-2.C compilation,  -O0  -fbranch-probabilities
UNRESOLVED: g++.dg/bprob/g++-bprob-2.C execution,    -O0  -fbranch-probabilities
FAIL: g++.dg/bprob/g++-bprob-2.C compilation,  -O1  -fprofile-arcs
UNRESOLVED: g++.dg/bprob/g++-bprob-2.C execution,    -O1  -fprofile-arcs
UNRESOLVED: g++.dg/bprob/g++-bprob-2.C compilation,  -O1  -fbranch-probabilities
UNRESOLVED: g++.dg/bprob/g++-bprob-2.C execution,    -O1  -fbranch-probabilities
FAIL: g++.dg/bprob/g++-bprob-2.C compilation,  -O2  -fprofile-arcs
UNRESOLVED: g++.dg/bprob/g++-bprob-2.C execution,    -O2  -fprofile-arcs
UNRESOLVED: g++.dg/bprob/g++-bprob-2.C compilation,  -O2  -fbranch-probabilities
UNRESOLVED: g++.dg/bprob/g++-bprob-2.C execution,    -O2  -fbranch-probabilities
FAIL: g++.dg/bprob/g++-bprob-2.C compilation,  -O3  -fprofile-arcs
UNRESOLVED: g++.dg/bprob/g++-bprob-2.C execution,    -O3  -fprofile-arcs
UNRESOLVED: g++.dg/bprob/g++-bprob-2.C compilation,  -O3  -fbranch-probabilities
UNRESOLVED: g++.dg/bprob/g++-bprob-2.C execution,    -O3  -fbranch-probabilities
FAIL: g++.dg/bprob/g++-bprob-2.C compilation,  -O3 -g  -fprofile-arcs
UNRESOLVED: g++.dg/bprob/g++-bprob-2.C execution,    -O3 -g  -fprofile-arcs
UNRESOLVED: g++.dg/bprob/g++-bprob-2.C compilation,  -O3 -g  -fbranch-probabilities
UNRESOLVED: g++.dg/bprob/g++-bprob-2.C execution,    -O3 -g  -fbranch-probabilities
FAIL: g++.dg/bprob/g++-bprob-2.C compilation,  -Os  -fprofile-arcs
UNRESOLVED: g++.dg/bprob/g++-bprob-2.C execution,    -Os  -fprofile-arcs
UNRESOLVED: g++.dg/bprob/g++-bprob-2.C compilation,  -Os  -fbranch-probabilities
UNRESOLVED: g++.dg/bprob/g++-bprob-2.C execution,    -Os  -fbranch-probabilities
FAIL: g++.dg/other/profile1.C -std=gnu++98 (test for excess errors)
UNRESOLVED: g++.dg/other/profile1.C -std=gnu++98 compilation failed to produce executable
FAIL: g++.dg/other/profile1.C -std=gnu++11 (test for excess errors)
UNRESOLVED: g++.dg/other/profile1.C -std=gnu++11 compilation failed to produce executable
FAIL: c-c++-common/vector-scalar.c -std=c++98 (test for excess errors)
FAIL: c-c++-common/vector-scalar.c -std=c++11 (test for excess errors)
FAIL: g++.dg/gcov/gcov-1.C -std=gnu++98 (test for excess errors)
UNRESOLVED: g++.dg/gcov/gcov-1.C -std=gnu++98 compilation failed to produce executable
FAIL: g++.dg/gcov/gcov-1.C gcov failed: gcov-1.C.gcov does not exist
FAIL: g++.dg/gcov/gcov-1.C -std=gnu++11 (test for excess errors)
UNRESOLVED: g++.dg/gcov/gcov-1.C -std=gnu++11 compilation failed to produce executable
FAIL: g++.dg/gcov/gcov-1.C gcov failed: gcov-1.C.gcov does not exist
FAIL: g++.dg/gcov/gcov-10.C -std=gnu++98 (test for excess errors)
UNRESOLVED: g++.dg/gcov/gcov-10.C -std=gnu++98 compilation failed to produce executable
FAIL: g++.dg/gcov/gcov-10.C gcov failed: gcov-10.C.gcov does not exist
FAIL: g++.dg/gcov/gcov-10.C -std=gnu++11 (test for excess errors)
UNRESOLVED: g++.dg/gcov/gcov-10.C -std=gnu++11 compilation failed to produce executable
FAIL: g++.dg/gcov/gcov-10.C gcov failed: gcov-10.C.gcov does not exist
FAIL: g++.dg/gcov/gcov-11.C -std=gnu++98 (test for excess errors)
UNRESOLVED: g++.dg/gcov/gcov-11.C -std=gnu++98 compilation failed to produce executable
FAIL: g++.dg/gcov/gcov-11.C gcov failed: gcov-11.C.gcov does not exist
FAIL: g++.dg/gcov/gcov-11.C -std=gnu++11 (test for excess errors)
UNRESOLVED: g++.dg/gcov/gcov-11.C -std=gnu++11 compilation failed to produce executable
FAIL: g++.dg/gcov/gcov-11.C gcov failed: gcov-11.C.gcov does not exist
FAIL: g++.dg/gcov/gcov-12.C -std=gnu++98 (test for excess errors)
UNRESOLVED: g++.dg/gcov/gcov-12.C -std=gnu++98 compilation failed to produce executable
FAIL: g++.dg/gcov/gcov-12.C gcov failed: gcov-12.C.gcov does not exist
FAIL: g++.dg/gcov/gcov-12.C -std=gnu++11 (test for excess errors)
UNRESOLVED: g++.dg/gcov/gcov-12.C -std=gnu++11 compilation failed to produce executable
FAIL: g++.dg/gcov/gcov-12.C gcov failed: gcov-12.C.gcov does not exist
FAIL: g++.dg/gcov/gcov-13.C -std=gnu++98 (test for excess errors)
UNRESOLVED: g++.dg/gcov/gcov-13.C -std=gnu++98 compilation failed to produce executable
FAIL: g++.dg/gcov/gcov-13.C gcov failed: gcov-13.C.gcov does not exist
FAIL: g++.dg/gcov/gcov-13.C -std=gnu++11 (test for excess errors)
UNRESOLVED: g++.dg/gcov/gcov-13.C -std=gnu++11 compilation failed to produce executable
FAIL: g++.dg/gcov/gcov-13.C gcov failed: gcov-13.C.gcov does not exist
FAIL: g++.dg/gcov/gcov-14.C -std=gnu++98 (test for excess errors)
UNRESOLVED: g++.dg/gcov/gcov-14.C -std=gnu++98 compilation failed to produce executable
FAIL: g++.dg/gcov/gcov-14.C gcov failed: gcov-14.C.gcov does not exist
FAIL: g++.dg/gcov/gcov-14.C -std=gnu++11 (test for excess errors)
UNRESOLVED: g++.dg/gcov/gcov-14.C -std=gnu++11 compilation failed to produce executable
FAIL: g++.dg/gcov/gcov-14.C gcov failed: gcov-14.C.gcov does not exist
FAIL: g++.dg/gcov/gcov-2.C -std=gnu++98 (test for excess errors)
UNRESOLVED: g++.dg/gcov/gcov-2.C -std=gnu++98 compilation failed to produce executable
FAIL: g++.dg/gcov/gcov-2.C gcov failed: gcov-2.C.gcov does not exist
FAIL: g++.dg/gcov/gcov-2.C -std=gnu++11 (test for excess errors)
UNRESOLVED: g++.dg/gcov/gcov-2.C -std=gnu++11 compilation failed to produce executable
FAIL: g++.dg/gcov/gcov-2.C gcov failed: gcov-2.C.gcov does not exist
FAIL: g++.dg/gcov/gcov-3.C -std=gnu++98 (test for excess errors)
UNRESOLVED: g++.dg/gcov/gcov-3.C -std=gnu++98 compilation failed to produce executable
FAIL: g++.dg/gcov/gcov-3.C gcov failed: gcov-3.C.gcov does not exist
FAIL: g++.dg/gcov/gcov-3.C -std=gnu++11 (test for excess errors)
UNRESOLVED: g++.dg/gcov/gcov-3.C -std=gnu++11 compilation failed to produce executable
FAIL: g++.dg/gcov/gcov-3.C gcov failed: gcov-3.C.gcov does not exist
FAIL: g++.dg/gcov/gcov-4.C -std=gnu++98 (test for excess errors)
UNRESOLVED: g++.dg/gcov/gcov-4.C -std=gnu++98 compilation failed to produce executable
FAIL: g++.dg/gcov/gcov-4.C gcov failed: gcov-4.C.gcov does not exist
FAIL: g++.dg/gcov/gcov-4.C -std=gnu++11 (test for excess errors)
UNRESOLVED: g++.dg/gcov/gcov-4.C -std=gnu++11 compilation failed to produce executable
FAIL: g++.dg/gcov/gcov-4.C gcov failed: gcov-4.C.gcov does not exist
FAIL: g++.dg/gcov/gcov-5.C -std=gnu++98 (test for excess errors)
UNRESOLVED: g++.dg/gcov/gcov-5.C -std=gnu++98 compilation failed to produce executable
FAIL: g++.dg/gcov/gcov-5.C gcov failed: gcov-5.C.gcov does not exist
FAIL: g++.dg/gcov/gcov-5.C -std=gnu++11 (test for excess errors)
UNRESOLVED: g++.dg/gcov/gcov-5.C -std=gnu++11 compilation failed to produce executable
FAIL: g++.dg/gcov/gcov-5.C gcov failed: gcov-5.C.gcov does not exist
FAIL: g++.dg/gcov/gcov-7.C -std=gnu++98 (test for excess errors)
UNRESOLVED: g++.dg/gcov/gcov-7.C -std=gnu++98 compilation failed to produce executable
FAIL: g++.dg/gcov/gcov-7.C gcov failed: gcov-7.C.gcov does not exist
FAIL: g++.dg/gcov/gcov-7.C -std=gnu++11 (test for excess errors)
UNRESOLVED: g++.dg/gcov/gcov-7.C -std=gnu++11 compilation failed to produce executable
FAIL: g++.dg/gcov/gcov-7.C gcov failed: gcov-7.C.gcov does not exist
FAIL: g++.dg/guality/redeclaration1.C  -O0  line 17 i == 24
FAIL: g++.dg/guality/redeclaration1.C  -O1  line 17 i == 24
FAIL: g++.dg/guality/redeclaration1.C  -O2  line 17 i == 24
FAIL: g++.dg/guality/redeclaration1.C  -O3 -fomit-frame-pointer  line 17 i == 24
FAIL: g++.dg/guality/redeclaration1.C  -O3 -g  line 17 i == 24
FAIL: g++.dg/guality/redeclaration1.C  -Os  line 17 i == 24
FAIL: g++.dg/tree-prof/indir-call-prof-2.C compilation,  -g  -fprofile-generate
UNRESOLVED: g++.dg/tree-prof/indir-call-prof-2.C execution,    -g  -fprofile-generate
UNRESOLVED: g++.dg/tree-prof/indir-call-prof-2.C compilation,  -g  -fprofile-use
UNRESOLVED: g++.dg/tree-prof/indir-call-prof-2.C execution,    -g  -fprofile-use
FAIL: g++.dg/tree-prof/indir-call-prof-2.C compilation,  -O0  -fprofile-generate
UNRESOLVED: g++.dg/tree-prof/indir-call-prof-2.C execution,    -O0  -fprofile-generate
UNRESOLVED: g++.dg/tree-prof/indir-call-prof-2.C compilation,  -O0  -fprofile-use
UNRESOLVED: g++.dg/tree-prof/indir-call-prof-2.C execution,    -O0  -fprofile-use
FAIL: g++.dg/tree-prof/indir-call-prof-2.C compilation,  -O1  -fprofile-generate
UNRESOLVED: g++.dg/tree-prof/indir-call-prof-2.C execution,    -O1  -fprofile-generate
UNRESOLVED: g++.dg/tree-prof/indir-call-prof-2.C compilation,  -O1  -fprofile-use
UNRESOLVED: g++.dg/tree-prof/indir-call-prof-2.C execution,    -O1  -fprofile-use
FAIL: g++.dg/tree-prof/indir-call-prof-2.C compilation,  -O2  -fprofile-generate
UNRESOLVED: g++.dg/tree-prof/indir-call-prof-2.C execution,    -O2  -fprofile-generate
UNRESOLVED: g++.dg/tree-prof/indir-call-prof-2.C compilation,  -O2  -fprofile-use
UNRESOLVED: g++.dg/tree-prof/indir-call-prof-2.C execution,    -O2  -fprofile-use
FAIL: g++.dg/tree-prof/indir-call-prof-2.C compilation,  -O3  -fprofile-generate
UNRESOLVED: g++.dg/tree-prof/indir-call-prof-2.C execution,    -O3  -fprofile-generate
UNRESOLVED: g++.dg/tree-prof/indir-call-prof-2.C compilation,  -O3  -fprofile-use
UNRESOLVED: g++.dg/tree-prof/indir-call-prof-2.C execution,    -O3  -fprofile-use
FAIL: g++.dg/tree-prof/indir-call-prof-2.C compilation,  -O3 -g  -fprofile-generate
UNRESOLVED: g++.dg/tree-prof/indir-call-prof-2.C execution,    -O3 -g  -fprofile-generate
UNRESOLVED: g++.dg/tree-prof/indir-call-prof-2.C compilation,  -O3 -g  -fprofile-use
UNRESOLVED: g++.dg/tree-prof/indir-call-prof-2.C execution,    -O3 -g  -fprofile-use
FAIL: g++.dg/tree-prof/indir-call-prof-2.C compilation,  -Os  -fprofile-generate
UNRESOLVED: g++.dg/tree-prof/indir-call-prof-2.C execution,    -Os  -fprofile-generate
UNRESOLVED: g++.dg/tree-prof/indir-call-prof-2.C compilation,  -Os  -fprofile-use
UNRESOLVED: g++.dg/tree-prof/indir-call-prof-2.C execution,    -Os  -fprofile-use
FAIL: g++.dg/tree-prof/indir-call-prof.C compilation,  -g  -fprofile-generate
UNRESOLVED: g++.dg/tree-prof/indir-call-prof.C execution,    -g  -fprofile-generate
UNRESOLVED: g++.dg/tree-prof/indir-call-prof.C compilation,  -g  -fprofile-use
UNRESOLVED: g++.dg/tree-prof/indir-call-prof.C execution,    -g  -fprofile-use
FAIL: g++.dg/tree-prof/indir-call-prof.C compilation,  -O0  -fprofile-generate
UNRESOLVED: g++.dg/tree-prof/indir-call-prof.C execution,    -O0  -fprofile-generate
UNRESOLVED: g++.dg/tree-prof/indir-call-prof.C compilation,  -O0  -fprofile-use
UNRESOLVED: g++.dg/tree-prof/indir-call-prof.C execution,    -O0  -fprofile-use
FAIL: g++.dg/tree-prof/indir-call-prof.C compilation,  -O1  -fprofile-generate
UNRESOLVED: g++.dg/tree-prof/indir-call-prof.C execution,    -O1  -fprofile-generate
UNRESOLVED: g++.dg/tree-prof/indir-call-prof.C compilation,  -O1  -fprofile-use
UNRESOLVED: g++.dg/tree-prof/indir-call-prof.C execution,    -O1  -fprofile-use
FAIL: g++.dg/tree-prof/indir-call-prof.C compilation,  -O2  -fprofile-generate
UNRESOLVED: g++.dg/tree-prof/indir-call-prof.C execution,    -O2  -fprofile-generate
UNRESOLVED: g++.dg/tree-prof/indir-call-prof.C compilation,  -O2  -fprofile-use
UNRESOLVED: g++.dg/tree-prof/indir-call-prof.C execution,    -O2  -fprofile-use
FAIL: g++.dg/tree-prof/indir-call-prof.C compilation,  -O3  -fprofile-generate
UNRESOLVED: g++.dg/tree-prof/indir-call-prof.C execution,    -O3  -fprofile-generate
UNRESOLVED: g++.dg/tree-prof/indir-call-prof.C compilation,  -O3  -fprofile-use
UNRESOLVED: g++.dg/tree-prof/indir-call-prof.C execution,    -O3  -fprofile-use
FAIL: g++.dg/tree-prof/indir-call-prof.C compilation,  -O3 -g  -fprofile-generate
UNRESOLVED: g++.dg/tree-prof/indir-call-prof.C execution,    -O3 -g  -fprofile-generate
UNRESOLVED: g++.dg/tree-prof/indir-call-prof.C compilation,  -O3 -g  -fprofile-use
UNRESOLVED: g++.dg/tree-prof/indir-call-prof.C execution,    -O3 -g  -fprofile-use
FAIL: g++.dg/tree-prof/indir-call-prof.C compilation,  -Os  -fprofile-generate
UNRESOLVED: g++.dg/tree-prof/indir-call-prof.C execution,    -Os  -fprofile-generate
UNRESOLVED: g++.dg/tree-prof/indir-call-prof.C compilation,  -Os  -fprofile-use
UNRESOLVED: g++.dg/tree-prof/indir-call-prof.C execution,    -Os  -fprofile-use
FAIL: g++.dg/tree-prof/inline_mismatch_args.C compilation,  -g  -fprofile-generate
UNRESOLVED: g++.dg/tree-prof/inline_mismatch_args.C execution,    -g  -fprofile-generate
UNRESOLVED: g++.dg/tree-prof/inline_mismatch_args.C compilation,  -g  -fprofile-use
UNRESOLVED: g++.dg/tree-prof/inline_mismatch_args.C execution,    -g  -fprofile-use
FAIL: g++.dg/tree-prof/inline_mismatch_args.C compilation,  -O0  -fprofile-generate
UNRESOLVED: g++.dg/tree-prof/inline_mismatch_args.C execution,    -O0  -fprofile-generate
UNRESOLVED: g++.dg/tree-prof/inline_mismatch_args.C compilation,  -O0  -fprofile-use
UNRESOLVED: g++.dg/tree-prof/inline_mismatch_args.C execution,    -O0  -fprofile-use
FAIL: g++.dg/tree-prof/inline_mismatch_args.C compilation,  -O1  -fprofile-generate
UNRESOLVED: g++.dg/tree-prof/inline_mismatch_args.C execution,    -O1  -fprofile-generate
UNRESOLVED: g++.dg/tree-prof/inline_mismatch_args.C compilation,  -O1  -fprofile-use
UNRESOLVED: g++.dg/tree-prof/inline_mismatch_args.C execution,    -O1  -fprofile-use
FAIL: g++.dg/tree-prof/inline_mismatch_args.C compilation,  -O2  -fprofile-generate
UNRESOLVED: g++.dg/tree-prof/inline_mismatch_args.C execution,    -O2  -fprofile-generate
UNRESOLVED: g++.dg/tree-prof/inline_mismatch_args.C compilation,  -O2  -fprofile-use
UNRESOLVED: g++.dg/tree-prof/inline_mismatch_args.C execution,    -O2  -fprofile-use
FAIL: g++.dg/tree-prof/inline_mismatch_args.C compilation,  -O3  -fprofile-generate
UNRESOLVED: g++.dg/tree-prof/inline_mismatch_args.C execution,    -O3  -fprofile-generate
UNRESOLVED: g++.dg/tree-prof/inline_mismatch_args.C compilation,  -O3  -fprofile-use
UNRESOLVED: g++.dg/tree-prof/inline_mismatch_args.C execution,    -O3  -fprofile-use
FAIL: g++.dg/tree-prof/inline_mismatch_args.C compilation,  -O3 -g  -fprofile-generate
UNRESOLVED: g++.dg/tree-prof/inline_mismatch_args.C execution,    -O3 -g  -fprofile-generate
UNRESOLVED: g++.dg/tree-prof/inline_mismatch_args.C compilation,  -O3 -g  -fprofile-use
UNRESOLVED: g++.dg/tree-prof/inline_mismatch_args.C execution,    -O3 -g  -fprofile-use
FAIL: g++.dg/tree-prof/inline_mismatch_args.C compilation,  -Os  -fprofile-generate
UNRESOLVED: g++.dg/tree-prof/inline_mismatch_args.C execution,    -Os  -fprofile-generate
UNRESOLVED: g++.dg/tree-prof/inline_mismatch_args.C compilation,  -Os  -fprofile-use
UNRESOLVED: g++.dg/tree-prof/inline_mismatch_args.C execution,    -Os  -fprofile-use
FAIL: g++.dg/tree-prof/partition1.C compilation,  -g  -fprofile-generate
UNRESOLVED: g++.dg/tree-prof/partition1.C execution,    -g  -fprofile-generate
UNRESOLVED: g++.dg/tree-prof/partition1.C compilation,  -g  -fprofile-use
UNRESOLVED: g++.dg/tree-prof/partition1.C execution,    -g  -fprofile-use
FAIL: g++.dg/tree-prof/partition1.C compilation,  -O0  -fprofile-generate
UNRESOLVED: g++.dg/tree-prof/partition1.C execution,    -O0  -fprofile-generate
UNRESOLVED: g++.dg/tree-prof/partition1.C compilation,  -O0  -fprofile-use
UNRESOLVED: g++.dg/tree-prof/partition1.C execution,    -O0  -fprofile-use
FAIL: g++.dg/tree-prof/partition1.C compilation,  -O1  -fprofile-generate
UNRESOLVED: g++.dg/tree-prof/partition1.C execution,    -O1  -fprofile-generate
UNRESOLVED: g++.dg/tree-prof/partition1.C compilation,  -O1  -fprofile-use
UNRESOLVED: g++.dg/tree-prof/partition1.C execution,    -O1  -fprofile-use
FAIL: g++.dg/tree-prof/partition1.C compilation,  -O2  -fprofile-generate
UNRESOLVED: g++.dg/tree-prof/partition1.C execution,    -O2  -fprofile-generate
UNRESOLVED: g++.dg/tree-prof/partition1.C compilation,  -O2  -fprofile-use
UNRESOLVED: g++.dg/tree-prof/partition1.C execution,    -O2  -fprofile-use
FAIL: g++.dg/tree-prof/partition1.C compilation,  -O3  -fprofile-generate
UNRESOLVED: g++.dg/tree-prof/partition1.C execution,    -O3  -fprofile-generate
UNRESOLVED: g++.dg/tree-prof/partition1.C compilation,  -O3  -fprofile-use
UNRESOLVED: g++.dg/tree-prof/partition1.C execution,    -O3  -fprofile-use
FAIL: g++.dg/tree-prof/partition1.C compilation,  -O3 -g  -fprofile-generate
UNRESOLVED: g++.dg/tree-prof/partition1.C execution,    -O3 -g  -fprofile-generate
UNRESOLVED: g++.dg/tree-prof/partition1.C compilation,  -O3 -g  -fprofile-use
UNRESOLVED: g++.dg/tree-prof/partition1.C execution,    -O3 -g  -fprofile-use
FAIL: g++.dg/tree-prof/partition1.C compilation,  -Os  -fprofile-generate
UNRESOLVED: g++.dg/tree-prof/partition1.C execution,    -Os  -fprofile-generate
UNRESOLVED: g++.dg/tree-prof/partition1.C compilation,  -Os  -fprofile-use
UNRESOLVED: g++.dg/tree-prof/partition1.C execution,    -Os  -fprofile-use
FAIL: g++.dg/tree-prof/partition2.C compilation,  -g  -fprofile-generate
UNRESOLVED: g++.dg/tree-prof/partition2.C execution,    -g  -fprofile-generate
UNRESOLVED: g++.dg/tree-prof/partition2.C compilation,  -g  -fprofile-use
UNRESOLVED: g++.dg/tree-prof/partition2.C execution,    -g  -fprofile-use
FAIL: g++.dg/tree-prof/partition2.C compilation,  -O0  -fprofile-generate
UNRESOLVED: g++.dg/tree-prof/partition2.C execution,    -O0  -fprofile-generate
UNRESOLVED: g++.dg/tree-prof/partition2.C compilation,  -O0  -fprofile-use
UNRESOLVED: g++.dg/tree-prof/partition2.C execution,    -O0  -fprofile-use
FAIL: g++.dg/tree-prof/partition2.C compilation,  -O1  -fprofile-generate
UNRESOLVED: g++.dg/tree-prof/partition2.C execution,    -O1  -fprofile-generate
UNRESOLVED: g++.dg/tree-prof/partition2.C compilation,  -O1  -fprofile-use
UNRESOLVED: g++.dg/tree-prof/partition2.C execution,    -O1  -fprofile-use
FAIL: g++.dg/tree-prof/partition2.C compilation,  -O2  -fprofile-generate
UNRESOLVED: g++.dg/tree-prof/partition2.C execution,    -O2  -fprofile-generate
UNRESOLVED: g++.dg/tree-prof/partition2.C compilation,  -O2  -fprofile-use
UNRESOLVED: g++.dg/tree-prof/partition2.C execution,    -O2  -fprofile-use
FAIL: g++.dg/tree-prof/partition2.C compilation,  -O3  -fprofile-generate
UNRESOLVED: g++.dg/tree-prof/partition2.C execution,    -O3  -fprofile-generate
UNRESOLVED: g++.dg/tree-prof/partition2.C compilation,  -O3  -fprofile-use
UNRESOLVED: g++.dg/tree-prof/partition2.C execution,    -O3  -fprofile-use
FAIL: g++.dg/tree-prof/partition2.C compilation,  -O3 -g  -fprofile-generate
UNRESOLVED: g++.dg/tree-prof/partition2.C execution,    -O3 -g  -fprofile-generate
UNRESOLVED: g++.dg/tree-prof/partition2.C compilation,  -O3 -g  -fprofile-use
UNRESOLVED: g++.dg/tree-prof/partition2.C execution,    -O3 -g  -fprofile-use
FAIL: g++.dg/tree-prof/partition2.C compilation,  -Os  -fprofile-generate
UNRESOLVED: g++.dg/tree-prof/partition2.C execution,    -Os  -fprofile-generate
UNRESOLVED: g++.dg/tree-prof/partition2.C compilation,  -Os  -fprofile-use
UNRESOLVED: g++.dg/tree-prof/partition2.C execution,    -Os  -fprofile-use
FAIL: g++.dg/tree-prof/partition3.C compilation,  -g  -fprofile-generate
UNRESOLVED: g++.dg/tree-prof/partition3.C execution,    -g  -fprofile-generate
UNRESOLVED: g++.dg/tree-prof/partition3.C compilation,  -g  -fprofile-use
UNRESOLVED: g++.dg/tree-prof/partition3.C execution,    -g  -fprofile-use
FAIL: g++.dg/tree-prof/partition3.C compilation,  -O0  -fprofile-generate
UNRESOLVED: g++.dg/tree-prof/partition3.C execution,    -O0  -fprofile-generate
UNRESOLVED: g++.dg/tree-prof/partition3.C compilation,  -O0  -fprofile-use
UNRESOLVED: g++.dg/tree-prof/partition3.C execution,    -O0  -fprofile-use
FAIL: g++.dg/tree-prof/partition3.C compilation,  -O1  -fprofile-generate
UNRESOLVED: g++.dg/tree-prof/partition3.C execution,    -O1  -fprofile-generate
UNRESOLVED: g++.dg/tree-prof/partition3.C compilation,  -O1  -fprofile-use
UNRESOLVED: g++.dg/tree-prof/partition3.C execution,    -O1  -fprofile-use
FAIL: g++.dg/tree-prof/partition3.C compilation,  -O2  -fprofile-generate
UNRESOLVED: g++.dg/tree-prof/partition3.C execution,    -O2  -fprofile-generate
UNRESOLVED: g++.dg/tree-prof/partition3.C compilation,  -O2  -fprofile-use
UNRESOLVED: g++.dg/tree-prof/partition3.C execution,    -O2  -fprofile-use
FAIL: g++.dg/tree-prof/partition3.C compilation,  -O3  -fprofile-generate
UNRESOLVED: g++.dg/tree-prof/partition3.C execution,    -O3  -fprofile-generate
UNRESOLVED: g++.dg/tree-prof/partition3.C compilation,  -O3  -fprofile-use
UNRESOLVED: g++.dg/tree-prof/partition3.C execution,    -O3  -fprofile-use
FAIL: g++.dg/tree-prof/partition3.C compilation,  -O3 -g  -fprofile-generate
UNRESOLVED: g++.dg/tree-prof/partition3.C execution,    -O3 -g  -fprofile-generate
UNRESOLVED: g++.dg/tree-prof/partition3.C compilation,  -O3 -g  -fprofile-use
UNRESOLVED: g++.dg/tree-prof/partition3.C execution,    -O3 -g  -fprofile-use
FAIL: g++.dg/tree-prof/partition3.C compilation,  -Os  -fprofile-generate
UNRESOLVED: g++.dg/tree-prof/partition3.C execution,    -Os  -fprofile-generate
UNRESOLVED: g++.dg/tree-prof/partition3.C compilation,  -Os  -fprofile-use
UNRESOLVED: g++.dg/tree-prof/partition3.C execution,    -Os  -fprofile-use
FAIL: g++.dg/tree-prof/pr51719.C compilation,  -g  -fprofile-generate
UNRESOLVED: g++.dg/tree-prof/pr51719.C execution,    -g  -fprofile-generate
UNRESOLVED: g++.dg/tree-prof/pr51719.C compilation,  -g  -fprofile-use
UNRESOLVED: g++.dg/tree-prof/pr51719.C execution,    -g  -fprofile-use
FAIL: g++.dg/tree-prof/pr51719.C compilation,  -O0  -fprofile-generate
UNRESOLVED: g++.dg/tree-prof/pr51719.C execution,    -O0  -fprofile-generate
UNRESOLVED: g++.dg/tree-prof/pr51719.C compilation,  -O0  -fprofile-use
UNRESOLVED: g++.dg/tree-prof/pr51719.C execution,    -O0  -fprofile-use
FAIL: g++.dg/tree-prof/pr51719.C compilation,  -O1  -fprofile-generate
UNRESOLVED: g++.dg/tree-prof/pr51719.C execution,    -O1  -fprofile-generate
UNRESOLVED: g++.dg/tree-prof/pr51719.C compilation,  -O1  -fprofile-use
UNRESOLVED: g++.dg/tree-prof/pr51719.C execution,    -O1  -fprofile-use
FAIL: g++.dg/tree-prof/pr51719.C compilation,  -O2  -fprofile-generate
UNRESOLVED: g++.dg/tree-prof/pr51719.C execution,    -O2  -fprofile-generate
UNRESOLVED: g++.dg/tree-prof/pr51719.C compilation,  -O2  -fprofile-use
UNRESOLVED: g++.dg/tree-prof/pr51719.C execution,    -O2  -fprofile-use
FAIL: g++.dg/tree-prof/pr51719.C compilation,  -O3  -fprofile-generate
UNRESOLVED: g++.dg/tree-prof/pr51719.C execution,    -O3  -fprofile-generate
UNRESOLVED: g++.dg/tree-prof/pr51719.C compilation,  -O3  -fprofile-use
UNRESOLVED: g++.dg/tree-prof/pr51719.C execution,    -O3  -fprofile-use
FAIL: g++.dg/tree-prof/pr51719.C compilation,  -O3 -g  -fprofile-generate
UNRESOLVED: g++.dg/tree-prof/pr51719.C execution,    -O3 -g  -fprofile-generate
UNRESOLVED: g++.dg/tree-prof/pr51719.C compilation,  -O3 -g  -fprofile-use
UNRESOLVED: g++.dg/tree-prof/pr51719.C execution,    -O3 -g  -fprofile-use
FAIL: g++.dg/tree-prof/pr51719.C compilation,  -Os  -fprofile-generate
UNRESOLVED: g++.dg/tree-prof/pr51719.C execution,    -Os  -fprofile-generate
UNRESOLVED: g++.dg/tree-prof/pr51719.C compilation,  -Os  -fprofile-use
UNRESOLVED: g++.dg/tree-prof/pr51719.C execution,    -Os  -fprofile-use
FAIL: c-c++-common/ubsan/div-by-zero-1.c  -O2 -flto -flto-partition=none  (test for excess errors)
FAIL: c-c++-common/ubsan/div-by-zero-1.c  -O2 -flto  (test for excess errors)
FAIL: c-c++-common/ubsan/div-by-zero-2.c  -O2 -flto -flto-partition=none  (test for excess errors)
FAIL: c-c++-common/ubsan/div-by-zero-2.c  -O2 -flto  (test for excess errors)
FAIL: c-c++-common/ubsan/div-by-zero-3.c  -O2 -flto -flto-partition=none  (test for excess errors)
FAIL: c-c++-common/ubsan/div-by-zero-3.c  -O2 -flto  (test for excess errors)
FAIL: c-c++-common/ubsan/div-by-zero-4.c  -O2 -flto -flto-partition=none  (test for excess errors)
FAIL: c-c++-common/ubsan/div-by-zero-4.c  -O2 -flto  (test for excess errors)
FAIL: c-c++-common/ubsan/unreachable-1.c  -O2 -flto -flto-partition=none  (test for excess errors)
FAIL: c-c++-common/ubsan/unreachable-1.c  -O2 -flto  (test for excess errors)
FAIL: g++.dg/ubsan/div-by-zero-1.C  -O0   (test for errors, line 8)
FAIL: g++.dg/ubsan/div-by-zero-1.C  -O1   (test for errors, line 8)
FAIL: g++.dg/ubsan/div-by-zero-1.C  -O2   (test for errors, line 8)
FAIL: g++.dg/ubsan/div-by-zero-1.C  -O3 -fomit-frame-pointer   (test for errors, line 8)
FAIL: g++.dg/ubsan/div-by-zero-1.C  -O3 -g   (test for errors, line 8)
FAIL: g++.dg/ubsan/div-by-zero-1.C  -Os   (test for errors, line 8)
FAIL: g++.dg/ubsan/div-by-zero-1.C  -O2 -flto -flto-partition=none   (test for errors, line 8)
FAIL: g++.dg/ubsan/div-by-zero-1.C  -O2 -flto   (test for errors, line 8)
FAIL: g++.old-deja/g++.robertl/eb83.C -std=gnu++98 (test for excess errors)
UNRESOLVED: g++.old-deja/g++.robertl/eb83.C -std=gnu++98 compilation failed to produce executable
FAIL: g++.old-deja/g++.robertl/eb83.C -std=gnu++11 (test for excess errors)
UNRESOLVED: g++.old-deja/g++.robertl/eb83.C -std=gnu++11 compilation failed to produce executable

                === g++ Summary for unix//-m64 ===

# of expected passes            50430
# of unexpected failures        189
# of expected failures          309
# of unresolved testcases       223
# of unsupported tests          587

                === g++ Summary ===

# of expected passes            100103
# of unexpected failures        378
# of expected failures          618
# of unresolved testcases       446
# of unsupported tests          928
/home/jenkins/workspace/GCC-native/objdir/gcc/testsuite/g++/../../g++  version 4.7.0 (GCC)

                === objc tests ===


Running target unix//-m32

                === objc Summary for unix//-m32 ===

# of expected passes            2988
# of expected failures          6
# of unsupported tests          74

Running target unix//-m64

                === objc Summary for unix//-m64 ===

# of expected passes            2988
# of expected failures          6
# of unsupported tests          74

                === objc Summary ===

# of expected passes            5976
# of expected failures          12
# of unsupported tests          148
/home/jenkins/workspace/GCC-native/objdir/gcc/xgcc  version 4.7.0 (GCC)

                === boehm-gc tests ===


Running target unix//-m32

                === boehm-gc Summary for unix//-m32 ===

# of expected passes            12
# of unsupported tests          1

Running target unix//-m64

                === boehm-gc Summary for unix//-m64 ===

# of expected passes            12
# of unsupported tests          1

                === boehm-gc Summary ===

# of expected passes            24
# of unsupported tests          2
                === libatomic tests ===


Running target unix//-m32

                === libatomic Summary for unix//-m32 ===

# of expected passes            44
# of unsupported tests          5

Running target unix//-m64

                === libatomic Summary for unix//-m64 ===

# of expected passes            54

                === libatomic Summary ===

# of expected passes            98
# of unsupported tests          5
                === libffi tests ===


Running target unix//-m32

                === libffi Summary for unix//-m32 ===

# of expected passes            1634
# of expected failures          10
# of unsupported tests          55

Running target unix//-m64

                === libffi Summary for unix//-m64 ===

# of expected passes            1634
# of expected failures          10
# of unsupported tests          55

                === libffi Summary ===

# of expected passes            3268
# of expected failures          20
# of unsupported tests          110
                === libgomp tests ===


Running target unix//-m32

                === libgomp Summary for unix//-m32 ===

# of expected passes            2952

Running target unix//-m64

                === libgomp Summary for unix//-m64 ===

# of expected passes            2952

                === libgomp Summary ===

# of expected passes            5904
                === libitm tests ===


Running target unix//-m32

                === libitm Summary for unix//-m32 ===

# of expected passes            26
# of expected failures          3
# of unsupported tests          1

Running target unix//-m64

                === libitm Summary for unix//-m64 ===

# of expected passes            26
# of expected failures          3
# of unsupported tests          1

                === libitm Summary ===

# of expected passes            52
# of expected failures          6
# of unsupported tests          2
                === libjava tests ===


Running target unix//-m32

                === libjava Summary for unix//-m32 ===

# of expected passes            2574

Running target unix//-m64

                === libjava Summary for unix//-m64 ===

# of expected passes            2574

                === libjava Summary ===

# of expected passes            5148
                === libmudflap tests ===


Running target unix//-m32

                === libmudflap Summary for unix//-m32 ===

# of expected passes            1906

Running target unix//-m64
FAIL: libmudflap.c++/pass55-frag.cxx ( -O) execution test

                === libmudflap Summary for unix//-m64 ===

# of expected passes            1435
# of unexpected failures        1

                === libmudflap Summary ===

# of expected passes            3341
# of unexpected failures        1
                === libstdc++ tests ===


Running target unix//-m32
FAIL: 30_threads/async/54297.cc (test for excess errors)
UNRESOLVED: 30_threads/async/54297.cc compilation failed to produce executable
FAIL: ext/pb_ds/regression/trie_map_rand.cc execution test
FAIL: ext/pb_ds/regression/trie_set_rand.cc execution test

                === libstdc++ Summary for unix//-m32 ===

# of expected passes            8236
# of unexpected failures        3
# of expected failures          43
# of unresolved testcases       1
# of unsupported tests          451

Running target unix//-m64
FAIL: 30_threads/async/54297.cc (test for excess errors)
UNRESOLVED: 30_threads/async/54297.cc compilation failed to produce executable
FAIL: ext/pb_ds/regression/trie_map_rand.cc execution test
FAIL: ext/pb_ds/regression/trie_set_rand.cc execution test

                === libstdc++ Summary for unix//-m64 ===

# of expected passes            8234
# of unexpected failures        3
# of expected failures          43
# of unresolved testcases       1
# of unsupported tests          452

                === libstdc++ Summary ===

# of expected passes            16470
# of unexpected failures        6
# of expected failures          86
# of unresolved testcases       2
# of unsupported tests          903

Compiler version: 4.7.0 (GCC)
Platform: x86_64-unknown-linux-gnu
configure flags: --prefix=/home/jenkins/workspace/GCC-native/objdir/install


Index Nav: [Date Index] [Subject Index] [Author Index] [Thread Index]
Message Nav: [Date Prev] [Date Next] [Thread Prev] [Thread Next]