This is the mail archive of the gcc-testresults@gcc.gnu.org mailing list for the GCC project.


Index Nav: [Date Index] [Subject Index] [Author Index] [Thread Index]
Message Nav: [Date Prev] [Date Next] [Thread Prev] [Thread Next]
Other format: [Raw text]

Results for 4.9.2 (GCC) testsuite on hppa-unknown-linux-gnu


-- Build environment ----------------------------------------------------------
Distro:	los.git rootfs=2b80 native=2b80
Kernel:	Linux acidhouse 3.18.0-rc2-los_2b80 #1 Sat Nov 1 19:56:48 EET 2014 parisc GNU/Linux
CPU:	processor	: 0
	cpu family	: PA-RISC 2.0
	cpu		: PA8700 (PCX-W2)
	cpu MHz		: 750.000000
	capabilities	: os32 os64 iopdir_fdc nva_supported (0x07)
	model		: 9000/785/C3700
	model name	: Allegro W2
	hversion	: 0x00005dc0
	sversion	: 0x00000481
	I-cache		: 768 KB
	D-cache		: 1536 KB (WB, direct mapped)
	ITLB entries	: 240
	DTLB entries	: 240 - shared with ITLB
	bogomips	: 1495.85
	software id	: 2004755634
-- Time consumed --------------------------------------------------------------
Build:	real	8h 59m 40s
	user	8h 1m 50s
	sys	50m 16.38s
Test:   real	15h 41m 38s
	user	9h 50m 03s
	sys	5h 21m 11s
-------------------------------------------------------------------------------
LAST_UPDATED: Obtained from SVN: tags/gcc_4_9_2_release revision 216910

Native configuration is hppa-unknown-linux-gnu

		=== g++ tests ===


Running target unix
XPASS: g++.dg/tls/thread_local-order2.C -std=c++11 execution test
XPASS: g++.dg/tls/thread_local-order2.C -std=c++1y execution test

		=== g++ Summary ===

# of expected passes		79448
# of unexpected successes	2
# of expected failures		443
# of unsupported tests		3169
/home/aaro/gcctest/build/gcc/testsuite/g++/../../xg++  version 4.9.2 (GCC) 

		=== gcc tests ===


Running target unix
FAIL: gcc.dg/atomic/c11-atomic-exec-5.c  -O1  execution test
FAIL: gcc.dg/atomic/c11-atomic-exec-5.c  -O2  execution test
FAIL: gcc.dg/atomic/c11-atomic-exec-5.c  -O3 -fomit-frame-pointer  execution test
FAIL: gcc.dg/atomic/c11-atomic-exec-5.c  -O3 -fomit-frame-pointer -funroll-loops  execution test
FAIL: gcc.dg/atomic/c11-atomic-exec-5.c  -O3 -fomit-frame-pointer -funroll-all-loops -finline-functions  execution test
FAIL: gcc.dg/atomic/c11-atomic-exec-5.c  -O3 -g  execution test
FAIL: gcc.dg/atomic/c11-atomic-exec-5.c  -Os  execution test
FAIL: gcc.dg/atomic/c11-atomic-exec-5.c  -O2 -flto -fno-use-linker-plugin -flto-partition=none  execution test
FAIL: gcc.dg/large-size-array-6.c (internal compiler error)
FAIL: gcc.dg/large-size-array-6.c  (test for errors, line 6)
FAIL: gcc.dg/large-size-array-6.c (test for excess errors)
FAIL: gcc.dg/pr61158.c scan-tree-dump original "return 0;"
XPASS: gcc.dg/tree-ssa/loop-1.c scan-assembler-times foo 5

		=== gcc Summary ===

# of expected passes		85250
# of unexpected failures	12
# of unexpected successes	1
# of expected failures		108
# of unsupported tests		1398
/home/aaro/gcctest/build/gcc/xgcc  version 4.9.2 (GCC) 

		=== libatomic tests ===


Running target unix

		=== libatomic Summary ===

# of expected passes		44
# of unsupported tests		5
		=== libgomp tests ===


Running target unix
FAIL: libgomp.c/omp-loop03.c execution test
FAIL: libgomp.c++/loop-3.C execution test

		=== libgomp Summary ===

# of expected passes		689
# of unexpected failures	2
# of unsupported tests		1
		=== libstdc++ tests ===


Running target unix

		=== libstdc++ Summary ===

# of expected passes		8838
# of expected failures		41
# of unsupported tests		695

Compiler version: 4.9.2 (GCC) 
Platform: hppa-unknown-linux-gnu
configure flags: --disable-nls --enable-languages=c,c++ --host=hppa-unknown-linux-gnu --build=hppa-unknown-linux-gnu --target=hppa-unknown-linux-gnu --with-system-zlib --with-sysroot=/ --disable-static --enable-shared


Index Nav: [Date Index] [Subject Index] [Author Index] [Thread Index]
Message Nav: [Date Prev] [Date Next] [Thread Prev] [Thread Next]